[INFO] cloning repository https://github.com/OiskOjsn/minigrep
[INFO] running `Command { std: "git" "-c" "credential.helper=" "-c" "credential.helper=/workspace/cargo-home/bin/git-credential-null" "clone" "--bare" "https://github.com/OiskOjsn/minigrep" "/workspace/cache/git-repos/https%3A%2F%2Fgithub.com%2FOiskOjsn%2Fminigrep", kill_on_drop: false }`
[INFO] [stderr] Cloning into bare repository '/workspace/cache/git-repos/https%3A%2F%2Fgithub.com%2FOiskOjsn%2Fminigrep'...
[INFO] running `Command { std: "git" "rev-parse" "HEAD", kill_on_drop: false }`
[INFO] [stdout] 92dbea66c5b01268e8a4edfc37a1daf990c461f3
[INFO] testing OiskOjsn/minigrep against beta-2024-12-08 for beta-1.84.0-4-retry
[INFO] running `Command { std: "git" "clone" "/workspace/cache/git-repos/https%3A%2F%2Fgithub.com%2FOiskOjsn%2Fminigrep" "/workspace/builds/worker-2-tc2/source", kill_on_drop: false }`
[INFO] [stderr] Cloning into '/workspace/builds/worker-2-tc2/source'...
[INFO] [stderr] done.
[INFO] validating manifest of git repo https://github.com/OiskOjsn/minigrep on toolchain beta-2024-12-08
[INFO] running `Command { std: CARGO_HOME="/workspace/cargo-home" RUSTUP_HOME="/workspace/rustup-home" "/workspace/cargo-home/bin/cargo" "+beta-2024-12-08" "metadata" "--manifest-path" "Cargo.toml" "--no-deps", kill_on_drop: false }`
[INFO] started tweaking git repo https://github.com/OiskOjsn/minigrep
[INFO] finished tweaking git repo https://github.com/OiskOjsn/minigrep
[INFO] tweaked toml for git repo https://github.com/OiskOjsn/minigrep written to /workspace/builds/worker-2-tc2/source/Cargo.toml
[INFO] crate git repo https://github.com/OiskOjsn/minigrep already has a lockfile, it will not be regenerated
[INFO] running `Command { std: CARGO_HOME="/workspace/cargo-home" RUSTUP_HOME="/workspace/rustup-home" "/workspace/cargo-home/bin/cargo" "+beta-2024-12-08" "fetch" "--manifest-path" "Cargo.toml", kill_on_drop: false }`
[INFO] running `Command { std: "docker" "create" "-v" "/var/lib/crater-agent-workspace/builds/worker-2-tc2/target:/opt/rustwide/target:rw,Z" "-v" "/var/lib/crater-agent-workspace/builds/worker-2-tc2/source:/opt/rustwide/workdir:ro,Z" "-v" "/var/lib/crater-agent-workspace/cargo-home:/opt/rustwide/cargo-home:ro,Z" "-v" "/var/lib/crater-agent-workspace/rustup-home:/opt/rustwide/rustup-home:ro,Z" "-e" "SOURCE_DIR=/opt/rustwide/workdir" "-e" "CARGO_TARGET_DIR=/opt/rustwide/target" "-e" "CARGO_HOME=/opt/rustwide/cargo-home" "-e" "RUSTUP_HOME=/opt/rustwide/rustup-home" "-w" "/opt/rustwide/workdir" "-m" "1610612736" "--user" "0:0" "--network" "none" "ghcr.io/rust-lang/crates-build-env/linux@sha256:f3a9d4ad9d972b27faf3965f35b62e55ba32bbce8f20bc8fe909558a86702fde" "/opt/rustwide/cargo-home/bin/cargo" "+beta-2024-12-08" "metadata" "--no-deps" "--format-version=1", kill_on_drop: false }`
[INFO] [stdout] 06669a72080a956c3955c8c2f9d611b7775ea7822106520a2b43573c6d2b8eb0
[INFO] running `Command { std: "docker" "start" "-a" "06669a72080a956c3955c8c2f9d611b7775ea7822106520a2b43573c6d2b8eb0", kill_on_drop: false }`
[INFO] running `Command { std: "docker" "inspect" "06669a72080a956c3955c8c2f9d611b7775ea7822106520a2b43573c6d2b8eb0", kill_on_drop: false }`
[INFO] running `Command { std: "docker" "rm" "-f" "06669a72080a956c3955c8c2f9d611b7775ea7822106520a2b43573c6d2b8eb0", kill_on_drop: false }`
[INFO] [stdout] 06669a72080a956c3955c8c2f9d611b7775ea7822106520a2b43573c6d2b8eb0
[INFO] running `Command { std: "docker" "create" "-v" "/var/lib/crater-agent-workspace/builds/worker-2-tc2/target:/opt/rustwide/target:rw,Z" "-v" "/var/lib/crater-agent-workspace/builds/worker-2-tc2/source:/opt/rustwide/workdir:ro,Z" "-v" "/var/lib/crater-agent-workspace/cargo-home:/opt/rustwide/cargo-home:ro,Z" "-v" "/var/lib/crater-agent-workspace/rustup-home:/opt/rustwide/rustup-home:ro,Z" "-e" "SOURCE_DIR=/opt/rustwide/workdir" "-e" "CARGO_TARGET_DIR=/opt/rustwide/target" "-e" "CARGO_INCREMENTAL=0" "-e" "RUST_BACKTRACE=full" "-e" "RUSTFLAGS=--cap-lints=warn" "-e" "RUSTDOCFLAGS=--cap-lints=warn" "-e" "CARGO_HOME=/opt/rustwide/cargo-home" "-e" "RUSTUP_HOME=/opt/rustwide/rustup-home" "-w" "/opt/rustwide/workdir" "-m" "1610612736" "--user" "0:0" "--network" "none" "ghcr.io/rust-lang/crates-build-env/linux@sha256:f3a9d4ad9d972b27faf3965f35b62e55ba32bbce8f20bc8fe909558a86702fde" "/opt/rustwide/cargo-home/bin/cargo" "+beta-2024-12-08" "build" "--frozen" "--message-format=json", kill_on_drop: false }`
[INFO] [stdout] 2c18b0b11ce231db889d288a07145b1f089be0bf36612e3c9805c3fd6d62e960
[INFO] running `Command { std: "docker" "start" "-a" "2c18b0b11ce231db889d288a07145b1f089be0bf36612e3c9805c3fd6d62e960", kill_on_drop: false }`
[INFO] [stderr]    Compiling minigrep v0.1.0 (/opt/rustwide/workdir)
[INFO] [stderr]     Finished `dev` profile [unoptimized + debuginfo] target(s) in 0.69s
[INFO] running `Command { std: "docker" "inspect" "2c18b0b11ce231db889d288a07145b1f089be0bf36612e3c9805c3fd6d62e960", kill_on_drop: false }`
[INFO] running `Command { std: "docker" "rm" "-f" "2c18b0b11ce231db889d288a07145b1f089be0bf36612e3c9805c3fd6d62e960", kill_on_drop: false }`
[INFO] [stdout] 2c18b0b11ce231db889d288a07145b1f089be0bf36612e3c9805c3fd6d62e960
[INFO] running `Command { std: "docker" "create" "-v" "/var/lib/crater-agent-workspace/builds/worker-2-tc2/target:/opt/rustwide/target:rw,Z" "-v" "/var/lib/crater-agent-workspace/builds/worker-2-tc2/source:/opt/rustwide/workdir:ro,Z" "-v" "/var/lib/crater-agent-workspace/cargo-home:/opt/rustwide/cargo-home:ro,Z" "-v" "/var/lib/crater-agent-workspace/rustup-home:/opt/rustwide/rustup-home:ro,Z" "-e" "SOURCE_DIR=/opt/rustwide/workdir" "-e" "CARGO_TARGET_DIR=/opt/rustwide/target" "-e" "CARGO_INCREMENTAL=0" "-e" "RUST_BACKTRACE=full" "-e" "RUSTFLAGS=--cap-lints=warn" "-e" "RUSTDOCFLAGS=--cap-lints=warn" "-e" "CARGO_HOME=/opt/rustwide/cargo-home" "-e" "RUSTUP_HOME=/opt/rustwide/rustup-home" "-w" "/opt/rustwide/workdir" "-m" "1610612736" "--user" "0:0" "--network" "none" "ghcr.io/rust-lang/crates-build-env/linux@sha256:f3a9d4ad9d972b27faf3965f35b62e55ba32bbce8f20bc8fe909558a86702fde" "/opt/rustwide/cargo-home/bin/cargo" "+beta-2024-12-08" "test" "--frozen" "--no-run" "--message-format=json", kill_on_drop: false }`
[INFO] [stdout] b96acbd3314fdfaa2037848c15573ba43cc7f6a3e5c32c6305dd6eccb1e801d2
[INFO] running `Command { std: "docker" "start" "-a" "b96acbd3314fdfaa2037848c15573ba43cc7f6a3e5c32c6305dd6eccb1e801d2", kill_on_drop: false }`
[INFO] [stderr]    Compiling minigrep v0.1.0 (/opt/rustwide/workdir)
[INFO] [stderr]     Finished `test` profile [unoptimized + debuginfo] target(s) in 0.69s
[INFO] running `Command { std: "docker" "inspect" "b96acbd3314fdfaa2037848c15573ba43cc7f6a3e5c32c6305dd6eccb1e801d2", kill_on_drop: false }`
[INFO] running `Command { std: "docker" "rm" "-f" "b96acbd3314fdfaa2037848c15573ba43cc7f6a3e5c32c6305dd6eccb1e801d2", kill_on_drop: false }`
[INFO] [stdout] b96acbd3314fdfaa2037848c15573ba43cc7f6a3e5c32c6305dd6eccb1e801d2
[INFO] running `Command { std: "docker" "create" "-v" "/var/lib/crater-agent-workspace/builds/worker-2-tc2/target:/opt/rustwide/target:rw,Z" "-v" "/var/lib/crater-agent-workspace/builds/worker-2-tc2/source:/opt/rustwide/workdir:ro,Z" "-v" "/var/lib/crater-agent-workspace/cargo-home:/opt/rustwide/cargo-home:ro,Z" "-v" "/var/lib/crater-agent-workspace/rustup-home:/opt/rustwide/rustup-home:ro,Z" "-e" "SOURCE_DIR=/opt/rustwide/workdir" "-e" "CARGO_TARGET_DIR=/opt/rustwide/target" "-e" "CARGO_INCREMENTAL=0" "-e" "RUST_BACKTRACE=full" "-e" "RUSTFLAGS=--cap-lints=warn" "-e" "RUSTDOCFLAGS=--cap-lints=warn" "-e" "CARGO_HOME=/opt/rustwide/cargo-home" "-e" "RUSTUP_HOME=/opt/rustwide/rustup-home" "-w" "/opt/rustwide/workdir" "-m" "1610612736" "--user" "0:0" "--network" "none" "ghcr.io/rust-lang/crates-build-env/linux@sha256:f3a9d4ad9d972b27faf3965f35b62e55ba32bbce8f20bc8fe909558a86702fde" "/opt/rustwide/cargo-home/bin/cargo" "+beta-2024-12-08" "test" "--frozen", kill_on_drop: false }`
[INFO] [stdout] 37e9f96afb7120b4bb863178d0aaeb2cde6ff7acd8956e4e9a34837317bcea37
[INFO] running `Command { std: "docker" "start" "-a" "37e9f96afb7120b4bb863178d0aaeb2cde6ff7acd8956e4e9a34837317bcea37", kill_on_drop: false }`
[INFO] [stderr]     Finished `test` profile [unoptimized + debuginfo] target(s) in 0.01s
[INFO] [stderr]      Running unittests src/lib.rs (/opt/rustwide/target/debug/deps/minigrep-17658e02b4a774bb)
[INFO] [stdout] 
[INFO] [stdout] running 2 tests
[INFO] [stdout] test test::case_sensitive ... ok
[INFO] [stdout] test test::case_insensitive ... ok
[INFO] [stderr]      Running unittests src/main.rs (/opt/rustwide/target/debug/deps/minigrep-eb398e0e5dad8f82)
[INFO] [stdout] 
[INFO] [stdout] test result: ok. 2 passed; 0 failed; 0 ignored; 0 measured; 0 filtered out; finished in 0.00s
[INFO] [stdout] 
[INFO] [stdout] 
[INFO] [stderr]    Doc-tests minigrep
[INFO] [stdout] running 0 tests
[INFO] [stdout] 
[INFO] [stdout] test result: ok. 0 passed; 0 failed; 0 ignored; 0 measured; 0 filtered out; finished in 0.00s
[INFO] [stdout] 
[INFO] [stdout] 
[INFO] [stdout] running 1 test
[INFO] [stdout] test src/lib.rs - run (line 39) ... FAILED
[INFO] [stdout] 
[INFO] [stdout] failures:
[INFO] [stdout] 
[INFO] [stdout] ---- src/lib.rs - run (line 39) stdout ----
[INFO] [stdout] error[E0425]: cannot find function `run` in this scope
[INFO] [stdout]  --> src/lib.rs:40:1
[INFO] [stdout]   |
[INFO] [stdout] 3 | run(aaa)
[INFO] [stdout]   | ^^^ not found in this scope
[INFO] [stdout]   |
[INFO] [stdout] help: consider importing this function
[INFO] [stdout]   |
[INFO] [stdout] 2 + use minigrep::run;
[INFO] [stdout]   |
[INFO] [stdout] 
[INFO] [stdout] error[E0425]: cannot find value `aaa` in this scope
[INFO] [stdout]  --> src/lib.rs:40:5
[INFO] [stdout]   |
[INFO] [stdout] 3 | run(aaa)
[INFO] [stdout]   |     ^^^ not found in this scope
[INFO] [stdout] 
[INFO] [stdout] error: aborting due to 2 previous errors
[INFO] [stdout] 
[INFO] [stdout] For more information about this error, try `rustc --explain E0425`.
[INFO] [stdout] Couldn't compile the test.
[INFO] [stdout] 
[INFO] [stdout] failures:
[INFO] [stdout]     src/lib.rs - run (line 39)
[INFO] [stdout] 
[INFO] [stdout] test result: FAILED. 0 passed; 1 failed; 0 ignored; 0 measured; 0 filtered out; finished in 0.07s
[INFO] [stdout] 
[INFO] [stderr] error: doctest failed, to rerun pass `--doc`
[INFO] running `Command { std: "docker" "inspect" "37e9f96afb7120b4bb863178d0aaeb2cde6ff7acd8956e4e9a34837317bcea37", kill_on_drop: false }`
[INFO] running `Command { std: "docker" "rm" "-f" "37e9f96afb7120b4bb863178d0aaeb2cde6ff7acd8956e4e9a34837317bcea37", kill_on_drop: false }`
[INFO] [stdout] 37e9f96afb7120b4bb863178d0aaeb2cde6ff7acd8956e4e9a34837317bcea37
