[INFO] cloning repository https://github.com/NobbZ/codecrafters-interpreter-rust
[INFO] running `Command { std: "git" "-c" "credential.helper=" "-c" "credential.helper=/workspace/cargo-home/bin/git-credential-null" "clone" "--bare" "https://github.com/NobbZ/codecrafters-interpreter-rust" "/workspace/cache/git-repos/https%3A%2F%2Fgithub.com%2FNobbZ%2Fcodecrafters-interpreter-rust", kill_on_drop: false }`
[INFO] [stderr] Cloning into bare repository '/workspace/cache/git-repos/https%3A%2F%2Fgithub.com%2FNobbZ%2Fcodecrafters-interpreter-rust'...
[INFO] running `Command { std: "git" "rev-parse" "HEAD", kill_on_drop: false }`
[INFO] [stdout] d487b9e885542d94c039a8304bda286a74bce2fb
[INFO] testing NobbZ/codecrafters-interpreter-rust against beta-2024-12-08 for beta-1.84.0-4-retry
[INFO] running `Command { std: "git" "clone" "/workspace/cache/git-repos/https%3A%2F%2Fgithub.com%2FNobbZ%2Fcodecrafters-interpreter-rust" "/workspace/builds/worker-2-tc2/source", kill_on_drop: false }`
[INFO] [stderr] Cloning into '/workspace/builds/worker-2-tc2/source'...
[INFO] [stderr] done.
[INFO] validating manifest of git repo https://github.com/NobbZ/codecrafters-interpreter-rust on toolchain beta-2024-12-08
[INFO] running `Command { std: CARGO_HOME="/workspace/cargo-home" RUSTUP_HOME="/workspace/rustup-home" "/workspace/cargo-home/bin/cargo" "+beta-2024-12-08" "metadata" "--manifest-path" "Cargo.toml" "--no-deps", kill_on_drop: false }`
[INFO] started tweaking git repo https://github.com/NobbZ/codecrafters-interpreter-rust
[INFO] finished tweaking git repo https://github.com/NobbZ/codecrafters-interpreter-rust
[INFO] tweaked toml for git repo https://github.com/NobbZ/codecrafters-interpreter-rust written to /workspace/builds/worker-2-tc2/source/Cargo.toml
[INFO] crate git repo https://github.com/NobbZ/codecrafters-interpreter-rust already has a lockfile, it will not be regenerated
[INFO] running `Command { std: CARGO_HOME="/workspace/cargo-home" RUSTUP_HOME="/workspace/rustup-home" "/workspace/cargo-home/bin/cargo" "+beta-2024-12-08" "fetch" "--manifest-path" "Cargo.toml", kill_on_drop: false }`
[INFO] running `Command { std: "docker" "create" "-v" "/var/lib/crater-agent-workspace/builds/worker-2-tc2/target:/opt/rustwide/target:rw,Z" "-v" "/var/lib/crater-agent-workspace/builds/worker-2-tc2/source:/opt/rustwide/workdir:ro,Z" "-v" "/var/lib/crater-agent-workspace/cargo-home:/opt/rustwide/cargo-home:ro,Z" "-v" "/var/lib/crater-agent-workspace/rustup-home:/opt/rustwide/rustup-home:ro,Z" "-e" "SOURCE_DIR=/opt/rustwide/workdir" "-e" "CARGO_TARGET_DIR=/opt/rustwide/target" "-e" "CARGO_HOME=/opt/rustwide/cargo-home" "-e" "RUSTUP_HOME=/opt/rustwide/rustup-home" "-w" "/opt/rustwide/workdir" "-m" "1610612736" "--user" "0:0" "--network" "none" "ghcr.io/rust-lang/crates-build-env/linux@sha256:f3a9d4ad9d972b27faf3965f35b62e55ba32bbce8f20bc8fe909558a86702fde" "/opt/rustwide/cargo-home/bin/cargo" "+beta-2024-12-08" "metadata" "--no-deps" "--format-version=1", kill_on_drop: false }`
[INFO] [stdout] ecc24b4970396c2dfc28f097c5e592a8fd98db7e84570084c09cb294a84e1221
[INFO] running `Command { std: "docker" "start" "-a" "ecc24b4970396c2dfc28f097c5e592a8fd98db7e84570084c09cb294a84e1221", kill_on_drop: false }`
[INFO] running `Command { std: "docker" "inspect" "ecc24b4970396c2dfc28f097c5e592a8fd98db7e84570084c09cb294a84e1221", kill_on_drop: false }`
[INFO] running `Command { std: "docker" "rm" "-f" "ecc24b4970396c2dfc28f097c5e592a8fd98db7e84570084c09cb294a84e1221", kill_on_drop: false }`
[INFO] [stdout] ecc24b4970396c2dfc28f097c5e592a8fd98db7e84570084c09cb294a84e1221
[INFO] running `Command { std: "docker" "create" "-v" "/var/lib/crater-agent-workspace/builds/worker-2-tc2/target:/opt/rustwide/target:rw,Z" "-v" "/var/lib/crater-agent-workspace/builds/worker-2-tc2/source:/opt/rustwide/workdir:ro,Z" "-v" "/var/lib/crater-agent-workspace/cargo-home:/opt/rustwide/cargo-home:ro,Z" "-v" "/var/lib/crater-agent-workspace/rustup-home:/opt/rustwide/rustup-home:ro,Z" "-e" "SOURCE_DIR=/opt/rustwide/workdir" "-e" "CARGO_TARGET_DIR=/opt/rustwide/target" "-e" "CARGO_INCREMENTAL=0" "-e" "RUST_BACKTRACE=full" "-e" "RUSTFLAGS=--cap-lints=warn" "-e" "RUSTDOCFLAGS=--cap-lints=warn" "-e" "CARGO_HOME=/opt/rustwide/cargo-home" "-e" "RUSTUP_HOME=/opt/rustwide/rustup-home" "-w" "/opt/rustwide/workdir" "-m" "1610612736" "--user" "0:0" "--network" "none" "ghcr.io/rust-lang/crates-build-env/linux@sha256:f3a9d4ad9d972b27faf3965f35b62e55ba32bbce8f20bc8fe909558a86702fde" "/opt/rustwide/cargo-home/bin/cargo" "+beta-2024-12-08" "build" "--frozen" "--message-format=json", kill_on_drop: false }`
[INFO] [stdout] b2bade0c658dba5a22fa4964ac46dc971c9b3a102b4636067a3c706222222498
[INFO] running `Command { std: "docker" "start" "-a" "b2bade0c658dba5a22fa4964ac46dc971c9b3a102b4636067a3c706222222498", kill_on_drop: false }`
[INFO] [stderr]    Compiling proc-macro2 v1.0.86
[INFO] [stderr]    Compiling utf8parse v0.2.2
[INFO] [stderr]    Compiling anstyle-query v1.1.2
[INFO] [stderr]    Compiling anstyle v1.0.10
[INFO] [stderr]    Compiling is_terminal_polyfill v1.70.1
[INFO] [stderr]    Compiling colorchoice v1.0.3
[INFO] [stderr]    Compiling strsim v0.11.1
[INFO] [stderr]    Compiling anyhow v1.0.86
[INFO] [stderr]    Compiling heck v0.5.0
[INFO] [stderr]    Compiling clap_lex v0.7.3
[INFO] [stderr]    Compiling thiserror v1.0.63
[INFO] [stderr]    Compiling smallvec v1.13.2
[INFO] [stderr]    Compiling pin-project-lite v0.2.15
[INFO] [stderr]    Compiling bytes v1.7.1
[INFO] [stderr]    Compiling anstyle-parse v0.2.6
[INFO] [stderr]    Compiling anstream v0.6.18
[INFO] [stderr]    Compiling tracing-subscriber v0.3.18
[INFO] [stderr]    Compiling clap_builder v4.5.21
[INFO] [stderr]    Compiling quote v1.0.36
[INFO] [stderr]    Compiling syn v2.0.75
[INFO] [stderr]    Compiling tracing-attributes v0.1.27
[INFO] [stderr]    Compiling clap_derive v4.5.18
[INFO] [stderr]    Compiling thiserror-impl v1.0.63
[INFO] [stderr]    Compiling tracing v0.1.40
[INFO] [stderr]    Compiling clap v4.5.21
[INFO] [stderr]    Compiling codecrafters-interpreter v0.1.0 (/opt/rustwide/workdir)
[INFO] [stderr]     Finished `dev` profile [unoptimized + debuginfo] target(s) in 16.41s
[INFO] running `Command { std: "docker" "inspect" "b2bade0c658dba5a22fa4964ac46dc971c9b3a102b4636067a3c706222222498", kill_on_drop: false }`
[INFO] running `Command { std: "docker" "rm" "-f" "b2bade0c658dba5a22fa4964ac46dc971c9b3a102b4636067a3c706222222498", kill_on_drop: false }`
[INFO] [stdout] b2bade0c658dba5a22fa4964ac46dc971c9b3a102b4636067a3c706222222498
[INFO] running `Command { std: "docker" "create" "-v" "/var/lib/crater-agent-workspace/builds/worker-2-tc2/target:/opt/rustwide/target:rw,Z" "-v" "/var/lib/crater-agent-workspace/builds/worker-2-tc2/source:/opt/rustwide/workdir:ro,Z" "-v" "/var/lib/crater-agent-workspace/cargo-home:/opt/rustwide/cargo-home:ro,Z" "-v" "/var/lib/crater-agent-workspace/rustup-home:/opt/rustwide/rustup-home:ro,Z" "-e" "SOURCE_DIR=/opt/rustwide/workdir" "-e" "CARGO_TARGET_DIR=/opt/rustwide/target" "-e" "CARGO_INCREMENTAL=0" "-e" "RUST_BACKTRACE=full" "-e" "RUSTFLAGS=--cap-lints=warn" "-e" "RUSTDOCFLAGS=--cap-lints=warn" "-e" "CARGO_HOME=/opt/rustwide/cargo-home" "-e" "RUSTUP_HOME=/opt/rustwide/rustup-home" "-w" "/opt/rustwide/workdir" "-m" "1610612736" "--user" "0:0" "--network" "none" "ghcr.io/rust-lang/crates-build-env/linux@sha256:f3a9d4ad9d972b27faf3965f35b62e55ba32bbce8f20bc8fe909558a86702fde" "/opt/rustwide/cargo-home/bin/cargo" "+beta-2024-12-08" "test" "--frozen" "--no-run" "--message-format=json", kill_on_drop: false }`
[INFO] [stdout] b359c798c898f1df9ae80cccd0fa56ed0db9645354571c7cda8ff9948203adc4
[INFO] running `Command { std: "docker" "start" "-a" "b359c798c898f1df9ae80cccd0fa56ed0db9645354571c7cda8ff9948203adc4", kill_on_drop: false }`
[INFO] [stderr]    Compiling yansi v1.0.1
[INFO] [stderr]    Compiling diff v0.1.13
[INFO] [stderr]    Compiling pretty_assertions v1.4.1
[INFO] [stderr]    Compiling codecrafters-interpreter v0.1.0 (/opt/rustwide/workdir)
[INFO] [stderr]     Finished `test` profile [unoptimized + debuginfo] target(s) in 2.96s
[INFO] running `Command { std: "docker" "inspect" "b359c798c898f1df9ae80cccd0fa56ed0db9645354571c7cda8ff9948203adc4", kill_on_drop: false }`
[INFO] running `Command { std: "docker" "rm" "-f" "b359c798c898f1df9ae80cccd0fa56ed0db9645354571c7cda8ff9948203adc4", kill_on_drop: false }`
[INFO] [stdout] b359c798c898f1df9ae80cccd0fa56ed0db9645354571c7cda8ff9948203adc4
[INFO] running `Command { std: "docker" "create" "-v" "/var/lib/crater-agent-workspace/builds/worker-2-tc2/target:/opt/rustwide/target:rw,Z" "-v" "/var/lib/crater-agent-workspace/builds/worker-2-tc2/source:/opt/rustwide/workdir:ro,Z" "-v" "/var/lib/crater-agent-workspace/cargo-home:/opt/rustwide/cargo-home:ro,Z" "-v" "/var/lib/crater-agent-workspace/rustup-home:/opt/rustwide/rustup-home:ro,Z" "-e" "SOURCE_DIR=/opt/rustwide/workdir" "-e" "CARGO_TARGET_DIR=/opt/rustwide/target" "-e" "CARGO_INCREMENTAL=0" "-e" "RUST_BACKTRACE=full" "-e" "RUSTFLAGS=--cap-lints=warn" "-e" "RUSTDOCFLAGS=--cap-lints=warn" "-e" "CARGO_HOME=/opt/rustwide/cargo-home" "-e" "RUSTUP_HOME=/opt/rustwide/rustup-home" "-w" "/opt/rustwide/workdir" "-m" "1610612736" "--user" "0:0" "--network" "none" "ghcr.io/rust-lang/crates-build-env/linux@sha256:f3a9d4ad9d972b27faf3965f35b62e55ba32bbce8f20bc8fe909558a86702fde" "/opt/rustwide/cargo-home/bin/cargo" "+beta-2024-12-08" "test" "--frozen", kill_on_drop: false }`
[INFO] [stdout] 63ae4f6dd4a218f8c157f4104d39187751da5c1622d45d44721825cfa776f3ae
[INFO] running `Command { std: "docker" "start" "-a" "63ae4f6dd4a218f8c157f4104d39187751da5c1622d45d44721825cfa776f3ae", kill_on_drop: false }`
[INFO] [stderr]     Finished `test` profile [unoptimized + debuginfo] target(s) in 0.07s
[INFO] [stdout] 
[INFO] [stderr]      Running unittests src/main.rs (/opt/rustwide/target/debug/deps/codecrafters_interpreter-18c9bb573214f770)
[INFO] [stdout] running 48 tests
[INFO] [stdout] test parser::tests::divide ... ok
[INFO] [stdout] test parser::tests::int ... ok
[INFO] [stdout] test parser::tests::mixed ... ok
[INFO] [stdout] test parser::tests::multiply ... ok
[INFO] [stdout] test parser::tests::negated_number ... ok
[INFO] [stdout] test parser::tests::nil ... ok
[INFO] [stdout] test parser::tests::notted_bool ... ok
[INFO] [stdout] test parser::tests::str_complex_with_sign ... ok
[INFO] [stdout] test parser::tests::bool ... ok
[INFO] [stdout] test parser::tests::str_add_simple ... ok
[INFO] [stdout] test parser::tests::group ... ok
[INFO] [stdout] test parser::tests::str_bool ... ok
[INFO] [stdout] test parser::tests::str_group ... ok
[INFO] [stdout] test parser::tests::str_int ... ok
[INFO] [stdout] test parser::tests::str_mixed ... ok
[INFO] [stdout] test parser::tests::float ... ok
[INFO] [stdout] test parser::tests::str_nil ... ok
[INFO] [stdout] test parser::tests::str_notted_bool ... ok
[INFO] [stdout] test parser::tests::str_zero_float ... ok
[INFO] [stdout] test parser::tests::string ... ok
[INFO] [stdout] test parser::tests::unbalanced ... ok
[INFO] [stdout] test token_stream::tests::scan_braces ... ok
[INFO] [stdout] test token_stream::tests::scan_float ... ok
[INFO] [stdout] test token_stream::tests::scan_ident ... ok
[INFO] [stdout] test token_stream::tests::scan_integer ... ok
[INFO] [stdout] test token_stream::tests::scan_more_single_char_tokens ... ok
[INFO] [stdout] test parser::tests::str_float ... ok
[INFO] [stdout] test parser::tests::str_divide ... ok
[INFO] [stdout] test token_stream::tests::scan_reserved ... ok
[INFO] [stdout] test parser::tests::str_negated_number ... ok
[INFO] [stdout] test token_stream::tests::scan_unclosed_string ... ok
[INFO] [stdout] test token_stream::tests::scan_with_equals ... ok
[INFO] [stdout] test token_stream::tests::scan_with_whitespace ... ok
[INFO] [stdout] test token_stream::tests::scans_example_from_exercise ... ok
[INFO] [stdout] test token_stream::tests::scans_example_from_test_1 ... ok
[INFO] [stdout] test token_stream::tests::scans_example_from_test_2 ... ok
[INFO] [stdout] test token_stream::tests::scans_example_from_test_3 ... ok
[INFO] [stdout] test token_stream::tests::scan_with_comment ... ok
[INFO] [stdout] test token_stream::tests::scan_with_unkown_tokens ... ok
[INFO] [stdout] test token_stream::tests::scans_example_from_test_4 ... ok
[INFO] [stdout] test parser::tests::str_multiply ... ok
[INFO] [stdout] test token_stream::tests::scan_with_bangs ... ok
[INFO] [stdout] test token_stream::tests::scan_string ... ok
[INFO] [stdout] test token_stream::tests::scan_with_lt_gt ... ok
[INFO] [stdout] test token_stream::tests::scan_with_slash ... ok
[INFO] [stdout] test parser::tests::str_string ... ok
[INFO] [stdout] test parser::tests::str_zero_int ... ok
[INFO] [stdout] test parser::tests::str_add_mul ... FAILED
[INFO] [stdout] 
[INFO] [stdout] failures:
[INFO] [stdout] 
[INFO] [stdout] ---- parser::tests::str_add_mul stdout ----
[INFO] [stdout] thread 'parser::tests::str_add_mul' panicked at src/parser.rs:304:5:
[INFO] [stdout] assertion failed: `(left == right)`
[INFO] [stdout] 
[INFO] [stdout] [1mDiff[0m [31m< left[0m / [32mright >[0m :
[INFO] [stdout] [31m<(- (- 50.0 [0m[1;48;5;52;31m(* [0m[31m44.0 57.0[0m[1;48;5;52;31m)[0m[31m) 77.0)[0m
[INFO] [stdout] [32m>(- ([0m[1;48;5;22;32m* ([0m[32m- 50.0 44.0[0m[1;48;5;22;32m)[0m[32m 57.0) 77.0)[0m
[INFO] [stdout] 
[INFO] [stdout] 
[INFO] [stdout] stack backtrace:
[INFO] [stdout]    0:     0x57907464461a - std::backtrace_rs::backtrace::libunwind::trace::h8810477743020387
[INFO] [stdout]                                at /rustc/202008a1b8de96d2e5b6bc02d379db03a877d34d/library/std/src/../../backtrace/src/backtrace/libunwind.rs:116:5
[INFO] [stdout]    1:     0x57907464461a - std::backtrace_rs::backtrace::trace_unsynchronized::h3aa55355dd6c54a6
[INFO] [stdout]                                at /rustc/202008a1b8de96d2e5b6bc02d379db03a877d34d/library/std/src/../../backtrace/src/backtrace/mod.rs:66:5
[INFO] [stdout]    2:     0x57907464461a - std::sys::backtrace::_print_fmt::h8588b0f62410823f
[INFO] [stdout]                                at /rustc/202008a1b8de96d2e5b6bc02d379db03a877d34d/library/std/src/sys/backtrace.rs:66:9
[INFO] [stdout]    3:     0x57907464461a - <std::sys::backtrace::BacktraceLock::print::DisplayBacktrace as core::fmt::Display>::fmt::h98c26ac25ffe89bb
[INFO] [stdout]                                at /rustc/202008a1b8de96d2e5b6bc02d379db03a877d34d/library/std/src/sys/backtrace.rs:39:26
[INFO] [stdout]    4:     0x57907466b073 - core::fmt::rt::Argument::fmt::hf95377f4aebd453b
[INFO] [stdout]                                at /rustc/202008a1b8de96d2e5b6bc02d379db03a877d34d/library/core/src/fmt/rt.rs:177:76
[INFO] [stdout]    5:     0x57907466b073 - core::fmt::write::h0dd5f6e2238c7982
[INFO] [stdout]                                at /rustc/202008a1b8de96d2e5b6bc02d379db03a877d34d/library/core/src/fmt/mod.rs:1189:21
[INFO] [stdout]    6:     0x5790746415e3 - std::io::Write::write_fmt::h03bb0ca26e6faf8c
[INFO] [stdout]                                at /rustc/202008a1b8de96d2e5b6bc02d379db03a877d34d/library/std/src/io/mod.rs:1884:15
[INFO] [stdout]    7:     0x579074644462 - std::sys::backtrace::BacktraceLock::print::h5c19c1c038ee186d
[INFO] [stdout]                                at /rustc/202008a1b8de96d2e5b6bc02d379db03a877d34d/library/std/src/sys/backtrace.rs:42:9
[INFO] [stdout]    8:     0x579074645a9d - std::panicking::default_hook::{{closure}}::h77172f079a1fcb13
[INFO] [stdout]                                at /rustc/202008a1b8de96d2e5b6bc02d379db03a877d34d/library/std/src/panicking.rs:268:22
[INFO] [stdout]    9:     0x5790746458a7 - std::panicking::default_hook::he5f8e3b203ccddba
[INFO] [stdout]                                at /rustc/202008a1b8de96d2e5b6bc02d379db03a877d34d/library/std/src/panicking.rs:292:9
[INFO] [stdout]   10:     0x5790745e0dd7 - <alloc::boxed::Box<F,A> as core::ops::function::Fn<Args>>::call::h7a3c7b4a1ae77f2f
[INFO] [stdout]                                at /rustc/202008a1b8de96d2e5b6bc02d379db03a877d34d/library/alloc/src/boxed.rs:1986:9
[INFO] [stdout]   11:     0x5790745e0dd7 - test::test_main::{{closure}}::hf0d3b69ae9b353d1
[INFO] [stdout]                                at /rustc/202008a1b8de96d2e5b6bc02d379db03a877d34d/library/test/src/lib.rs:134:21
[INFO] [stdout]   12:     0x579074646148 - <alloc::boxed::Box<F,A> as core::ops::function::Fn<Args>>::call::h6332e82e7b189abd
[INFO] [stdout]                                at /rustc/202008a1b8de96d2e5b6bc02d379db03a877d34d/library/alloc/src/boxed.rs:1986:9
[INFO] [stdout]   13:     0x579074646148 - std::panicking::rust_panic_with_hook::h53863d4e9018df39
[INFO] [stdout]                                at /rustc/202008a1b8de96d2e5b6bc02d379db03a877d34d/library/std/src/panicking.rs:809:13
[INFO] [stdout]   14:     0x579074645f0a - std::panicking::begin_panic_handler::{{closure}}::h67280e6fa0757873
[INFO] [stdout]                                at /rustc/202008a1b8de96d2e5b6bc02d379db03a877d34d/library/std/src/panicking.rs:674:13
[INFO] [stdout]   15:     0x579074644af9 - std::sys::backtrace::__rust_end_short_backtrace::h1dac3f54d6fbbeb2
[INFO] [stdout]                                at /rustc/202008a1b8de96d2e5b6bc02d379db03a877d34d/library/std/src/sys/backtrace.rs:170:18
[INFO] [stdout]   16:     0x579074645b9c - rust_begin_unwind
[INFO] [stdout]                                at /rustc/202008a1b8de96d2e5b6bc02d379db03a877d34d/library/std/src/panicking.rs:665:5
[INFO] [stdout]   17:     0x579074541b00 - core::panicking::panic_fmt::h6792bd1b2bf01041
[INFO] [stdout]                                at /rustc/202008a1b8de96d2e5b6bc02d379db03a877d34d/library/core/src/panicking.rs:76:14
[INFO] [stdout]   18:     0x579074589959 - codecrafters_interpreter::parser::tests::str_add_mul::h6f2c122dc8bd48f9
[INFO] [stdout]                                at /opt/rustwide/workdir/src/parser.rs:273:21
[INFO] [stdout]   19:     0x5790745894b7 - codecrafters_interpreter::parser::tests::str_add_mul::{{closure}}::h3d049139c49c04a3
[INFO] [stdout]                                at /opt/rustwide/workdir/src/parser.rs:264:31
[INFO] [stdout]   20:     0x57907458b176 - core::ops::function::FnOnce::call_once::h970df432b363ce85
[INFO] [stdout]                                at /rustc/202008a1b8de96d2e5b6bc02d379db03a877d34d/library/core/src/ops/function.rs:250:5
[INFO] [stdout]   21:     0x5790745e58fb - core::ops::function::FnOnce::call_once::h871bf86719ec9aa4
[INFO] [stdout]                                at /rustc/202008a1b8de96d2e5b6bc02d379db03a877d34d/library/core/src/ops/function.rs:250:5
[INFO] [stdout]   22:     0x5790745e58fb - test::__rust_begin_short_backtrace::h2167df1e2b7d76fd
[INFO] [stdout]                                at /rustc/202008a1b8de96d2e5b6bc02d379db03a877d34d/library/test/src/lib.rs:632:18
[INFO] [stdout]   23:     0x5790745e52e8 - test::run_test_in_process::{{closure}}::h15d92f75a3adfb79
[INFO] [stdout]                                at /rustc/202008a1b8de96d2e5b6bc02d379db03a877d34d/library/test/src/lib.rs:655:60
[INFO] [stdout]   24:     0x5790745e52e8 - <core::panic::unwind_safe::AssertUnwindSafe<F> as core::ops::function::FnOnce<()>>::call_once::hb6c8955835a8dbbb
[INFO] [stdout]                                at /rustc/202008a1b8de96d2e5b6bc02d379db03a877d34d/library/core/src/panic/unwind_safe.rs:272:9
[INFO] [stdout]   25:     0x5790745e52e8 - std::panicking::try::do_call::hc79d0fc888a0bd30
[INFO] [stdout]                                at /rustc/202008a1b8de96d2e5b6bc02d379db03a877d34d/library/std/src/panicking.rs:557:40
[INFO] [stdout]   26:     0x5790745e52e8 - std::panicking::try::hb8a7878e3a8589d6
[INFO] [stdout]                                at /rustc/202008a1b8de96d2e5b6bc02d379db03a877d34d/library/std/src/panicking.rs:520:19
[INFO] [stdout]   27:     0x5790745e52e8 - std::panic::catch_unwind::hb8e4600ff0ff5cfa
[INFO] [stdout]                                at /rustc/202008a1b8de96d2e5b6bc02d379db03a877d34d/library/std/src/panic.rs:358:14
[INFO] [stdout]   28:     0x5790745e52e8 - test::run_test_in_process::hc2900b0b18688dd6
[INFO] [stdout]                                at /rustc/202008a1b8de96d2e5b6bc02d379db03a877d34d/library/test/src/lib.rs:655:27
[INFO] [stdout]   29:     0x5790745e52e8 - test::run_test::{{closure}}::hac2a9cb07be3d48d
[INFO] [stdout]                                at /rustc/202008a1b8de96d2e5b6bc02d379db03a877d34d/library/test/src/lib.rs:576:43
[INFO] [stdout]   30:     0x5790745a8d8a - test::run_test::{{closure}}::h4a5b729e66a38cd8
[INFO] [stdout]                                at /rustc/202008a1b8de96d2e5b6bc02d379db03a877d34d/library/test/src/lib.rs:606:41
[INFO] [stdout]   31:     0x5790745a8d8a - std::sys::backtrace::__rust_begin_short_backtrace::h0496fb742492f573
[INFO] [stdout]                                at /rustc/202008a1b8de96d2e5b6bc02d379db03a877d34d/library/std/src/sys/backtrace.rs:154:18
[INFO] [stdout]   32:     0x5790745ac704 - std::thread::Builder::spawn_unchecked_::{{closure}}::{{closure}}::hbb6d257c550a54bd
[INFO] [stdout]                                at /rustc/202008a1b8de96d2e5b6bc02d379db03a877d34d/library/std/src/thread/mod.rs:561:17
[INFO] [stdout]   33:     0x5790745ac704 - <core::panic::unwind_safe::AssertUnwindSafe<F> as core::ops::function::FnOnce<()>>::call_once::h46696fe4a6832328
[INFO] [stdout]                                at /rustc/202008a1b8de96d2e5b6bc02d379db03a877d34d/library/core/src/panic/unwind_safe.rs:272:9
[INFO] [stdout]   34:     0x5790745ac704 - std::panicking::try::do_call::h2625a51b667bfb64
[INFO] [stdout]                                at /rustc/202008a1b8de96d2e5b6bc02d379db03a877d34d/library/std/src/panicking.rs:557:40
[INFO] [stdout]   35:     0x5790745ac704 - std::panicking::try::hb956a59a1973aa4c
[INFO] [stdout]                                at /rustc/202008a1b8de96d2e5b6bc02d379db03a877d34d/library/std/src/panicking.rs:520:19
[INFO] [stdout]   36:     0x5790745ac704 - std::panic::catch_unwind::h64f3b9d1067ef6a0
[INFO] [stdout]                                at /rustc/202008a1b8de96d2e5b6bc02d379db03a877d34d/library/std/src/panic.rs:358:14
[INFO] [stdout]   37:     0x5790745ac704 - std::thread::Builder::spawn_unchecked_::{{closure}}::h42b2841295b6c0b2
[INFO] [stdout]                                at /rustc/202008a1b8de96d2e5b6bc02d379db03a877d34d/library/std/src/thread/mod.rs:559:30
[INFO] [stdout]   38:     0x5790745ac704 - core::ops::function::FnOnce::call_once{{vtable.shim}}::h6127de71b8124639
[INFO] [stdout]                                at /rustc/202008a1b8de96d2e5b6bc02d379db03a877d34d/library/core/src/ops/function.rs:250:5
[INFO] [stdout]   39:     0x57907464a08b - <alloc::boxed::Box<F,A> as core::ops::function::FnOnce<Args>>::call_once::h42f0ba71002a1b2c
[INFO] [stdout]                                at /rustc/202008a1b8de96d2e5b6bc02d379db03a877d34d/library/alloc/src/boxed.rs:1972:9
[INFO] [stdout]   40:     0x57907464a08b - <alloc::boxed::Box<F,A> as core::ops::function::FnOnce<Args>>::call_once::had9e47d7a3dcecb8
[INFO] [stdout]                                at /rustc/202008a1b8de96d2e5b6bc02d379db03a877d34d/library/alloc/src/boxed.rs:1972:9
[INFO] [stdout]   41:     0x57907464a08b - std::sys::pal::unix::thread::Thread::new::thread_start::h48cf765408f6f5f2
[INFO] [stdout]                                at /rustc/202008a1b8de96d2e5b6bc02d379db03a877d34d/library/std/src/sys/pal/unix/thread.rs:105:17
[INFO] [stdout]   42:     0x7c32fcce1ac3 - <unknown>
[INFO] [stdout]   43:     0x7c32fcd72a04 - clone
[INFO] [stdout]   44:                0x0 - <unknown>
[INFO] [stdout] 
[INFO] [stdout] 
[INFO] [stdout] failures:
[INFO] [stdout]     parser::tests::str_add_mul
[INFO] [stdout] 
[INFO] [stdout] test result: FAILED. 47 passed; 1 failed; 0 ignored; 0 measured; 0 filtered out; finished in 0.05s
[INFO] [stdout] 
[INFO] [stderr] error: test failed, to rerun pass `--bin codecrafters-interpreter`
[INFO] running `Command { std: "docker" "inspect" "63ae4f6dd4a218f8c157f4104d39187751da5c1622d45d44721825cfa776f3ae", kill_on_drop: false }`
[INFO] running `Command { std: "docker" "rm" "-f" "63ae4f6dd4a218f8c157f4104d39187751da5c1622d45d44721825cfa776f3ae", kill_on_drop: false }`
[INFO] [stdout] 63ae4f6dd4a218f8c157f4104d39187751da5c1622d45d44721825cfa776f3ae
