[INFO] cloning repository https://github.com/NiloDrumond/rust-macro-analyzer
[INFO] running `Command { std: "git" "-c" "credential.helper=" "-c" "credential.helper=/workspace/cargo-home/bin/git-credential-null" "clone" "--bare" "https://github.com/NiloDrumond/rust-macro-analyzer" "/workspace/cache/git-repos/https%3A%2F%2Fgithub.com%2FNiloDrumond%2Frust-macro-analyzer", kill_on_drop: false }`
[INFO] [stderr] Cloning into bare repository '/workspace/cache/git-repos/https%3A%2F%2Fgithub.com%2FNiloDrumond%2Frust-macro-analyzer'...
[INFO] running `Command { std: "git" "rev-parse" "HEAD", kill_on_drop: false }`
[INFO] [stdout] 47551fd5f644ee8806a9a68972d29b6ba2522328
[INFO] testing NiloDrumond/rust-macro-analyzer against 1.83.0 for beta-1.84.0-4-retry
[INFO] running `Command { std: "git" "clone" "/workspace/cache/git-repos/https%3A%2F%2Fgithub.com%2FNiloDrumond%2Frust-macro-analyzer" "/workspace/builds/worker-7-tc1/source", kill_on_drop: false }`
[INFO] [stderr] Cloning into '/workspace/builds/worker-7-tc1/source'...
[INFO] [stderr] done.
[INFO] validating manifest of git repo https://github.com/NiloDrumond/rust-macro-analyzer on toolchain 1.83.0
[INFO] running `Command { std: CARGO_HOME="/workspace/cargo-home" RUSTUP_HOME="/workspace/rustup-home" "/workspace/cargo-home/bin/cargo" "+1.83.0" "metadata" "--manifest-path" "Cargo.toml" "--no-deps", kill_on_drop: false }`
[INFO] started tweaking git repo https://github.com/NiloDrumond/rust-macro-analyzer
[INFO] finished tweaking git repo https://github.com/NiloDrumond/rust-macro-analyzer
[INFO] tweaked toml for git repo https://github.com/NiloDrumond/rust-macro-analyzer written to /workspace/builds/worker-7-tc1/source/Cargo.toml
[INFO] crate git repo https://github.com/NiloDrumond/rust-macro-analyzer already has a lockfile, it will not be regenerated
[INFO] running `Command { std: CARGO_HOME="/workspace/cargo-home" RUSTUP_HOME="/workspace/rustup-home" "/workspace/cargo-home/bin/cargo" "+1.83.0" "fetch" "--manifest-path" "Cargo.toml", kill_on_drop: false }`
[INFO] [stderr]     Updating crates.io index
[INFO] [stderr]  Downloading crates ...
[INFO] [stderr]   Downloaded sval_serde v2.13.0
[INFO] [stderr]   Downloaded sval_nested v2.13.0
[INFO] [stderr]   Downloaded value-bag-sval2 v1.9.0
[INFO] [stderr]   Downloaded ts-rs-macros v9.0.1
[INFO] [stderr]   Downloaded sval v2.13.0
[INFO] [stderr]   Downloaded sval_buffer v2.13.0
[INFO] [stderr]   Downloaded graphql_query_derive v0.14.0
[INFO] [stderr]   Downloaded sval_json v2.13.0
[INFO] [stderr]   Downloaded value-bag-serde1 v1.9.0
[INFO] [stderr]   Downloaded graphql_client v0.14.0
[INFO] [stderr]   Downloaded ts-rs v9.0.1
[INFO] [stderr]   Downloaded sval_fmt v2.13.0
[INFO] [stderr]   Downloaded sval_dynamic v2.13.0
[INFO] [stderr]   Downloaded sval_ref v2.13.0
[INFO] [stderr]   Downloaded graphql_client_codegen v0.14.0
[INFO] [stderr]   Downloaded serde_json v1.0.124
[INFO] [stderr]   Downloaded tree-sitter v0.22.6
[INFO] [stderr]   Downloaded tree-sitter-rust v0.21.2
[INFO] running `Command { std: "docker" "create" "-v" "/var/lib/crater-agent-workspace/builds/worker-7-tc1/target:/opt/rustwide/target:rw,Z" "-v" "/var/lib/crater-agent-workspace/builds/worker-7-tc1/source:/opt/rustwide/workdir:ro,Z" "-v" "/var/lib/crater-agent-workspace/cargo-home:/opt/rustwide/cargo-home:ro,Z" "-v" "/var/lib/crater-agent-workspace/rustup-home:/opt/rustwide/rustup-home:ro,Z" "-e" "SOURCE_DIR=/opt/rustwide/workdir" "-e" "CARGO_TARGET_DIR=/opt/rustwide/target" "-e" "CARGO_HOME=/opt/rustwide/cargo-home" "-e" "RUSTUP_HOME=/opt/rustwide/rustup-home" "-w" "/opt/rustwide/workdir" "-m" "1610612736" "--user" "0:0" "--network" "none" "ghcr.io/rust-lang/crates-build-env/linux@sha256:f3a9d4ad9d972b27faf3965f35b62e55ba32bbce8f20bc8fe909558a86702fde" "/opt/rustwide/cargo-home/bin/cargo" "+1.83.0" "metadata" "--no-deps" "--format-version=1", kill_on_drop: false }`
[INFO] [stdout] 4ef04a5a9aefb2a0613603b9255904f8071724454b8fc878c88a914420aa191f
[INFO] running `Command { std: "docker" "start" "-a" "4ef04a5a9aefb2a0613603b9255904f8071724454b8fc878c88a914420aa191f", kill_on_drop: false }`
[INFO] running `Command { std: "docker" "inspect" "4ef04a5a9aefb2a0613603b9255904f8071724454b8fc878c88a914420aa191f", kill_on_drop: false }`
[INFO] running `Command { std: "docker" "rm" "-f" "4ef04a5a9aefb2a0613603b9255904f8071724454b8fc878c88a914420aa191f", kill_on_drop: false }`
[INFO] [stdout] 4ef04a5a9aefb2a0613603b9255904f8071724454b8fc878c88a914420aa191f
[INFO] running `Command { std: "docker" "create" "-v" "/var/lib/crater-agent-workspace/builds/worker-7-tc1/target:/opt/rustwide/target:rw,Z" "-v" "/var/lib/crater-agent-workspace/builds/worker-7-tc1/source:/opt/rustwide/workdir:ro,Z" "-v" "/var/lib/crater-agent-workspace/cargo-home:/opt/rustwide/cargo-home:ro,Z" "-v" "/var/lib/crater-agent-workspace/rustup-home:/opt/rustwide/rustup-home:ro,Z" "-e" "SOURCE_DIR=/opt/rustwide/workdir" "-e" "CARGO_TARGET_DIR=/opt/rustwide/target" "-e" "CARGO_INCREMENTAL=0" "-e" "RUST_BACKTRACE=full" "-e" "RUSTFLAGS=--cap-lints=warn" "-e" "RUSTDOCFLAGS=--cap-lints=warn" "-e" "CARGO_HOME=/opt/rustwide/cargo-home" "-e" "RUSTUP_HOME=/opt/rustwide/rustup-home" "-w" "/opt/rustwide/workdir" "-m" "1610612736" "--user" "0:0" "--network" "none" "ghcr.io/rust-lang/crates-build-env/linux@sha256:f3a9d4ad9d972b27faf3965f35b62e55ba32bbce8f20bc8fe909558a86702fde" "/opt/rustwide/cargo-home/bin/cargo" "+1.83.0" "build" "--frozen" "--message-format=json", kill_on_drop: false }`
[INFO] [stdout] 6026e0abbbd52abb2fb90fba2a788ef0b74bf2bce88053fc764f8e258bc06fa9
[INFO] running `Command { std: "docker" "start" "-a" "6026e0abbbd52abb2fb90fba2a788ef0b74bf2bce88053fc764f8e258bc06fa9", kill_on_drop: false }`
[INFO] [stderr]    Compiling proc-macro2 v1.0.82
[INFO] [stderr]    Compiling serde v1.0.201
[INFO] [stderr]    Compiling libc v0.2.154
[INFO] [stderr]    Compiling version_check v0.9.5
[INFO] [stderr]    Compiling typeid v1.0.2
[INFO] [stderr]    Compiling futures-core v0.3.30
[INFO] [stderr]    Compiling typenum v1.17.0
[INFO] [stderr]    Compiling futures-io v0.3.30
[INFO] [stderr]    Compiling memchr v2.7.2
[INFO] [stderr]    Compiling crossbeam-utils v0.8.20
[INFO] [stderr]    Compiling parking v2.2.0
[INFO] [stderr]    Compiling cc v1.0.97
[INFO] [stderr]    Compiling slab v0.4.9
[INFO] [stderr]    Compiling itoa v1.0.11
[INFO] [stderr]    Compiling tracing-core v0.1.32
[INFO] [stderr]    Compiling subtle v2.6.1
[INFO] [stderr]    Compiling serde_json v1.0.124
[INFO] [stderr]    Compiling rustix v0.38.34
[INFO] [stderr]    Compiling syn v1.0.109
[INFO] [stderr]    Compiling ryu v1.0.18
[INFO] [stderr]    Compiling futures-lite v2.3.0
[INFO] [stderr]    Compiling linux-raw-sys v0.4.13
[INFO] [stderr]    Compiling opaque-debug v0.3.1
[INFO] [stderr]    Compiling byteorder v1.5.0
[INFO] [stderr]    Compiling thiserror v1.0.60
[INFO] [stderr]    Compiling lock_api v0.4.12
[INFO] [stderr]    Compiling generic-array v0.14.7
[INFO] [stderr]    Compiling bytes v1.6.0
[INFO] [stderr]    Compiling futures-sink v0.3.30
[INFO] [stderr]    Compiling parking_lot_core v0.9.10
[INFO] [stderr]    Compiling io-lifetimes v1.0.11
[INFO] [stderr]    Compiling standback v0.2.17
[INFO] [stderr]    Compiling quote v1.0.36
[INFO] [stderr]    Compiling polling v2.8.0
[INFO] [stderr]    Compiling scopeguard v1.2.0
[INFO] [stderr]    Compiling smallvec v1.13.2
[INFO] [stderr]    Compiling syn v2.0.61
[INFO] [stderr]    Compiling getrandom v0.1.16
[INFO] [stderr]    Compiling concurrent-queue v2.5.0
[INFO] [stderr]    Compiling proc-macro-hack v0.5.20+deprecated
[INFO] [stderr]    Compiling signal-hook-registry v1.4.2
[INFO] [stderr]    Compiling rustix v0.37.27
[INFO] [stderr]    Compiling event-listener v2.5.3
[INFO] [stderr]    Compiling percent-encoding v2.3.1
[INFO] [stderr]    Compiling event-listener v5.3.1
[INFO] [stderr]    Compiling futures-channel v0.3.30
[INFO] [stderr]    Compiling async-io v1.13.0
[INFO] [stderr]    Compiling futures-task v0.3.30
[INFO] [stderr]    Compiling pkg-config v0.3.30
[INFO] [stderr]    Compiling async-task v4.7.1
[INFO] [stderr]    Compiling linux-raw-sys v0.3.8
[INFO] [stderr]    Compiling waker-fn v1.2.0
[INFO] [stderr]    Compiling event-listener-strategy v0.5.2
[INFO] [stderr]    Compiling digest v0.9.0
[INFO] [stderr]    Compiling cipher v0.2.5
[INFO] [stderr]    Compiling vcpkg v0.2.15
[INFO] [stderr]    Compiling tinyvec_macros v0.1.1
[INFO] [stderr]    Compiling atomic-waker v1.1.2
[INFO] [stderr]    Compiling fastrand v1.9.0
[INFO] [stderr]    Compiling async-lock v3.4.0
[INFO] [stderr]    Compiling tinyvec v1.6.0
[INFO] [stderr]    Compiling async-channel v2.3.1
[INFO] [stderr]    Compiling piper v0.2.4
[INFO] [stderr]    Compiling parking_lot v0.12.2
[INFO] [stderr]    Compiling universal-hash v0.4.0
[INFO] [stderr]    Compiling futures-lite v1.13.0
[INFO] [stderr]    Compiling async-lock v2.8.0
[INFO] [stderr]    Compiling socket2 v0.4.10
[INFO] [stderr]    Compiling getrandom v0.2.15
[INFO] [stderr]    Compiling mio v0.8.11
[INFO] [stderr]    Compiling socket2 v0.5.7
[INFO] [stderr]    Compiling num_cpus v1.16.0
[INFO] [stderr]    Compiling const_fn v0.4.10
[INFO] [stderr]    Compiling cpuid-bool v0.2.0
[INFO] [stderr]    Compiling polyval v0.4.5
[INFO] [stderr]    Compiling unicode-normalization v0.1.23
[INFO] [stderr]    Compiling rand_core v0.6.4
[INFO] [stderr]    Compiling rand_core v0.5.1
[INFO] [stderr]    Compiling blocking v1.6.1
[INFO] [stderr]    Compiling aes-soft v0.6.4
[INFO] [stderr]    Compiling async-executor v1.13.0
[INFO] [stderr]    Compiling openssl-sys v0.9.102
[INFO] [stderr]    Compiling block-buffer v0.9.0
[INFO] [stderr]    Compiling crypto-mac v0.10.0
[INFO] [stderr]    Compiling form_urlencoded v1.2.1
[INFO] [stderr]    Compiling event-listener v3.1.0
[INFO] [stderr]    Compiling time v0.2.27
[INFO] [stderr]    Compiling unicode-bidi v0.3.15
[INFO] [stderr]    Compiling cpufeatures v0.2.12
[INFO] [stderr]    Compiling anyhow v1.0.86
[INFO] [stderr]    Compiling httparse v1.8.0
[INFO] [stderr]    Compiling hashbrown v0.14.5
[INFO] [stderr]    Compiling http v1.1.0
[INFO] [stderr]    Compiling sha2 v0.9.9
[INFO] [stderr]    Compiling aes v0.6.0
[INFO] [stderr]    Compiling hmac v0.10.1
[INFO] [stderr]    Compiling ghash v0.3.1
[INFO] [stderr]    Compiling ctr v0.6.0
[INFO] [stderr]    Compiling aead v0.3.2
[INFO] [stderr]    Compiling async-channel v1.9.0
[INFO] [stderr]    Compiling cookie v0.14.4
[INFO] [stderr]    Compiling idna v0.5.0
[INFO] [stderr]    Compiling hkdf v0.10.0
[INFO] [stderr]    Compiling aes-gcm v0.8.0
[INFO] [stderr]    Compiling indexmap v2.2.6
[INFO] [stderr]    Compiling num-traits v0.2.19
[INFO] [stderr]    Compiling openssl v0.10.64
[INFO] [stderr]    Compiling void v1.0.2
[INFO] [stderr]    Compiling http-types v2.12.0
[INFO] [stderr]    Compiling foreign-types-shared v0.1.1
[INFO] [stderr]    Compiling base64 v0.13.1
[INFO] [stderr]    Compiling foreign-types v0.3.2
[INFO] [stderr]    Compiling http-body v1.0.0
[INFO] [stderr]    Compiling unreachable v1.0.0
[INFO] [stderr]    Compiling either v1.11.0
[INFO] [stderr]    Compiling infer v0.2.3
[INFO] [stderr]    Compiling ascii v0.9.3
[INFO] [stderr]    Compiling native-tls v0.2.11
[INFO] [stderr]    Compiling try-lock v0.2.5
[INFO] [stderr]    Compiling blake3 v0.3.8
[INFO] [stderr]    Compiling tree-sitter v0.22.6
[INFO] [stderr]    Compiling crypto-mac v0.8.0
[INFO] [stderr]    Compiling want v0.3.1
[INFO] [stderr]    Compiling aho-corasick v1.1.3
[INFO] [stderr]    Compiling openssl-probe v0.1.5
[INFO] [stderr]    Compiling tower-layer v0.3.2
[INFO] [stderr]    Compiling iana-time-zone v0.1.60
[INFO] [stderr]    Compiling combine v3.8.1
[INFO] [stderr]    Compiling tower-service v0.3.2
[INFO] [stderr]    Compiling regex-syntax v0.8.3
[INFO] [stderr]    Compiling arrayvec v0.5.2
[INFO] [stderr]    Compiling constant_time_eq v0.1.5
[INFO] [stderr]    Compiling arrayref v0.3.8
[INFO] [stderr]    Compiling lazy_static v1.4.0
[INFO] [stderr]    Compiling cfg-if v0.1.10
[INFO] [stderr]    Compiling hmac v0.8.1
[INFO] [stderr]    Compiling http-body-util v0.1.1
[INFO] [stderr]    Compiling async-dup v1.2.4
[INFO] [stderr]    Compiling tree-sitter-rust v0.21.2
[INFO] [stderr]    Compiling termcolor v1.4.1
[INFO] [stderr]    Compiling base64 v0.12.3
[INFO] [stderr]    Compiling base64 v0.22.1
[INFO] [stderr]    Compiling winnow v0.6.8
[INFO] [stderr]    Compiling pin-project-lite v0.1.12
[INFO] [stderr]    Compiling rustls-pki-types v1.7.0
[INFO] [stderr]    Compiling encoding_rs v0.8.34
[INFO] [stderr]    Compiling route-recognizer v0.2.0
[INFO] [stderr]    Compiling ipnet v2.9.0
[INFO] [stderr]    Compiling base64 v0.21.7
[INFO] [stderr]    Compiling mime v0.3.17
[INFO] [stderr]    Compiling rustls-pemfile v2.1.2
[INFO] [stderr]    Compiling sync_wrapper v0.1.2
[INFO] [stderr]    Compiling glob v0.3.1
[INFO] [stderr]    Compiling time-macros-impl v0.1.2
[INFO] [stderr]    Compiling serde_derive v1.0.201
[INFO] [stderr]    Compiling zerocopy-derive v0.7.35
[INFO] [stderr]    Compiling thiserror-impl v1.0.60
[INFO] [stderr]    Compiling futures-macro v0.3.30
[INFO] [stderr]    Compiling tokio-macros v2.2.0
[INFO] [stderr]    Compiling pin-project-internal v1.1.5
[INFO] [stderr]    Compiling openssl-macros v0.1.1
[INFO] [stderr]    Compiling async-trait v0.1.81
[INFO] [stderr]    Compiling ts-rs-macros v9.0.1
[INFO] [stderr]    Compiling time-macros v0.1.1
[INFO] [stderr]    Compiling tokio v1.37.0
[INFO] [stderr]    Compiling zerocopy v0.7.35
[INFO] [stderr]    Compiling pin-project v1.1.5
[INFO] [stderr]    Compiling futures-util v0.3.30
[INFO] [stderr]    Compiling ppv-lite86 v0.2.20
[INFO] [stderr]    Compiling regex-automata v0.4.6
[INFO] [stderr]    Compiling graphql-parser v0.4.0
[INFO] [stderr]    Compiling rand_chacha v0.3.1
[INFO] [stderr]    Compiling rand_chacha v0.2.2
[INFO] [stderr]    Compiling rand v0.7.3
[INFO] [stderr]    Compiling rand v0.8.5
[INFO] [stderr]    Compiling futures-executor v0.3.30
[INFO] [stderr]    Compiling futures v0.3.30
[INFO] [stderr]    Compiling regex v1.10.4
[INFO] [stderr]    Compiling graphql-introspection-query v0.2.0
[INFO] [stderr]    Compiling tokio-util v0.7.11
[INFO] [stderr]    Compiling graphql_client_codegen v0.14.0
[INFO] [stderr]    Compiling erased-serde v0.4.5
[INFO] [stderr]    Compiling serde_fmt v1.0.3
[INFO] [stderr]    Compiling bitflags v2.5.0
[INFO] [stderr]    Compiling url v2.5.0
[INFO] [stderr]    Compiling serde_urlencoded v0.7.1
[INFO] [stderr]    Compiling serde_qs v0.8.5
[INFO] [stderr]    Compiling chrono v0.4.38
[INFO] [stderr]    Compiling toml_datetime v0.6.5
[INFO] [stderr]    Compiling bincode v1.3.3
[INFO] [stderr]    Compiling serde_spanned v0.6.5
[INFO] [stderr]    Compiling ron v0.8.1
[INFO] [stderr]    Compiling toml_edit v0.22.12
[INFO] [stderr]    Compiling value-bag-serde1 v1.9.0
[INFO] [stderr]    Compiling value-bag v1.9.0
[INFO] [stderr]    Compiling log v0.4.21
[INFO] [stderr]    Compiling ts-rs v9.0.1
[INFO] [stderr]    Compiling toml v0.8.12
[INFO] [stderr]    Compiling tracing v0.1.40
[INFO] [stderr]    Compiling kv-log-macro v1.0.7
[INFO] [stderr]    Compiling femme v2.2.1
[INFO] [stderr]    Compiling h2 v0.4.4
[INFO] [stderr]    Compiling tower v0.4.13
[INFO] [stderr]    Compiling graphql_query_derive v0.14.0
[INFO] [stderr]    Compiling tokio-native-tls v0.3.1
[INFO] [stderr]    Compiling polling v3.7.2
[INFO] [stderr]    Compiling async-io v2.3.3
[INFO] [stderr]    Compiling graphql_client v0.14.0
[INFO] [stderr]    Compiling async-signal v0.2.9
[INFO] [stderr]    Compiling async-global-executor v2.4.1
[INFO] [stderr]    Compiling async-process v1.8.1
[INFO] [stderr]    Compiling async-std v1.12.0
[INFO] [stderr]    Compiling hyper v1.3.1
[INFO] [stderr]    Compiling hyper-util v0.1.3
[INFO] [stderr]    Compiling async-session v2.0.1
[INFO] [stderr]    Compiling hyper-tls v0.6.0
[INFO] [stderr]    Compiling reqwest v0.12.4
[INFO] [stderr]    Compiling http-client v6.5.3
[INFO] [stderr]    Compiling async-sse v4.1.0
[INFO] [stderr]    Compiling async-h1 v2.3.4
[INFO] [stderr]    Compiling tide v0.16.0
[INFO] [stderr]    Compiling rust-macros-scraper v0.1.0 (/opt/rustwide/workdir)
[INFO] [stdout] warning: unused import: `analyzis::calculate_overall`
[INFO] [stdout]  --> src/main.rs:2:5
[INFO] [stdout]   |
[INFO] [stdout] 2 | use analyzis::calculate_overall;
[INFO] [stdout]   |     ^^^^^^^^^^^^^^^^^^^^^^^^^^^
[INFO] [stdout]   |
[INFO] [stdout]   = note: `#[warn(unused_imports)]` on by default
[INFO] [stdout] 
[INFO] [stdout] 
[INFO] [stdout] warning: unused import: `clear_cfg::parse_code`
[INFO] [stdout]  --> src/main.rs:3:5
[INFO] [stdout]   |
[INFO] [stdout] 3 | use clear_cfg::parse_code;
[INFO] [stdout]   |     ^^^^^^^^^^^^^^^^^^^^^
[INFO] [stdout] 
[INFO] [stdout] 
[INFO] [stdout] warning: unused import: `count_expanded_code`
[INFO] [stdout]  --> src/main.rs:4:37
[INFO] [stdout]   |
[INFO] [stdout] 4 | use count_code::{count_crates_code, count_expanded_code};
[INFO] [stdout]   |                                     ^^^^^^^^^^^^^^^^^^^
[INFO] [stdout] 
[INFO] [stdout] 
[INFO] [stdout] warning: unused import: `expand::expand_crates`
[INFO] [stdout]  --> src/main.rs:7:5
[INFO] [stdout]   |
[INFO] [stdout] 7 | use expand::expand_crates;
[INFO] [stdout]   |     ^^^^^^^^^^^^^^^^^^^^^
[INFO] [stdout] 
[INFO] [stdout] 
[INFO] [stdout] warning: unused macro definition: `update_field_if_condition`
[INFO] [stdout]   --> src/utils.rs:67:14
[INFO] [stdout]    |
[INFO] [stdout] 67 | macro_rules! update_field_if_condition {
[INFO] [stdout]    |              ^^^^^^^^^^^^^^^^^^^^^^^^^
[INFO] [stdout]    |
[INFO] [stdout]    = note: `#[warn(unused_macros)]` on by default
[INFO] [stdout] 
[INFO] [stdout] 
[INFO] [stdout] warning: unused import: `tide::prelude::*`
[INFO] [stdout]  --> src/http.rs:3:5
[INFO] [stdout]   |
[INFO] [stdout] 3 | use tide::prelude::*;
[INFO] [stdout]   |     ^^^^^^^^^^^^^^^^
[INFO] [stdout] 
[INFO] [stdout] 
[INFO] [stdout] warning: unused import: `crate::results::AnalyzisResults`
[INFO] [stdout]   --> src/http.rs:10:5
[INFO] [stdout]    |
[INFO] [stdout] 10 | use crate::results::AnalyzisResults;
[INFO] [stdout]    |     ^^^^^^^^^^^^^^^^^^^^^^^^^^^^^^^
[INFO] [stdout] 
[INFO] [stdout] 
[INFO] [stdout] warning: unused variable: `macro_invocations_by_type`
[INFO] [stdout]    --> src/data.rs:108:17
[INFO] [stdout]     |
[INFO] [stdout] 108 |         let mut macro_invocations_by_type = MacroInvocationsByType::default();
[INFO] [stdout]     |                 ^^^^^^^^^^^^^^^^^^^^^^^^^ help: if this is intentional, prefix it with an underscore: `_macro_invocations_by_type`
[INFO] [stdout]     |
[INFO] [stdout]     = note: `#[warn(unused_variables)]` on by default
[INFO] [stdout] 
[INFO] [stdout] 
[INFO] [stdout] warning: unused variable: `macro_definitions_by_type`
[INFO] [stdout]    --> src/data.rs:109:17
[INFO] [stdout]     |
[INFO] [stdout] 109 |         let mut macro_definitions_by_type = MacroDefinitionsByType::default();
[INFO] [stdout]     |                 ^^^^^^^^^^^^^^^^^^^^^^^^^ help: if this is intentional, prefix it with an underscore: `_macro_definitions_by_type`
[INFO] [stdout] 
[INFO] [stdout] 
[INFO] [stdout] warning: variable does not need to be mutable
[INFO] [stdout]    --> src/data.rs:108:13
[INFO] [stdout]     |
[INFO] [stdout] 108 |         let mut macro_invocations_by_type = MacroInvocationsByType::default();
[INFO] [stdout]     |             ----^^^^^^^^^^^^^^^^^^^^^^^^^
[INFO] [stdout]     |             |
[INFO] [stdout]     |             help: remove this `mut`
[INFO] [stdout]     |
[INFO] [stdout]     = note: `#[warn(unused_mut)]` on by default
[INFO] [stdout] 
[INFO] [stdout] 
[INFO] [stdout] warning: variable does not need to be mutable
[INFO] [stdout]    --> src/data.rs:109:13
[INFO] [stdout]     |
[INFO] [stdout] 109 |         let mut macro_definitions_by_type = MacroDefinitionsByType::default();
[INFO] [stdout]     |             ----^^^^^^^^^^^^^^^^^^^^^^^^^
[INFO] [stdout]     |             |
[INFO] [stdout]     |             help: remove this `mut`
[INFO] [stdout] 
[INFO] [stdout] 
[INFO] [stdout] warning: function `calculate_overall` is never used
[INFO] [stdout]    --> src/analyzis.rs:355:8
[INFO] [stdout]     |
[INFO] [stdout] 355 | pub fn calculate_overall(results: &mut AnalyzisResults) {
[INFO] [stdout]     |        ^^^^^^^^^^^^^^^^^
[INFO] [stdout]     |
[INFO] [stdout]     = note: `#[warn(dead_code)]` on by default
[INFO] [stdout] 
[INFO] [stdout] 
[INFO] [stdout] warning: field `name` is never read
[INFO] [stdout]  --> src/cargo.rs:7:9
[INFO] [stdout]   |
[INFO] [stdout] 6 | pub struct CargoTomlBinEntry {
[INFO] [stdout]   |            ----------------- field in this struct
[INFO] [stdout] 7 |     pub name: String,
[INFO] [stdout]   |         ^^^^
[INFO] [stdout]   |
[INFO] [stdout]   = note: `CargoTomlBinEntry` has a derived impl for the trait `Debug`, but this is intentionally ignored during dead code analysis
[INFO] [stdout] 
[INFO] [stdout] 
[INFO] [stdout] warning: fields `lib` and `bin` are never read
[INFO] [stdout]   --> src/cargo.rs:54:9
[INFO] [stdout]    |
[INFO] [stdout] 52 | pub struct CargoToml {
[INFO] [stdout]    |            --------- fields in this struct
[INFO] [stdout] 53 |     pub workspace: Option<CargoTomlWorkspace>,
[INFO] [stdout] 54 |     pub lib: Option<LibExists>,
[INFO] [stdout]    |         ^^^
[INFO] [stdout] 55 |     pub bin: Option<Vec<CargoTomlBinEntry>>
[INFO] [stdout]    |         ^^^
[INFO] [stdout]    |
[INFO] [stdout]    = note: `CargoToml` has a derived impl for the trait `Debug`, but this is intentionally ignored during dead code analysis
[INFO] [stdout] 
[INFO] [stdout] 
[INFO] [stdout] warning: constant `RANGES_TO_REMOVE_PATH` is never used
[INFO] [stdout]   --> src/clear_cfg.rs:18:7
[INFO] [stdout]    |
[INFO] [stdout] 18 | const RANGES_TO_REMOVE_PATH: &str = "./data/cfg_ranges.ron";
[INFO] [stdout]    |       ^^^^^^^^^^^^^^^^^^^^^
[INFO] [stdout] 
[INFO] [stdout] 
[INFO] [stdout] warning: associated items `save` and `load` are never used
[INFO] [stdout]   --> src/utils.rs:37:20
[INFO] [stdout]    |
[INFO] [stdout] 36 |         impl $struct_name {
[INFO] [stdout]    |         ----------------- associated items in this implementation
[INFO] [stdout] 37 |             pub fn save(&self) -> Result<(), Box<dyn std::error::Error>> {
[INFO] [stdout]    |                    ^^^^
[INFO] [stdout] ...
[INFO] [stdout] 45 |             pub fn load() -> Option<Self> {
[INFO] [stdout]    |                    ^^^^
[INFO] [stdout]    |
[INFO] [stdout]   ::: src/clear_cfg.rs:32:1
[INFO] [stdout]    |
[INFO] [stdout] 32 | impl_save_load!(RangesToRemove, RANGES_TO_REMOVE_PATH);
[INFO] [stdout]    | ------------------------------------------------------ in this macro invocation
[INFO] [stdout]    |
[INFO] [stdout]    = note: this warning originates in the macro `impl_save_load` (in Nightly builds, run with -Z macro-backtrace for more info)
[INFO] [stdout] 
[INFO] [stdout] 
[INFO] [stdout] warning: function `validate_cfg` is never used
[INFO] [stdout]   --> src/clear_cfg.rs:34:4
[INFO] [stdout]    |
[INFO] [stdout] 34 | fn validate_cfg(token_tree: Node, bytes: &[u8]) -> bool {
[INFO] [stdout]    |    ^^^^^^^^^^^^
[INFO] [stdout] 
[INFO] [stdout] 
[INFO] [stdout] warning: function `get_node_cfg_ranges` is never used
[INFO] [stdout]   --> src/clear_cfg.rs:62:4
[INFO] [stdout]    |
[INFO] [stdout] 62 | fn get_node_cfg_ranges(root: Node, bytes: &[u8]) -> Vec<Range> {
[INFO] [stdout]    |    ^^^^^^^^^^^^^^^^^^^
[INFO] [stdout] 
[INFO] [stdout] 
[INFO] [stdout] warning: function `get_file_cfg_ranges` is never used
[INFO] [stdout]    --> src/clear_cfg.rs:118:8
[INFO] [stdout]     |
[INFO] [stdout] 118 | pub fn get_file_cfg_ranges(bytes: &[u8]) -> Result<Vec<Range>, Box<dyn Error>> {
[INFO] [stdout]     |        ^^^^^^^^^^^^^^^^^^^
[INFO] [stdout] 
[INFO] [stdout] 
[INFO] [stdout] warning: function `get_cfg_ranges` is never used
[INFO] [stdout]    --> src/clear_cfg.rs:135:4
[INFO] [stdout]     |
[INFO] [stdout] 135 | fn get_cfg_ranges(
[INFO] [stdout]     |    ^^^^^^^^^^^^^^
[INFO] [stdout] 
[INFO] [stdout] 
[INFO] [stdout] warning: function `get_crates_cfg_ranges` is never used
[INFO] [stdout]    --> src/clear_cfg.rs:164:4
[INFO] [stdout]     |
[INFO] [stdout] 164 | fn get_crates_cfg_ranges(crate_paths: &CratePaths) -> Result<RangesToRemove, Box<dyn Error>> {
[INFO] [stdout]     |    ^^^^^^^^^^^^^^^^^^^^^
[INFO] [stdout] 
[INFO] [stdout] 
[INFO] [stdout] warning: function `remove_file_ranges` is never used
[INFO] [stdout]    --> src/clear_cfg.rs:180:4
[INFO] [stdout]     |
[INFO] [stdout] 180 | fn remove_file_ranges(file_path: &Path, ranges: &[Range]) -> io::Result<()> {
[INFO] [stdout]     |    ^^^^^^^^^^^^^^^^^^
[INFO] [stdout] 
[INFO] [stdout] 
[INFO] [stdout] warning: function `process_directory` is never used
[INFO] [stdout]    --> src/clear_cfg.rs:203:4
[INFO] [stdout]     |
[INFO] [stdout] 203 | fn process_directory(
[INFO] [stdout]     |    ^^^^^^^^^^^^^^^^^
[INFO] [stdout] 
[INFO] [stdout] 
[INFO] [stdout] warning: function `parse_repositories` is never used
[INFO] [stdout]    --> src/clear_cfg.rs:236:4
[INFO] [stdout]     |
[INFO] [stdout] 236 | fn parse_repositories(ranges_to_remove: &RangesToRemove) -> Result<(), Box<dyn Error>> {
[INFO] [stdout]     |    ^^^^^^^^^^^^^^^^^^
[INFO] [stdout] 
[INFO] [stdout] 
[INFO] [stdout] warning: function `parse_code` is never used
[INFO] [stdout]    --> src/clear_cfg.rs:245:8
[INFO] [stdout]     |
[INFO] [stdout] 245 | pub fn parse_code(
[INFO] [stdout]     |        ^^^^^^^^^^
[INFO] [stdout] 
[INFO] [stdout] 
[INFO] [stdout] warning: function `count_expanded_code` is never used
[INFO] [stdout]    --> src/count_code.rs:118:8
[INFO] [stdout]     |
[INFO] [stdout] 118 | pub fn count_expanded_code(
[INFO] [stdout]     |        ^^^^^^^^^^^^^^^^^^^
[INFO] [stdout] 
[INFO] [stdout] 
[INFO] [stdout] warning: field `0` is never read
[INFO] [stdout]   --> src/error.rs:13:33
[INFO] [stdout]    |
[INFO] [stdout] 13 |     FailedToFindMacroIdentifier(Point),
[INFO] [stdout]    |     --------------------------- ^^^^^
[INFO] [stdout]    |     |
[INFO] [stdout]    |     field in this variant
[INFO] [stdout]    |
[INFO] [stdout]    = note: `ErrorMessage` has derived impls for the traits `Debug` and `Clone`, but these are intentionally ignored during dead code analysis
[INFO] [stdout] help: consider changing the field to be of unit type to suppress this warning while preserving the field numbering, or remove the field
[INFO] [stdout]    |
[INFO] [stdout] 13 |     FailedToFindMacroIdentifier(()),
[INFO] [stdout]    |                                 ~~
[INFO] [stdout] 
[INFO] [stdout] 
[INFO] [stdout] warning: constant `WORKER_POOL_SIZE` is never used
[INFO] [stdout]   --> src/expand.rs:17:7
[INFO] [stdout]    |
[INFO] [stdout] 17 | const WORKER_POOL_SIZE: usize = 10;
[INFO] [stdout]    |       ^^^^^^^^^^^^^^^^
[INFO] [stdout] 
[INFO] [stdout] 
[INFO] [stdout] warning: function `expand_crate` is never used
[INFO] [stdout]   --> src/expand.rs:19:14
[INFO] [stdout]    |
[INFO] [stdout] 19 | pub async fn expand_crate(path: String) -> Result<(), String> {
[INFO] [stdout]    |              ^^^^^^^^^^^^
[INFO] [stdout] 
[INFO] [stdout] 
[INFO] [stdout] warning: function `expand_crate_task` is never used
[INFO] [stdout]   --> src/expand.rs:65:10
[INFO] [stdout]    |
[INFO] [stdout] 65 | async fn expand_crate_task(path: String) -> (String, Result<(), String>) {
[INFO] [stdout]    |          ^^^^^^^^^^^^^^^^^
[INFO] [stdout] 
[INFO] [stdout] 
[INFO] [stdout] warning: function `expand_crates` is never used
[INFO] [stdout]   --> src/expand.rs:71:14
[INFO] [stdout]    |
[INFO] [stdout] 71 | pub async fn expand_crates(
[INFO] [stdout]    |              ^^^^^^^^^^^^^
[INFO] [stdout] 
[INFO] [stdout] 
[INFO] [stderr]     Finished `dev` profile [unoptimized + debuginfo] target(s) in 1m 23s
[INFO] running `Command { std: "docker" "inspect" "6026e0abbbd52abb2fb90fba2a788ef0b74bf2bce88053fc764f8e258bc06fa9", kill_on_drop: false }`
[INFO] running `Command { std: "docker" "rm" "-f" "6026e0abbbd52abb2fb90fba2a788ef0b74bf2bce88053fc764f8e258bc06fa9", kill_on_drop: false }`
[INFO] [stdout] 6026e0abbbd52abb2fb90fba2a788ef0b74bf2bce88053fc764f8e258bc06fa9
[INFO] running `Command { std: "docker" "create" "-v" "/var/lib/crater-agent-workspace/builds/worker-7-tc1/target:/opt/rustwide/target:rw,Z" "-v" "/var/lib/crater-agent-workspace/builds/worker-7-tc1/source:/opt/rustwide/workdir:ro,Z" "-v" "/var/lib/crater-agent-workspace/cargo-home:/opt/rustwide/cargo-home:ro,Z" "-v" "/var/lib/crater-agent-workspace/rustup-home:/opt/rustwide/rustup-home:ro,Z" "-e" "SOURCE_DIR=/opt/rustwide/workdir" "-e" "CARGO_TARGET_DIR=/opt/rustwide/target" "-e" "CARGO_INCREMENTAL=0" "-e" "RUST_BACKTRACE=full" "-e" "RUSTFLAGS=--cap-lints=warn" "-e" "RUSTDOCFLAGS=--cap-lints=warn" "-e" "CARGO_HOME=/opt/rustwide/cargo-home" "-e" "RUSTUP_HOME=/opt/rustwide/rustup-home" "-w" "/opt/rustwide/workdir" "-m" "1610612736" "--user" "0:0" "--network" "none" "ghcr.io/rust-lang/crates-build-env/linux@sha256:f3a9d4ad9d972b27faf3965f35b62e55ba32bbce8f20bc8fe909558a86702fde" "/opt/rustwide/cargo-home/bin/cargo" "+1.83.0" "test" "--frozen" "--no-run" "--message-format=json", kill_on_drop: false }`
[INFO] [stdout] 0ab4790d5325868feb106ad8321b9bcf2ca7d73606e2e97ef014fc09d355cafe
[INFO] running `Command { std: "docker" "start" "-a" "0ab4790d5325868feb106ad8321b9bcf2ca7d73606e2e97ef014fc09d355cafe", kill_on_drop: false }`
[INFO] [stderr]    Compiling rust-macros-scraper v0.1.0 (/opt/rustwide/workdir)
[INFO] [stdout] warning: unused import: `analyzis::calculate_overall`
[INFO] [stdout]  --> src/main.rs:2:5
[INFO] [stdout]   |
[INFO] [stdout] 2 | use analyzis::calculate_overall;
[INFO] [stdout]   |     ^^^^^^^^^^^^^^^^^^^^^^^^^^^
[INFO] [stdout]   |
[INFO] [stdout]   = note: `#[warn(unused_imports)]` on by default
[INFO] [stdout] 
[INFO] [stdout] 
[INFO] [stdout] warning: unused import: `clear_cfg::parse_code`
[INFO] [stdout]  --> src/main.rs:3:5
[INFO] [stdout]   |
[INFO] [stdout] 3 | use clear_cfg::parse_code;
[INFO] [stdout]   |     ^^^^^^^^^^^^^^^^^^^^^
[INFO] [stdout] 
[INFO] [stdout] 
[INFO] [stdout] warning: unused import: `count_expanded_code`
[INFO] [stdout]  --> src/main.rs:4:37
[INFO] [stdout]   |
[INFO] [stdout] 4 | use count_code::{count_crates_code, count_expanded_code};
[INFO] [stdout]   |                                     ^^^^^^^^^^^^^^^^^^^
[INFO] [stdout] 
[INFO] [stdout] 
[INFO] [stdout] warning: unused import: `expand::expand_crates`
[INFO] [stdout]  --> src/main.rs:7:5
[INFO] [stdout]   |
[INFO] [stdout] 7 | use expand::expand_crates;
[INFO] [stdout]   |     ^^^^^^^^^^^^^^^^^^^^^
[INFO] [stdout] 
[INFO] [stdout] 
[INFO] [stdout] warning: unused macro definition: `update_field_if_condition`
[INFO] [stdout]   --> src/utils.rs:67:14
[INFO] [stdout]    |
[INFO] [stdout] 67 | macro_rules! update_field_if_condition {
[INFO] [stdout]    |              ^^^^^^^^^^^^^^^^^^^^^^^^^
[INFO] [stdout]    |
[INFO] [stdout]    = note: `#[warn(unused_macros)]` on by default
[INFO] [stdout] 
[INFO] [stdout] 
[INFO] [stdout] warning: unused import: `tide::prelude::*`
[INFO] [stdout]  --> src/http.rs:3:5
[INFO] [stdout]   |
[INFO] [stdout] 3 | use tide::prelude::*;
[INFO] [stdout]   |     ^^^^^^^^^^^^^^^^
[INFO] [stdout] 
[INFO] [stdout] 
[INFO] [stdout] warning: unused import: `crate::results::AnalyzisResults`
[INFO] [stdout]   --> src/http.rs:10:5
[INFO] [stdout]    |
[INFO] [stdout] 10 | use crate::results::AnalyzisResults;
[INFO] [stdout]    |     ^^^^^^^^^^^^^^^^^^^^^^^^^^^^^^^
[INFO] [stdout] 
[INFO] [stdout] 
[INFO] [stdout] warning: unused variable: `macro_invocations_by_type`
[INFO] [stdout]    --> src/data.rs:108:17
[INFO] [stdout]     |
[INFO] [stdout] 108 |         let mut macro_invocations_by_type = MacroInvocationsByType::default();
[INFO] [stdout]     |                 ^^^^^^^^^^^^^^^^^^^^^^^^^ help: if this is intentional, prefix it with an underscore: `_macro_invocations_by_type`
[INFO] [stdout]     |
[INFO] [stdout]     = note: `#[warn(unused_variables)]` on by default
[INFO] [stdout] 
[INFO] [stdout] 
[INFO] [stdout] warning: unused variable: `macro_definitions_by_type`
[INFO] [stdout]    --> src/data.rs:109:17
[INFO] [stdout]     |
[INFO] [stdout] 109 |         let mut macro_definitions_by_type = MacroDefinitionsByType::default();
[INFO] [stdout]     |                 ^^^^^^^^^^^^^^^^^^^^^^^^^ help: if this is intentional, prefix it with an underscore: `_macro_definitions_by_type`
[INFO] [stdout] 
[INFO] [stdout] 
[INFO] [stdout] warning: variable does not need to be mutable
[INFO] [stdout]    --> src/data.rs:108:13
[INFO] [stdout]     |
[INFO] [stdout] 108 |         let mut macro_invocations_by_type = MacroInvocationsByType::default();
[INFO] [stdout]     |             ----^^^^^^^^^^^^^^^^^^^^^^^^^
[INFO] [stdout]     |             |
[INFO] [stdout]     |             help: remove this `mut`
[INFO] [stdout]     |
[INFO] [stdout]     = note: `#[warn(unused_mut)]` on by default
[INFO] [stdout] 
[INFO] [stdout] 
[INFO] [stdout] warning: variable does not need to be mutable
[INFO] [stdout]    --> src/data.rs:109:13
[INFO] [stdout]     |
[INFO] [stdout] 109 |         let mut macro_definitions_by_type = MacroDefinitionsByType::default();
[INFO] [stdout]     |             ----^^^^^^^^^^^^^^^^^^^^^^^^^
[INFO] [stdout]     |             |
[INFO] [stdout]     |             help: remove this `mut`
[INFO] [stdout] 
[INFO] [stdout] 
[INFO] [stdout] warning: function `calculate_overall` is never used
[INFO] [stdout]    --> src/analyzis.rs:355:8
[INFO] [stdout]     |
[INFO] [stdout] 355 | pub fn calculate_overall(results: &mut AnalyzisResults) {
[INFO] [stdout]     |        ^^^^^^^^^^^^^^^^^
[INFO] [stdout]     |
[INFO] [stdout]     = note: `#[warn(dead_code)]` on by default
[INFO] [stdout] 
[INFO] [stdout] 
[INFO] [stdout] warning: field `name` is never read
[INFO] [stdout]  --> src/cargo.rs:7:9
[INFO] [stdout]   |
[INFO] [stdout] 6 | pub struct CargoTomlBinEntry {
[INFO] [stdout]   |            ----------------- field in this struct
[INFO] [stdout] 7 |     pub name: String,
[INFO] [stdout]   |         ^^^^
[INFO] [stdout]   |
[INFO] [stdout]   = note: `CargoTomlBinEntry` has a derived impl for the trait `Debug`, but this is intentionally ignored during dead code analysis
[INFO] [stdout] 
[INFO] [stdout] 
[INFO] [stdout] warning: fields `lib` and `bin` are never read
[INFO] [stdout]   --> src/cargo.rs:54:9
[INFO] [stdout]    |
[INFO] [stdout] 52 | pub struct CargoToml {
[INFO] [stdout]    |            --------- fields in this struct
[INFO] [stdout] 53 |     pub workspace: Option<CargoTomlWorkspace>,
[INFO] [stdout] 54 |     pub lib: Option<LibExists>,
[INFO] [stdout]    |         ^^^
[INFO] [stdout] 55 |     pub bin: Option<Vec<CargoTomlBinEntry>>
[INFO] [stdout]    |         ^^^
[INFO] [stdout]    |
[INFO] [stdout]    = note: `CargoToml` has a derived impl for the trait `Debug`, but this is intentionally ignored during dead code analysis
[INFO] [stdout] 
[INFO] [stdout] 
[INFO] [stdout] warning: constant `RANGES_TO_REMOVE_PATH` is never used
[INFO] [stdout]   --> src/clear_cfg.rs:18:7
[INFO] [stdout]    |
[INFO] [stdout] 18 | const RANGES_TO_REMOVE_PATH: &str = "./data/cfg_ranges.ron";
[INFO] [stdout]    |       ^^^^^^^^^^^^^^^^^^^^^
[INFO] [stdout] 
[INFO] [stdout] 
[INFO] [stdout] warning: associated items `save` and `load` are never used
[INFO] [stdout]   --> src/utils.rs:37:20
[INFO] [stdout]    |
[INFO] [stdout] 36 |         impl $struct_name {
[INFO] [stdout]    |         ----------------- associated items in this implementation
[INFO] [stdout] 37 |             pub fn save(&self) -> Result<(), Box<dyn std::error::Error>> {
[INFO] [stdout]    |                    ^^^^
[INFO] [stdout] ...
[INFO] [stdout] 45 |             pub fn load() -> Option<Self> {
[INFO] [stdout]    |                    ^^^^
[INFO] [stdout]    |
[INFO] [stdout]   ::: src/clear_cfg.rs:32:1
[INFO] [stdout]    |
[INFO] [stdout] 32 | impl_save_load!(RangesToRemove, RANGES_TO_REMOVE_PATH);
[INFO] [stdout]    | ------------------------------------------------------ in this macro invocation
[INFO] [stdout]    |
[INFO] [stdout]    = note: this warning originates in the macro `impl_save_load` (in Nightly builds, run with -Z macro-backtrace for more info)
[INFO] [stdout] 
[INFO] [stdout] 
[INFO] [stdout] warning: function `validate_cfg` is never used
[INFO] [stdout]   --> src/clear_cfg.rs:34:4
[INFO] [stdout]    |
[INFO] [stdout] 34 | fn validate_cfg(token_tree: Node, bytes: &[u8]) -> bool {
[INFO] [stdout]    |    ^^^^^^^^^^^^
[INFO] [stdout] 
[INFO] [stdout] 
[INFO] [stdout] warning: function `get_node_cfg_ranges` is never used
[INFO] [stdout]   --> src/clear_cfg.rs:62:4
[INFO] [stdout]    |
[INFO] [stdout] 62 | fn get_node_cfg_ranges(root: Node, bytes: &[u8]) -> Vec<Range> {
[INFO] [stdout]    |    ^^^^^^^^^^^^^^^^^^^
[INFO] [stdout] 
[INFO] [stdout] 
[INFO] [stdout] warning: function `get_file_cfg_ranges` is never used
[INFO] [stdout]    --> src/clear_cfg.rs:118:8
[INFO] [stdout]     |
[INFO] [stdout] 118 | pub fn get_file_cfg_ranges(bytes: &[u8]) -> Result<Vec<Range>, Box<dyn Error>> {
[INFO] [stdout]     |        ^^^^^^^^^^^^^^^^^^^
[INFO] [stdout] 
[INFO] [stdout] 
[INFO] [stdout] warning: function `get_cfg_ranges` is never used
[INFO] [stdout]    --> src/clear_cfg.rs:135:4
[INFO] [stdout]     |
[INFO] [stdout] 135 | fn get_cfg_ranges(
[INFO] [stdout]     |    ^^^^^^^^^^^^^^
[INFO] [stdout] 
[INFO] [stdout] 
[INFO] [stdout] warning: function `get_crates_cfg_ranges` is never used
[INFO] [stdout]    --> src/clear_cfg.rs:164:4
[INFO] [stdout]     |
[INFO] [stdout] 164 | fn get_crates_cfg_ranges(crate_paths: &CratePaths) -> Result<RangesToRemove, Box<dyn Error>> {
[INFO] [stdout]     |    ^^^^^^^^^^^^^^^^^^^^^
[INFO] [stdout] 
[INFO] [stdout] 
[INFO] [stdout] warning: function `remove_file_ranges` is never used
[INFO] [stdout]    --> src/clear_cfg.rs:180:4
[INFO] [stdout]     |
[INFO] [stdout] 180 | fn remove_file_ranges(file_path: &Path, ranges: &[Range]) -> io::Result<()> {
[INFO] [stdout]     |    ^^^^^^^^^^^^^^^^^^
[INFO] [stdout] 
[INFO] [stdout] 
[INFO] [stdout] warning: function `process_directory` is never used
[INFO] [stdout]    --> src/clear_cfg.rs:203:4
[INFO] [stdout]     |
[INFO] [stdout] 203 | fn process_directory(
[INFO] [stdout]     |    ^^^^^^^^^^^^^^^^^
[INFO] [stdout] 
[INFO] [stdout] 
[INFO] [stdout] warning: function `parse_repositories` is never used
[INFO] [stdout]    --> src/clear_cfg.rs:236:4
[INFO] [stdout]     |
[INFO] [stdout] 236 | fn parse_repositories(ranges_to_remove: &RangesToRemove) -> Result<(), Box<dyn Error>> {
[INFO] [stdout]     |    ^^^^^^^^^^^^^^^^^^
[INFO] [stdout] 
[INFO] [stdout] 
[INFO] [stdout] warning: function `parse_code` is never used
[INFO] [stdout]    --> src/clear_cfg.rs:245:8
[INFO] [stdout]     |
[INFO] [stdout] 245 | pub fn parse_code(
[INFO] [stdout]     |        ^^^^^^^^^^
[INFO] [stdout] 
[INFO] [stdout] 
[INFO] [stdout] warning: function `count_expanded_code` is never used
[INFO] [stdout]    --> src/count_code.rs:118:8
[INFO] [stdout]     |
[INFO] [stdout] 118 | pub fn count_expanded_code(
[INFO] [stdout]     |        ^^^^^^^^^^^^^^^^^^^
[INFO] [stdout] 
[INFO] [stdout] 
[INFO] [stdout] warning: field `0` is never read
[INFO] [stdout]   --> src/error.rs:13:33
[INFO] [stdout]    |
[INFO] [stdout] 13 |     FailedToFindMacroIdentifier(Point),
[INFO] [stdout]    |     --------------------------- ^^^^^
[INFO] [stdout]    |     |
[INFO] [stdout]    |     field in this variant
[INFO] [stdout]    |
[INFO] [stdout]    = note: `ErrorMessage` has derived impls for the traits `Debug` and `Clone`, but these are intentionally ignored during dead code analysis
[INFO] [stdout] help: consider changing the field to be of unit type to suppress this warning while preserving the field numbering, or remove the field
[INFO] [stdout]    |
[INFO] [stdout] 13 |     FailedToFindMacroIdentifier(()),
[INFO] [stdout]    |                                 ~~
[INFO] [stdout] 
[INFO] [stdout] 
[INFO] [stdout] warning: constant `WORKER_POOL_SIZE` is never used
[INFO] [stdout]   --> src/expand.rs:17:7
[INFO] [stdout]    |
[INFO] [stdout] 17 | const WORKER_POOL_SIZE: usize = 10;
[INFO] [stdout]    |       ^^^^^^^^^^^^^^^^
[INFO] [stdout] 
[INFO] [stdout] 
[INFO] [stdout] warning: function `expand_crate` is never used
[INFO] [stdout]   --> src/expand.rs:19:14
[INFO] [stdout]    |
[INFO] [stdout] 19 | pub async fn expand_crate(path: String) -> Result<(), String> {
[INFO] [stdout]    |              ^^^^^^^^^^^^
[INFO] [stdout] 
[INFO] [stdout] 
[INFO] [stdout] warning: function `expand_crate_task` is never used
[INFO] [stdout]   --> src/expand.rs:65:10
[INFO] [stdout]    |
[INFO] [stdout] 65 | async fn expand_crate_task(path: String) -> (String, Result<(), String>) {
[INFO] [stdout]    |          ^^^^^^^^^^^^^^^^^
[INFO] [stdout] 
[INFO] [stdout] 
[INFO] [stdout] warning: function `expand_crates` is never used
[INFO] [stdout]   --> src/expand.rs:71:14
[INFO] [stdout]    |
[INFO] [stdout] 71 | pub async fn expand_crates(
[INFO] [stdout]    |              ^^^^^^^^^^^^^
[INFO] [stdout] 
[INFO] [stdout] 
[INFO] [stderr]     Finished `test` profile [unoptimized + debuginfo] target(s) in 5.54s
[INFO] running `Command { std: "docker" "inspect" "0ab4790d5325868feb106ad8321b9bcf2ca7d73606e2e97ef014fc09d355cafe", kill_on_drop: false }`
[INFO] running `Command { std: "docker" "rm" "-f" "0ab4790d5325868feb106ad8321b9bcf2ca7d73606e2e97ef014fc09d355cafe", kill_on_drop: false }`
[INFO] [stdout] 0ab4790d5325868feb106ad8321b9bcf2ca7d73606e2e97ef014fc09d355cafe
[INFO] running `Command { std: "docker" "create" "-v" "/var/lib/crater-agent-workspace/builds/worker-7-tc1/target:/opt/rustwide/target:rw,Z" "-v" "/var/lib/crater-agent-workspace/builds/worker-7-tc1/source:/opt/rustwide/workdir:ro,Z" "-v" "/var/lib/crater-agent-workspace/cargo-home:/opt/rustwide/cargo-home:ro,Z" "-v" "/var/lib/crater-agent-workspace/rustup-home:/opt/rustwide/rustup-home:ro,Z" "-e" "SOURCE_DIR=/opt/rustwide/workdir" "-e" "CARGO_TARGET_DIR=/opt/rustwide/target" "-e" "CARGO_INCREMENTAL=0" "-e" "RUST_BACKTRACE=full" "-e" "RUSTFLAGS=--cap-lints=warn" "-e" "RUSTDOCFLAGS=--cap-lints=warn" "-e" "CARGO_HOME=/opt/rustwide/cargo-home" "-e" "RUSTUP_HOME=/opt/rustwide/rustup-home" "-w" "/opt/rustwide/workdir" "-m" "1610612736" "--user" "0:0" "--network" "none" "ghcr.io/rust-lang/crates-build-env/linux@sha256:f3a9d4ad9d972b27faf3965f35b62e55ba32bbce8f20bc8fe909558a86702fde" "/opt/rustwide/cargo-home/bin/cargo" "+1.83.0" "test" "--frozen", kill_on_drop: false }`
[INFO] [stdout] ef1fb71f2d5528b826ee6f61028e26721d48cd99974d240eec8ee067f05f4e75
[INFO] running `Command { std: "docker" "start" "-a" "ef1fb71f2d5528b826ee6f61028e26721d48cd99974d240eec8ee067f05f4e75", kill_on_drop: false }`
[INFO] [stderr] warning: unused import: `analyzis::calculate_overall`
[INFO] [stderr]  --> src/main.rs:2:5
[INFO] [stderr]   |
[INFO] [stderr] 2 | use analyzis::calculate_overall;
[INFO] [stderr]   |     ^^^^^^^^^^^^^^^^^^^^^^^^^^^
[INFO] [stderr]   |
[INFO] [stderr]   = note: `#[warn(unused_imports)]` on by default
[INFO] [stderr] 
[INFO] [stderr] warning: unused import: `clear_cfg::parse_code`
[INFO] [stderr]  --> src/main.rs:3:5
[INFO] [stderr]   |
[INFO] [stderr] 3 | use clear_cfg::parse_code;
[INFO] [stderr]   |     ^^^^^^^^^^^^^^^^^^^^^
[INFO] [stderr] 
[INFO] [stderr] warning: unused import: `count_expanded_code`
[INFO] [stderr]  --> src/main.rs:4:37
[INFO] [stderr]   |
[INFO] [stderr] 4 | use count_code::{count_crates_code, count_expanded_code};
[INFO] [stderr]   |                                     ^^^^^^^^^^^^^^^^^^^
[INFO] [stderr] 
[INFO] [stderr] warning: unused import: `expand::expand_crates`
[INFO] [stderr]  --> src/main.rs:7:5
[INFO] [stderr]   |
[INFO] [stderr] 7 | use expand::expand_crates;
[INFO] [stderr]   |     ^^^^^^^^^^^^^^^^^^^^^
[INFO] [stderr] 
[INFO] [stderr] warning: unused macro definition: `update_field_if_condition`
[INFO] [stderr]   --> src/utils.rs:67:14
[INFO] [stderr]    |
[INFO] [stderr] 67 | macro_rules! update_field_if_condition {
[INFO] [stderr]    |              ^^^^^^^^^^^^^^^^^^^^^^^^^
[INFO] [stderr]    |
[INFO] [stderr]    = note: `#[warn(unused_macros)]` on by default
[INFO] [stderr] 
[INFO] [stderr] warning: unused import: `tide::prelude::*`
[INFO] [stderr]  --> src/http.rs:3:5
[INFO] [stderr]   |
[INFO] [stderr] 3 | use tide::prelude::*;
[INFO] [stderr]   |     ^^^^^^^^^^^^^^^^
[INFO] [stderr] 
[INFO] [stderr] warning: unused import: `crate::results::AnalyzisResults`
[INFO] [stderr]   --> src/http.rs:10:5
[INFO] [stderr]    |
[INFO] [stderr] 10 | use crate::results::AnalyzisResults;
[INFO] [stderr]    |     ^^^^^^^^^^^^^^^^^^^^^^^^^^^^^^^
[INFO] [stderr] 
[INFO] [stderr] warning: unused variable: `macro_invocations_by_type`
[INFO] [stderr]    --> src/data.rs:108:17
[INFO] [stderr]     |
[INFO] [stderr] 108 |         let mut macro_invocations_by_type = MacroInvocationsByType::default();
[INFO] [stderr]     |                 ^^^^^^^^^^^^^^^^^^^^^^^^^ help: if this is intentional, prefix it with an underscore: `_macro_invocations_by_type`
[INFO] [stderr]     |
[INFO] [stderr]     = note: `#[warn(unused_variables)]` on by default
[INFO] [stderr] 
[INFO] [stderr] warning: unused variable: `macro_definitions_by_type`
[INFO] [stderr]    --> src/data.rs:109:17
[INFO] [stderr]     |
[INFO] [stderr] 109 |         let mut macro_definitions_by_type = MacroDefinitionsByType::default();
[INFO] [stderr]     |                 ^^^^^^^^^^^^^^^^^^^^^^^^^ help: if this is intentional, prefix it with an underscore: `_macro_definitions_by_type`
[INFO] [stderr] 
[INFO] [stderr] warning: variable does not need to be mutable
[INFO] [stderr]    --> src/data.rs:108:13
[INFO] [stderr]     |
[INFO] [stderr] 108 |         let mut macro_invocations_by_type = MacroInvocationsByType::default();
[INFO] [stderr]     |             ----^^^^^^^^^^^^^^^^^^^^^^^^^
[INFO] [stderr]     |             |
[INFO] [stderr]     |             help: remove this `mut`
[INFO] [stderr]     |
[INFO] [stderr]     = note: `#[warn(unused_mut)]` on by default
[INFO] [stderr] 
[INFO] [stderr] warning: variable does not need to be mutable
[INFO] [stderr]    --> src/data.rs:109:13
[INFO] [stderr]     |
[INFO] [stderr] 109 |         let mut macro_definitions_by_type = MacroDefinitionsByType::default();
[INFO] [stderr]     |             ----^^^^^^^^^^^^^^^^^^^^^^^^^
[INFO] [stderr]     |             |
[INFO] [stderr]     |             help: remove this `mut`
[INFO] [stderr] 
[INFO] [stderr] warning: function `calculate_overall` is never used
[INFO] [stderr]    --> src/analyzis.rs:355:8
[INFO] [stderr]     |
[INFO] [stderr] 355 | pub fn calculate_overall(results: &mut AnalyzisResults) {
[INFO] [stderr]     |        ^^^^^^^^^^^^^^^^^
[INFO] [stderr]     |
[INFO] [stderr]     = note: `#[warn(dead_code)]` on by default
[INFO] [stderr] 
[INFO] [stderr] warning: field `name` is never read
[INFO] [stderr]  --> src/cargo.rs:7:9
[INFO] [stderr]   |
[INFO] [stderr] 6 | pub struct CargoTomlBinEntry {
[INFO] [stderr]   |            ----------------- field in this struct
[INFO] [stderr] 7 |     pub name: String,
[INFO] [stderr]   |         ^^^^
[INFO] [stderr]   |
[INFO] [stderr]   = note: `CargoTomlBinEntry` has a derived impl for the trait `Debug`, but this is intentionally ignored during dead code analysis
[INFO] [stderr] 
[INFO] [stderr] warning: fields `lib` and `bin` are never read
[INFO] [stderr]   --> src/cargo.rs:54:9
[INFO] [stderr]    |
[INFO] [stderr] 52 | pub struct CargoToml {
[INFO] [stderr]    |            --------- fields in this struct
[INFO] [stderr] 53 |     pub workspace: Option<CargoTomlWorkspace>,
[INFO] [stderr] 54 |     pub lib: Option<LibExists>,
[INFO] [stderr]    |         ^^^
[INFO] [stderr] 55 |     pub bin: Option<Vec<CargoTomlBinEntry>>
[INFO] [stderr]    |         ^^^
[INFO] [stderr]    |
[INFO] [stderr]    = note: `CargoToml` has a derived impl for the trait `Debug`, but this is intentionally ignored during dead code analysis
[INFO] [stderr] 
[INFO] [stderr] warning: constant `RANGES_TO_REMOVE_PATH` is never used
[INFO] [stderr]   --> src/clear_cfg.rs:18:7
[INFO] [stderr]    |
[INFO] [stderr] 18 | const RANGES_TO_REMOVE_PATH: &str = "./data/cfg_ranges.ron";
[INFO] [stderr]    |       ^^^^^^^^^^^^^^^^^^^^^
[INFO] [stderr] 
[INFO] [stderr] warning: associated items `save` and `load` are never used
[INFO] [stderr]   --> src/utils.rs:37:20
[INFO] [stderr]    |
[INFO] [stderr] 36 |         impl $struct_name {
[INFO] [stderr]    |         ----------------- associated items in this implementation
[INFO] [stderr] 37 |             pub fn save(&self) -> Result<(), Box<dyn std::error::Error>> {
[INFO] [stderr]    |                    ^^^^
[INFO] [stderr] ...
[INFO] [stderr] 45 |             pub fn load() -> Option<Self> {
[INFO] [stderr]    |                    ^^^^
[INFO] [stderr]    |
[INFO] [stderr]   ::: src/clear_cfg.rs:32:1
[INFO] [stderr]    |
[INFO] [stderr] 32 | impl_save_load!(RangesToRemove, RANGES_TO_REMOVE_PATH);
[INFO] [stderr]    | ------------------------------------------------------ in this macro invocation
[INFO] [stderr]    |
[INFO] [stderr]    = note: this warning originates in the macro `impl_save_load` (in Nightly builds, run with -Z macro-backtrace for more info)
[INFO] [stderr] 
[INFO] [stderr] warning: function `validate_cfg` is never used
[INFO] [stderr]   --> src/clear_cfg.rs:34:4
[INFO] [stderr]    |
[INFO] [stderr] 34 | fn validate_cfg(token_tree: Node, bytes: &[u8]) -> bool {
[INFO] [stderr]    |    ^^^^^^^^^^^^
[INFO] [stderr] 
[INFO] [stderr] warning: function `get_node_cfg_ranges` is never used
[INFO] [stderr]   --> src/clear_cfg.rs:62:4
[INFO] [stderr]    |
[INFO] [stderr] 62 | fn get_node_cfg_ranges(root: Node, bytes: &[u8]) -> Vec<Range> {
[INFO] [stderr]    |    ^^^^^^^^^^^^^^^^^^^
[INFO] [stderr] 
[INFO] [stderr] warning: function `get_file_cfg_ranges` is never used
[INFO] [stderr]    --> src/clear_cfg.rs:118:8
[INFO] [stderr]     |
[INFO] [stderr] 118 | pub fn get_file_cfg_ranges(bytes: &[u8]) -> Result<Vec<Range>, Box<dyn Error>> {
[INFO] [stderr]     |        ^^^^^^^^^^^^^^^^^^^
[INFO] [stderr] 
[INFO] [stderr] warning: function `get_cfg_ranges` is never used
[INFO] [stderr]    --> src/clear_cfg.rs:135:4
[INFO] [stderr]     |
[INFO] [stderr] 135 | fn get_cfg_ranges(
[INFO] [stderr]     |    ^^^^^^^^^^^^^^
[INFO] [stderr] 
[INFO] [stderr] warning: function `get_crates_cfg_ranges` is never used
[INFO] [stderr]    --> src/clear_cfg.rs:164:4
[INFO] [stderr]     |
[INFO] [stderr] 164 | fn get_crates_cfg_ranges(crate_paths: &CratePaths) -> Result<RangesToRemove, Box<dyn Error>> {
[INFO] [stderr]     |    ^^^^^^^^^^^^^^^^^^^^^
[INFO] [stderr] 
[INFO] [stderr] warning: function `remove_file_ranges` is never used
[INFO] [stderr]    --> src/clear_cfg.rs:180:4
[INFO] [stderr]     |
[INFO] [stderr] 180 | fn remove_file_ranges(file_path: &Path, ranges: &[Range]) -> io::Result<()> {
[INFO] [stderr]     |    ^^^^^^^^^^^^^^^^^^
[INFO] [stderr] 
[INFO] [stderr] warning: function `process_directory` is never used
[INFO] [stderr]    --> src/clear_cfg.rs:203:4
[INFO] [stderr]     |
[INFO] [stderr] 203 | fn process_directory(
[INFO] [stderr]     |    ^^^^^^^^^^^^^^^^^
[INFO] [stderr] 
[INFO] [stderr] warning: function `parse_repositories` is never used
[INFO] [stderr]    --> src/clear_cfg.rs:236:4
[INFO] [stderr]     |
[INFO] [stderr] 236 | fn parse_repositories(ranges_to_remove: &RangesToRemove) -> Result<(), Box<dyn Error>> {
[INFO] [stderr]     |    ^^^^^^^^^^^^^^^^^^
[INFO] [stderr] 
[INFO] [stderr] warning: function `parse_code` is never used
[INFO] [stderr]    --> src/clear_cfg.rs:245:8
[INFO] [stderr]     |
[INFO] [stderr] 245 | pub fn parse_code(
[INFO] [stderr]     |        ^^^^^^^^^^
[INFO] [stderr] 
[INFO] [stderr] warning: function `count_expanded_code` is never used
[INFO] [stderr]    --> src/count_code.rs:118:8
[INFO] [stderr]     |
[INFO] [stderr] 118 | pub fn count_expanded_code(
[INFO] [stderr]     |        ^^^^^^^^^^^^^^^^^^^
[INFO] [stderr] 
[INFO] [stderr] warning: field `0` is never read
[INFO] [stderr]   --> src/error.rs:13:33
[INFO] [stderr]    |
[INFO] [stderr] 13 |     FailedToFindMacroIdentifier(Point),
[INFO] [stderr]    |     --------------------------- ^^^^^
[INFO] [stderr]    |     |
[INFO] [stderr]    |     field in this variant
[INFO] [stderr]    |
[INFO] [stderr]    = note: `ErrorMessage` has derived impls for the traits `Debug` and `Clone`, but these are intentionally ignored during dead code analysis
[INFO] [stderr] help: consider changing the field to be of unit type to suppress this warning while preserving the field numbering, or remove the field
[INFO] [stderr]    |
[INFO] [stderr] 13 |     FailedToFindMacroIdentifier(()),
[INFO] [stderr]    |                                 ~~
[INFO] [stderr] 
[INFO] [stderr] warning: constant `WORKER_POOL_SIZE` is never used
[INFO] [stderr]   --> src/expand.rs:17:7
[INFO] [stderr]    |
[INFO] [stderr] 17 | const WORKER_POOL_SIZE: usize = 10;
[INFO] [stderr]    |       ^^^^^^^^^^^^^^^^
[INFO] [stderr] 
[INFO] [stderr] warning: function `expand_crate` is never used
[INFO] [stderr]   --> src/expand.rs:19:14
[INFO] [stderr]    |
[INFO] [stderr] 19 | pub async fn expand_crate(path: String) -> Result<(), String> {
[INFO] [stderr]    |              ^^^^^^^^^^^^
[INFO] [stderr] 
[INFO] [stderr] warning: function `expand_crate_task` is never used
[INFO] [stderr]   --> src/expand.rs:65:10
[INFO] [stderr]    |
[INFO] [stderr] 65 | async fn expand_crate_task(path: String) -> (String, Result<(), String>) {
[INFO] [stderr]    |          ^^^^^^^^^^^^^^^^^
[INFO] [stderr] 
[INFO] [stderr] warning: function `expand_crates` is never used
[INFO] [stderr]   --> src/expand.rs:71:14
[INFO] [stderr]    |
[INFO] [stderr] 71 | pub async fn expand_crates(
[INFO] [stderr]    |              ^^^^^^^^^^^^^
[INFO] [stderr] 
[INFO] [stderr] warning: `rust-macros-scraper` (bin "rust-macros-scraper" test) generated 31 warnings (run `cargo fix --bin "rust-macros-scraper" --tests` to apply 8 suggestions)
[INFO] [stderr]     Finished `test` profile [unoptimized + debuginfo] target(s) in 0.29s
[INFO] [stderr]      Running unittests src/main.rs (/opt/rustwide/target/debug/deps/rust_macros_scraper-047afea5df8e4d9e)
[INFO] [stdout] 
[INFO] [stdout] running 1 test
[INFO] [stdout] test data::export_bindings_data ... FAILED
[INFO] [stdout] 
[INFO] [stdout] failures:
[INFO] [stdout] 
[INFO] [stdout] ---- data::export_bindings_data stdout ----
[INFO] [stdout] thread 'data::export_bindings_data' panicked at src/data.rs:37:10:
[INFO] [stdout] could not export type: Io(Os { code: 30, kind: ReadOnlyFilesystem, message: "Read-only file system" })
[INFO] [stdout] stack backtrace:
[INFO] [stdout]    0:     0x64058359bcba - std::backtrace_rs::backtrace::libunwind::trace::h5a5b8284f2d0c266
[INFO] [stdout]                                at /rustc/90b35a6239c3d8bdabc530a6a0816f7ff89a0aaf/library/std/src/../../backtrace/src/backtrace/libunwind.rs:116:5
[INFO] [stdout]    1:     0x64058359bcba - std::backtrace_rs::backtrace::trace_unsynchronized::h76d4f1c9b0b875e3
[INFO] [stdout]                                at /rustc/90b35a6239c3d8bdabc530a6a0816f7ff89a0aaf/library/std/src/../../backtrace/src/backtrace/mod.rs:66:5
[INFO] [stdout]    2:     0x64058359bcba - std::sys::backtrace::_print_fmt::hc4546b8364a537c6
[INFO] [stdout]                                at /rustc/90b35a6239c3d8bdabc530a6a0816f7ff89a0aaf/library/std/src/sys/backtrace.rs:66:9
[INFO] [stdout]    3:     0x64058359bcba - <std::sys::backtrace::BacktraceLock::print::DisplayBacktrace as core::fmt::Display>::fmt::h5b6bd5631a6d1f6b
[INFO] [stdout]                                at /rustc/90b35a6239c3d8bdabc530a6a0816f7ff89a0aaf/library/std/src/sys/backtrace.rs:39:26
[INFO] [stdout]    4:     0x6405835c1133 - core::fmt::rt::Argument::fmt::h270f6602a2b96f62
[INFO] [stdout]                                at /rustc/90b35a6239c3d8bdabc530a6a0816f7ff89a0aaf/library/core/src/fmt/rt.rs:177:76
[INFO] [stdout]    5:     0x6405835c1133 - core::fmt::write::h7550c97b06c86515
[INFO] [stdout]                                at /rustc/90b35a6239c3d8bdabc530a6a0816f7ff89a0aaf/library/core/src/fmt/mod.rs:1186:21
[INFO] [stdout]    6:     0x640583598c33 - std::io::Write::write_fmt::h509ff860e5956e5e
[INFO] [stdout]                                at /rustc/90b35a6239c3d8bdabc530a6a0816f7ff89a0aaf/library/std/src/io/mod.rs:1839:15
[INFO] [stdout]    7:     0x64058359bb02 - std::sys::backtrace::BacktraceLock::print::h2395ccd2c84ba3aa
[INFO] [stdout]                                at /rustc/90b35a6239c3d8bdabc530a6a0816f7ff89a0aaf/library/std/src/sys/backtrace.rs:42:9
[INFO] [stdout]    8:     0x64058359d11a - std::panicking::default_hook::{{closure}}::he19d4c7230e07961
[INFO] [stdout]                                at /rustc/90b35a6239c3d8bdabc530a6a0816f7ff89a0aaf/library/std/src/panicking.rs:268:22
[INFO] [stdout]    9:     0x64058359cf24 - std::panicking::default_hook::hf614597d3c67bbdb
[INFO] [stdout]                                at /rustc/90b35a6239c3d8bdabc530a6a0816f7ff89a0aaf/library/std/src/panicking.rs:292:9
[INFO] [stdout]   10:     0x64058354eda9 - <alloc::boxed::Box<F,A> as core::ops::function::Fn<Args>>::call::h39b51ce4599c23d1
[INFO] [stdout]                                at /rustc/90b35a6239c3d8bdabc530a6a0816f7ff89a0aaf/library/alloc/src/boxed.rs:2468:9
[INFO] [stdout]   11:     0x64058354eda9 - test::test_main::{{closure}}::he977ae839a582784
[INFO] [stdout]                                at /rustc/90b35a6239c3d8bdabc530a6a0816f7ff89a0aaf/library/test/src/lib.rs:133:21
[INFO] [stdout]   12:     0x64058359d7b8 - <alloc::boxed::Box<F,A> as core::ops::function::Fn<Args>>::call::h9455091b6b06f9fb
[INFO] [stdout]                                at /rustc/90b35a6239c3d8bdabc530a6a0816f7ff89a0aaf/library/alloc/src/boxed.rs:2468:9
[INFO] [stdout]   13:     0x64058359d7b8 - std::panicking::rust_panic_with_hook::h8942133a8b252070
[INFO] [stdout]                                at /rustc/90b35a6239c3d8bdabc530a6a0816f7ff89a0aaf/library/std/src/panicking.rs:809:13
[INFO] [stdout]   14:     0x64058359d57a - std::panicking::begin_panic_handler::{{closure}}::hb5f5963570096b29
[INFO] [stdout]                                at /rustc/90b35a6239c3d8bdabc530a6a0816f7ff89a0aaf/library/std/src/panicking.rs:674:13
[INFO] [stdout]   15:     0x64058359c199 - std::sys::backtrace::__rust_end_short_backtrace::h6208cedc1922feda
[INFO] [stdout]                                at /rustc/90b35a6239c3d8bdabc530a6a0816f7ff89a0aaf/library/std/src/sys/backtrace.rs:170:18
[INFO] [stdout]   16:     0x64058359d20c - rust_begin_unwind
[INFO] [stdout]                                at /rustc/90b35a6239c3d8bdabc530a6a0816f7ff89a0aaf/library/std/src/panicking.rs:665:5
[INFO] [stdout]   17:     0x6405834aab50 - core::panicking::panic_fmt::h0c3082644d1bf418
[INFO] [stdout]                                at /rustc/90b35a6239c3d8bdabc530a6a0816f7ff89a0aaf/library/core/src/panicking.rs:74:14
[INFO] [stdout]   18:     0x6405834aaf56 - core::result::unwrap_failed::hd20b4aa073bda1e2
[INFO] [stdout]                                at /rustc/90b35a6239c3d8bdabc530a6a0816f7ff89a0aaf/library/core/src/result.rs:1700:5
[INFO] [stdout]   19:     0x6405835020f4 - core::result::Result<T,E>::expect::h19c551fd59833a49
[INFO] [stdout]                                at /rustc/90b35a6239c3d8bdabc530a6a0816f7ff89a0aaf/library/core/src/result.rs:1061:23
[INFO] [stdout]   20:     0x6405834e27e7 - rust_macros_scraper::data::export_bindings_data::h997f2e47f9595fb6
[INFO] [stdout]                                at /opt/rustwide/workdir/src/data.rs:37:10
[INFO] [stdout]   21:     0x6405834e27a7 - rust_macros_scraper::data::export_bindings_data::{{closure}}::h3f1d0ee6da1c0d27
[INFO] [stdout]                                at /opt/rustwide/workdir/src/data.rs:37:12
[INFO] [stdout]   22:     0x640583508686 - core::ops::function::FnOnce::call_once::hb9f75a3568b3a5e9
[INFO] [stdout]                                at /rustc/90b35a6239c3d8bdabc530a6a0816f7ff89a0aaf/library/core/src/ops/function.rs:250:5
[INFO] [stdout]   23:     0x64058355376b - core::ops::function::FnOnce::call_once::h109cf8051a59b34e
[INFO] [stdout]                                at /rustc/90b35a6239c3d8bdabc530a6a0816f7ff89a0aaf/library/core/src/ops/function.rs:250:5
[INFO] [stdout]   24:     0x64058355376b - test::__rust_begin_short_backtrace::hf4fff89d377446ba
[INFO] [stdout]                                at /rustc/90b35a6239c3d8bdabc530a6a0816f7ff89a0aaf/library/test/src/lib.rs:621:18
[INFO] [stdout]   25:     0x640583552fa7 - test::run_test_in_process::{{closure}}::h0e39181dd7ee5a43
[INFO] [stdout]                                at /rustc/90b35a6239c3d8bdabc530a6a0816f7ff89a0aaf/library/test/src/lib.rs:644:60
[INFO] [stdout]   26:     0x640583552fa7 - <core::panic::unwind_safe::AssertUnwindSafe<F> as core::ops::function::FnOnce<()>>::call_once::hc5a66a30f0bdfd1f
[INFO] [stdout]                                at /rustc/90b35a6239c3d8bdabc530a6a0816f7ff89a0aaf/library/core/src/panic/unwind_safe.rs:272:9
[INFO] [stdout]   27:     0x640583552fa7 - std::panicking::try::do_call::h873b7cf639554a5e
[INFO] [stdout]                                at /rustc/90b35a6239c3d8bdabc530a6a0816f7ff89a0aaf/library/std/src/panicking.rs:557:40
[INFO] [stdout]   28:     0x640583552fa7 - std::panicking::try::hdb19862fad9c8bd1
[INFO] [stdout]                                at /rustc/90b35a6239c3d8bdabc530a6a0816f7ff89a0aaf/library/std/src/panicking.rs:520:19
[INFO] [stdout]   29:     0x640583552fa7 - std::panic::catch_unwind::h281fe732d236d260
[INFO] [stdout]                                at /rustc/90b35a6239c3d8bdabc530a6a0816f7ff89a0aaf/library/std/src/panic.rs:358:14
[INFO] [stdout]   30:     0x640583552fa7 - test::run_test_in_process::h949b6df8457ed338
[INFO] [stdout]                                at /rustc/90b35a6239c3d8bdabc530a6a0816f7ff89a0aaf/library/test/src/lib.rs:644:27
[INFO] [stdout]   31:     0x640583552fa7 - test::run_test::{{closure}}::h52c556a6d4740e10
[INFO] [stdout]                                at /rustc/90b35a6239c3d8bdabc530a6a0816f7ff89a0aaf/library/test/src/lib.rs:565:43
[INFO] [stdout]   32:     0x640583518284 - test::run_test::{{closure}}::h4237f6381c45ccb9
[INFO] [stdout]                                at /rustc/90b35a6239c3d8bdabc530a6a0816f7ff89a0aaf/library/test/src/lib.rs:595:41
[INFO] [stdout]   33:     0x640583518284 - std::sys::backtrace::__rust_begin_short_backtrace::h505c97a579eca628
[INFO] [stdout]                                at /rustc/90b35a6239c3d8bdabc530a6a0816f7ff89a0aaf/library/std/src/sys/backtrace.rs:154:18
[INFO] [stdout]   34:     0x64058351b94e - std::thread::Builder::spawn_unchecked_::{{closure}}::{{closure}}::h9e86b2e2bc107ea3
[INFO] [stdout]                                at /rustc/90b35a6239c3d8bdabc530a6a0816f7ff89a0aaf/library/std/src/thread/mod.rs:538:17
[INFO] [stdout]   35:     0x64058351b94e - <core::panic::unwind_safe::AssertUnwindSafe<F> as core::ops::function::FnOnce<()>>::call_once::h8b06ddb275ff4a25
[INFO] [stdout]                                at /rustc/90b35a6239c3d8bdabc530a6a0816f7ff89a0aaf/library/core/src/panic/unwind_safe.rs:272:9
[INFO] [stdout]   36:     0x64058351b94e - std::panicking::try::do_call::hb26ecd7cd9a9355d
[INFO] [stdout]                                at /rustc/90b35a6239c3d8bdabc530a6a0816f7ff89a0aaf/library/std/src/panicking.rs:557:40
[INFO] [stdout]   37:     0x64058351b94e - std::panicking::try::h8ddeca9d705f9069
[INFO] [stdout]                                at /rustc/90b35a6239c3d8bdabc530a6a0816f7ff89a0aaf/library/std/src/panicking.rs:520:19
[INFO] [stdout]   38:     0x64058351b94e - std::panic::catch_unwind::h49e1c33078844c46
[INFO] [stdout]                                at /rustc/90b35a6239c3d8bdabc530a6a0816f7ff89a0aaf/library/std/src/panic.rs:358:14
[INFO] [stdout]   39:     0x64058351b94e - std::thread::Builder::spawn_unchecked_::{{closure}}::h6073db6ff56ad35d
[INFO] [stdout]                                at /rustc/90b35a6239c3d8bdabc530a6a0816f7ff89a0aaf/library/std/src/thread/mod.rs:537:30
[INFO] [stdout]   40:     0x64058351b94e - core::ops::function::FnOnce::call_once{{vtable.shim}}::h2c5a5f3779c774f1
[INFO] [stdout]                                at /rustc/90b35a6239c3d8bdabc530a6a0816f7ff89a0aaf/library/core/src/ops/function.rs:250:5
[INFO] [stdout]   41:     0x6405835a154b - <alloc::boxed::Box<F,A> as core::ops::function::FnOnce<Args>>::call_once::hf75717d9f28faebf
[INFO] [stdout]                                at /rustc/90b35a6239c3d8bdabc530a6a0816f7ff89a0aaf/library/alloc/src/boxed.rs:2454:9
[INFO] [stdout]   42:     0x6405835a154b - <alloc::boxed::Box<F,A> as core::ops::function::FnOnce<Args>>::call_once::h7bd883a5f3c5f3c1
[INFO] [stdout]                                at /rustc/90b35a6239c3d8bdabc530a6a0816f7ff89a0aaf/library/alloc/src/boxed.rs:2454:9
[INFO] [stdout]   43:     0x6405835a154b - std::sys::pal::unix::thread::Thread::new::thread_start::hcc78f3943333fa94
[INFO] [stdout]                                at /rustc/90b35a6239c3d8bdabc530a6a0816f7ff89a0aaf/library/std/src/sys/pal/unix/thread.rs:105:17
[INFO] [stdout]   44:     0x774910275ac3 - <unknown>
[INFO] [stdout]   45:     0x774910306a04 - clone
[INFO] [stdout]   46:                0x0 - <unknown>
[INFO] [stdout] 
[INFO] [stdout] 
[INFO] [stdout] failures:
[INFO] [stdout]     data::export_bindings_data
[INFO] [stdout] 
[INFO] [stdout] test result: FAILED. 0 passed; 1 failed; 0 ignored; 0 measured; 0 filtered out; finished in 0.10s
[INFO] [stdout] 
[INFO] [stderr] error: test failed, to rerun pass `--bin rust-macros-scraper`
[INFO] running `Command { std: "docker" "inspect" "ef1fb71f2d5528b826ee6f61028e26721d48cd99974d240eec8ee067f05f4e75", kill_on_drop: false }`
[INFO] running `Command { std: "docker" "rm" "-f" "ef1fb71f2d5528b826ee6f61028e26721d48cd99974d240eec8ee067f05f4e75", kill_on_drop: false }`
[INFO] [stdout] ef1fb71f2d5528b826ee6f61028e26721d48cd99974d240eec8ee067f05f4e75
