[INFO] cloning repository https://github.com/Nightmare9801/scan-lib
[INFO] running `Command { std: "git" "-c" "credential.helper=" "-c" "credential.helper=/workspace/cargo-home/bin/git-credential-null" "clone" "--bare" "https://github.com/Nightmare9801/scan-lib" "/workspace/cache/git-repos/https%3A%2F%2Fgithub.com%2FNightmare9801%2Fscan-lib", kill_on_drop: false }`
[INFO] [stderr] Cloning into bare repository '/workspace/cache/git-repos/https%3A%2F%2Fgithub.com%2FNightmare9801%2Fscan-lib'...
[INFO] running `Command { std: "git" "rev-parse" "HEAD", kill_on_drop: false }`
[INFO] [stdout] 4c16e9317f6a5d18426fa313cdb705f52ef07e3e
[INFO] testing Nightmare9801/scan-lib against 1.83.0 for beta-1.84.0-4-retry
[INFO] running `Command { std: "git" "clone" "/workspace/cache/git-repos/https%3A%2F%2Fgithub.com%2FNightmare9801%2Fscan-lib" "/workspace/builds/worker-2-tc1/source", kill_on_drop: false }`
[INFO] [stderr] Cloning into '/workspace/builds/worker-2-tc1/source'...
[INFO] [stderr] done.
[INFO] validating manifest of git repo https://github.com/Nightmare9801/scan-lib on toolchain 1.83.0
[INFO] running `Command { std: CARGO_HOME="/workspace/cargo-home" RUSTUP_HOME="/workspace/rustup-home" "/workspace/cargo-home/bin/cargo" "+1.83.0" "metadata" "--manifest-path" "Cargo.toml" "--no-deps", kill_on_drop: false }`
[INFO] started tweaking git repo https://github.com/Nightmare9801/scan-lib
[INFO] finished tweaking git repo https://github.com/Nightmare9801/scan-lib
[INFO] tweaked toml for git repo https://github.com/Nightmare9801/scan-lib written to /workspace/builds/worker-2-tc1/source/Cargo.toml
[INFO] crate git repo https://github.com/Nightmare9801/scan-lib already has a lockfile, it will not be regenerated
[INFO] running `Command { std: CARGO_HOME="/workspace/cargo-home" RUSTUP_HOME="/workspace/rustup-home" "/workspace/cargo-home/bin/cargo" "+1.83.0" "fetch" "--manifest-path" "Cargo.toml", kill_on_drop: false }`
[INFO] running `Command { std: "docker" "create" "-v" "/var/lib/crater-agent-workspace/builds/worker-2-tc1/target:/opt/rustwide/target:rw,Z" "-v" "/var/lib/crater-agent-workspace/builds/worker-2-tc1/source:/opt/rustwide/workdir:ro,Z" "-v" "/var/lib/crater-agent-workspace/cargo-home:/opt/rustwide/cargo-home:ro,Z" "-v" "/var/lib/crater-agent-workspace/rustup-home:/opt/rustwide/rustup-home:ro,Z" "-e" "SOURCE_DIR=/opt/rustwide/workdir" "-e" "CARGO_TARGET_DIR=/opt/rustwide/target" "-e" "CARGO_HOME=/opt/rustwide/cargo-home" "-e" "RUSTUP_HOME=/opt/rustwide/rustup-home" "-w" "/opt/rustwide/workdir" "-m" "1610612736" "--user" "0:0" "--network" "none" "ghcr.io/rust-lang/crates-build-env/linux@sha256:f3a9d4ad9d972b27faf3965f35b62e55ba32bbce8f20bc8fe909558a86702fde" "/opt/rustwide/cargo-home/bin/cargo" "+1.83.0" "metadata" "--no-deps" "--format-version=1", kill_on_drop: false }`
[INFO] [stdout] 9d8027b92bf38fc060f7aea5005b767b6d0e10acd856bf7a19b367942b62a794
[INFO] running `Command { std: "docker" "start" "-a" "9d8027b92bf38fc060f7aea5005b767b6d0e10acd856bf7a19b367942b62a794", kill_on_drop: false }`
[INFO] running `Command { std: "docker" "inspect" "9d8027b92bf38fc060f7aea5005b767b6d0e10acd856bf7a19b367942b62a794", kill_on_drop: false }`
[INFO] running `Command { std: "docker" "rm" "-f" "9d8027b92bf38fc060f7aea5005b767b6d0e10acd856bf7a19b367942b62a794", kill_on_drop: false }`
[INFO] [stdout] 9d8027b92bf38fc060f7aea5005b767b6d0e10acd856bf7a19b367942b62a794
[INFO] running `Command { std: "docker" "create" "-v" "/var/lib/crater-agent-workspace/builds/worker-2-tc1/target:/opt/rustwide/target:rw,Z" "-v" "/var/lib/crater-agent-workspace/builds/worker-2-tc1/source:/opt/rustwide/workdir:ro,Z" "-v" "/var/lib/crater-agent-workspace/cargo-home:/opt/rustwide/cargo-home:ro,Z" "-v" "/var/lib/crater-agent-workspace/rustup-home:/opt/rustwide/rustup-home:ro,Z" "-e" "SOURCE_DIR=/opt/rustwide/workdir" "-e" "CARGO_TARGET_DIR=/opt/rustwide/target" "-e" "CARGO_INCREMENTAL=0" "-e" "RUST_BACKTRACE=full" "-e" "RUSTFLAGS=--cap-lints=warn" "-e" "RUSTDOCFLAGS=--cap-lints=warn" "-e" "CARGO_HOME=/opt/rustwide/cargo-home" "-e" "RUSTUP_HOME=/opt/rustwide/rustup-home" "-w" "/opt/rustwide/workdir" "-m" "1610612736" "--user" "0:0" "--network" "none" "ghcr.io/rust-lang/crates-build-env/linux@sha256:f3a9d4ad9d972b27faf3965f35b62e55ba32bbce8f20bc8fe909558a86702fde" "/opt/rustwide/cargo-home/bin/cargo" "+1.83.0" "build" "--frozen" "--message-format=json", kill_on_drop: false }`
[INFO] [stdout] ca516fcf07659eecbfa1e8639026f2f93c4ad1f6d32040f35f3c6aed50854bc9
[INFO] running `Command { std: "docker" "start" "-a" "ca516fcf07659eecbfa1e8639026f2f93c4ad1f6d32040f35f3c6aed50854bc9", kill_on_drop: false }`
[INFO] [stderr]    Compiling scan-lib v0.1.1 (/opt/rustwide/workdir)
[INFO] [stdout] warning: field `blacklist_file_write` is never read
[INFO] [stdout]   --> src/lib.rs:26:5
[INFO] [stdout]    |
[INFO] [stdout] 24 | pub struct DirectorySearcher{
[INFO] [stdout]    |            ----------------- field in this struct
[INFO] [stdout] 25 |     blacklist: HashSet<String>,
[INFO] [stdout] 26 |     blacklist_file_write: File,
[INFO] [stdout]    |     ^^^^^^^^^^^^^^^^^^^^
[INFO] [stdout]    |
[INFO] [stdout]    = note: `#[warn(dead_code)]` on by default
[INFO] [stdout] 
[INFO] [stdout] 
[INFO] [stdout] warning: methods `search` and `get_paths` are never used
[INFO] [stdout]    --> src/lib.rs:77:19
[INFO] [stdout]     |
[INFO] [stdout] 29  | impl DirectorySearcher {
[INFO] [stdout]     | ---------------------- methods in this implementation
[INFO] [stdout] ...
[INFO] [stdout] 77  |     pub(crate) fn search(&mut self, root_path: &str, be_searched_: &str) -> Vec<String> {
[INFO] [stdout]     |                   ^^^^^^
[INFO] [stdout] ...
[INFO] [stdout] 111 |     fn get_paths(&mut self, path: &str) -> Vec<String> {
[INFO] [stdout]     |        ^^^^^^^^^
[INFO] [stdout] 
[INFO] [stdout] 
[INFO] [stdout] warning: function `parent_dir` is never used
[INFO] [stdout]  --> src/dir_operations.rs:3:15
[INFO] [stdout]   |
[INFO] [stdout] 3 | pub(crate) fn parent_dir() -> String {
[INFO] [stdout]   |               ^^^^^^^^^^
[INFO] [stdout] 
[INFO] [stdout] 
[INFO] [stdout] warning: function `is_dir` is never used
[INFO] [stdout]   --> src/dir_operations.rs:14:15
[INFO] [stdout]    |
[INFO] [stdout] 14 | pub(crate) fn is_dir(path: &String) -> bool {
[INFO] [stdout]    |               ^^^^^^
[INFO] [stdout] 
[INFO] [stdout] 
[INFO] [stdout] warning: function `print` is never used
[INFO] [stdout]   --> src/path_manipulation.rs:27:15
[INFO] [stdout]    |
[INFO] [stdout] 27 | pub(crate) fn print(paths: Vec<String>) {
[INFO] [stdout]    |               ^^^^^
[INFO] [stdout] 
[INFO] [stdout] 
[INFO] [stderr]     Finished `dev` profile [unoptimized + debuginfo] target(s) in 0.62s
[INFO] running `Command { std: "docker" "inspect" "ca516fcf07659eecbfa1e8639026f2f93c4ad1f6d32040f35f3c6aed50854bc9", kill_on_drop: false }`
[INFO] running `Command { std: "docker" "rm" "-f" "ca516fcf07659eecbfa1e8639026f2f93c4ad1f6d32040f35f3c6aed50854bc9", kill_on_drop: false }`
[INFO] [stdout] ca516fcf07659eecbfa1e8639026f2f93c4ad1f6d32040f35f3c6aed50854bc9
[INFO] running `Command { std: "docker" "create" "-v" "/var/lib/crater-agent-workspace/builds/worker-2-tc1/target:/opt/rustwide/target:rw,Z" "-v" "/var/lib/crater-agent-workspace/builds/worker-2-tc1/source:/opt/rustwide/workdir:ro,Z" "-v" "/var/lib/crater-agent-workspace/cargo-home:/opt/rustwide/cargo-home:ro,Z" "-v" "/var/lib/crater-agent-workspace/rustup-home:/opt/rustwide/rustup-home:ro,Z" "-e" "SOURCE_DIR=/opt/rustwide/workdir" "-e" "CARGO_TARGET_DIR=/opt/rustwide/target" "-e" "CARGO_INCREMENTAL=0" "-e" "RUST_BACKTRACE=full" "-e" "RUSTFLAGS=--cap-lints=warn" "-e" "RUSTDOCFLAGS=--cap-lints=warn" "-e" "CARGO_HOME=/opt/rustwide/cargo-home" "-e" "RUSTUP_HOME=/opt/rustwide/rustup-home" "-w" "/opt/rustwide/workdir" "-m" "1610612736" "--user" "0:0" "--network" "none" "ghcr.io/rust-lang/crates-build-env/linux@sha256:f3a9d4ad9d972b27faf3965f35b62e55ba32bbce8f20bc8fe909558a86702fde" "/opt/rustwide/cargo-home/bin/cargo" "+1.83.0" "test" "--frozen" "--no-run" "--message-format=json", kill_on_drop: false }`
[INFO] [stdout] f48607dbc63fa84ab5ed3fc9e81b1b656a756602c1a62e5e5dadcdcc3e5ea76f
[INFO] running `Command { std: "docker" "start" "-a" "f48607dbc63fa84ab5ed3fc9e81b1b656a756602c1a62e5e5dadcdcc3e5ea76f", kill_on_drop: false }`
[INFO] [stderr]    Compiling scan-lib v0.1.1 (/opt/rustwide/workdir)
[INFO] [stdout] warning: field `blacklist_file_write` is never read
[INFO] [stdout]   --> src/lib.rs:26:5
[INFO] [stdout]    |
[INFO] [stdout] 24 | pub struct DirectorySearcher{
[INFO] [stdout]    |            ----------------- field in this struct
[INFO] [stdout] 25 |     blacklist: HashSet<String>,
[INFO] [stdout] 26 |     blacklist_file_write: File,
[INFO] [stdout]    |     ^^^^^^^^^^^^^^^^^^^^
[INFO] [stdout]    |
[INFO] [stdout]    = note: `#[warn(dead_code)]` on by default
[INFO] [stdout] 
[INFO] [stdout] 
[INFO] [stdout] warning: methods `search` and `get_paths` are never used
[INFO] [stdout]    --> src/lib.rs:77:19
[INFO] [stdout]     |
[INFO] [stdout] 29  | impl DirectorySearcher {
[INFO] [stdout]     | ---------------------- methods in this implementation
[INFO] [stdout] ...
[INFO] [stdout] 77  |     pub(crate) fn search(&mut self, root_path: &str, be_searched_: &str) -> Vec<String> {
[INFO] [stdout]     |                   ^^^^^^
[INFO] [stdout] ...
[INFO] [stdout] 111 |     fn get_paths(&mut self, path: &str) -> Vec<String> {
[INFO] [stdout]     |        ^^^^^^^^^
[INFO] [stdout] 
[INFO] [stdout] 
[INFO] [stdout] warning: function `parent_dir` is never used
[INFO] [stdout]  --> src/dir_operations.rs:3:15
[INFO] [stdout]   |
[INFO] [stdout] 3 | pub(crate) fn parent_dir() -> String {
[INFO] [stdout]   |               ^^^^^^^^^^
[INFO] [stdout] 
[INFO] [stdout] 
[INFO] [stdout] warning: function `is_dir` is never used
[INFO] [stdout]   --> src/dir_operations.rs:14:15
[INFO] [stdout]    |
[INFO] [stdout] 14 | pub(crate) fn is_dir(path: &String) -> bool {
[INFO] [stdout]    |               ^^^^^^
[INFO] [stdout] 
[INFO] [stdout] 
[INFO] [stdout] warning: function `print` is never used
[INFO] [stdout]   --> src/path_manipulation.rs:27:15
[INFO] [stdout]    |
[INFO] [stdout] 27 | pub(crate) fn print(paths: Vec<String>) {
[INFO] [stdout]    |               ^^^^^
[INFO] [stdout] 
[INFO] [stdout] 
[INFO] [stdout] warning: function `parent_dir` is never used
[INFO] [stdout]  --> src/dir_operations.rs:3:15
[INFO] [stdout]   |
[INFO] [stdout] 3 | pub(crate) fn parent_dir() -> String {
[INFO] [stdout]   |               ^^^^^^^^^^
[INFO] [stdout]   |
[INFO] [stdout]   = note: `#[warn(dead_code)]` on by default
[INFO] [stdout] 
[INFO] [stdout] 
[INFO] [stdout] warning: function `print` is never used
[INFO] [stdout]   --> src/path_manipulation.rs:27:15
[INFO] [stdout]    |
[INFO] [stdout] 27 | pub(crate) fn print(paths: Vec<String>) {
[INFO] [stdout]    |               ^^^^^
[INFO] [stdout] 
[INFO] [stdout] 
[INFO] [stderr]     Finished `test` profile [unoptimized + debuginfo] target(s) in 0.67s
[INFO] running `Command { std: "docker" "inspect" "f48607dbc63fa84ab5ed3fc9e81b1b656a756602c1a62e5e5dadcdcc3e5ea76f", kill_on_drop: false }`
[INFO] running `Command { std: "docker" "rm" "-f" "f48607dbc63fa84ab5ed3fc9e81b1b656a756602c1a62e5e5dadcdcc3e5ea76f", kill_on_drop: false }`
[INFO] [stdout] f48607dbc63fa84ab5ed3fc9e81b1b656a756602c1a62e5e5dadcdcc3e5ea76f
[INFO] running `Command { std: "docker" "create" "-v" "/var/lib/crater-agent-workspace/builds/worker-2-tc1/target:/opt/rustwide/target:rw,Z" "-v" "/var/lib/crater-agent-workspace/builds/worker-2-tc1/source:/opt/rustwide/workdir:ro,Z" "-v" "/var/lib/crater-agent-workspace/cargo-home:/opt/rustwide/cargo-home:ro,Z" "-v" "/var/lib/crater-agent-workspace/rustup-home:/opt/rustwide/rustup-home:ro,Z" "-e" "SOURCE_DIR=/opt/rustwide/workdir" "-e" "CARGO_TARGET_DIR=/opt/rustwide/target" "-e" "CARGO_INCREMENTAL=0" "-e" "RUST_BACKTRACE=full" "-e" "RUSTFLAGS=--cap-lints=warn" "-e" "RUSTDOCFLAGS=--cap-lints=warn" "-e" "CARGO_HOME=/opt/rustwide/cargo-home" "-e" "RUSTUP_HOME=/opt/rustwide/rustup-home" "-w" "/opt/rustwide/workdir" "-m" "1610612736" "--user" "0:0" "--network" "none" "ghcr.io/rust-lang/crates-build-env/linux@sha256:f3a9d4ad9d972b27faf3965f35b62e55ba32bbce8f20bc8fe909558a86702fde" "/opt/rustwide/cargo-home/bin/cargo" "+1.83.0" "test" "--frozen", kill_on_drop: false }`
[INFO] [stdout] 1af1474d0138b829b54de36685196b2df184c509b93145109808f3599176cc16
[INFO] running `Command { std: "docker" "start" "-a" "1af1474d0138b829b54de36685196b2df184c509b93145109808f3599176cc16", kill_on_drop: false }`
[INFO] [stderr] warning: field `blacklist_file_write` is never read
[INFO] [stderr]   --> src/lib.rs:26:5
[INFO] [stderr]    |
[INFO] [stderr] 24 | pub struct DirectorySearcher{
[INFO] [stderr]    |            ----------------- field in this struct
[INFO] [stderr] 25 |     blacklist: HashSet<String>,
[INFO] [stderr] 26 |     blacklist_file_write: File,
[INFO] [stderr]    |     ^^^^^^^^^^^^^^^^^^^^
[INFO] [stderr]    |
[INFO] [stderr]    = note: `#[warn(dead_code)]` on by default
[INFO] [stderr] 
[INFO] [stderr] warning: methods `search` and `get_paths` are never used
[INFO] [stderr]    --> src/lib.rs:77:19
[INFO] [stderr]     |
[INFO] [stderr] 29  | impl DirectorySearcher {
[INFO] [stderr]     | ---------------------- methods in this implementation
[INFO] [stderr] ...
[INFO] [stderr] 77  |     pub(crate) fn search(&mut self, root_path: &str, be_searched_: &str) -> Vec<String> {
[INFO] [stderr]     |                   ^^^^^^
[INFO] [stderr] ...
[INFO] [stderr] 111 |     fn get_paths(&mut self, path: &str) -> Vec<String> {
[INFO] [stderr]     |        ^^^^^^^^^
[INFO] [stderr] 
[INFO] [stderr] warning: function `parent_dir` is never used
[INFO] [stderr]  --> src/dir_operations.rs:3:15
[INFO] [stderr]   |
[INFO] [stderr] 3 | pub(crate) fn parent_dir() -> String {
[INFO] [stderr]   |               ^^^^^^^^^^
[INFO] [stderr] 
[INFO] [stderr] warning: function `is_dir` is never used
[INFO] [stderr]   --> src/dir_operations.rs:14:15
[INFO] [stderr]    |
[INFO] [stderr] 14 | pub(crate) fn is_dir(path: &String) -> bool {
[INFO] [stderr]    |               ^^^^^^
[INFO] [stderr] 
[INFO] [stderr] warning: function `print` is never used
[INFO] [stderr]   --> src/path_manipulation.rs:27:15
[INFO] [stderr]    |
[INFO] [stderr] 27 | pub(crate) fn print(paths: Vec<String>) {
[INFO] [stderr]    |               ^^^^^
[INFO] [stderr] 
[INFO] [stderr] warning: `scan-lib` (lib) generated 5 warnings
[INFO] [stderr] warning: function `parent_dir` is never used
[INFO] [stderr]  --> src/dir_operations.rs:3:15
[INFO] [stderr]   |
[INFO] [stderr] 3 | pub(crate) fn parent_dir() -> String {
[INFO] [stderr]   |               ^^^^^^^^^^
[INFO] [stderr]   |
[INFO] [stderr]   = note: `#[warn(dead_code)]` on by default
[INFO] [stderr] 
[INFO] [stderr] warning: `scan-lib` (lib test) generated 2 warnings (1 duplicate)
[INFO] [stderr]     Finished `test` profile [unoptimized + debuginfo] target(s) in 0.02s
[INFO] [stderr]      Running unittests src/lib.rs (/opt/rustwide/target/debug/deps/scan_lib-d630c5b019ed482e)
[INFO] [stdout] 
[INFO] [stdout] running 1 test
[INFO] [stdout] test tests::is_working ... FAILED
[INFO] [stdout] 
[INFO] [stdout] failures:
[INFO] [stdout] 
[INFO] [stdout] ---- tests::is_working stdout ----
[INFO] [stdout] thread 'tests::is_working' panicked at src/file_operations.rs:4:40:
[INFO] [stdout] called `Result::unwrap()` on an `Err` value: Os { code: 30, kind: ReadOnlyFilesystem, message: "Read-only file system" }
[INFO] [stdout] stack backtrace:
[INFO] [stdout]    0:     0x5cf1372bfb9a - std::backtrace_rs::backtrace::libunwind::trace::h5a5b8284f2d0c266
[INFO] [stdout]                                at /rustc/90b35a6239c3d8bdabc530a6a0816f7ff89a0aaf/library/std/src/../../backtrace/src/backtrace/libunwind.rs:116:5
[INFO] [stdout]    1:     0x5cf1372bfb9a - std::backtrace_rs::backtrace::trace_unsynchronized::h76d4f1c9b0b875e3
[INFO] [stdout]                                at /rustc/90b35a6239c3d8bdabc530a6a0816f7ff89a0aaf/library/std/src/../../backtrace/src/backtrace/mod.rs:66:5
[INFO] [stdout]    2:     0x5cf1372bfb9a - std::sys::backtrace::_print_fmt::hc4546b8364a537c6
[INFO] [stdout]                                at /rustc/90b35a6239c3d8bdabc530a6a0816f7ff89a0aaf/library/std/src/sys/backtrace.rs:66:9
[INFO] [stdout]    3:     0x5cf1372bfb9a - <std::sys::backtrace::BacktraceLock::print::DisplayBacktrace as core::fmt::Display>::fmt::h5b6bd5631a6d1f6b
[INFO] [stdout]                                at /rustc/90b35a6239c3d8bdabc530a6a0816f7ff89a0aaf/library/std/src/sys/backtrace.rs:39:26
[INFO] [stdout]    4:     0x5cf1372e60f3 - core::fmt::rt::Argument::fmt::h270f6602a2b96f62
[INFO] [stdout]                                at /rustc/90b35a6239c3d8bdabc530a6a0816f7ff89a0aaf/library/core/src/fmt/rt.rs:177:76
[INFO] [stdout]    5:     0x5cf1372e60f3 - core::fmt::write::h7550c97b06c86515
[INFO] [stdout]                                at /rustc/90b35a6239c3d8bdabc530a6a0816f7ff89a0aaf/library/core/src/fmt/mod.rs:1186:21
[INFO] [stdout]    6:     0x5cf1372bcba3 - std::io::Write::write_fmt::h509ff860e5956e5e
[INFO] [stdout]                                at /rustc/90b35a6239c3d8bdabc530a6a0816f7ff89a0aaf/library/std/src/io/mod.rs:1839:15
[INFO] [stdout]    7:     0x5cf1372bf9e2 - std::sys::backtrace::BacktraceLock::print::h2395ccd2c84ba3aa
[INFO] [stdout]                                at /rustc/90b35a6239c3d8bdabc530a6a0816f7ff89a0aaf/library/std/src/sys/backtrace.rs:42:9
[INFO] [stdout]    8:     0x5cf1372c0ffa - std::panicking::default_hook::{{closure}}::he19d4c7230e07961
[INFO] [stdout]                                at /rustc/90b35a6239c3d8bdabc530a6a0816f7ff89a0aaf/library/std/src/panicking.rs:268:22
[INFO] [stdout]    9:     0x5cf1372c0e04 - std::panicking::default_hook::hf614597d3c67bbdb
[INFO] [stdout]                                at /rustc/90b35a6239c3d8bdabc530a6a0816f7ff89a0aaf/library/std/src/panicking.rs:292:9
[INFO] [stdout]   10:     0x5cf13728c419 - <alloc::boxed::Box<F,A> as core::ops::function::Fn<Args>>::call::h39b51ce4599c23d1
[INFO] [stdout]                                at /rustc/90b35a6239c3d8bdabc530a6a0816f7ff89a0aaf/library/alloc/src/boxed.rs:2468:9
[INFO] [stdout]   11:     0x5cf13728c419 - test::test_main::{{closure}}::he977ae839a582784
[INFO] [stdout]                                at /rustc/90b35a6239c3d8bdabc530a6a0816f7ff89a0aaf/library/test/src/lib.rs:133:21
[INFO] [stdout]   12:     0x5cf1372c1698 - <alloc::boxed::Box<F,A> as core::ops::function::Fn<Args>>::call::h9455091b6b06f9fb
[INFO] [stdout]                                at /rustc/90b35a6239c3d8bdabc530a6a0816f7ff89a0aaf/library/alloc/src/boxed.rs:2468:9
[INFO] [stdout]   13:     0x5cf1372c1698 - std::panicking::rust_panic_with_hook::h8942133a8b252070
[INFO] [stdout]                                at /rustc/90b35a6239c3d8bdabc530a6a0816f7ff89a0aaf/library/std/src/panicking.rs:809:13
[INFO] [stdout]   14:     0x5cf1372c145a - std::panicking::begin_panic_handler::{{closure}}::hb5f5963570096b29
[INFO] [stdout]                                at /rustc/90b35a6239c3d8bdabc530a6a0816f7ff89a0aaf/library/std/src/panicking.rs:674:13
[INFO] [stdout]   15:     0x5cf1372c0079 - std::sys::backtrace::__rust_end_short_backtrace::h6208cedc1922feda
[INFO] [stdout]                                at /rustc/90b35a6239c3d8bdabc530a6a0816f7ff89a0aaf/library/std/src/sys/backtrace.rs:170:18
[INFO] [stdout]   16:     0x5cf1372c10ec - rust_begin_unwind
[INFO] [stdout]                                at /rustc/90b35a6239c3d8bdabc530a6a0816f7ff89a0aaf/library/std/src/panicking.rs:665:5
[INFO] [stdout]   17:     0x5cf137244af0 - core::panicking::panic_fmt::h0c3082644d1bf418
[INFO] [stdout]                                at /rustc/90b35a6239c3d8bdabc530a6a0816f7ff89a0aaf/library/core/src/panicking.rs:74:14
[INFO] [stdout]   18:     0x5cf137244e96 - core::result::unwrap_failed::hd20b4aa073bda1e2
[INFO] [stdout]                                at /rustc/90b35a6239c3d8bdabc530a6a0816f7ff89a0aaf/library/core/src/result.rs:1700:5
[INFO] [stdout]   19:     0x5cf13724edd9 - core::result::Result<T,E>::unwrap::h3a99efe9414369fa
[INFO] [stdout]                                at /rustc/90b35a6239c3d8bdabc530a6a0816f7ff89a0aaf/library/core/src/result.rs:1104:23
[INFO] [stdout]   20:     0x5cf13724edd9 - scan_lib::file_operations::new_file_return_append::ha0ab2d6b870b485e
[INFO] [stdout]                                at /opt/rustwide/workdir/src/file_operations.rs:4:5
[INFO] [stdout]   21:     0x5cf13724a9fd - scan_lib::DirectorySearcher::new::h9c37f781651ee04b
[INFO] [stdout]                                at /opt/rustwide/workdir/src/lib.rs:39:24
[INFO] [stdout]   22:     0x5cf13724ef32 - scan_lib::tests::is_working::hece6e4a7c7ea605c
[INFO] [stdout]                                at /opt/rustwide/workdir/src/lib.rs:132:28
[INFO] [stdout]   23:     0x5cf13724ef07 - scan_lib::tests::is_working::{{closure}}::hc7580d5a03dcee29
[INFO] [stdout]                                at /opt/rustwide/workdir/src/lib.rs:131:24
[INFO] [stdout]   24:     0x5cf13724d106 - core::ops::function::FnOnce::call_once::h9211a6fcec187cdf
[INFO] [stdout]                                at /rustc/90b35a6239c3d8bdabc530a6a0816f7ff89a0aaf/library/core/src/ops/function.rs:250:5
[INFO] [stdout]   25:     0x5cf137290ddb - core::ops::function::FnOnce::call_once::h109cf8051a59b34e
[INFO] [stdout]                                at /rustc/90b35a6239c3d8bdabc530a6a0816f7ff89a0aaf/library/core/src/ops/function.rs:250:5
[INFO] [stdout]   26:     0x5cf137290ddb - test::__rust_begin_short_backtrace::hf4fff89d377446ba
[INFO] [stdout]                                at /rustc/90b35a6239c3d8bdabc530a6a0816f7ff89a0aaf/library/test/src/lib.rs:621:18
[INFO] [stdout]   27:     0x5cf137290617 - test::run_test_in_process::{{closure}}::h0e39181dd7ee5a43
[INFO] [stdout]                                at /rustc/90b35a6239c3d8bdabc530a6a0816f7ff89a0aaf/library/test/src/lib.rs:644:60
[INFO] [stdout]   28:     0x5cf137290617 - <core::panic::unwind_safe::AssertUnwindSafe<F> as core::ops::function::FnOnce<()>>::call_once::hc5a66a30f0bdfd1f
[INFO] [stdout]                                at /rustc/90b35a6239c3d8bdabc530a6a0816f7ff89a0aaf/library/core/src/panic/unwind_safe.rs:272:9
[INFO] [stdout]   29:     0x5cf137290617 - std::panicking::try::do_call::h873b7cf639554a5e
[INFO] [stdout]                                at /rustc/90b35a6239c3d8bdabc530a6a0816f7ff89a0aaf/library/std/src/panicking.rs:557:40
[INFO] [stdout]   30:     0x5cf137290617 - std::panicking::try::hdb19862fad9c8bd1
[INFO] [stdout]                                at /rustc/90b35a6239c3d8bdabc530a6a0816f7ff89a0aaf/library/std/src/panicking.rs:520:19
[INFO] [stdout]   31:     0x5cf137290617 - std::panic::catch_unwind::h281fe732d236d260
[INFO] [stdout]                                at /rustc/90b35a6239c3d8bdabc530a6a0816f7ff89a0aaf/library/std/src/panic.rs:358:14
[INFO] [stdout]   32:     0x5cf137290617 - test::run_test_in_process::h949b6df8457ed338
[INFO] [stdout]                                at /rustc/90b35a6239c3d8bdabc530a6a0816f7ff89a0aaf/library/test/src/lib.rs:644:27
[INFO] [stdout]   33:     0x5cf137290617 - test::run_test::{{closure}}::h52c556a6d4740e10
[INFO] [stdout]                                at /rustc/90b35a6239c3d8bdabc530a6a0816f7ff89a0aaf/library/test/src/lib.rs:565:43
[INFO] [stdout]   34:     0x5cf1372558f4 - test::run_test::{{closure}}::h4237f6381c45ccb9
[INFO] [stdout]                                at /rustc/90b35a6239c3d8bdabc530a6a0816f7ff89a0aaf/library/test/src/lib.rs:595:41
[INFO] [stdout]   35:     0x5cf1372558f4 - std::sys::backtrace::__rust_begin_short_backtrace::h505c97a579eca628
[INFO] [stdout]                                at /rustc/90b35a6239c3d8bdabc530a6a0816f7ff89a0aaf/library/std/src/sys/backtrace.rs:154:18
[INFO] [stdout]   36:     0x5cf137258fbe - std::thread::Builder::spawn_unchecked_::{{closure}}::{{closure}}::h9e86b2e2bc107ea3
[INFO] [stdout]                                at /rustc/90b35a6239c3d8bdabc530a6a0816f7ff89a0aaf/library/std/src/thread/mod.rs:538:17
[INFO] [stdout]   37:     0x5cf137258fbe - <core::panic::unwind_safe::AssertUnwindSafe<F> as core::ops::function::FnOnce<()>>::call_once::h8b06ddb275ff4a25
[INFO] [stdout]                                at /rustc/90b35a6239c3d8bdabc530a6a0816f7ff89a0aaf/library/core/src/panic/unwind_safe.rs:272:9
[INFO] [stdout]   38:     0x5cf137258fbe - std::panicking::try::do_call::hb26ecd7cd9a9355d
[INFO] [stdout]                                at /rustc/90b35a6239c3d8bdabc530a6a0816f7ff89a0aaf/library/std/src/panicking.rs:557:40
[INFO] [stdout]   39:     0x5cf137258fbe - std::panicking::try::h8ddeca9d705f9069
[INFO] [stdout]                                at /rustc/90b35a6239c3d8bdabc530a6a0816f7ff89a0aaf/library/std/src/panicking.rs:520:19
[INFO] [stdout]   40:     0x5cf137258fbe - std::panic::catch_unwind::h49e1c33078844c46
[INFO] [stdout]                                at /rustc/90b35a6239c3d8bdabc530a6a0816f7ff89a0aaf/library/std/src/panic.rs:358:14
[INFO] [stdout]   41:     0x5cf137258fbe - std::thread::Builder::spawn_unchecked_::{{closure}}::h6073db6ff56ad35d
[INFO] [stdout]                                at /rustc/90b35a6239c3d8bdabc530a6a0816f7ff89a0aaf/library/std/src/thread/mod.rs:537:30
[INFO] [stdout]   42:     0x5cf137258fbe - core::ops::function::FnOnce::call_once{{vtable.shim}}::h2c5a5f3779c774f1
[INFO] [stdout]                                at /rustc/90b35a6239c3d8bdabc530a6a0816f7ff89a0aaf/library/core/src/ops/function.rs:250:5
[INFO] [stdout]   43:     0x5cf1372c583b - <alloc::boxed::Box<F,A> as core::ops::function::FnOnce<Args>>::call_once::hf75717d9f28faebf
[INFO] [stdout]                                at /rustc/90b35a6239c3d8bdabc530a6a0816f7ff89a0aaf/library/alloc/src/boxed.rs:2454:9
[INFO] [stdout]   44:     0x5cf1372c583b - <alloc::boxed::Box<F,A> as core::ops::function::FnOnce<Args>>::call_once::h7bd883a5f3c5f3c1
[INFO] [stdout]                                at /rustc/90b35a6239c3d8bdabc530a6a0816f7ff89a0aaf/library/alloc/src/boxed.rs:2454:9
[INFO] [stdout]   45:     0x5cf1372c583b - std::sys::pal::unix::thread::Thread::new::thread_start::hcc78f3943333fa94
[INFO] [stdout]                                at /rustc/90b35a6239c3d8bdabc530a6a0816f7ff89a0aaf/library/std/src/sys/pal/unix/thread.rs:105:17
[INFO] [stdout]   46:     0x705a9324fac3 - <unknown>
[INFO] [stdout]   47:     0x705a932e0a04 - clone
[INFO] [stdout]   48:                0x0 - <unknown>
[INFO] [stdout] 
[INFO] [stdout] 
[INFO] [stdout] failures:
[INFO] [stdout]     tests::is_working
[INFO] [stdout] 
[INFO] [stdout] test result: FAILED. 0 passed; 1 failed; 0 ignored; 0 measured; 0 filtered out; finished in 0.05s
[INFO] [stdout] 
[INFO] [stderr] error: test failed, to rerun pass `--lib`
[INFO] running `Command { std: "docker" "inspect" "1af1474d0138b829b54de36685196b2df184c509b93145109808f3599176cc16", kill_on_drop: false }`
[INFO] running `Command { std: "docker" "rm" "-f" "1af1474d0138b829b54de36685196b2df184c509b93145109808f3599176cc16", kill_on_drop: false }`
[INFO] [stdout] 1af1474d0138b829b54de36685196b2df184c509b93145109808f3599176cc16
