[INFO] cloning repository https://github.com/Nickiel12/cartographer
[INFO] running `Command { std: "git" "-c" "credential.helper=" "-c" "credential.helper=/workspace/cargo-home/bin/git-credential-null" "clone" "--bare" "https://github.com/Nickiel12/cartographer" "/workspace/cache/git-repos/https%3A%2F%2Fgithub.com%2FNickiel12%2Fcartographer", kill_on_drop: false }`
[INFO] [stderr] Cloning into bare repository '/workspace/cache/git-repos/https%3A%2F%2Fgithub.com%2FNickiel12%2Fcartographer'...
[INFO] running `Command { std: "git" "rev-parse" "HEAD", kill_on_drop: false }`
[INFO] [stdout] 8d2f6893e2c71533cadc3215c7d854dae8667721
[INFO] testing Nickiel12/cartographer against beta-2024-12-08 for beta-1.84.0-4-retry
[INFO] running `Command { std: "git" "clone" "/workspace/cache/git-repos/https%3A%2F%2Fgithub.com%2FNickiel12%2Fcartographer" "/workspace/builds/worker-3-tc2/source", kill_on_drop: false }`
[INFO] [stderr] Cloning into '/workspace/builds/worker-3-tc2/source'...
[INFO] [stderr] done.
[INFO] validating manifest of git repo https://github.com/Nickiel12/cartographer on toolchain beta-2024-12-08
[INFO] running `Command { std: CARGO_HOME="/workspace/cargo-home" RUSTUP_HOME="/workspace/rustup-home" "/workspace/cargo-home/bin/cargo" "+beta-2024-12-08" "metadata" "--manifest-path" "Cargo.toml" "--no-deps", kill_on_drop: false }`
[INFO] started tweaking git repo https://github.com/Nickiel12/cartographer
[INFO] finished tweaking git repo https://github.com/Nickiel12/cartographer
[INFO] tweaked toml for git repo https://github.com/Nickiel12/cartographer written to /workspace/builds/worker-3-tc2/source/Cargo.toml
[INFO] crate git repo https://github.com/Nickiel12/cartographer already has a lockfile, it will not be regenerated
[INFO] running `Command { std: CARGO_HOME="/workspace/cargo-home" RUSTUP_HOME="/workspace/rustup-home" "/workspace/cargo-home/bin/cargo" "+beta-2024-12-08" "fetch" "--manifest-path" "Cargo.toml", kill_on_drop: false }`
[INFO] running `Command { std: "docker" "create" "-v" "/var/lib/crater-agent-workspace/builds/worker-3-tc2/target:/opt/rustwide/target:rw,Z" "-v" "/var/lib/crater-agent-workspace/builds/worker-3-tc2/source:/opt/rustwide/workdir:ro,Z" "-v" "/var/lib/crater-agent-workspace/cargo-home:/opt/rustwide/cargo-home:ro,Z" "-v" "/var/lib/crater-agent-workspace/rustup-home:/opt/rustwide/rustup-home:ro,Z" "-e" "SOURCE_DIR=/opt/rustwide/workdir" "-e" "CARGO_TARGET_DIR=/opt/rustwide/target" "-e" "CARGO_HOME=/opt/rustwide/cargo-home" "-e" "RUSTUP_HOME=/opt/rustwide/rustup-home" "-w" "/opt/rustwide/workdir" "-m" "1610612736" "--user" "0:0" "--network" "none" "ghcr.io/rust-lang/crates-build-env/linux@sha256:f3a9d4ad9d972b27faf3965f35b62e55ba32bbce8f20bc8fe909558a86702fde" "/opt/rustwide/cargo-home/bin/cargo" "+beta-2024-12-08" "metadata" "--no-deps" "--format-version=1", kill_on_drop: false }`
[INFO] [stdout] cc5d683535ea0453086486c0dcbc000070dde67b66ed3a3a5a2bd18905d54ba7
[INFO] running `Command { std: "docker" "start" "-a" "cc5d683535ea0453086486c0dcbc000070dde67b66ed3a3a5a2bd18905d54ba7", kill_on_drop: false }`
[INFO] running `Command { std: "docker" "inspect" "cc5d683535ea0453086486c0dcbc000070dde67b66ed3a3a5a2bd18905d54ba7", kill_on_drop: false }`
[INFO] running `Command { std: "docker" "rm" "-f" "cc5d683535ea0453086486c0dcbc000070dde67b66ed3a3a5a2bd18905d54ba7", kill_on_drop: false }`
[INFO] [stdout] cc5d683535ea0453086486c0dcbc000070dde67b66ed3a3a5a2bd18905d54ba7
[INFO] running `Command { std: "docker" "create" "-v" "/var/lib/crater-agent-workspace/builds/worker-3-tc2/target:/opt/rustwide/target:rw,Z" "-v" "/var/lib/crater-agent-workspace/builds/worker-3-tc2/source:/opt/rustwide/workdir:ro,Z" "-v" "/var/lib/crater-agent-workspace/cargo-home:/opt/rustwide/cargo-home:ro,Z" "-v" "/var/lib/crater-agent-workspace/rustup-home:/opt/rustwide/rustup-home:ro,Z" "-e" "SOURCE_DIR=/opt/rustwide/workdir" "-e" "CARGO_TARGET_DIR=/opt/rustwide/target" "-e" "CARGO_INCREMENTAL=0" "-e" "RUST_BACKTRACE=full" "-e" "RUSTFLAGS=--cap-lints=warn" "-e" "RUSTDOCFLAGS=--cap-lints=warn" "-e" "CARGO_HOME=/opt/rustwide/cargo-home" "-e" "RUSTUP_HOME=/opt/rustwide/rustup-home" "-w" "/opt/rustwide/workdir" "-m" "1610612736" "--user" "0:0" "--network" "none" "ghcr.io/rust-lang/crates-build-env/linux@sha256:f3a9d4ad9d972b27faf3965f35b62e55ba32bbce8f20bc8fe909558a86702fde" "/opt/rustwide/cargo-home/bin/cargo" "+beta-2024-12-08" "build" "--frozen" "--message-format=json", kill_on_drop: false }`
[INFO] [stdout] 419dbf0f1dae5d98b5db3520361febaebeff41abb105a5745c6fde9018568736
[INFO] running `Command { std: "docker" "start" "-a" "419dbf0f1dae5d98b5db3520361febaebeff41abb105a5745c6fde9018568736", kill_on_drop: false }`
[INFO] [stderr]    Compiling libc v0.2.139
[INFO] [stderr]    Compiling lazy_static v1.4.0
[INFO] [stderr]    Compiling unicode-width v0.1.10
[INFO] [stderr]    Compiling rust-fuzzy-search v0.1.1
[INFO] [stderr]    Compiling console v0.15.5
[INFO] [stderr]    Compiling cartographer-rs v0.1.3 (/opt/rustwide/workdir)
[INFO] [stderr]     Finished `dev` profile [unoptimized + debuginfo] target(s) in 2.58s
[INFO] running `Command { std: "docker" "inspect" "419dbf0f1dae5d98b5db3520361febaebeff41abb105a5745c6fde9018568736", kill_on_drop: false }`
[INFO] running `Command { std: "docker" "rm" "-f" "419dbf0f1dae5d98b5db3520361febaebeff41abb105a5745c6fde9018568736", kill_on_drop: false }`
[INFO] [stdout] 419dbf0f1dae5d98b5db3520361febaebeff41abb105a5745c6fde9018568736
[INFO] running `Command { std: "docker" "create" "-v" "/var/lib/crater-agent-workspace/builds/worker-3-tc2/target:/opt/rustwide/target:rw,Z" "-v" "/var/lib/crater-agent-workspace/builds/worker-3-tc2/source:/opt/rustwide/workdir:ro,Z" "-v" "/var/lib/crater-agent-workspace/cargo-home:/opt/rustwide/cargo-home:ro,Z" "-v" "/var/lib/crater-agent-workspace/rustup-home:/opt/rustwide/rustup-home:ro,Z" "-e" "SOURCE_DIR=/opt/rustwide/workdir" "-e" "CARGO_TARGET_DIR=/opt/rustwide/target" "-e" "CARGO_INCREMENTAL=0" "-e" "RUST_BACKTRACE=full" "-e" "RUSTFLAGS=--cap-lints=warn" "-e" "RUSTDOCFLAGS=--cap-lints=warn" "-e" "CARGO_HOME=/opt/rustwide/cargo-home" "-e" "RUSTUP_HOME=/opt/rustwide/rustup-home" "-w" "/opt/rustwide/workdir" "-m" "1610612736" "--user" "0:0" "--network" "none" "ghcr.io/rust-lang/crates-build-env/linux@sha256:f3a9d4ad9d972b27faf3965f35b62e55ba32bbce8f20bc8fe909558a86702fde" "/opt/rustwide/cargo-home/bin/cargo" "+beta-2024-12-08" "test" "--frozen" "--no-run" "--message-format=json", kill_on_drop: false }`
[INFO] [stdout] 848d293110050a6e72bccec65b859dc088fd2c35ee7d1714d82013dd695d42ec
[INFO] running `Command { std: "docker" "start" "-a" "848d293110050a6e72bccec65b859dc088fd2c35ee7d1714d82013dd695d42ec", kill_on_drop: false }`
[INFO] [stderr]    Compiling proc-macro2 v1.0.50
[INFO] [stderr]    Compiling quote v1.0.23
[INFO] [stderr]    Compiling unicode-ident v1.0.6
[INFO] [stderr]    Compiling syn v1.0.107
[INFO] [stderr]    Compiling serde_derive v1.0.152
[INFO] [stderr]    Compiling serde v1.0.152
[INFO] [stderr]    Compiling either_n v0.2.0
[INFO] [stderr]    Compiling enum-variants-strings-derive v0.2.1
[INFO] [stderr]    Compiling enum-variants-strings v0.2.1
[INFO] [stderr]    Compiling cartographer-rs v0.1.3 (/opt/rustwide/workdir)
[INFO] [stderr]     Finished `test` profile [unoptimized + debuginfo] target(s) in 15.39s
[INFO] running `Command { std: "docker" "inspect" "848d293110050a6e72bccec65b859dc088fd2c35ee7d1714d82013dd695d42ec", kill_on_drop: false }`
[INFO] running `Command { std: "docker" "rm" "-f" "848d293110050a6e72bccec65b859dc088fd2c35ee7d1714d82013dd695d42ec", kill_on_drop: false }`
[INFO] [stdout] 848d293110050a6e72bccec65b859dc088fd2c35ee7d1714d82013dd695d42ec
[INFO] running `Command { std: "docker" "create" "-v" "/var/lib/crater-agent-workspace/builds/worker-3-tc2/target:/opt/rustwide/target:rw,Z" "-v" "/var/lib/crater-agent-workspace/builds/worker-3-tc2/source:/opt/rustwide/workdir:ro,Z" "-v" "/var/lib/crater-agent-workspace/cargo-home:/opt/rustwide/cargo-home:ro,Z" "-v" "/var/lib/crater-agent-workspace/rustup-home:/opt/rustwide/rustup-home:ro,Z" "-e" "SOURCE_DIR=/opt/rustwide/workdir" "-e" "CARGO_TARGET_DIR=/opt/rustwide/target" "-e" "CARGO_INCREMENTAL=0" "-e" "RUST_BACKTRACE=full" "-e" "RUSTFLAGS=--cap-lints=warn" "-e" "RUSTDOCFLAGS=--cap-lints=warn" "-e" "CARGO_HOME=/opt/rustwide/cargo-home" "-e" "RUSTUP_HOME=/opt/rustwide/rustup-home" "-w" "/opt/rustwide/workdir" "-m" "1610612736" "--user" "0:0" "--network" "none" "ghcr.io/rust-lang/crates-build-env/linux@sha256:f3a9d4ad9d972b27faf3965f35b62e55ba32bbce8f20bc8fe909558a86702fde" "/opt/rustwide/cargo-home/bin/cargo" "+beta-2024-12-08" "test" "--frozen", kill_on_drop: false }`
[INFO] [stdout] f0b866fc5a4ea993ce5e75f8b35baf5238f6151a2153d627035be4f62b5f6d03
[INFO] running `Command { std: "docker" "start" "-a" "f0b866fc5a4ea993ce5e75f8b35baf5238f6151a2153d627035be4f62b5f6d03", kill_on_drop: false }`
[INFO] [stderr]     Finished `test` profile [unoptimized + debuginfo] target(s) in 0.04s
[INFO] [stderr]      Running unittests src/lib.rs (/opt/rustwide/target/debug/deps/cartographer_rs-7914172da7964772)
[INFO] [stdout] 
[INFO] [stderr]      Running unittests src/bin/main.rs (/opt/rustwide/target/debug/deps/main-afde4cbe12cf0b4f)
[INFO] [stdout] running 0 tests
[INFO] [stdout] 
[INFO] [stdout] test result: ok. 0 passed; 0 failed; 0 ignored; 0 measured; 0 filtered out; finished in 0.00s
[INFO] [stdout] 
[INFO] [stdout] 
[INFO] [stdout] running 0 tests
[INFO] [stdout] 
[INFO] [stdout] test result: ok. 0 passed; 0 failed; 0 ignored; 0 measured; 0 filtered out; finished in 0.00s
[INFO] [stdout] 
[INFO] [stderr]    Doc-tests cartographer_rs
[INFO] [stdout] 
[INFO] [stdout] running 5 tests
[INFO] [stdout] test src/lib.rs - (line 7) ... FAILED
[INFO] [stdout] test src/menu_macros.rs - menu_macros::menu_item (line 4) ... FAILED
[INFO] [stdout] test src/menu_macros.rs - menu_macros::menu (line 63) ... FAILED
[INFO] [stdout] test src/menu.rs - menu::MenuOptions (line 131) ... FAILED
[INFO] [stdout] test src/menu.rs - menu::MenuItem (line 14) ... FAILED
[INFO] [stdout] 
[INFO] [stdout] failures:
[INFO] [stdout] 
[INFO] [stdout] ---- src/lib.rs - (line 7) stdout ----
[INFO] [stdout] error[E0277]: the `?` operator can only be used in a function that returns `Result` or `Option` (or another type that implements `FromResidual`)
[INFO] [stdout]   --> src/lib.rs:22:33
[INFO] [stdout]    |
[INFO] [stdout] 4  | fn main() { #[allow(non_snake_case)] fn _doctest_main_src_lib_rs_7_0() {
[INFO] [stdout]    |                                      --------------------------------- this function should return `Result` or `Option` to accept `?`
[INFO] [stdout] ...
[INFO] [stdout] 18 | let usr_selection = menu.serve()?;
[INFO] [stdout]    |                                 ^ cannot use the `?` operator in a function that returns `()`
[INFO] [stdout]    |
[INFO] [stdout]    = help: the trait `FromResidual<Result<Infallible, std::io::Error>>` is not implemented for `()`
[INFO] [stdout] help: consider adding return type
[INFO] [stdout]    |
[INFO] [stdout] 4  ~ fn main() { #[allow(non_snake_case)] fn _doctest_main_src_lib_rs_7_0() -> Result<(), Box<dyn std::error::Error>> {
[INFO] [stdout] 5  | use cartographer_rs::{menu, menu_item};
[INFO] [stdout] ...
[INFO] [stdout] 18 | let usr_selection = menu.serve()?;
[INFO] [stdout] 19 +     Ok(())
[INFO] [stdout]    |
[INFO] [stdout] 
[INFO] [stdout] error: aborting due to 1 previous error
[INFO] [stdout] 
[INFO] [stdout] For more information about this error, try `rustc --explain E0277`.
[INFO] [stdout] Couldn't compile the test.
[INFO] [stdout] ---- src/menu_macros.rs - menu_macros::menu_item (line 4) stdout ----
[INFO] [stdout] error: expected `;`, found `MenuItem`
[INFO] [stdout]  --> src/menu_macros.rs:5:51
[INFO] [stdout]   |
[INFO] [stdout] 3 | menu_item!("A Menu Item", true, 2, ["alt search"])
[INFO] [stdout]   |                                                   ^ help: add `;` here
[INFO] [stdout] ...
[INFO] [stdout] 7 | MenuItem {
[INFO] [stdout]   | -------- unexpected token
[INFO] [stdout] 
[INFO] [stdout] error[E0422]: cannot find struct, variant or union type `MenuItem` in this scope
[INFO] [stdout]  --> src/menu_macros.rs:9:1
[INFO] [stdout]   |
[INFO] [stdout] 7 | MenuItem {
[INFO] [stdout]   | ^^^^^^^^ not found in this scope
[INFO] [stdout]   |
[INFO] [stdout] help: consider importing this struct
[INFO] [stdout]   |
[INFO] [stdout] 2 + use cartographer_rs::MenuItem;
[INFO] [stdout]   |
[INFO] [stdout] 
[INFO] [stdout] error: aborting due to 2 previous errors
[INFO] [stdout] 
[INFO] [stdout] For more information about this error, try `rustc --explain E0422`.
[INFO] [stdout] Couldn't compile the test.
[INFO] [stdout] ---- src/menu_macros.rs - menu_macros::menu (line 63) stdout ----
[INFO] [stdout] error: expected `;`, found keyword `let`
[INFO] [stdout]   --> src/menu_macros.rs:72:2
[INFO] [stdout]    |
[INFO] [stdout] 11 | )
[INFO] [stdout]    |  ^ help: add `;` here
[INFO] [stdout] 12 |
[INFO] [stdout] 13 | let usr_choice = menu.serve()?;
[INFO] [stdout]    | --- unexpected token
[INFO] [stdout] 
[INFO] [stdout] error: cannot find macro `menu` in this scope
[INFO] [stdout]  --> src/menu_macros.rs:65:12
[INFO] [stdout]   |
[INFO] [stdout] 4 | let menu = menu!(
[INFO] [stdout]   |            ^^^^
[INFO] [stdout]   |
[INFO] [stdout] help: consider importing this macro
[INFO] [stdout]   |
[INFO] [stdout] 2 + use cartographer_rs::menu;
[INFO] [stdout]   |
[INFO] [stdout] 
[INFO] [stdout] error[E0433]: failed to resolve: use of undeclared type `MenuOptions`
[INFO] [stdout]  --> src/menu_macros.rs:64:21
[INFO] [stdout]   |
[INFO] [stdout] 3 | let configuration = MenuOptions::new();
[INFO] [stdout]   |                     ^^^^^^^^^^^ use of undeclared type `MenuOptions`
[INFO] [stdout]   |
[INFO] [stdout] help: consider importing this struct
[INFO] [stdout]   |
[INFO] [stdout] 2 + use cartographer_rs::MenuOptions;
[INFO] [stdout]   |
[INFO] [stdout] 
[INFO] [stdout] error: aborting due to 3 previous errors
[INFO] [stdout] 
[INFO] [stdout] For more information about this error, try `rustc --explain E0433`.
[INFO] [stdout] Couldn't compile the test.
[INFO] [stdout] ---- src/menu.rs - menu::MenuOptions (line 131) stdout ----
[INFO] [stdout] error: cannot find macro `menu` in this scope
[INFO] [stdout]  --> src/menu.rs:137:1
[INFO] [stdout]   |
[INFO] [stdout] 8 | menu!("Only 6 lines are visible!",
[INFO] [stdout]   | ^^^^
[INFO] [stdout]   |
[INFO] [stdout] help: consider importing this macro
[INFO] [stdout]   |
[INFO] [stdout] 2 + use cartographer_rs::menu;
[INFO] [stdout]   |
[INFO] [stdout] 
[INFO] [stdout] error[E0433]: failed to resolve: use of undeclared type `MenuOptions`
[INFO] [stdout]  --> src/menu.rs:132:15
[INFO] [stdout]   |
[INFO] [stdout] 3 | let options = MenuOptions::new()
[INFO] [stdout]   |               ^^^^^^^^^^^ use of undeclared type `MenuOptions`
[INFO] [stdout]   |
[INFO] [stdout] help: consider importing this struct
[INFO] [stdout]   |
[INFO] [stdout] 2 + use cartographer_rs::MenuOptions;
[INFO] [stdout]   |
[INFO] [stdout] 
[INFO] [stdout] error: aborting due to 2 previous errors
[INFO] [stdout] 
[INFO] [stdout] For more information about this error, try `rustc --explain E0433`.
[INFO] [stdout] Couldn't compile the test.
[INFO] [stdout] ---- src/menu.rs - menu::MenuItem (line 14) stdout ----
[INFO] [stdout] error: cannot find macro `menu_item` in this scope
[INFO] [stdout]  --> src/menu.rs:21:1
[INFO] [stdout]   |
[INFO] [stdout] 9 | menu_item!("A Menu Item", true, 1);
[INFO] [stdout]   | ^^^^^^^^^
[INFO] [stdout]   |
[INFO] [stdout] help: consider importing this macro
[INFO] [stdout]   |
[INFO] [stdout] 2 + use cartographer_rs::menu_item;
[INFO] [stdout]   |
[INFO] [stdout] 
[INFO] [stdout] error[E0433]: failed to resolve: use of undeclared type `MenuItem`
[INFO] [stdout]  --> src/menu.rs:15:17
[INFO] [stdout]   |
[INFO] [stdout] 3 | let menu_item = MenuItem::new("A Menu Item".to_string())
[INFO] [stdout]   |                 ^^^^^^^^ use of undeclared type `MenuItem`
[INFO] [stdout]   |
[INFO] [stdout] help: consider importing this struct
[INFO] [stdout]   |
[INFO] [stdout] 2 + use cartographer_rs::MenuItem;
[INFO] [stdout]   |
[INFO] [stdout] 
[INFO] [stdout] error: aborting due to 2 previous errors
[INFO] [stdout] 
[INFO] [stdout] For more information about this error, try `rustc --explain E0433`.
[INFO] [stdout] Couldn't compile the test.
[INFO] [stdout] 
[INFO] [stdout] failures:
[INFO] [stdout]     src/lib.rs - (line 7)
[INFO] [stdout]     src/menu.rs - menu::MenuItem (line 14)
[INFO] [stdout]     src/menu.rs - menu::MenuOptions (line 131)
[INFO] [stdout]     src/menu_macros.rs - menu_macros::menu (line 63)
[INFO] [stdout]     src/menu_macros.rs - menu_macros::menu_item (line 4)
[INFO] [stdout] 
[INFO] [stdout] test result: FAILED. 0 passed; 5 failed; 0 ignored; 0 measured; 0 filtered out; finished in 0.16s
[INFO] [stdout] 
[INFO] [stderr] error: doctest failed, to rerun pass `--doc`
[INFO] running `Command { std: "docker" "inspect" "f0b866fc5a4ea993ce5e75f8b35baf5238f6151a2153d627035be4f62b5f6d03", kill_on_drop: false }`
[INFO] running `Command { std: "docker" "rm" "-f" "f0b866fc5a4ea993ce5e75f8b35baf5238f6151a2153d627035be4f62b5f6d03", kill_on_drop: false }`
[INFO] [stdout] f0b866fc5a4ea993ce5e75f8b35baf5238f6151a2153d627035be4f62b5f6d03
