[INFO] cloning repository https://github.com/NeoScripter/AOC_2020_Rust
[INFO] running `Command { std: "git" "-c" "credential.helper=" "-c" "credential.helper=/workspace/cargo-home/bin/git-credential-null" "clone" "--bare" "https://github.com/NeoScripter/AOC_2020_Rust" "/workspace/cache/git-repos/https%3A%2F%2Fgithub.com%2FNeoScripter%2FAOC_2020_Rust", kill_on_drop: false }`
[INFO] [stderr] Cloning into bare repository '/workspace/cache/git-repos/https%3A%2F%2Fgithub.com%2FNeoScripter%2FAOC_2020_Rust'...
[INFO] running `Command { std: "git" "rev-parse" "HEAD", kill_on_drop: false }`
[INFO] [stdout] 83a63ec1191622533b30648e8699b7934ab1dd4b
[INFO] testing NeoScripter/AOC_2020_Rust against beta-2024-12-08 for beta-1.84.0-4-retry
[INFO] running `Command { std: "git" "clone" "/workspace/cache/git-repos/https%3A%2F%2Fgithub.com%2FNeoScripter%2FAOC_2020_Rust" "/workspace/builds/worker-2-tc2/source", kill_on_drop: false }`
[INFO] [stderr] Cloning into '/workspace/builds/worker-2-tc2/source'...
[INFO] [stderr] done.
[INFO] validating manifest of git repo https://github.com/NeoScripter/AOC_2020_Rust on toolchain beta-2024-12-08
[INFO] running `Command { std: CARGO_HOME="/workspace/cargo-home" RUSTUP_HOME="/workspace/rustup-home" "/workspace/cargo-home/bin/cargo" "+beta-2024-12-08" "metadata" "--manifest-path" "Cargo.toml" "--no-deps", kill_on_drop: false }`
[INFO] started tweaking git repo https://github.com/NeoScripter/AOC_2020_Rust
[INFO] finished tweaking git repo https://github.com/NeoScripter/AOC_2020_Rust
[INFO] tweaked toml for git repo https://github.com/NeoScripter/AOC_2020_Rust written to /workspace/builds/worker-2-tc2/source/Cargo.toml
[INFO] crate git repo https://github.com/NeoScripter/AOC_2020_Rust already has a lockfile, it will not be regenerated
[INFO] running `Command { std: CARGO_HOME="/workspace/cargo-home" RUSTUP_HOME="/workspace/rustup-home" "/workspace/cargo-home/bin/cargo" "+beta-2024-12-08" "fetch" "--manifest-path" "Cargo.toml", kill_on_drop: false }`
[INFO] running `Command { std: "docker" "create" "-v" "/var/lib/crater-agent-workspace/builds/worker-2-tc2/target:/opt/rustwide/target:rw,Z" "-v" "/var/lib/crater-agent-workspace/builds/worker-2-tc2/source:/opt/rustwide/workdir:ro,Z" "-v" "/var/lib/crater-agent-workspace/cargo-home:/opt/rustwide/cargo-home:ro,Z" "-v" "/var/lib/crater-agent-workspace/rustup-home:/opt/rustwide/rustup-home:ro,Z" "-e" "SOURCE_DIR=/opt/rustwide/workdir" "-e" "CARGO_TARGET_DIR=/opt/rustwide/target" "-e" "CARGO_HOME=/opt/rustwide/cargo-home" "-e" "RUSTUP_HOME=/opt/rustwide/rustup-home" "-w" "/opt/rustwide/workdir" "-m" "1610612736" "--user" "0:0" "--network" "none" "ghcr.io/rust-lang/crates-build-env/linux@sha256:f3a9d4ad9d972b27faf3965f35b62e55ba32bbce8f20bc8fe909558a86702fde" "/opt/rustwide/cargo-home/bin/cargo" "+beta-2024-12-08" "metadata" "--no-deps" "--format-version=1", kill_on_drop: false }`
[INFO] [stdout] 74e3d4b3c538c2a5e0d01fb41bdad81e13dae6c62c23aab56918ed531fbfe9a2
[INFO] running `Command { std: "docker" "start" "-a" "74e3d4b3c538c2a5e0d01fb41bdad81e13dae6c62c23aab56918ed531fbfe9a2", kill_on_drop: false }`
[INFO] running `Command { std: "docker" "inspect" "74e3d4b3c538c2a5e0d01fb41bdad81e13dae6c62c23aab56918ed531fbfe9a2", kill_on_drop: false }`
[INFO] running `Command { std: "docker" "rm" "-f" "74e3d4b3c538c2a5e0d01fb41bdad81e13dae6c62c23aab56918ed531fbfe9a2", kill_on_drop: false }`
[INFO] [stdout] 74e3d4b3c538c2a5e0d01fb41bdad81e13dae6c62c23aab56918ed531fbfe9a2
[INFO] running `Command { std: "docker" "create" "-v" "/var/lib/crater-agent-workspace/builds/worker-2-tc2/target:/opt/rustwide/target:rw,Z" "-v" "/var/lib/crater-agent-workspace/builds/worker-2-tc2/source:/opt/rustwide/workdir:ro,Z" "-v" "/var/lib/crater-agent-workspace/cargo-home:/opt/rustwide/cargo-home:ro,Z" "-v" "/var/lib/crater-agent-workspace/rustup-home:/opt/rustwide/rustup-home:ro,Z" "-e" "SOURCE_DIR=/opt/rustwide/workdir" "-e" "CARGO_TARGET_DIR=/opt/rustwide/target" "-e" "CARGO_INCREMENTAL=0" "-e" "RUST_BACKTRACE=full" "-e" "RUSTFLAGS=--cap-lints=warn" "-e" "RUSTDOCFLAGS=--cap-lints=warn" "-e" "CARGO_HOME=/opt/rustwide/cargo-home" "-e" "RUSTUP_HOME=/opt/rustwide/rustup-home" "-w" "/opt/rustwide/workdir" "-m" "1610612736" "--user" "0:0" "--network" "none" "ghcr.io/rust-lang/crates-build-env/linux@sha256:f3a9d4ad9d972b27faf3965f35b62e55ba32bbce8f20bc8fe909558a86702fde" "/opt/rustwide/cargo-home/bin/cargo" "+beta-2024-12-08" "build" "--frozen" "--message-format=json", kill_on_drop: false }`
[INFO] [stdout] 59a541c81e309820b5b091df210d37a20f69d70cb4d20e1841f84569393c3f6a
[INFO] running `Command { std: "docker" "start" "-a" "59a541c81e309820b5b091df210d37a20f69d70cb4d20e1841f84569393c3f6a", kill_on_drop: false }`
[INFO] [stderr]    Compiling once_cell v1.18.0
[INFO] [stderr]    Compiling libc v0.2.148
[INFO] [stderr]    Compiling memchr v2.6.4
[INFO] [stderr]    Compiling pin-project-lite v0.2.13
[INFO] [stderr]    Compiling gimli v0.28.0
[INFO] [stderr]    Compiling sharded-slab v0.1.6
[INFO] [stderr]    Compiling num-traits v0.2.17
[INFO] [stderr]    Compiling adler v1.0.2
[INFO] [stderr]    Compiling eyre v0.6.8
[INFO] [stderr]    Compiling miniz_oxide v0.7.1
[INFO] [stderr]    Compiling tracing-core v0.1.31
[INFO] [stderr]    Compiling thread_local v1.1.7
[INFO] [stderr]    Compiling num-integer v0.1.45
[INFO] [stderr]    Compiling camino v1.1.6
[INFO] [stderr]    Compiling tracing-subscriber v0.3.17
[INFO] [stderr]    Compiling tracing v0.1.37
[INFO] [stderr]    Compiling object v0.32.1
[INFO] [stderr]    Compiling owo-colors v3.5.0
[INFO] [stderr]    Compiling cc v1.0.83
[INFO] [stderr]    Compiling anyhow v1.0.75
[INFO] [stderr]    Compiling indenter v0.3.3
[INFO] [stderr]    Compiling rustc-demangle v0.1.23
[INFO] [stderr]    Compiling minimal-lexical v0.2.1
[INFO] [stderr]    Compiling snowflake v1.3.0
[INFO] [stderr]    Compiling either v1.9.0
[INFO] [stderr]    Compiling equivalent v1.0.1
[INFO] [stderr]    Compiling hashbrown v0.14.1
[INFO] [stderr]    Compiling itertools v0.11.0
[INFO] [stderr]    Compiling tracing-error v0.2.0
[INFO] [stderr]    Compiling color-spantrace v0.2.0
[INFO] [stderr]    Compiling backtrace v0.3.69
[INFO] [stderr]    Compiling addr2line v0.21.0
[INFO] [stderr]    Compiling id_tree v1.8.0
[INFO] [stderr]    Compiling indexmap v2.0.2
[INFO] [stderr]    Compiling nom v7.1.3
[INFO] [stderr]    Compiling color-eyre v0.6.2
[INFO] [stderr]    Compiling aoc2020 v0.1.0 (/opt/rustwide/workdir)
[INFO] [stdout] warning: function `part1` is never used
[INFO] [stdout]   --> bin/day8/main.rs:38:4
[INFO] [stdout]    |
[INFO] [stdout] 38 | fn part1(input: &str) -> i32 {
[INFO] [stdout]    |    ^^^^^
[INFO] [stdout]    |
[INFO] [stdout]    = note: `#[warn(dead_code)]` on by default
[INFO] [stdout] 
[INFO] [stdout] 
[INFO] [stdout] warning: function `part1` is never used
[INFO] [stdout]  --> bin/day10/main.rs:2:4
[INFO] [stdout]   |
[INFO] [stdout] 2 | fn part1(input: &str) -> u32 {
[INFO] [stdout]   |    ^^^^^
[INFO] [stdout]   |
[INFO] [stdout]   = note: `#[warn(dead_code)]` on by default
[INFO] [stdout] 
[INFO] [stdout] 
[INFO] [stdout] warning: methods `round_part1` and `neighbors_part1` are never used
[INFO] [stdout]   --> bin/day11/main.rs:15:8
[INFO] [stdout]    |
[INFO] [stdout] 14 | impl Grid {
[INFO] [stdout]    | --------- methods in this implementation
[INFO] [stdout] 15 |     fn round_part1(&mut self) {
[INFO] [stdout]    |        ^^^^^^^^^^^
[INFO] [stdout] ...
[INFO] [stdout] 73 |     fn neighbors_part1(&self, x: usize, y: usize) -> Vec<Cell> {
[INFO] [stdout]    |        ^^^^^^^^^^^^^^^
[INFO] [stdout]    |
[INFO] [stdout]    = note: `#[warn(dead_code)]` on by default
[INFO] [stdout] 
[INFO] [stdout] 
[INFO] [stdout] warning: function `part1` is never used
[INFO] [stdout]    --> bin/day11/main.rs:170:4
[INFO] [stdout]     |
[INFO] [stdout] 170 | fn part1() -> usize {
[INFO] [stdout]     |    ^^^^^
[INFO] [stdout] 
[INFO] [stdout] 
[INFO] [stdout] warning: method `count_Taken_seats` should have a snake case name
[INFO] [stdout]    --> bin/day11/main.rs:126:8
[INFO] [stdout]     |
[INFO] [stdout] 126 |     fn count_Taken_seats(&self) -> usize {
[INFO] [stdout]     |        ^^^^^^^^^^^^^^^^^ help: convert the identifier to snake case: `count_taken_seats`
[INFO] [stdout]     |
[INFO] [stdout]     = note: `#[warn(non_snake_case)]` on by default
[INFO] [stdout] 
[INFO] [stdout] 
[INFO] [stdout] warning: unused variable: `input`
[INFO] [stdout]  --> bin/day18/main.rs:2:9
[INFO] [stdout]   |
[INFO] [stdout] 2 |     let input = include_str!("input18.txt");
[INFO] [stdout]   |         ^^^^^ help: if this is intentional, prefix it with an underscore: `_input`
[INFO] [stdout]   |
[INFO] [stdout]   = note: `#[warn(unused_variables)]` on by default
[INFO] [stdout] 
[INFO] [stdout] 
[INFO] [stdout] warning: function `part2` is never used
[INFO] [stdout]   --> bin/day15/main.rs:41:4
[INFO] [stdout]    |
[INFO] [stdout] 41 | fn part2(input: Vec<u32>) -> u32 {
[INFO] [stdout]    |    ^^^^^
[INFO] [stdout]    |
[INFO] [stdout]    = note: `#[warn(dead_code)]` on by default
[INFO] [stdout] 
[INFO] [stdout] 
[INFO] [stdout] warning: function `part1` is never used
[INFO] [stdout]   --> bin/day16/main.rs:77:4
[INFO] [stdout]    |
[INFO] [stdout] 77 | fn part1() -> u64 {
[INFO] [stdout]    |    ^^^^^
[INFO] [stdout]    |
[INFO] [stdout]    = note: `#[warn(dead_code)]` on by default
[INFO] [stdout] 
[INFO] [stdout] 
[INFO] [stdout] warning: unused variable: `input`
[INFO] [stdout]  --> bin/day17/main.rs:2:9
[INFO] [stdout]   |
[INFO] [stdout] 2 |     let input = include_str!("input17.txt");
[INFO] [stdout]   |         ^^^^^ help: if this is intentional, prefix it with an underscore: `_input`
[INFO] [stdout]   |
[INFO] [stdout]   = note: `#[warn(unused_variables)]` on by default
[INFO] [stdout] 
[INFO] [stdout] 
[INFO] [stdout] warning: unused variable: `all_bags`
[INFO] [stdout]    --> bin/day7/main.rs:126:14
[INFO] [stdout]     |
[INFO] [stdout] 126 |     let (mut all_bags, bag_map) = process(input);
[INFO] [stdout]     |              ^^^^^^^^ help: if this is intentional, prefix it with an underscore: `_all_bags`
[INFO] [stdout]     |
[INFO] [stdout]     = note: `#[warn(unused_variables)]` on by default
[INFO] [stdout] 
[INFO] [stdout] 
[INFO] [stdout] warning: variable does not need to be mutable
[INFO] [stdout]    --> bin/day7/main.rs:126:10
[INFO] [stdout]     |
[INFO] [stdout] 126 |     let (mut all_bags, bag_map) = process(input);
[INFO] [stdout]     |          ----^^^^^^^^
[INFO] [stdout]     |          |
[INFO] [stdout]     |          help: remove this `mut`
[INFO] [stdout]     |
[INFO] [stdout]     = note: `#[warn(unused_mut)]` on by default
[INFO] [stdout] 
[INFO] [stdout] 
[INFO] [stdout] warning: method `dist` is never used
[INFO] [stdout]   --> bin/day7/main.rs:54:8
[INFO] [stdout]    |
[INFO] [stdout] 32 | impl Bag {
[INFO] [stdout]    | -------- method in this implementation
[INFO] [stdout] ...
[INFO] [stdout] 54 |     fn dist(&self, target: &str) -> bool {
[INFO] [stdout]    |        ^^^^
[INFO] [stdout]    |
[INFO] [stdout]    = note: `#[warn(dead_code)]` on by default
[INFO] [stdout] 
[INFO] [stdout] 
[INFO] [stdout] warning: function `part1` is never used
[INFO] [stdout]    --> bin/day7/main.rs:115:4
[INFO] [stdout]     |
[INFO] [stdout] 115 | fn part1(input: &str) -> usize {
[INFO] [stdout]     |    ^^^^^
[INFO] [stdout] 
[INFO] [stdout] 
[INFO] [stdout] warning: function `apply_bm_part1` is never used
[INFO] [stdout]   --> bin/day14/main.rs:46:4
[INFO] [stdout]    |
[INFO] [stdout] 46 | fn apply_bm_part1(bm: &Vec<Option<u8>>, bin: Vec<u8>) -> u64 {
[INFO] [stdout]    |    ^^^^^^^^^^^^^^
[INFO] [stdout]    |
[INFO] [stdout]    = note: `#[warn(dead_code)]` on by default
[INFO] [stdout] 
[INFO] [stdout] 
[INFO] [stdout] warning: function `part1` is never used
[INFO] [stdout]   --> bin/day14/main.rs:56:4
[INFO] [stdout]    |
[INFO] [stdout] 56 | fn part1() -> u64 {
[INFO] [stdout]    |    ^^^^^
[INFO] [stdout] 
[INFO] [stdout] 
[INFO] [stdout] warning: method `answer_part1` is never used
[INFO] [stdout]   --> bin/day13/main.rs:45:8
[INFO] [stdout]    |
[INFO] [stdout] 21 | impl Station {
[INFO] [stdout]    | ------------ method in this implementation
[INFO] [stdout] ...
[INFO] [stdout] 45 |     fn answer_part1(&self) -> u64 {
[INFO] [stdout]    |        ^^^^^^^^^^^^
[INFO] [stdout]    |
[INFO] [stdout]    = note: `#[warn(dead_code)]` on by default
[INFO] [stdout] 
[INFO] [stdout] 
[INFO] [stdout] warning: unused variable: `degree`
[INFO] [stdout]   --> bin/day12/main.rs:33:13
[INFO] [stdout]    |
[INFO] [stdout] 33 |     let mut degree: i32 = 0;
[INFO] [stdout]    |             ^^^^^^ help: if this is intentional, prefix it with an underscore: `_degree`
[INFO] [stdout]    |
[INFO] [stdout]    = note: `#[warn(unused_variables)]` on by default
[INFO] [stdout] 
[INFO] [stdout] 
[INFO] [stdout] warning: variable does not need to be mutable
[INFO] [stdout]   --> bin/day12/main.rs:33:9
[INFO] [stdout]    |
[INFO] [stdout] 33 |     let mut degree: i32 = 0;
[INFO] [stdout]    |         ----^^^^^^
[INFO] [stdout]    |         |
[INFO] [stdout]    |         help: remove this `mut`
[INFO] [stdout]    |
[INFO] [stdout]    = note: `#[warn(unused_mut)]` on by default
[INFO] [stdout] 
[INFO] [stdout] 
[INFO] [stdout] warning: function `part1` is never used
[INFO] [stdout]  --> bin/day12/main.rs:3:4
[INFO] [stdout]   |
[INFO] [stdout] 3 | fn part1(input: &str) -> i32 {
[INFO] [stdout]   |    ^^^^^
[INFO] [stdout]   |
[INFO] [stdout]   = note: `#[warn(dead_code)]` on by default
[INFO] [stdout] 
[INFO] [stdout] 
[INFO] [stderr]     Finished `dev` profile [unoptimized + debuginfo] target(s) in 33.55s
[INFO] running `Command { std: "docker" "inspect" "59a541c81e309820b5b091df210d37a20f69d70cb4d20e1841f84569393c3f6a", kill_on_drop: false }`
[INFO] running `Command { std: "docker" "rm" "-f" "59a541c81e309820b5b091df210d37a20f69d70cb4d20e1841f84569393c3f6a", kill_on_drop: false }`
[INFO] [stdout] 59a541c81e309820b5b091df210d37a20f69d70cb4d20e1841f84569393c3f6a
[INFO] running `Command { std: "docker" "create" "-v" "/var/lib/crater-agent-workspace/builds/worker-2-tc2/target:/opt/rustwide/target:rw,Z" "-v" "/var/lib/crater-agent-workspace/builds/worker-2-tc2/source:/opt/rustwide/workdir:ro,Z" "-v" "/var/lib/crater-agent-workspace/cargo-home:/opt/rustwide/cargo-home:ro,Z" "-v" "/var/lib/crater-agent-workspace/rustup-home:/opt/rustwide/rustup-home:ro,Z" "-e" "SOURCE_DIR=/opt/rustwide/workdir" "-e" "CARGO_TARGET_DIR=/opt/rustwide/target" "-e" "CARGO_INCREMENTAL=0" "-e" "RUST_BACKTRACE=full" "-e" "RUSTFLAGS=--cap-lints=warn" "-e" "RUSTDOCFLAGS=--cap-lints=warn" "-e" "CARGO_HOME=/opt/rustwide/cargo-home" "-e" "RUSTUP_HOME=/opt/rustwide/rustup-home" "-w" "/opt/rustwide/workdir" "-m" "1610612736" "--user" "0:0" "--network" "none" "ghcr.io/rust-lang/crates-build-env/linux@sha256:f3a9d4ad9d972b27faf3965f35b62e55ba32bbce8f20bc8fe909558a86702fde" "/opt/rustwide/cargo-home/bin/cargo" "+beta-2024-12-08" "test" "--frozen" "--no-run" "--message-format=json", kill_on_drop: false }`
[INFO] [stdout] 740caa4575728ec4efd7f784dee0548a52b82ac5dbe547c3e2a80ab695b19635
[INFO] running `Command { std: "docker" "start" "-a" "740caa4575728ec4efd7f784dee0548a52b82ac5dbe547c3e2a80ab695b19635", kill_on_drop: false }`
[INFO] [stderr]    Compiling proc-macro2 v1.0.67
[INFO] [stderr]    Compiling unicode-ident v1.0.12
[INFO] [stderr]    Compiling version_check v0.9.4
[INFO] [stderr]    Compiling syn v1.0.109
[INFO] [stderr]    Compiling proc-macro-error-attr v1.0.4
[INFO] [stderr]    Compiling proc-macro-error v1.0.4
[INFO] [stderr]    Compiling quote v1.0.33
[INFO] [stderr]    Compiling syn v2.0.37
[INFO] [stderr]    Compiling test-case-core v3.2.1
[INFO] [stderr]    Compiling test-case-macros v3.2.1
[INFO] [stderr]    Compiling test-case v3.2.1
[INFO] [stderr]    Compiling aoc2020 v0.1.0 (/opt/rustwide/workdir)
[INFO] [stdout] warning: function `part1` is never used
[INFO] [stdout]   --> bin/day16/main.rs:77:4
[INFO] [stdout]    |
[INFO] [stdout] 77 | fn part1() -> u64 {
[INFO] [stdout]    |    ^^^^^
[INFO] [stdout]    |
[INFO] [stdout]    = note: `#[warn(dead_code)]` on by default
[INFO] [stdout] 
[INFO] [stdout] 
[INFO] [stdout] warning: unused variable: `degree`
[INFO] [stdout]   --> bin/day12/main.rs:33:13
[INFO] [stdout]    |
[INFO] [stdout] 33 |     let mut degree: i32 = 0;
[INFO] [stdout]    |             ^^^^^^ help: if this is intentional, prefix it with an underscore: `_degree`
[INFO] [stdout]    |
[INFO] [stdout]    = note: `#[warn(unused_variables)]` on by default
[INFO] [stdout] 
[INFO] [stdout] 
[INFO] [stdout] warning: variable does not need to be mutable
[INFO] [stdout]   --> bin/day12/main.rs:33:9
[INFO] [stdout]    |
[INFO] [stdout] 33 |     let mut degree: i32 = 0;
[INFO] [stdout]    |         ----^^^^^^
[INFO] [stdout]    |         |
[INFO] [stdout]    |         help: remove this `mut`
[INFO] [stdout]    |
[INFO] [stdout]    = note: `#[warn(unused_mut)]` on by default
[INFO] [stdout] 
[INFO] [stdout] 
[INFO] [stdout] warning: function `part1` is never used
[INFO] [stdout]  --> bin/day12/main.rs:3:4
[INFO] [stdout]   |
[INFO] [stdout] 3 | fn part1(input: &str) -> i32 {
[INFO] [stdout]   |    ^^^^^
[INFO] [stdout]   |
[INFO] [stdout]   = note: `#[warn(dead_code)]` on by default
[INFO] [stdout] 
[INFO] [stdout] 
[INFO] [stdout] warning: method `answer_part1` is never used
[INFO] [stdout]   --> bin/day13/main.rs:45:8
[INFO] [stdout]    |
[INFO] [stdout] 21 | impl Station {
[INFO] [stdout]    | ------------ method in this implementation
[INFO] [stdout] ...
[INFO] [stdout] 45 |     fn answer_part1(&self) -> u64 {
[INFO] [stdout]    |        ^^^^^^^^^^^^
[INFO] [stdout]    |
[INFO] [stdout]    = note: `#[warn(dead_code)]` on by default
[INFO] [stdout] 
[INFO] [stdout] 
[INFO] [stdout] warning: function `apply_bm_part1` is never used
[INFO] [stdout]   --> bin/day14/main.rs:46:4
[INFO] [stdout]    |
[INFO] [stdout] 46 | fn apply_bm_part1(bm: &Vec<Option<u8>>, bin: Vec<u8>) -> u64 {
[INFO] [stdout]    |    ^^^^^^^^^^^^^^
[INFO] [stdout]    |
[INFO] [stdout]    = note: `#[warn(dead_code)]` on by default
[INFO] [stdout] 
[INFO] [stdout] 
[INFO] [stdout] warning: function `part1` is never used
[INFO] [stdout]   --> bin/day14/main.rs:56:4
[INFO] [stdout]    |
[INFO] [stdout] 56 | fn part1() -> u64 {
[INFO] [stdout]    |    ^^^^^
[INFO] [stdout] 
[INFO] [stdout] 
[INFO] [stdout] warning: methods `round_part1` and `neighbors_part1` are never used
[INFO] [stdout]   --> bin/day11/main.rs:15:8
[INFO] [stdout]    |
[INFO] [stdout] 14 | impl Grid {
[INFO] [stdout]    | --------- methods in this implementation
[INFO] [stdout] 15 |     fn round_part1(&mut self) {
[INFO] [stdout]    |        ^^^^^^^^^^^
[INFO] [stdout] ...
[INFO] [stdout] 73 |     fn neighbors_part1(&self, x: usize, y: usize) -> Vec<Cell> {
[INFO] [stdout]    |        ^^^^^^^^^^^^^^^
[INFO] [stdout]    |
[INFO] [stdout]    = note: `#[warn(dead_code)]` on by default
[INFO] [stdout] 
[INFO] [stdout] 
[INFO] [stdout] warning: function `part1` is never used
[INFO] [stdout]    --> bin/day11/main.rs:170:4
[INFO] [stdout]     |
[INFO] [stdout] 170 | fn part1() -> usize {
[INFO] [stdout]     |    ^^^^^
[INFO] [stdout] 
[INFO] [stdout] 
[INFO] [stdout] warning: method `count_Taken_seats` should have a snake case name
[INFO] [stdout]    --> bin/day11/main.rs:126:8
[INFO] [stdout]     |
[INFO] [stdout] 126 |     fn count_Taken_seats(&self) -> usize {
[INFO] [stdout]     |        ^^^^^^^^^^^^^^^^^ help: convert the identifier to snake case: `count_taken_seats`
[INFO] [stdout]     |
[INFO] [stdout]     = note: `#[warn(non_snake_case)]` on by default
[INFO] [stdout] 
[INFO] [stdout] 
[INFO] [stdout] warning: unused variable: `input`
[INFO] [stdout]  --> bin/day17/main.rs:2:9
[INFO] [stdout]   |
[INFO] [stdout] 2 |     let input = include_str!("input17.txt");
[INFO] [stdout]   |         ^^^^^ help: if this is intentional, prefix it with an underscore: `_input`
[INFO] [stdout]   |
[INFO] [stdout]   = note: `#[warn(unused_variables)]` on by default
[INFO] [stdout] 
[INFO] [stdout] 
[INFO] [stdout] warning: function `part1` is never used
[INFO] [stdout]   --> bin/day8/main.rs:38:4
[INFO] [stdout]    |
[INFO] [stdout] 38 | fn part1(input: &str) -> i32 {
[INFO] [stdout]    |    ^^^^^
[INFO] [stdout]    |
[INFO] [stdout]    = note: `#[warn(dead_code)]` on by default
[INFO] [stdout] 
[INFO] [stdout] 
[INFO] [stdout] warning: unused variable: `input`
[INFO] [stdout]  --> bin/day18/main.rs:2:9
[INFO] [stdout]   |
[INFO] [stdout] 2 |     let input = include_str!("input18.txt");
[INFO] [stdout]   |         ^^^^^ help: if this is intentional, prefix it with an underscore: `_input`
[INFO] [stdout]   |
[INFO] [stdout]   = note: `#[warn(unused_variables)]` on by default
[INFO] [stdout] 
[INFO] [stdout] 
[INFO] [stdout] warning: function `part1` is never used
[INFO] [stdout]  --> bin/day10/main.rs:2:4
[INFO] [stdout]   |
[INFO] [stdout] 2 | fn part1(input: &str) -> u32 {
[INFO] [stdout]   |    ^^^^^
[INFO] [stdout]   |
[INFO] [stdout]   = note: `#[warn(dead_code)]` on by default
[INFO] [stdout] 
[INFO] [stdout] 
[INFO] [stdout] warning: unused variable: `all_bags`
[INFO] [stdout]    --> bin/day7/main.rs:126:14
[INFO] [stdout]     |
[INFO] [stdout] 126 |     let (mut all_bags, bag_map) = process(input);
[INFO] [stdout]     |              ^^^^^^^^ help: if this is intentional, prefix it with an underscore: `_all_bags`
[INFO] [stdout]     |
[INFO] [stdout]     = note: `#[warn(unused_variables)]` on by default
[INFO] [stdout] 
[INFO] [stdout] 
[INFO] [stdout] warning: variable does not need to be mutable
[INFO] [stdout]    --> bin/day7/main.rs:126:10
[INFO] [stdout]     |
[INFO] [stdout] 126 |     let (mut all_bags, bag_map) = process(input);
[INFO] [stdout]     |          ----^^^^^^^^
[INFO] [stdout]     |          |
[INFO] [stdout]     |          help: remove this `mut`
[INFO] [stdout]     |
[INFO] [stdout]     = note: `#[warn(unused_mut)]` on by default
[INFO] [stdout] 
[INFO] [stdout] 
[INFO] [stdout] warning: method `dist` is never used
[INFO] [stdout]   --> bin/day7/main.rs:54:8
[INFO] [stdout]    |
[INFO] [stdout] 32 | impl Bag {
[INFO] [stdout]    | -------- method in this implementation
[INFO] [stdout] ...
[INFO] [stdout] 54 |     fn dist(&self, target: &str) -> bool {
[INFO] [stdout]    |        ^^^^
[INFO] [stdout]    |
[INFO] [stdout]    = note: `#[warn(dead_code)]` on by default
[INFO] [stdout] 
[INFO] [stdout] 
[INFO] [stdout] warning: function `part1` is never used
[INFO] [stdout]    --> bin/day7/main.rs:115:4
[INFO] [stdout]     |
[INFO] [stdout] 115 | fn part1(input: &str) -> usize {
[INFO] [stdout]     |    ^^^^^
[INFO] [stdout] 
[INFO] [stdout] 
[INFO] [stdout] warning: function `part2` is never used
[INFO] [stdout]   --> bin/day15/main.rs:41:4
[INFO] [stdout]    |
[INFO] [stdout] 41 | fn part2(input: Vec<u32>) -> u32 {
[INFO] [stdout]    |    ^^^^^
[INFO] [stdout]    |
[INFO] [stdout]    = note: `#[warn(dead_code)]` on by default
[INFO] [stdout] 
[INFO] [stdout] 
[INFO] [stderr]     Finished `test` profile [unoptimized + debuginfo] target(s) in 17.65s
[INFO] running `Command { std: "docker" "inspect" "740caa4575728ec4efd7f784dee0548a52b82ac5dbe547c3e2a80ab695b19635", kill_on_drop: false }`
[INFO] running `Command { std: "docker" "rm" "-f" "740caa4575728ec4efd7f784dee0548a52b82ac5dbe547c3e2a80ab695b19635", kill_on_drop: false }`
[INFO] [stdout] 740caa4575728ec4efd7f784dee0548a52b82ac5dbe547c3e2a80ab695b19635
[INFO] running `Command { std: "docker" "create" "-v" "/var/lib/crater-agent-workspace/builds/worker-2-tc2/target:/opt/rustwide/target:rw,Z" "-v" "/var/lib/crater-agent-workspace/builds/worker-2-tc2/source:/opt/rustwide/workdir:ro,Z" "-v" "/var/lib/crater-agent-workspace/cargo-home:/opt/rustwide/cargo-home:ro,Z" "-v" "/var/lib/crater-agent-workspace/rustup-home:/opt/rustwide/rustup-home:ro,Z" "-e" "SOURCE_DIR=/opt/rustwide/workdir" "-e" "CARGO_TARGET_DIR=/opt/rustwide/target" "-e" "CARGO_INCREMENTAL=0" "-e" "RUST_BACKTRACE=full" "-e" "RUSTFLAGS=--cap-lints=warn" "-e" "RUSTDOCFLAGS=--cap-lints=warn" "-e" "CARGO_HOME=/opt/rustwide/cargo-home" "-e" "RUSTUP_HOME=/opt/rustwide/rustup-home" "-w" "/opt/rustwide/workdir" "-m" "1610612736" "--user" "0:0" "--network" "none" "ghcr.io/rust-lang/crates-build-env/linux@sha256:f3a9d4ad9d972b27faf3965f35b62e55ba32bbce8f20bc8fe909558a86702fde" "/opt/rustwide/cargo-home/bin/cargo" "+beta-2024-12-08" "test" "--frozen", kill_on_drop: false }`
[INFO] [stdout] 801d5310903b81e1b325307b9d2d060b0a96585cda01f33e788ebe24b1a42383
[INFO] running `Command { std: "docker" "start" "-a" "801d5310903b81e1b325307b9d2d060b0a96585cda01f33e788ebe24b1a42383", kill_on_drop: false }`
[INFO] [stderr] warning: function `part1` is never used
[INFO] [stderr]  --> bin/day10/main.rs:2:4
[INFO] [stderr]   |
[INFO] [stderr] 2 | fn part1(input: &str) -> u32 {
[INFO] [stderr]   |    ^^^^^
[INFO] [stderr]   |
[INFO] [stderr]   = note: `#[warn(dead_code)]` on by default
[INFO] [stderr] 
[INFO] [stderr] warning: unused variable: `degree`
[INFO] [stderr]   --> bin/day12/main.rs:33:13
[INFO] [stderr]    |
[INFO] [stderr] 33 |     let mut degree: i32 = 0;
[INFO] [stderr]    |             ^^^^^^ help: if this is intentional, prefix it with an underscore: `_degree`
[INFO] [stderr]    |
[INFO] [stderr]    = note: `#[warn(unused_variables)]` on by default
[INFO] [stderr] 
[INFO] [stderr] warning: variable does not need to be mutable
[INFO] [stderr]   --> bin/day12/main.rs:33:9
[INFO] [stderr]    |
[INFO] [stderr] 33 |     let mut degree: i32 = 0;
[INFO] [stderr]    |         ----^^^^^^
[INFO] [stderr]    |         |
[INFO] [stderr]    |         help: remove this `mut`
[INFO] [stderr]    |
[INFO] [stderr]    = note: `#[warn(unused_mut)]` on by default
[INFO] [stderr] 
[INFO] [stderr] warning: function `part1` is never used
[INFO] [stderr]  --> bin/day12/main.rs:3:4
[INFO] [stderr]   |
[INFO] [stderr] 3 | fn part1(input: &str) -> i32 {
[INFO] [stderr]   |    ^^^^^
[INFO] [stderr]   |
[INFO] [stderr]   = note: `#[warn(dead_code)]` on by default
[INFO] [stderr] 
[INFO] [stderr] warning: function `part1` is never used
[INFO] [stderr]   --> bin/day8/main.rs:38:4
[INFO] [stderr]    |
[INFO] [stderr] 38 | fn part1(input: &str) -> i32 {
[INFO] [stderr]    |    ^^^^^
[INFO] [stderr]    |
[INFO] [stderr]    = note: `#[warn(dead_code)]` on by default
[INFO] [stderr] 
[INFO] [stderr] warning: `aoc2020` (bin "day10" test) generated 1 warning
[INFO] [stderr] warning: `aoc2020` (bin "day12" test) generated 3 warnings (run `cargo fix --bin "day12" --tests` to apply 1 suggestion)
[INFO] [stderr] warning: `aoc2020` (bin "day8" test) generated 1 warning
[INFO] [stderr] warning: function `apply_bm_part1` is never used
[INFO] [stderr]   --> bin/day14/main.rs:46:4
[INFO] [stderr]    |
[INFO] [stderr] 46 | fn apply_bm_part1(bm: &Vec<Option<u8>>, bin: Vec<u8>) -> u64 {
[INFO] [stderr]    |    ^^^^^^^^^^^^^^
[INFO] [stderr]    |
[INFO] [stderr]    = note: `#[warn(dead_code)]` on by default
[INFO] [stderr] 
[INFO] [stderr] warning: function `part1` is never used
[INFO] [stderr]   --> bin/day14/main.rs:56:4
[INFO] [stderr]    |
[INFO] [stderr] 56 | fn part1() -> u64 {
[INFO] [stderr]    |    ^^^^^
[INFO] [stderr] 
[INFO] [stderr] warning: unused variable: `all_bags`
[INFO] [stderr]    --> bin/day7/main.rs:126:14
[INFO] [stderr]     |
[INFO] [stderr] 126 |     let (mut all_bags, bag_map) = process(input);
[INFO] [stderr]     |              ^^^^^^^^ help: if this is intentional, prefix it with an underscore: `_all_bags`
[INFO] [stderr]     |
[INFO] [stderr]     = note: `#[warn(unused_variables)]` on by default
[INFO] [stderr] 
[INFO] [stderr] warning: variable does not need to be mutable
[INFO] [stderr]    --> bin/day7/main.rs:126:10
[INFO] [stderr]     |
[INFO] [stderr] 126 |     let (mut all_bags, bag_map) = process(input);
[INFO] [stderr]     |          ----^^^^^^^^
[INFO] [stderr]     |          |
[INFO] [stderr]     |          help: remove this `mut`
[INFO] [stderr]     |
[INFO] [stderr]     = note: `#[warn(unused_mut)]` on by default
[INFO] [stderr] 
[INFO] [stderr] warning: method `dist` is never used
[INFO] [stderr]   --> bin/day7/main.rs:54:8
[INFO] [stderr]    |
[INFO] [stderr] 32 | impl Bag {
[INFO] [stderr]    | -------- method in this implementation
[INFO] [stderr] ...
[INFO] [stderr] 54 |     fn dist(&self, target: &str) -> bool {
[INFO] [stderr]    |        ^^^^
[INFO] [stderr]    |
[INFO] [stderr]    = note: `#[warn(dead_code)]` on by default
[INFO] [stderr] 
[INFO] [stderr] warning: function `part1` is never used
[INFO] [stderr]    --> bin/day7/main.rs:115:4
[INFO] [stderr]     |
[INFO] [stderr] 115 | fn part1(input: &str) -> usize {
[INFO] [stderr]     |    ^^^^^
[INFO] [stderr] 
[INFO] [stderr] warning: function `part2` is never used
[INFO] [stderr]   --> bin/day15/main.rs:41:4
[INFO] [stderr]    |
[INFO] [stderr] 41 | fn part2(input: Vec<u32>) -> u32 {
[INFO] [stderr]    |    ^^^^^
[INFO] [stderr]    |
[INFO] [stderr]    = note: `#[warn(dead_code)]` on by default
[INFO] [stderr] 
[INFO] [stderr] warning: unused variable: `input`
[INFO] [stderr]  --> bin/day17/main.rs:2:9
[INFO] [stderr]   |
[INFO] [stderr] 2 |     let input = include_str!("input17.txt");
[INFO] [stderr]   |         ^^^^^ help: if this is intentional, prefix it with an underscore: `_input`
[INFO] [stderr]   |
[INFO] [stderr]   = note: `#[warn(unused_variables)]` on by default
[INFO] [stderr] 
[INFO] [stderr] warning: unused variable: `input`
[INFO] [stderr]  --> bin/day18/main.rs:2:9
[INFO] [stderr]   |
[INFO] [stderr] 2 |     let input = include_str!("input18.txt");
[INFO] [stderr]   |         ^^^^^ help: if this is intentional, prefix it with an underscore: `_input`
[INFO] [stderr]   |
[INFO] [stderr]   = note: `#[warn(unused_variables)]` on by default
[INFO] [stderr] 
[INFO] [stderr] warning: `aoc2020` (bin "day14" test) generated 2 warnings
[INFO] [stderr] warning: `aoc2020` (bin "day7" test) generated 4 warnings (run `cargo fix --bin "day7" --tests` to apply 1 suggestion)
[INFO] [stderr] warning: `aoc2020` (bin "day15" test) generated 1 warning
[INFO] [stderr] warning: `aoc2020` (bin "day17" test) generated 1 warning
[INFO] [stderr] warning: `aoc2020` (bin "day18" test) generated 1 warning
[INFO] [stderr] warning: method `answer_part1` is never used
[INFO] [stderr]   --> bin/day13/main.rs:45:8
[INFO] [stderr]    |
[INFO] [stderr] 21 | impl Station {
[INFO] [stderr]    | ------------ method in this implementation
[INFO] [stderr] ...
[INFO] [stderr] 45 |     fn answer_part1(&self) -> u64 {
[INFO] [stderr]    |        ^^^^^^^^^^^^
[INFO] [stderr]    |
[INFO] [stderr]    = note: `#[warn(dead_code)]` on by default
[INFO] [stderr] 
[INFO] [stderr] warning: methods `round_part1` and `neighbors_part1` are never used
[INFO] [stderr]   --> bin/day11/main.rs:15:8
[INFO] [stderr]    |
[INFO] [stderr] 14 | impl Grid {
[INFO] [stderr]    | --------- methods in this implementation
[INFO] [stderr] 15 |     fn round_part1(&mut self) {
[INFO] [stderr]    |        ^^^^^^^^^^^
[INFO] [stderr] ...
[INFO] [stderr] 73 |     fn neighbors_part1(&self, x: usize, y: usize) -> Vec<Cell> {
[INFO] [stderr]    |        ^^^^^^^^^^^^^^^
[INFO] [stderr]    |
[INFO] [stderr]    = note: `#[warn(dead_code)]` on by default
[INFO] [stderr] 
[INFO] [stderr] warning: function `part1` is never used
[INFO] [stderr]    --> bin/day11/main.rs:170:4
[INFO] [stderr]     |
[INFO] [stderr] 170 | fn part1() -> usize {
[INFO] [stderr]     |    ^^^^^
[INFO] [stderr] 
[INFO] [stderr] warning: method `count_Taken_seats` should have a snake case name
[INFO] [stderr]    --> bin/day11/main.rs:126:8
[INFO] [stderr]     |
[INFO] [stderr] 126 |     fn count_Taken_seats(&self) -> usize {
[INFO] [stderr]     |        ^^^^^^^^^^^^^^^^^ help: convert the identifier to snake case: `count_taken_seats`
[INFO] [stderr]     |
[INFO] [stderr]     = note: `#[warn(non_snake_case)]` on by default
[INFO] [stderr] 
[INFO] [stderr] warning: function `part1` is never used
[INFO] [stderr]   --> bin/day16/main.rs:77:4
[INFO] [stderr]    |
[INFO] [stderr] 77 | fn part1() -> u64 {
[INFO] [stderr]    |    ^^^^^
[INFO] [stderr]    |
[INFO] [stderr]    = note: `#[warn(dead_code)]` on by default
[INFO] [stderr] 
[INFO] [stderr] warning: `aoc2020` (bin "day13" test) generated 1 warning
[INFO] [stderr] warning: `aoc2020` (bin "day11" test) generated 3 warnings
[INFO] [stderr] warning: `aoc2020` (bin "day16" test) generated 1 warning
[INFO] [stderr]     Finished `test` profile [unoptimized + debuginfo] target(s) in 0.09s
[INFO] [stderr]      Running unittests src/lib.rs (/opt/rustwide/target/debug/deps/aoc2020-0d559fe0caf0c884)
[INFO] [stdout] 
[INFO] [stdout] running 2 tests
[INFO] [stdout] test tests::test_2 ... FAILED
[INFO] [stdout] test tests::test_1 ... FAILED
[INFO] [stdout] 
[INFO] [stdout] failures:
[INFO] [stdout] 
[INFO] [stdout] ---- tests::test_2 stdout ----
[INFO] [stdout] thread 'tests::test_2' panicked at src/lib.rs:80:28:
[INFO] [stdout] called `Option::unwrap()` on a `None` value
[INFO] [stdout] stack backtrace:
[INFO] [stdout]    0:     0x5d75ce60a95a - std::backtrace_rs::backtrace::libunwind::trace::h8810477743020387
[INFO] [stdout]                                at /rustc/202008a1b8de96d2e5b6bc02d379db03a877d34d/library/std/src/../../backtrace/src/backtrace/libunwind.rs:116:5
[INFO] [stdout]    1:     0x5d75ce60a95a - std::backtrace_rs::backtrace::trace_unsynchronized::h3aa55355dd6c54a6
[INFO] [stdout]                                at /rustc/202008a1b8de96d2e5b6bc02d379db03a877d34d/library/std/src/../../backtrace/src/backtrace/mod.rs:66:5
[INFO] [stdout]    2:     0x5d75ce60a95a - std::sys::backtrace::_print_fmt::h8588b0f62410823f
[INFO] [stdout]                                at /rustc/202008a1b8de96d2e5b6bc02d379db03a877d34d/library/std/src/sys/backtrace.rs:66:9
[INFO] [stdout]    3:     0x5d75ce60a95a - <std::sys::backtrace::BacktraceLock::print::DisplayBacktrace as core::fmt::Display>::fmt::h98c26ac25ffe89bb
[INFO] [stdout]                                at /rustc/202008a1b8de96d2e5b6bc02d379db03a877d34d/library/std/src/sys/backtrace.rs:39:26
[INFO] [stdout]    4:     0x5d75ce6303e3 - core::fmt::rt::Argument::fmt::hf95377f4aebd453b
[INFO] [stdout]                                at /rustc/202008a1b8de96d2e5b6bc02d379db03a877d34d/library/core/src/fmt/rt.rs:177:76
[INFO] [stdout]    5:     0x5d75ce6303e3 - core::fmt::write::h0dd5f6e2238c7982
[INFO] [stdout]                                at /rustc/202008a1b8de96d2e5b6bc02d379db03a877d34d/library/core/src/fmt/mod.rs:1189:21
[INFO] [stdout]    6:     0x5d75ce607af3 - std::io::Write::write_fmt::h03bb0ca26e6faf8c
[INFO] [stdout]                                at /rustc/202008a1b8de96d2e5b6bc02d379db03a877d34d/library/std/src/io/mod.rs:1884:15
[INFO] [stdout]    7:     0x5d75ce60a7a2 - std::sys::backtrace::BacktraceLock::print::h5c19c1c038ee186d
[INFO] [stdout]                                at /rustc/202008a1b8de96d2e5b6bc02d379db03a877d34d/library/std/src/sys/backtrace.rs:42:9
[INFO] [stdout]    8:     0x5d75ce60bddd - std::panicking::default_hook::{{closure}}::h77172f079a1fcb13
[INFO] [stdout]                                at /rustc/202008a1b8de96d2e5b6bc02d379db03a877d34d/library/std/src/panicking.rs:268:22
[INFO] [stdout]    9:     0x5d75ce60bbe7 - std::panicking::default_hook::he5f8e3b203ccddba
[INFO] [stdout]                                at /rustc/202008a1b8de96d2e5b6bc02d379db03a877d34d/library/std/src/panicking.rs:292:9
[INFO] [stdout]   10:     0x5d75ce5d5277 - <alloc::boxed::Box<F,A> as core::ops::function::Fn<Args>>::call::h7a3c7b4a1ae77f2f
[INFO] [stdout]                                at /rustc/202008a1b8de96d2e5b6bc02d379db03a877d34d/library/alloc/src/boxed.rs:1986:9
[INFO] [stdout]   11:     0x5d75ce5d5277 - test::test_main::{{closure}}::hf0d3b69ae9b353d1
[INFO] [stdout]                                at /rustc/202008a1b8de96d2e5b6bc02d379db03a877d34d/library/test/src/lib.rs:134:21
[INFO] [stdout]   12:     0x5d75ce60c488 - <alloc::boxed::Box<F,A> as core::ops::function::Fn<Args>>::call::h6332e82e7b189abd
[INFO] [stdout]                                at /rustc/202008a1b8de96d2e5b6bc02d379db03a877d34d/library/alloc/src/boxed.rs:1986:9
[INFO] [stdout]   13:     0x5d75ce60c488 - std::panicking::rust_panic_with_hook::h53863d4e9018df39
[INFO] [stdout]                                at /rustc/202008a1b8de96d2e5b6bc02d379db03a877d34d/library/std/src/panicking.rs:809:13
[INFO] [stdout]   14:     0x5d75ce60c216 - std::panicking::begin_panic_handler::{{closure}}::h67280e6fa0757873
[INFO] [stdout]                                at /rustc/202008a1b8de96d2e5b6bc02d379db03a877d34d/library/std/src/panicking.rs:667:13
[INFO] [stdout]   15:     0x5d75ce60ae39 - std::sys::backtrace::__rust_end_short_backtrace::h1dac3f54d6fbbeb2
[INFO] [stdout]                                at /rustc/202008a1b8de96d2e5b6bc02d379db03a877d34d/library/std/src/sys/backtrace.rs:170:18
[INFO] [stdout]   16:     0x5d75ce60bedc - rust_begin_unwind
[INFO] [stdout]                                at /rustc/202008a1b8de96d2e5b6bc02d379db03a877d34d/library/std/src/panicking.rs:665:5
[INFO] [stdout]   17:     0x5d75ce584ab0 - core::panicking::panic_fmt::h6792bd1b2bf01041
[INFO] [stdout]                                at /rustc/202008a1b8de96d2e5b6bc02d379db03a877d34d/library/core/src/panicking.rs:76:14
[INFO] [stdout]   18:     0x5d75ce584b3c - core::panicking::panic::hbb5c236a846c507c
[INFO] [stdout]                                at /rustc/202008a1b8de96d2e5b6bc02d379db03a877d34d/library/core/src/panicking.rs:148:5
[INFO] [stdout]   19:     0x5d75ce584a29 - core::option::unwrap_failed::hc5b7b0e3b50bafe9
[INFO] [stdout]                                at /rustc/202008a1b8de96d2e5b6bc02d379db03a877d34d/library/core/src/option.rs:2009:5
[INFO] [stdout]   20:     0x5d75ce597ed4 - core::option::Option<T>::unwrap::h9a2ae1124e30dca0
[INFO] [stdout]                                at /rustc/202008a1b8de96d2e5b6bc02d379db03a877d34d/library/core/src/option.rs:972:21
[INFO] [stdout]   21:     0x5d75ce597ed4 - aoc2020::part2::h76ad345b16459379
[INFO] [stdout]                                at /opt/rustwide/workdir/src/lib.rs:80:20
[INFO] [stdout]   22:     0x5d75ce598079 - aoc2020::tests::test_2::hed135341989fdd2d
[INFO] [stdout]                                at /opt/rustwide/workdir/src/lib.rs:95:26
[INFO] [stdout]   23:     0x5d75ce598057 - aoc2020::tests::test_2::{{closure}}::h24496a3be6c7c5fd
[INFO] [stdout]                                at /opt/rustwide/workdir/src/lib.rs:94:16
[INFO] [stdout]   24:     0x5d75ce59a096 - core::ops::function::FnOnce::call_once::hf23e2fa2d4202c2f
[INFO] [stdout]                                at /rustc/202008a1b8de96d2e5b6bc02d379db03a877d34d/library/core/src/ops/function.rs:250:5
[INFO] [stdout]   25:     0x5d75ce5d9d9b - core::ops::function::FnOnce::call_once::h871bf86719ec9aa4
[INFO] [stdout]                                at /rustc/202008a1b8de96d2e5b6bc02d379db03a877d34d/library/core/src/ops/function.rs:250:5
[INFO] [stdout]   26:     0x5d75ce5d9d9b - test::__rust_begin_short_backtrace::h2167df1e2b7d76fd
[INFO] [stdout]                                at /rustc/202008a1b8de96d2e5b6bc02d379db03a877d34d/library/test/src/lib.rs:632:18
[INFO] [stdout]   27:     0x5d75ce5d9788 - test::run_test_in_process::{{closure}}::h15d92f75a3adfb79
[INFO] [stdout]                                at /rustc/202008a1b8de96d2e5b6bc02d379db03a877d34d/library/test/src/lib.rs:655:60
[INFO] [stdout]   28:     0x5d75ce5d9788 - <core::panic::unwind_safe::AssertUnwindSafe<F> as core::ops::function::FnOnce<()>>::call_once::hb6c8955835a8dbbb
[INFO] [stdout]                                at /rustc/202008a1b8de96d2e5b6bc02d379db03a877d34d/library/core/src/panic/unwind_safe.rs:272:9
[INFO] [stdout]   29:     0x5d75ce5d9788 - std::panicking::try::do_call::hc79d0fc888a0bd30
[INFO] [stdout]                                at /rustc/202008a1b8de96d2e5b6bc02d379db03a877d34d/library/std/src/panicking.rs:557:40
[INFO] [stdout]   30:     0x5d75ce5d9788 - std::panicking::try::hb8a7878e3a8589d6
[INFO] [stdout]                                at /rustc/202008a1b8de96d2e5b6bc02d379db03a877d34d/library/std/src/panicking.rs:520:19
[INFO] [stdout]   31:     0x5d75ce5d9788 - std::panic::catch_unwind::hb8e4600ff0ff5cfa
[INFO] [stdout]                                at /rustc/202008a1b8de96d2e5b6bc02d379db03a877d34d/library/std/src/panic.rs:358:14
[INFO] [stdout]   32:     0x5d75ce5d9788 - test::run_test_in_process::hc2900b0b18688dd6
[INFO] [stdout]                                at /rustc/202008a1b8de96d2e5b6bc02d379db03a877d34d/library/test/src/lib.rs:655:27
[INFO] [stdout]   33:     0x5d75ce5d9788 - test::run_test::{{closure}}::hac2a9cb07be3d48d
[INFO] [stdout]                                at /rustc/202008a1b8de96d2e5b6bc02d379db03a877d34d/library/test/src/lib.rs:576:43
[INFO] [stdout]   34:     0x5d75ce59d22a - test::run_test::{{closure}}::h4a5b729e66a38cd8
[INFO] [stdout]                                at /rustc/202008a1b8de96d2e5b6bc02d379db03a877d34d/library/test/src/lib.rs:606:41
[INFO] [stdout]   35:     0x5d75ce59d22a - std::sys::backtrace::__rust_begin_short_backtrace::h0496fb742492f573
[INFO] [stdout]                                at /rustc/202008a1b8de96d2e5b6bc02d379db03a877d34d/library/std/src/sys/backtrace.rs:154:18
[INFO] [stdout]   36:     0x5d75ce5a0ba4 - std::thread::Builder::spawn_unchecked_::{{closure}}::{{closure}}::hbb6d257c550a54bd
[INFO] [stdout]                                at /rustc/202008a1b8de96d2e5b6bc02d379db03a877d34d/library/std/src/thread/mod.rs:561:17
[INFO] [stdout]   37:     0x5d75ce5a0ba4 - <core::panic::unwind_safe::AssertUnwindSafe<F> as core::ops::function::FnOnce<()>>::call_once::h46696fe4a6832328
[INFO] [stdout]                                at /rustc/202008a1b8de96d2e5b6bc02d379db03a877d34d/library/core/src/panic/unwind_safe.rs:272:9
[INFO] [stdout]   38:     0x5d75ce5a0ba4 - std::panicking::try::do_call::h2625a51b667bfb64
[INFO] [stdout]                                at /rustc/202008a1b8de96d2e5b6bc02d379db03a877d34d/library/std/src/panicking.rs:557:40
[INFO] [stdout]   39:     0x5d75ce5a0ba4 - std::panicking::try::hb956a59a1973aa4c
[INFO] [stdout]                                at /rustc/202008a1b8de96d2e5b6bc02d379db03a877d34d/library/std/src/panicking.rs:520:19
[INFO] [stdout]   40:     0x5d75ce5a0ba4 - std::panic::catch_unwind::h64f3b9d1067ef6a0
[INFO] [stdout]                                at /rustc/202008a1b8de96d2e5b6bc02d379db03a877d34d/library/std/src/panic.rs:358:14
[INFO] [stdout]   41:     0x5d75ce5a0ba4 - std::thread::Builder::spawn_unchecked_::{{closure}}::h42b2841295b6c0b2
[INFO] [stdout]                                at /rustc/202008a1b8de96d2e5b6bc02d379db03a877d34d/library/std/src/thread/mod.rs:559:30
[INFO] [stdout]   42:     0x5d75ce5a0ba4 - core::ops::function::FnOnce::call_once{{vtable.shim}}::h6127de71b8124639
[INFO] [stdout]                                at /rustc/202008a1b8de96d2e5b6bc02d379db03a877d34d/library/core/src/ops/function.rs:250:5
[INFO] [stdout]   43:     0x5d75ce6103cb - <alloc::boxed::Box<F,A> as core::ops::function::FnOnce<Args>>::call_once::h42f0ba71002a1b2c
[INFO] [stdout]                                at /rustc/202008a1b8de96d2e5b6bc02d379db03a877d34d/library/alloc/src/boxed.rs:1972:9
[INFO] [stdout]   44:     0x5d75ce6103cb - <alloc::boxed::Box<F,A> as core::ops::function::FnOnce<Args>>::call_once::had9e47d7a3dcecb8
[INFO] [stdout]                                at /rustc/202008a1b8de96d2e5b6bc02d379db03a877d34d/library/alloc/src/boxed.rs:1972:9
[INFO] [stdout]   45:     0x5d75ce6103cb - std::sys::pal::unix::thread::Thread::new::thread_start::h48cf765408f6f5f2
[INFO] [stdout]                                at /rustc/202008a1b8de96d2e5b6bc02d379db03a877d34d/library/std/src/sys/pal/unix/thread.rs:105:17
[INFO] [stdout]   46:     0x713803673ac3 - <unknown>
[INFO] [stdout]   47:     0x713803704a04 - clone
[INFO] [stdout]   48:                0x0 - <unknown>
[INFO] [stdout] 
[INFO] [stdout] ---- tests::test_1 stdout ----
[INFO] [stdout] thread 'tests::test_1' panicked at src/lib.rs:74:28:
[INFO] [stdout] called `Option::unwrap()` on a `None` value
[INFO] [stdout] stack backtrace:
[INFO] [stdout]    0:     0x5d75ce60a95a - std::backtrace_rs::backtrace::libunwind::trace::h8810477743020387
[INFO] [stdout]                                at /rustc/202008a1b8de96d2e5b6bc02d379db03a877d34d/library/std/src/../../backtrace/src/backtrace/libunwind.rs:116:5
[INFO] [stdout]    1:     0x5d75ce60a95a - std::backtrace_rs::backtrace::trace_unsynchronized::h3aa55355dd6c54a6
[INFO] [stdout]                                at /rustc/202008a1b8de96d2e5b6bc02d379db03a877d34d/library/std/src/../../backtrace/src/backtrace/mod.rs:66:5
[INFO] [stdout]    2:     0x5d75ce60a95a - std::sys::backtrace::_print_fmt::h8588b0f62410823f
[INFO] [stdout]                                at /rustc/202008a1b8de96d2e5b6bc02d379db03a877d34d/library/std/src/sys/backtrace.rs:66:9
[INFO] [stdout]    3:     0x5d75ce60a95a - <std::sys::backtrace::BacktraceLock::print::DisplayBacktrace as core::fmt::Display>::fmt::h98c26ac25ffe89bb
[INFO] [stdout]                                at /rustc/202008a1b8de96d2e5b6bc02d379db03a877d34d/library/std/src/sys/backtrace.rs:39:26
[INFO] [stdout]    4:     0x5d75ce6303e3 - core::fmt::rt::Argument::fmt::hf95377f4aebd453b
[INFO] [stdout]                                at /rustc/202008a1b8de96d2e5b6bc02d379db03a877d34d/library/core/src/fmt/rt.rs:177:76
[INFO] [stdout]    5:     0x5d75ce6303e3 - core::fmt::write::h0dd5f6e2238c7982
[INFO] [stdout]                                at /rustc/202008a1b8de96d2e5b6bc02d379db03a877d34d/library/core/src/fmt/mod.rs:1189:21
[INFO] [stdout]    6:     0x5d75ce607af3 - std::io::Write::write_fmt::h03bb0ca26e6faf8c
[INFO] [stdout]                                at /rustc/202008a1b8de96d2e5b6bc02d379db03a877d34d/library/std/src/io/mod.rs:1884:15
[INFO] [stdout]    7:     0x5d75ce60a7a2 - std::sys::backtrace::BacktraceLock::print::h5c19c1c038ee186d
[INFO] [stdout]                                at /rustc/202008a1b8de96d2e5b6bc02d379db03a877d34d/library/std/src/sys/backtrace.rs:42:9
[INFO] [stdout]    8:     0x5d75ce60bddd - std::panicking::default_hook::{{closure}}::h77172f079a1fcb13
[INFO] [stdout]                                at /rustc/202008a1b8de96d2e5b6bc02d379db03a877d34d/library/std/src/panicking.rs:268:22
[INFO] [stdout]    9:     0x5d75ce60bbe7 - std::panicking::default_hook::he5f8e3b203ccddba
[INFO] [stdout]                                at /rustc/202008a1b8de96d2e5b6bc02d379db03a877d34d/library/std/src/panicking.rs:292:9
[INFO] [stdout]   10:     0x5d75ce5d5277 - <alloc::boxed::Box<F,A> as core::ops::function::Fn<Args>>::call::h7a3c7b4a1ae77f2f
[INFO] [stdout]                                at /rustc/202008a1b8de96d2e5b6bc02d379db03a877d34d/library/alloc/src/boxed.rs:1986:9
[INFO] [stdout]   11:     0x5d75ce5d5277 - test::test_main::{{closure}}::hf0d3b69ae9b353d1
[INFO] [stdout]                                at /rustc/202008a1b8de96d2e5b6bc02d379db03a877d34d/library/test/src/lib.rs:134:21
[INFO] [stdout]   12:     0x5d75ce60c488 - <alloc::boxed::Box<F,A> as core::ops::function::Fn<Args>>::call::h6332e82e7b189abd
[INFO] [stdout]                                at /rustc/202008a1b8de96d2e5b6bc02d379db03a877d34d/library/alloc/src/boxed.rs:1986:9
[INFO] [stdout]   13:     0x5d75ce60c488 - std::panicking::rust_panic_with_hook::h53863d4e9018df39
[INFO] [stdout]                                at /rustc/202008a1b8de96d2e5b6bc02d379db03a877d34d/library/std/src/panicking.rs:809:13
[INFO] [stdout]   14:     0x5d75ce60c216 - std::panicking::begin_panic_handler::{{closure}}::h67280e6fa0757873
[INFO] [stdout]                                at /rustc/202008a1b8de96d2e5b6bc02d379db03a877d34d/library/std/src/panicking.rs:667:13
[INFO] [stdout]   15:     0x5d75ce60ae39 - std::sys::backtrace::__rust_end_short_backtrace::h1dac3f54d6fbbeb2
[INFO] [stdout]                                at /rustc/202008a1b8de96d2e5b6bc02d379db03a877d34d/library/std/src/sys/backtrace.rs:170:18
[INFO] [stdout]   16:     0x5d75ce60bedc - rust_begin_unwind
[INFO] [stdout]                                at /rustc/202008a1b8de96d2e5b6bc02d379db03a877d34d/library/std/src/panicking.rs:665:5
[INFO] [stdout]   17:     0x5d75ce584ab0 - core::panicking::panic_fmt::h6792bd1b2bf01041
[INFO] [stdout]                                at /rustc/202008a1b8de96d2e5b6bc02d379db03a877d34d/library/core/src/panicking.rs:76:14
[INFO] [stdout]   18:     0x5d75ce584b3c - core::panicking::panic::hbb5c236a846c507c
[INFO] [stdout]                                at /rustc/202008a1b8de96d2e5b6bc02d379db03a877d34d/library/core/src/panicking.rs:148:5
[INFO] [stdout]   19:     0x5d75ce584a29 - core::option::unwrap_failed::hc5b7b0e3b50bafe9
[INFO] [stdout]                                at /rustc/202008a1b8de96d2e5b6bc02d379db03a877d34d/library/core/src/option.rs:2009:5
[INFO] [stdout]   20:     0x5d75ce597db4 - core::option::Option<T>::unwrap::h9a2ae1124e30dca0
[INFO] [stdout]                                at /rustc/202008a1b8de96d2e5b6bc02d379db03a877d34d/library/core/src/option.rs:972:21
[INFO] [stdout]   21:     0x5d75ce597db4 - aoc2020::part1::hcd875aa724e836d9
[INFO] [stdout]                                at /opt/rustwide/workdir/src/lib.rs:74:20
[INFO] [stdout]   22:     0x5d75ce597fe9 - aoc2020::tests::test_1::he5c8d59b1b0a7036
[INFO] [stdout]                                at /opt/rustwide/workdir/src/lib.rs:91:24
[INFO] [stdout]   23:     0x5d75ce597fc7 - aoc2020::tests::test_1::{{closure}}::h85f146e70f64f23e
[INFO] [stdout]                                at /opt/rustwide/workdir/src/lib.rs:90:16
[INFO] [stdout]   24:     0x5d75ce599fa6 - core::ops::function::FnOnce::call_once::hdbc069e6c2df1435
[INFO] [stdout]                                at /rustc/202008a1b8de96d2e5b6bc02d379db03a877d34d/library/core/src/ops/function.rs:250:5
[INFO] [stdout]   25:     0x5d75ce5d9d9b - core::ops::function::FnOnce::call_once::h871bf86719ec9aa4
[INFO] [stdout]                                at /rustc/202008a1b8de96d2e5b6bc02d379db03a877d34d/library/core/src/ops/function.rs:250:5
[INFO] [stdout]   26:     0x5d75ce5d9d9b - test::__rust_begin_short_backtrace::h2167df1e2b7d76fd
[INFO] [stdout]                                at /rustc/202008a1b8de96d2e5b6bc02d379db03a877d34d/library/test/src/lib.rs:632:18
[INFO] [stdout]   27:     0x5d75ce5d9788 - test::run_test_in_process::{{closure}}::h15d92f75a3adfb79
[INFO] [stdout]                                at /rustc/202008a1b8de96d2e5b6bc02d379db03a877d34d/library/test/src/lib.rs:655:60
[INFO] [stdout]   28:     0x5d75ce5d9788 - <core::panic::unwind_safe::AssertUnwindSafe<F> as core::ops::function::FnOnce<()>>::call_once::hb6c8955835a8dbbb
[INFO] [stdout]                                at /rustc/202008a1b8de96d2e5b6bc02d379db03a877d34d/library/core/src/panic/unwind_safe.rs:272:9
[INFO] [stdout]   29:     0x5d75ce5d9788 - std::panicking::try::do_call::hc79d0fc888a0bd30
[INFO] [stdout]                                at /rustc/202008a1b8de96d2e5b6bc02d379db03a877d34d/library/std/src/panicking.rs:557:40
[INFO] [stdout]   30:     0x5d75ce5d9788 - std::panicking::try::hb8a7878e3a8589d6
[INFO] [stdout]                                at /rustc/202008a1b8de96d2e5b6bc02d379db03a877d34d/library/std/src/panicking.rs:520:19
[INFO] [stdout]   31:     0x5d75ce5d9788 - std::panic::catch_unwind::hb8e4600ff0ff5cfa
[INFO] [stdout]                                at /rustc/202008a1b8de96d2e5b6bc02d379db03a877d34d/library/std/src/panic.rs:358:14
[INFO] [stdout]   32:     0x5d75ce5d9788 - test::run_test_in_process::hc2900b0b18688dd6
[INFO] [stdout]                                at /rustc/202008a1b8de96d2e5b6bc02d379db03a877d34d/library/test/src/lib.rs:655:27
[INFO] [stdout]   33:     0x5d75ce5d9788 - test::run_test::{{closure}}::hac2a9cb07be3d48d
[INFO] [stdout]                                at /rustc/202008a1b8de96d2e5b6bc02d379db03a877d34d/library/test/src/lib.rs:576:43
[INFO] [stdout]   34:     0x5d75ce59d22a - test::run_test::{{closure}}::h4a5b729e66a38cd8
[INFO] [stdout]                                at /rustc/202008a1b8de96d2e5b6bc02d379db03a877d34d/library/test/src/lib.rs:606:41
[INFO] [stdout]   35:     0x5d75ce59d22a - std::sys::backtrace::__rust_begin_short_backtrace::h0496fb742492f573
[INFO] [stdout]                                at /rustc/202008a1b8de96d2e5b6bc02d379db03a877d34d/library/std/src/sys/backtrace.rs:154:18
[INFO] [stdout]   36:     0x5d75ce5a0ba4 - std::thread::Builder::spawn_unchecked_::{{closure}}::{{closure}}::hbb6d257c550a54bd
[INFO] [stdout]                                at /rustc/202008a1b8de96d2e5b6bc02d379db03a877d34d/library/std/src/thread/mod.rs:561:17
[INFO] [stdout]   37:     0x5d75ce5a0ba4 - <core::panic::unwind_safe::AssertUnwindSafe<F> as core::ops::function::FnOnce<()>>::call_once::h46696fe4a6832328
[INFO] [stdout]                                at /rustc/202008a1b8de96d2e5b6bc02d379db03a877d34d/library/core/src/panic/unwind_safe.rs:272:9
[INFO] [stdout]   38:     0x5d75ce5a0ba4 - std::panicking::try::do_call::h2625a51b667bfb64
[INFO] [stdout]                                at /rustc/202008a1b8de96d2e5b6bc02d379db03a877d34d/library/std/src/panicking.rs:557:40
[INFO] [stdout]   39:     0x5d75ce5a0ba4 - std::panicking::try::hb956a59a1973aa4c
[INFO] [stdout]                                at /rustc/202008a1b8de96d2e5b6bc02d379db03a877d34d/library/std/src/panicking.rs:520:19
[INFO] [stdout]   40:     0x5d75ce5a0ba4 - std::panic::catch_unwind::h64f3b9d1067ef6a0
[INFO] [stdout]                                at /rustc/202008a1b8de96d2e5b6bc02d379db03a877d34d/library/std/src/panic.rs:358:14
[INFO] [stdout]   41:     0x5d75ce5a0ba4 - std::thread::Builder::spawn_unchecked_::{{closure}}::h42b2841295b6c0b2
[INFO] [stdout]                                at /rustc/202008a1b8de96d2e5b6bc02d379db03a877d34d/library/std/src/thread/mod.rs:559:30
[INFO] [stdout]   42:     0x5d75ce5a0ba4 - core::ops::function::FnOnce::call_once{{vtable.shim}}::h6127de71b8124639
[INFO] [stdout]                                at /rustc/202008a1b8de96d2e5b6bc02d379db03a877d34d/library/core/src/ops/function.rs:250:5
[INFO] [stdout]   43:     0x5d75ce6103cb - <alloc::boxed::Box<F,A> as core::ops::function::FnOnce<Args>>::call_once::h42f0ba71002a1b2c
[INFO] [stdout]                                at /rustc/202008a1b8de96d2e5b6bc02d379db03a877d34d/library/alloc/src/boxed.rs:1972:9
[INFO] [stdout]   44:     0x5d75ce6103cb - <alloc::boxed::Box<F,A> as core::ops::function::FnOnce<Args>>::call_once::had9e47d7a3dcecb8
[INFO] [stdout]                                at /rustc/202008a1b8de96d2e5b6bc02d379db03a877d34d/library/alloc/src/boxed.rs:1972:9
[INFO] [stdout]   45:     0x5d75ce6103cb - std::sys::pal::unix::thread::Thread::new::thread_start::h48cf765408f6f5f2
[INFO] [stdout]                                at /rustc/202008a1b8de96d2e5b6bc02d379db03a877d34d/library/std/src/sys/pal/unix/thread.rs:105:17
[INFO] [stdout]   46:     0x713803673ac3 - <unknown>
[INFO] [stdout]   47:     0x713803704a04 - clone
[INFO] [stdout]   48:                0x0 - <unknown>
[INFO] [stdout] 
[INFO] [stdout] 
[INFO] [stdout] failures:
[INFO] [stdout]     tests::test_1
[INFO] [stdout]     tests::test_2
[INFO] [stdout] 
[INFO] [stdout] test result: FAILED. 0 passed; 2 failed; 0 ignored; 0 measured; 0 filtered out; finished in 0.05s
[INFO] [stdout] 
[INFO] [stderr] error: test failed, to rerun pass `--lib`
[INFO] running `Command { std: "docker" "inspect" "801d5310903b81e1b325307b9d2d060b0a96585cda01f33e788ebe24b1a42383", kill_on_drop: false }`
[INFO] running `Command { std: "docker" "rm" "-f" "801d5310903b81e1b325307b9d2d060b0a96585cda01f33e788ebe24b1a42383", kill_on_drop: false }`
[INFO] [stdout] 801d5310903b81e1b325307b9d2d060b0a96585cda01f33e788ebe24b1a42383
