[INFO] cloning repository https://github.com/NavyD/watcher
[INFO] running `Command { std: "git" "-c" "credential.helper=" "-c" "credential.helper=/workspace/cargo-home/bin/git-credential-null" "clone" "--bare" "https://github.com/NavyD/watcher" "/workspace/cache/git-repos/https%3A%2F%2Fgithub.com%2FNavyD%2Fwatcher", kill_on_drop: false }`
[INFO] [stderr] Cloning into bare repository '/workspace/cache/git-repos/https%3A%2F%2Fgithub.com%2FNavyD%2Fwatcher'...
[INFO] running `Command { std: "git" "rev-parse" "HEAD", kill_on_drop: false }`
[INFO] [stdout] 092b99002aa34b0f0a8a463af7cec3511402d7ed
[INFO] testing NavyD/watcher against beta-2024-12-08 for beta-1.84.0-4-retry
[INFO] running `Command { std: "git" "clone" "/workspace/cache/git-repos/https%3A%2F%2Fgithub.com%2FNavyD%2Fwatcher" "/workspace/builds/worker-1-tc2/source", kill_on_drop: false }`
[INFO] [stderr] Cloning into '/workspace/builds/worker-1-tc2/source'...
[INFO] [stderr] done.
[INFO] validating manifest of git repo https://github.com/NavyD/watcher on toolchain beta-2024-12-08
[INFO] running `Command { std: CARGO_HOME="/workspace/cargo-home" RUSTUP_HOME="/workspace/rustup-home" "/workspace/cargo-home/bin/cargo" "+beta-2024-12-08" "metadata" "--manifest-path" "Cargo.toml" "--no-deps", kill_on_drop: false }`
[INFO] started tweaking git repo https://github.com/NavyD/watcher
[INFO] finished tweaking git repo https://github.com/NavyD/watcher
[INFO] tweaked toml for git repo https://github.com/NavyD/watcher written to /workspace/builds/worker-1-tc2/source/Cargo.toml
[INFO] crate git repo https://github.com/NavyD/watcher already has a lockfile, it will not be regenerated
[INFO] running `Command { std: CARGO_HOME="/workspace/cargo-home" RUSTUP_HOME="/workspace/rustup-home" "/workspace/cargo-home/bin/cargo" "+beta-2024-12-08" "fetch" "--manifest-path" "Cargo.toml", kill_on_drop: false }`
[INFO] running `Command { std: "docker" "create" "-v" "/var/lib/crater-agent-workspace/builds/worker-1-tc2/target:/opt/rustwide/target:rw,Z" "-v" "/var/lib/crater-agent-workspace/builds/worker-1-tc2/source:/opt/rustwide/workdir:ro,Z" "-v" "/var/lib/crater-agent-workspace/cargo-home:/opt/rustwide/cargo-home:ro,Z" "-v" "/var/lib/crater-agent-workspace/rustup-home:/opt/rustwide/rustup-home:ro,Z" "-e" "SOURCE_DIR=/opt/rustwide/workdir" "-e" "CARGO_TARGET_DIR=/opt/rustwide/target" "-e" "CARGO_HOME=/opt/rustwide/cargo-home" "-e" "RUSTUP_HOME=/opt/rustwide/rustup-home" "-w" "/opt/rustwide/workdir" "-m" "1610612736" "--user" "0:0" "--network" "none" "ghcr.io/rust-lang/crates-build-env/linux@sha256:f3a9d4ad9d972b27faf3965f35b62e55ba32bbce8f20bc8fe909558a86702fde" "/opt/rustwide/cargo-home/bin/cargo" "+beta-2024-12-08" "metadata" "--no-deps" "--format-version=1", kill_on_drop: false }`
[INFO] [stdout] c81e3c02ca640791eb03cdc317b7a9cc9ba149db8e50c31740078f243cab5e18
[INFO] running `Command { std: "docker" "start" "-a" "c81e3c02ca640791eb03cdc317b7a9cc9ba149db8e50c31740078f243cab5e18", kill_on_drop: false }`
[INFO] running `Command { std: "docker" "inspect" "c81e3c02ca640791eb03cdc317b7a9cc9ba149db8e50c31740078f243cab5e18", kill_on_drop: false }`
[INFO] running `Command { std: "docker" "rm" "-f" "c81e3c02ca640791eb03cdc317b7a9cc9ba149db8e50c31740078f243cab5e18", kill_on_drop: false }`
[INFO] [stdout] c81e3c02ca640791eb03cdc317b7a9cc9ba149db8e50c31740078f243cab5e18
[INFO] running `Command { std: "docker" "create" "-v" "/var/lib/crater-agent-workspace/builds/worker-1-tc2/target:/opt/rustwide/target:rw,Z" "-v" "/var/lib/crater-agent-workspace/builds/worker-1-tc2/source:/opt/rustwide/workdir:ro,Z" "-v" "/var/lib/crater-agent-workspace/cargo-home:/opt/rustwide/cargo-home:ro,Z" "-v" "/var/lib/crater-agent-workspace/rustup-home:/opt/rustwide/rustup-home:ro,Z" "-e" "SOURCE_DIR=/opt/rustwide/workdir" "-e" "CARGO_TARGET_DIR=/opt/rustwide/target" "-e" "CARGO_INCREMENTAL=0" "-e" "RUST_BACKTRACE=full" "-e" "RUSTFLAGS=--cap-lints=warn" "-e" "RUSTDOCFLAGS=--cap-lints=warn" "-e" "CARGO_HOME=/opt/rustwide/cargo-home" "-e" "RUSTUP_HOME=/opt/rustwide/rustup-home" "-w" "/opt/rustwide/workdir" "-m" "1610612736" "--user" "0:0" "--network" "none" "ghcr.io/rust-lang/crates-build-env/linux@sha256:f3a9d4ad9d972b27faf3965f35b62e55ba32bbce8f20bc8fe909558a86702fde" "/opt/rustwide/cargo-home/bin/cargo" "+beta-2024-12-08" "build" "--frozen" "--message-format=json", kill_on_drop: false }`
[INFO] [stdout] c9aa57220b38bf450326f953ff31874a2a25515cbc318327b69871238d1edc49
[INFO] running `Command { std: "docker" "start" "-a" "c9aa57220b38bf450326f953ff31874a2a25515cbc318327b69871238d1edc49", kill_on_drop: false }`
[INFO] [stderr]    Compiling proc-macro2 v1.0.66
[INFO] [stderr]    Compiling unicode-ident v1.0.11
[INFO] [stderr]    Compiling rustix v0.38.6
[INFO] [stderr]    Compiling linux-raw-sys v0.4.5
[INFO] [stderr]    Compiling libc v0.2.147
[INFO] [stderr]    Compiling bitflags v2.3.3
[INFO] [stderr]    Compiling heck v0.4.1
[INFO] [stderr]    Compiling utf8parse v0.2.1
[INFO] [stderr]    Compiling colorchoice v1.0.0
[INFO] [stderr]    Compiling rustversion v1.0.14
[INFO] [stderr]    Compiling syn v1.0.109
[INFO] [stderr]    Compiling regex-syntax v0.7.4
[INFO] [stderr]    Compiling anstyle-query v1.0.0
[INFO] [stderr]    Compiling anstyle v1.0.1
[INFO] [stderr]    Compiling log v0.4.19
[INFO] [stderr]    Compiling aho-corasick v1.0.2
[INFO] [stderr]    Compiling clap_lex v0.5.0
[INFO] [stderr]    Compiling anstyle-parse v0.2.1
[INFO] [stderr]    Compiling once_cell v1.18.0
[INFO] [stderr]    Compiling anyhow v1.0.72
[INFO] [stderr]    Compiling same-file v1.0.6
[INFO] [stderr]    Compiling bstr v1.6.0
[INFO] [stderr]    Compiling either v1.9.0
[INFO] [stderr]    Compiling termcolor v1.2.0
[INFO] [stderr]    Compiling fnv v1.0.7
[INFO] [stderr]    Compiling walkdir v2.3.3
[INFO] [stderr]    Compiling humantime v2.1.0
[INFO] [stderr]    Compiling fake-tty v0.3.1
[INFO] [stderr]    Compiling itertools v0.10.5
[INFO] [stderr]    Compiling shlex v1.1.0
[INFO] [stderr]    Compiling quote v1.0.32
[INFO] [stderr]    Compiling syn v2.0.28
[INFO] [stderr]    Compiling inotify-sys v0.1.5
[INFO] [stderr]    Compiling filetime v0.2.21
[INFO] [stderr]    Compiling mio v0.8.8
[INFO] [stderr]    Compiling inotify v0.9.6
[INFO] [stderr]    Compiling is-terminal v0.4.9
[INFO] [stderr]    Compiling anstream v0.3.2
[INFO] [stderr]    Compiling regex-automata v0.3.4
[INFO] [stderr]    Compiling clap_builder v4.3.19
[INFO] [stderr]    Compiling notify v5.2.0
[INFO] [stderr]    Compiling strum_macros v0.24.3
[INFO] [stderr]    Compiling clap_derive v4.3.12
[INFO] [stderr]    Compiling regex v1.9.1
[INFO] [stderr]    Compiling strum v0.24.1
[INFO] [stderr]    Compiling env_logger v0.10.0
[INFO] [stderr]    Compiling globset v0.4.12
[INFO] [stderr]    Compiling clap v4.3.19
[INFO] [stderr]    Compiling clap_complete v4.3.2
[INFO] [stderr]    Compiling watcher v0.5.3 (/opt/rustwide/workdir)
[INFO] [stderr]     Finished `dev` profile [unoptimized + debuginfo] target(s) in 19.78s
[INFO] running `Command { std: "docker" "inspect" "c9aa57220b38bf450326f953ff31874a2a25515cbc318327b69871238d1edc49", kill_on_drop: false }`
[INFO] running `Command { std: "docker" "rm" "-f" "c9aa57220b38bf450326f953ff31874a2a25515cbc318327b69871238d1edc49", kill_on_drop: false }`
[INFO] [stdout] c9aa57220b38bf450326f953ff31874a2a25515cbc318327b69871238d1edc49
[INFO] running `Command { std: "docker" "create" "-v" "/var/lib/crater-agent-workspace/builds/worker-1-tc2/target:/opt/rustwide/target:rw,Z" "-v" "/var/lib/crater-agent-workspace/builds/worker-1-tc2/source:/opt/rustwide/workdir:ro,Z" "-v" "/var/lib/crater-agent-workspace/cargo-home:/opt/rustwide/cargo-home:ro,Z" "-v" "/var/lib/crater-agent-workspace/rustup-home:/opt/rustwide/rustup-home:ro,Z" "-e" "SOURCE_DIR=/opt/rustwide/workdir" "-e" "CARGO_TARGET_DIR=/opt/rustwide/target" "-e" "CARGO_INCREMENTAL=0" "-e" "RUST_BACKTRACE=full" "-e" "RUSTFLAGS=--cap-lints=warn" "-e" "RUSTDOCFLAGS=--cap-lints=warn" "-e" "CARGO_HOME=/opt/rustwide/cargo-home" "-e" "RUSTUP_HOME=/opt/rustwide/rustup-home" "-w" "/opt/rustwide/workdir" "-m" "1610612736" "--user" "0:0" "--network" "none" "ghcr.io/rust-lang/crates-build-env/linux@sha256:f3a9d4ad9d972b27faf3965f35b62e55ba32bbce8f20bc8fe909558a86702fde" "/opt/rustwide/cargo-home/bin/cargo" "+beta-2024-12-08" "test" "--frozen" "--no-run" "--message-format=json", kill_on_drop: false }`
[INFO] [stdout] 152629c0263ba9d688da4d59c517f0d88f90bb825690fb124f287c704b8b6692
[INFO] running `Command { std: "docker" "start" "-a" "152629c0263ba9d688da4d59c517f0d88f90bb825690fb124f287c704b8b6692", kill_on_drop: false }`
[INFO] [stderr]    Compiling rustix v0.38.6
[INFO] [stderr]    Compiling syn v1.0.109
[INFO] [stderr]    Compiling ppv-lite86 v0.2.17
[INFO] [stderr]    Compiling getrandom v0.2.10
[INFO] [stderr]    Compiling fastrand v2.0.0
[INFO] [stderr]    Compiling rand_core v0.6.4
[INFO] [stderr]    Compiling rand_chacha v0.3.1
[INFO] [stderr]    Compiling rand v0.8.5
[INFO] [stderr]    Compiling is-terminal v0.4.9
[INFO] [stderr]    Compiling tempfile v3.7.0
[INFO] [stderr]    Compiling anstream v0.3.2
[INFO] [stderr]    Compiling env_logger v0.10.0
[INFO] [stderr]    Compiling clap_builder v4.3.19
[INFO] [stderr]    Compiling strum_macros v0.24.3
[INFO] [stderr]    Compiling ctor v0.1.26
[INFO] [stderr]    Compiling clap v4.3.19
[INFO] [stderr]    Compiling clap_complete v4.3.2
[INFO] [stderr]    Compiling strum v0.24.1
[INFO] [stderr]    Compiling watcher v0.5.3 (/opt/rustwide/workdir)
[INFO] [stderr]     Finished `test` profile [unoptimized + debuginfo] target(s) in 12.68s
[INFO] running `Command { std: "docker" "inspect" "152629c0263ba9d688da4d59c517f0d88f90bb825690fb124f287c704b8b6692", kill_on_drop: false }`
[INFO] running `Command { std: "docker" "rm" "-f" "152629c0263ba9d688da4d59c517f0d88f90bb825690fb124f287c704b8b6692", kill_on_drop: false }`
[INFO] [stdout] 152629c0263ba9d688da4d59c517f0d88f90bb825690fb124f287c704b8b6692
[INFO] running `Command { std: "docker" "create" "-v" "/var/lib/crater-agent-workspace/builds/worker-1-tc2/target:/opt/rustwide/target:rw,Z" "-v" "/var/lib/crater-agent-workspace/builds/worker-1-tc2/source:/opt/rustwide/workdir:ro,Z" "-v" "/var/lib/crater-agent-workspace/cargo-home:/opt/rustwide/cargo-home:ro,Z" "-v" "/var/lib/crater-agent-workspace/rustup-home:/opt/rustwide/rustup-home:ro,Z" "-e" "SOURCE_DIR=/opt/rustwide/workdir" "-e" "CARGO_TARGET_DIR=/opt/rustwide/target" "-e" "CARGO_INCREMENTAL=0" "-e" "RUST_BACKTRACE=full" "-e" "RUSTFLAGS=--cap-lints=warn" "-e" "RUSTDOCFLAGS=--cap-lints=warn" "-e" "CARGO_HOME=/opt/rustwide/cargo-home" "-e" "RUSTUP_HOME=/opt/rustwide/rustup-home" "-w" "/opt/rustwide/workdir" "-m" "1610612736" "--user" "0:0" "--network" "none" "ghcr.io/rust-lang/crates-build-env/linux@sha256:f3a9d4ad9d972b27faf3965f35b62e55ba32bbce8f20bc8fe909558a86702fde" "/opt/rustwide/cargo-home/bin/cargo" "+beta-2024-12-08" "test" "--frozen", kill_on_drop: false }`
[INFO] [stdout] 9b55b2a4871d00e6385776c797907b21d244cde3d2559485d8f3f2b30ba1cf01
[INFO] running `Command { std: "docker" "start" "-a" "9b55b2a4871d00e6385776c797907b21d244cde3d2559485d8f3f2b30ba1cf01", kill_on_drop: false }`
[INFO] [stderr]     Finished `test` profile [unoptimized + debuginfo] target(s) in 0.09s
[INFO] [stderr]      Running unittests src/main.rs (/opt/rustwide/target/debug/deps/watcher-5d1195083c83b403)
[INFO] [stdout] 
[INFO] [stdout] running 5 tests
[INFO] [stdout] test tests::test_args ... ok
[INFO] [stdout] test tests::test_interested_mock ... ok
[INFO] [stdout] test tests::test_interested_excludes ... ok
[INFO] [stdout] test tests::test_watcher_iter ... ok
[INFO] [stderr] error: test failed, to rerun pass `--bin watcher`
[INFO] [stdout] test tests::test_single_handler ... FAILED
[INFO] [stdout] 
[INFO] [stdout] failures:
[INFO] [stdout] 
[INFO] [stdout] ---- tests::test_single_handler stdout ----
[INFO] [stdout] [2024-12-14T06:25:14Z INFO  watcher::tests] sending event None
[INFO] [stdout] [2024-12-14T06:25:14Z TRACE watcher] checking timeout last info `None` for child process none
[INFO] [stdout] [2024-12-14T06:25:15Z INFO  watcher::tests] sending event Some(EventInfo { event: Create, paths: ["a.txt"] })
[INFO] [stdout] [2024-12-14T06:25:15Z INFO  watcher] found new event create in path ["a.txt"]
[INFO] [stdout] [2024-12-14T06:25:15Z DEBUG watcher] waiting event info EventInfo { event: Create, paths: ["a.txt"] } for next timeout
[INFO] [stdout] [2024-12-14T06:25:15Z INFO  watcher::tests] sending event Some(EventInfo { event: Create, paths: ["b.txt"] })
[INFO] [stdout] [2024-12-14T06:25:15Z INFO  watcher] found new event create in path ["b.txt"]
[INFO] [stdout] [2024-12-14T06:25:15Z DEBUG watcher] waiting event info EventInfo { event: Create, paths: ["b.txt"] } for next timeout
[INFO] [stdout] [2024-12-14T06:25:16Z INFO  watcher::tests] sending event None
[INFO] [stdout] [2024-12-14T06:25:16Z TRACE watcher] checking timeout last info `Some(EventInfo { event: Create, paths: ["b.txt"] })` for child process none
[INFO] [stdout] [2024-12-14T06:25:16Z DEBUG watcher] spawning new process with args: ProcessArgs { tty: false, send_stdin: true, command: "false" }
[INFO] [stdout] starting new process by command: `false`
[INFO] [stdout] [2024-12-14T06:25:16Z TRACE watcher] executing command `false` with args: ["false"]
[INFO] [stdout] [2024-12-14T06:25:16Z TRACE watcher] Writing info `EventInfo { event: Create, paths: ["b.txt"] }` to be formatted to the stdin of process 17
[INFO] [stdout] [2024-12-14T06:25:16Z INFO  watcher::tests] sending event None
[INFO] [stdout] [2024-12-14T06:25:16Z TRACE watcher] checking timeout last info `None` for child process 17
[INFO] [stdout] [2024-12-14T06:25:16Z TRACE watcher] found exited process 17 with status: Some(1)
[INFO] [stdout] [2024-12-14T06:25:16Z ERROR watcher] failed to run command `false` with status 1
[INFO] [stdout] [2024-12-14T06:25:17Z INFO  watcher::tests] sending event Some(EventInfo { event: Create, paths: ["c.txt"] })
[INFO] [stdout] [2024-12-14T06:25:17Z INFO  watcher] found new event create in path ["c.txt"]
[INFO] [stdout] [2024-12-14T06:25:17Z DEBUG watcher] waiting event info EventInfo { event: Create, paths: ["c.txt"] } for next timeout
[INFO] [stdout] [2024-12-14T06:25:17Z INFO  watcher::tests] sending event None
[INFO] [stdout] [2024-12-14T06:25:17Z TRACE watcher] checking timeout last info `Some(EventInfo { event: Create, paths: ["c.txt"] })` for child process none
[INFO] [stdout] [2024-12-14T06:25:17Z DEBUG watcher] spawning new process with args: ProcessArgs { tty: false, send_stdin: true, command: "false" }
[INFO] [stdout] starting new process by command: `false`
[INFO] [stdout] [2024-12-14T06:25:17Z TRACE watcher] executing command `false` with args: ["false"]
[INFO] [stdout] [2024-12-14T06:25:17Z TRACE watcher] Writing info `EventInfo { event: Create, paths: ["c.txt"] }` to be formatted to the stdin of process 18
[INFO] [stdout] [2024-12-14T06:25:17Z DEBUG watcher::tests] handler result: Err(Broken pipe (os error 32))
[INFO] [stdout] thread 'tests::test_single_handler' panicked at src/main.rs:718:9:
[INFO] [stdout] assertion failed: res.unwrap_err().to_string().contains("events hang up")
[INFO] [stdout] stack backtrace:
[INFO] [stdout]    0:     0x5cec5abb4e8a - std::backtrace_rs::backtrace::libunwind::trace::h8810477743020387
[INFO] [stdout]                                at /rustc/202008a1b8de96d2e5b6bc02d379db03a877d34d/library/std/src/../../backtrace/src/backtrace/libunwind.rs:116:5
[INFO] [stdout]    1:     0x5cec5abb4e8a - std::backtrace_rs::backtrace::trace_unsynchronized::h3aa55355dd6c54a6
[INFO] [stdout]                                at /rustc/202008a1b8de96d2e5b6bc02d379db03a877d34d/library/std/src/../../backtrace/src/backtrace/mod.rs:66:5
[INFO] [stdout]    2:     0x5cec5abb4e8a - std::sys::backtrace::_print_fmt::h8588b0f62410823f
[INFO] [stdout]                                at /rustc/202008a1b8de96d2e5b6bc02d379db03a877d34d/library/std/src/sys/backtrace.rs:66:9
[INFO] [stdout]    3:     0x5cec5abb4e8a - <std::sys::backtrace::BacktraceLock::print::DisplayBacktrace as core::fmt::Display>::fmt::h98c26ac25ffe89bb
[INFO] [stdout]                                at /rustc/202008a1b8de96d2e5b6bc02d379db03a877d34d/library/std/src/sys/backtrace.rs:39:26
[INFO] [stdout]    4:     0x5cec5abdd0f3 - core::fmt::rt::Argument::fmt::hf95377f4aebd453b
[INFO] [stdout]                                at /rustc/202008a1b8de96d2e5b6bc02d379db03a877d34d/library/core/src/fmt/rt.rs:177:76
[INFO] [stdout]    5:     0x5cec5abdd0f3 - core::fmt::write::h0dd5f6e2238c7982
[INFO] [stdout]                                at /rustc/202008a1b8de96d2e5b6bc02d379db03a877d34d/library/core/src/fmt/mod.rs:1189:21
[INFO] [stdout]    6:     0x5cec5abb1b23 - std::io::Write::write_fmt::h03bb0ca26e6faf8c
[INFO] [stdout]                                at /rustc/202008a1b8de96d2e5b6bc02d379db03a877d34d/library/std/src/io/mod.rs:1884:15
[INFO] [stdout]    7:     0x5cec5abb4cd2 - std::sys::backtrace::BacktraceLock::print::h5c19c1c038ee186d
[INFO] [stdout]                                at /rustc/202008a1b8de96d2e5b6bc02d379db03a877d34d/library/std/src/sys/backtrace.rs:42:9
[INFO] [stdout]    8:     0x5cec5abb630d - std::panicking::default_hook::{{closure}}::h77172f079a1fcb13
[INFO] [stdout]                                at /rustc/202008a1b8de96d2e5b6bc02d379db03a877d34d/library/std/src/panicking.rs:268:22
[INFO] [stdout]    9:     0x5cec5abb6117 - std::panicking::default_hook::he5f8e3b203ccddba
[INFO] [stdout]                                at /rustc/202008a1b8de96d2e5b6bc02d379db03a877d34d/library/std/src/panicking.rs:292:9
[INFO] [stdout]   10:     0x5cec5a7797f7 - <alloc::boxed::Box<F,A> as core::ops::function::Fn<Args>>::call::h7a3c7b4a1ae77f2f
[INFO] [stdout]                                at /rustc/202008a1b8de96d2e5b6bc02d379db03a877d34d/library/alloc/src/boxed.rs:1986:9
[INFO] [stdout]   11:     0x5cec5a7797f7 - test::test_main::{{closure}}::hf0d3b69ae9b353d1
[INFO] [stdout]                                at /rustc/202008a1b8de96d2e5b6bc02d379db03a877d34d/library/test/src/lib.rs:134:21
[INFO] [stdout]   12:     0x5cec5abb69b8 - <alloc::boxed::Box<F,A> as core::ops::function::Fn<Args>>::call::h6332e82e7b189abd
[INFO] [stdout]                                at /rustc/202008a1b8de96d2e5b6bc02d379db03a877d34d/library/alloc/src/boxed.rs:1986:9
[INFO] [stdout]   13:     0x5cec5abb69b8 - std::panicking::rust_panic_with_hook::h53863d4e9018df39
[INFO] [stdout]                                at /rustc/202008a1b8de96d2e5b6bc02d379db03a877d34d/library/std/src/panicking.rs:809:13
[INFO] [stdout]   14:     0x5cec5abb6746 - std::panicking::begin_panic_handler::{{closure}}::h67280e6fa0757873
[INFO] [stdout]                                at /rustc/202008a1b8de96d2e5b6bc02d379db03a877d34d/library/std/src/panicking.rs:667:13
[INFO] [stdout]   15:     0x5cec5abb5369 - std::sys::backtrace::__rust_end_short_backtrace::h1dac3f54d6fbbeb2
[INFO] [stdout]                                at /rustc/202008a1b8de96d2e5b6bc02d379db03a877d34d/library/std/src/sys/backtrace.rs:170:18
[INFO] [stdout]   16:     0x5cec5abb640c - rust_begin_unwind
[INFO] [stdout]                                at /rustc/202008a1b8de96d2e5b6bc02d379db03a877d34d/library/std/src/panicking.rs:665:5
[INFO] [stdout]   17:     0x5cec5a6ac360 - core::panicking::panic_fmt::h6792bd1b2bf01041
[INFO] [stdout]                                at /rustc/202008a1b8de96d2e5b6bc02d379db03a877d34d/library/core/src/panicking.rs:76:14
[INFO] [stdout]   18:     0x5cec5a6ac3ec - core::panicking::panic::hbb5c236a846c507c
[INFO] [stdout]                                at /rustc/202008a1b8de96d2e5b6bc02d379db03a877d34d/library/core/src/panicking.rs:148:5
[INFO] [stdout]   19:     0x5cec5a6ebae4 - watcher::tests::test_single_handler::hd731141e93186305
[INFO] [stdout]                                at /opt/rustwide/workdir/src/main.rs:718:9
[INFO] [stdout]   20:     0x5cec5a6eae97 - watcher::tests::test_single_handler::{{closure}}::h770f34e839f8e02d
[INFO] [stdout]                                at /opt/rustwide/workdir/src/main.rs:669:33
[INFO] [stdout]   21:     0x5cec5a6dc506 - core::ops::function::FnOnce::call_once::h2fd4c47435b76c08
[INFO] [stdout]                                at /rustc/202008a1b8de96d2e5b6bc02d379db03a877d34d/library/core/src/ops/function.rs:250:5
[INFO] [stdout]   22:     0x5cec5a77e31b - core::ops::function::FnOnce::call_once::h871bf86719ec9aa4
[INFO] [stdout]                                at /rustc/202008a1b8de96d2e5b6bc02d379db03a877d34d/library/core/src/ops/function.rs:250:5
[INFO] [stdout]   23:     0x5cec5a77e31b - test::__rust_begin_short_backtrace::h2167df1e2b7d76fd
[INFO] [stdout]                                at /rustc/202008a1b8de96d2e5b6bc02d379db03a877d34d/library/test/src/lib.rs:632:18
[INFO] [stdout]   24:     0x5cec5a77dd08 - test::run_test_in_process::{{closure}}::h15d92f75a3adfb79
[INFO] [stdout]                                at /rustc/202008a1b8de96d2e5b6bc02d379db03a877d34d/library/test/src/lib.rs:655:60
[INFO] [stdout]   25:     0x5cec5a77dd08 - <core::panic::unwind_safe::AssertUnwindSafe<F> as core::ops::function::FnOnce<()>>::call_once::hb6c8955835a8dbbb
[INFO] [stdout]                                at /rustc/202008a1b8de96d2e5b6bc02d379db03a877d34d/library/core/src/panic/unwind_safe.rs:272:9
[INFO] [stdout]   26:     0x5cec5a77dd08 - std::panicking::try::do_call::hc79d0fc888a0bd30
[INFO] [stdout]                                at /rustc/202008a1b8de96d2e5b6bc02d379db03a877d34d/library/std/src/panicking.rs:557:40
[INFO] [stdout]   27:     0x5cec5a77dd08 - std::panicking::try::hb8a7878e3a8589d6
[INFO] [stdout]                                at /rustc/202008a1b8de96d2e5b6bc02d379db03a877d34d/library/std/src/panicking.rs:520:19
[INFO] [stdout]   28:     0x5cec5a77dd08 - std::panic::catch_unwind::hb8e4600ff0ff5cfa
[INFO] [stdout]                                at /rustc/202008a1b8de96d2e5b6bc02d379db03a877d34d/library/std/src/panic.rs:358:14
[INFO] [stdout]   29:     0x5cec5a77dd08 - test::run_test_in_process::hc2900b0b18688dd6
[INFO] [stdout]                                at /rustc/202008a1b8de96d2e5b6bc02d379db03a877d34d/library/test/src/lib.rs:655:27
[INFO] [stdout]   30:     0x5cec5a77dd08 - test::run_test::{{closure}}::hac2a9cb07be3d48d
[INFO] [stdout]                                at /rustc/202008a1b8de96d2e5b6bc02d379db03a877d34d/library/test/src/lib.rs:576:43
[INFO] [stdout]   31:     0x5cec5a7417aa - test::run_test::{{closure}}::h4a5b729e66a38cd8
[INFO] [stdout]                                at /rustc/202008a1b8de96d2e5b6bc02d379db03a877d34d/library/test/src/lib.rs:606:41
[INFO] [stdout]   32:     0x5cec5a7417aa - std::sys::backtrace::__rust_begin_short_backtrace::h0496fb742492f573
[INFO] [stdout]                                at /rustc/202008a1b8de96d2e5b6bc02d379db03a877d34d/library/std/src/sys/backtrace.rs:154:18
[INFO] [stdout]   33:     0x5cec5a745124 - std::thread::Builder::spawn_unchecked_::{{closure}}::{{closure}}::hbb6d257c550a54bd
[INFO] [stdout]                                at /rustc/202008a1b8de96d2e5b6bc02d379db03a877d34d/library/std/src/thread/mod.rs:561:17
[INFO] [stdout]   34:     0x5cec5a745124 - <core::panic::unwind_safe::AssertUnwindSafe<F> as core::ops::function::FnOnce<()>>::call_once::h46696fe4a6832328
[INFO] [stdout]                                at /rustc/202008a1b8de96d2e5b6bc02d379db03a877d34d/library/core/src/panic/unwind_safe.rs:272:9
[INFO] [stdout]   35:     0x5cec5a745124 - std::panicking::try::do_call::h2625a51b667bfb64
[INFO] [stdout]                                at /rustc/202008a1b8de96d2e5b6bc02d379db03a877d34d/library/std/src/panicking.rs:557:40
[INFO] [stdout]   36:     0x5cec5a745124 - std::panicking::try::hb956a59a1973aa4c
[INFO] [stdout]                                at /rustc/202008a1b8de96d2e5b6bc02d379db03a877d34d/library/std/src/panicking.rs:520:19
[INFO] [stdout]   37:     0x5cec5a745124 - std::panic::catch_unwind::h64f3b9d1067ef6a0
[INFO] [stdout]                                at /rustc/202008a1b8de96d2e5b6bc02d379db03a877d34d/library/std/src/panic.rs:358:14
[INFO] [stdout]   38:     0x5cec5a745124 - std::thread::Builder::spawn_unchecked_::{{closure}}::h42b2841295b6c0b2
[INFO] [stdout]                                at /rustc/202008a1b8de96d2e5b6bc02d379db03a877d34d/library/std/src/thread/mod.rs:559:30
[INFO] [stdout]   39:     0x5cec5a745124 - core::ops::function::FnOnce::call_once{{vtable.shim}}::h6127de71b8124639
[INFO] [stdout]                                at /rustc/202008a1b8de96d2e5b6bc02d379db03a877d34d/library/core/src/ops/function.rs:250:5
[INFO] [stdout]   40:     0x5cec5abbba1b - <alloc::boxed::Box<F,A> as core::ops::function::FnOnce<Args>>::call_once::h42f0ba71002a1b2c
[INFO] [stdout]                                at /rustc/202008a1b8de96d2e5b6bc02d379db03a877d34d/library/alloc/src/boxed.rs:1972:9
[INFO] [stdout]   41:     0x5cec5abbba1b - <alloc::boxed::Box<F,A> as core::ops::function::FnOnce<Args>>::call_once::had9e47d7a3dcecb8
[INFO] [stdout]                                at /rustc/202008a1b8de96d2e5b6bc02d379db03a877d34d/library/alloc/src/boxed.rs:1972:9
[INFO] [stdout]   42:     0x5cec5abbba1b - std::sys::pal::unix::thread::Thread::new::thread_start::h48cf765408f6f5f2
[INFO] [stdout]                                at /rustc/202008a1b8de96d2e5b6bc02d379db03a877d34d/library/std/src/sys/pal/unix/thread.rs:105:17
[INFO] [stdout]   43:     0x7ca73bf6eac3 - <unknown>
[INFO] [stdout]   44:     0x7ca73bfffa04 - clone
[INFO] [stdout]   45:                0x0 - <unknown>
[INFO] [stdout] 
[INFO] [stdout] 
[INFO] [stdout] failures:
[INFO] [stdout]     tests::test_single_handler
[INFO] [stdout] 
[INFO] [stdout] test result: FAILED. 4 passed; 1 failed; 0 ignored; 0 measured; 0 filtered out; finished in 3.05s
[INFO] [stdout] 
[INFO] running `Command { std: "docker" "inspect" "9b55b2a4871d00e6385776c797907b21d244cde3d2559485d8f3f2b30ba1cf01", kill_on_drop: false }`
[INFO] running `Command { std: "docker" "rm" "-f" "9b55b2a4871d00e6385776c797907b21d244cde3d2559485d8f3f2b30ba1cf01", kill_on_drop: false }`
[INFO] [stdout] 9b55b2a4871d00e6385776c797907b21d244cde3d2559485d8f3f2b30ba1cf01
