[INFO] cloning repository https://github.com/Nassty/Flang
[INFO] running `Command { std: "git" "-c" "credential.helper=" "-c" "credential.helper=/workspace/cargo-home/bin/git-credential-null" "clone" "--bare" "https://github.com/Nassty/Flang" "/workspace/cache/git-repos/https%3A%2F%2Fgithub.com%2FNassty%2FFlang", kill_on_drop: false }`
[INFO] [stderr] Cloning into bare repository '/workspace/cache/git-repos/https%3A%2F%2Fgithub.com%2FNassty%2FFlang'...
[INFO] running `Command { std: "git" "rev-parse" "HEAD", kill_on_drop: false }`
[INFO] [stdout] 3d9a8cf82b2ee77aa2b2f996753ee4729f2d62ad
[INFO] testing Nassty/Flang against 1.83.0 for beta-1.84.0-4-retry
[INFO] running `Command { std: "git" "clone" "/workspace/cache/git-repos/https%3A%2F%2Fgithub.com%2FNassty%2FFlang" "/workspace/builds/worker-7-tc1/source", kill_on_drop: false }`
[INFO] [stderr] Cloning into '/workspace/builds/worker-7-tc1/source'...
[INFO] [stderr] done.
[INFO] validating manifest of git repo https://github.com/Nassty/Flang on toolchain 1.83.0
[INFO] running `Command { std: CARGO_HOME="/workspace/cargo-home" RUSTUP_HOME="/workspace/rustup-home" "/workspace/cargo-home/bin/cargo" "+1.83.0" "metadata" "--manifest-path" "Cargo.toml" "--no-deps", kill_on_drop: false }`
[INFO] started tweaking git repo https://github.com/Nassty/Flang
[INFO] finished tweaking git repo https://github.com/Nassty/Flang
[INFO] tweaked toml for git repo https://github.com/Nassty/Flang written to /workspace/builds/worker-7-tc1/source/Cargo.toml
[INFO] crate git repo https://github.com/Nassty/Flang already has a lockfile, it will not be regenerated
[INFO] running `Command { std: CARGO_HOME="/workspace/cargo-home" RUSTUP_HOME="/workspace/rustup-home" "/workspace/cargo-home/bin/cargo" "+1.83.0" "fetch" "--manifest-path" "Cargo.toml", kill_on_drop: false }`
[INFO] [stderr]  Downloading crates ...
[INFO] [stderr]   Downloaded pretty_assertions v1.3.0
[INFO] [stderr]   Downloaded peg v0.8.1
[INFO] [stderr]   Downloaded peg-macros v0.8.1
[INFO] [stderr]   Downloaded peg-runtime v0.8.1
[INFO] running `Command { std: "docker" "create" "-v" "/var/lib/crater-agent-workspace/builds/worker-7-tc1/target:/opt/rustwide/target:rw,Z" "-v" "/var/lib/crater-agent-workspace/builds/worker-7-tc1/source:/opt/rustwide/workdir:ro,Z" "-v" "/var/lib/crater-agent-workspace/cargo-home:/opt/rustwide/cargo-home:ro,Z" "-v" "/var/lib/crater-agent-workspace/rustup-home:/opt/rustwide/rustup-home:ro,Z" "-e" "SOURCE_DIR=/opt/rustwide/workdir" "-e" "CARGO_TARGET_DIR=/opt/rustwide/target" "-e" "CARGO_HOME=/opt/rustwide/cargo-home" "-e" "RUSTUP_HOME=/opt/rustwide/rustup-home" "-w" "/opt/rustwide/workdir" "-m" "1610612736" "--user" "0:0" "--network" "none" "ghcr.io/rust-lang/crates-build-env/linux@sha256:f3a9d4ad9d972b27faf3965f35b62e55ba32bbce8f20bc8fe909558a86702fde" "/opt/rustwide/cargo-home/bin/cargo" "+1.83.0" "metadata" "--no-deps" "--format-version=1", kill_on_drop: false }`
[INFO] [stdout] bc26f8298741d4c215cc8c0d388d1fcc4d0ba76821d56f4c9b31927eab13734d
[INFO] running `Command { std: "docker" "start" "-a" "bc26f8298741d4c215cc8c0d388d1fcc4d0ba76821d56f4c9b31927eab13734d", kill_on_drop: false }`
[INFO] running `Command { std: "docker" "inspect" "bc26f8298741d4c215cc8c0d388d1fcc4d0ba76821d56f4c9b31927eab13734d", kill_on_drop: false }`
[INFO] running `Command { std: "docker" "rm" "-f" "bc26f8298741d4c215cc8c0d388d1fcc4d0ba76821d56f4c9b31927eab13734d", kill_on_drop: false }`
[INFO] [stdout] bc26f8298741d4c215cc8c0d388d1fcc4d0ba76821d56f4c9b31927eab13734d
[INFO] running `Command { std: "docker" "create" "-v" "/var/lib/crater-agent-workspace/builds/worker-7-tc1/target:/opt/rustwide/target:rw,Z" "-v" "/var/lib/crater-agent-workspace/builds/worker-7-tc1/source:/opt/rustwide/workdir:ro,Z" "-v" "/var/lib/crater-agent-workspace/cargo-home:/opt/rustwide/cargo-home:ro,Z" "-v" "/var/lib/crater-agent-workspace/rustup-home:/opt/rustwide/rustup-home:ro,Z" "-e" "SOURCE_DIR=/opt/rustwide/workdir" "-e" "CARGO_TARGET_DIR=/opt/rustwide/target" "-e" "CARGO_INCREMENTAL=0" "-e" "RUST_BACKTRACE=full" "-e" "RUSTFLAGS=--cap-lints=warn" "-e" "RUSTDOCFLAGS=--cap-lints=warn" "-e" "CARGO_HOME=/opt/rustwide/cargo-home" "-e" "RUSTUP_HOME=/opt/rustwide/rustup-home" "-w" "/opt/rustwide/workdir" "-m" "1610612736" "--user" "0:0" "--network" "none" "ghcr.io/rust-lang/crates-build-env/linux@sha256:f3a9d4ad9d972b27faf3965f35b62e55ba32bbce8f20bc8fe909558a86702fde" "/opt/rustwide/cargo-home/bin/cargo" "+1.83.0" "build" "--frozen" "--message-format=json", kill_on_drop: false }`
[INFO] [stdout] 5419c820c720227dba8ed33b274a4d5647a8d0ebe5f8f573d86b1e3247c9473b
[INFO] running `Command { std: "docker" "start" "-a" "5419c820c720227dba8ed33b274a4d5647a8d0ebe5f8f573d86b1e3247c9473b", kill_on_drop: false }`
[INFO] [stderr]    Compiling proc-macro2 v1.0.53
[INFO] [stderr]    Compiling unicode-ident v1.0.8
[INFO] [stderr]    Compiling quote v1.0.26
[INFO] [stderr]    Compiling peg-runtime v0.8.1
[INFO] [stderr]    Compiling peg-macros v0.8.1
[INFO] [stderr]    Compiling peg v0.8.1
[INFO] [stderr]    Compiling flang v0.1.0 (/opt/rustwide/workdir)
[INFO] [stdout] warning: unreachable expression
[INFO] [stdout]    --> src/type_checker.rs:228:21
[INFO] [stdout]     |
[INFO] [stdout] 227 |                       panic!();
[INFO] [stdout]     |                       -------- any code following this expression is unreachable
[INFO] [stdout] 228 | /                     Err(TCError {
[INFO] [stdout] 229 | |                         message: format!("Unknown identifier: {}", name),
[INFO] [stdout] 230 | |                         span: expr.span().clone(),
[INFO] [stdout] 231 | |                     })
[INFO] [stdout]     | |______________________^ unreachable expression
[INFO] [stdout]     |
[INFO] [stdout]     = note: `#[warn(unreachable_code)]` on by default
[INFO] [stdout] 
[INFO] [stdout] 
[INFO] [stdout] warning: fields `message` and `span` are never read
[INFO] [stdout]  --> src/type_checker.rs:7:9
[INFO] [stdout]   |
[INFO] [stdout] 6 | pub struct TCError {
[INFO] [stdout]   |            ------- fields in this struct
[INFO] [stdout] 7 |     pub message: String,
[INFO] [stdout]   |         ^^^^^^^
[INFO] [stdout] 8 |     pub span: Span,
[INFO] [stdout]   |         ^^^^
[INFO] [stdout]   |
[INFO] [stdout]   = note: `TCError` has a derived impl for the trait `Debug`, but this is intentionally ignored during dead code analysis
[INFO] [stdout]   = note: `#[warn(dead_code)]` on by default
[INFO] [stdout] 
[INFO] [stdout] 
[INFO] [stderr]     Finished `dev` profile [unoptimized + debuginfo] target(s) in 4.50s
[INFO] running `Command { std: "docker" "inspect" "5419c820c720227dba8ed33b274a4d5647a8d0ebe5f8f573d86b1e3247c9473b", kill_on_drop: false }`
[INFO] running `Command { std: "docker" "rm" "-f" "5419c820c720227dba8ed33b274a4d5647a8d0ebe5f8f573d86b1e3247c9473b", kill_on_drop: false }`
[INFO] [stdout] 5419c820c720227dba8ed33b274a4d5647a8d0ebe5f8f573d86b1e3247c9473b
[INFO] running `Command { std: "docker" "create" "-v" "/var/lib/crater-agent-workspace/builds/worker-7-tc1/target:/opt/rustwide/target:rw,Z" "-v" "/var/lib/crater-agent-workspace/builds/worker-7-tc1/source:/opt/rustwide/workdir:ro,Z" "-v" "/var/lib/crater-agent-workspace/cargo-home:/opt/rustwide/cargo-home:ro,Z" "-v" "/var/lib/crater-agent-workspace/rustup-home:/opt/rustwide/rustup-home:ro,Z" "-e" "SOURCE_DIR=/opt/rustwide/workdir" "-e" "CARGO_TARGET_DIR=/opt/rustwide/target" "-e" "CARGO_INCREMENTAL=0" "-e" "RUST_BACKTRACE=full" "-e" "RUSTFLAGS=--cap-lints=warn" "-e" "RUSTDOCFLAGS=--cap-lints=warn" "-e" "CARGO_HOME=/opt/rustwide/cargo-home" "-e" "RUSTUP_HOME=/opt/rustwide/rustup-home" "-w" "/opt/rustwide/workdir" "-m" "1610612736" "--user" "0:0" "--network" "none" "ghcr.io/rust-lang/crates-build-env/linux@sha256:f3a9d4ad9d972b27faf3965f35b62e55ba32bbce8f20bc8fe909558a86702fde" "/opt/rustwide/cargo-home/bin/cargo" "+1.83.0" "test" "--frozen" "--no-run" "--message-format=json", kill_on_drop: false }`
[INFO] [stdout] 528eb13b38719444b9d1639701ae698fb4d1dcba24f0ef30723a05ac1e50b09c
[INFO] running `Command { std: "docker" "start" "-a" "528eb13b38719444b9d1639701ae698fb4d1dcba24f0ef30723a05ac1e50b09c", kill_on_drop: false }`
[INFO] [stderr]    Compiling diff v0.1.13
[INFO] [stderr]    Compiling yansi v0.5.1
[INFO] [stderr]    Compiling pretty_assertions v1.3.0
[INFO] [stderr]    Compiling flang v0.1.0 (/opt/rustwide/workdir)
[INFO] [stdout] warning: unreachable expression
[INFO] [stdout]    --> src/type_checker.rs:228:21
[INFO] [stdout]     |
[INFO] [stdout] 227 |                       panic!();
[INFO] [stdout]     |                       -------- any code following this expression is unreachable
[INFO] [stdout] 228 | /                     Err(TCError {
[INFO] [stdout] 229 | |                         message: format!("Unknown identifier: {}", name),
[INFO] [stdout] 230 | |                         span: expr.span().clone(),
[INFO] [stdout] 231 | |                     })
[INFO] [stdout]     | |______________________^ unreachable expression
[INFO] [stdout]     |
[INFO] [stdout]     = note: `#[warn(unreachable_code)]` on by default
[INFO] [stdout] 
[INFO] [stdout] 
[INFO] [stdout] warning: fields `message` and `span` are never read
[INFO] [stdout]  --> src/type_checker.rs:7:9
[INFO] [stdout]   |
[INFO] [stdout] 6 | pub struct TCError {
[INFO] [stdout]   |            ------- fields in this struct
[INFO] [stdout] 7 |     pub message: String,
[INFO] [stdout]   |         ^^^^^^^
[INFO] [stdout] 8 |     pub span: Span,
[INFO] [stdout]   |         ^^^^
[INFO] [stdout]   |
[INFO] [stdout]   = note: `TCError` has a derived impl for the trait `Debug`, but this is intentionally ignored during dead code analysis
[INFO] [stdout]   = note: `#[warn(dead_code)]` on by default
[INFO] [stdout] 
[INFO] [stdout] 
[INFO] [stderr]     Finished `test` profile [unoptimized + debuginfo] target(s) in 2.19s
[INFO] running `Command { std: "docker" "inspect" "528eb13b38719444b9d1639701ae698fb4d1dcba24f0ef30723a05ac1e50b09c", kill_on_drop: false }`
[INFO] running `Command { std: "docker" "rm" "-f" "528eb13b38719444b9d1639701ae698fb4d1dcba24f0ef30723a05ac1e50b09c", kill_on_drop: false }`
[INFO] [stdout] 528eb13b38719444b9d1639701ae698fb4d1dcba24f0ef30723a05ac1e50b09c
[INFO] running `Command { std: "docker" "create" "-v" "/var/lib/crater-agent-workspace/builds/worker-7-tc1/target:/opt/rustwide/target:rw,Z" "-v" "/var/lib/crater-agent-workspace/builds/worker-7-tc1/source:/opt/rustwide/workdir:ro,Z" "-v" "/var/lib/crater-agent-workspace/cargo-home:/opt/rustwide/cargo-home:ro,Z" "-v" "/var/lib/crater-agent-workspace/rustup-home:/opt/rustwide/rustup-home:ro,Z" "-e" "SOURCE_DIR=/opt/rustwide/workdir" "-e" "CARGO_TARGET_DIR=/opt/rustwide/target" "-e" "CARGO_INCREMENTAL=0" "-e" "RUST_BACKTRACE=full" "-e" "RUSTFLAGS=--cap-lints=warn" "-e" "RUSTDOCFLAGS=--cap-lints=warn" "-e" "CARGO_HOME=/opt/rustwide/cargo-home" "-e" "RUSTUP_HOME=/opt/rustwide/rustup-home" "-w" "/opt/rustwide/workdir" "-m" "1610612736" "--user" "0:0" "--network" "none" "ghcr.io/rust-lang/crates-build-env/linux@sha256:f3a9d4ad9d972b27faf3965f35b62e55ba32bbce8f20bc8fe909558a86702fde" "/opt/rustwide/cargo-home/bin/cargo" "+1.83.0" "test" "--frozen", kill_on_drop: false }`
[INFO] [stdout] 1d28c80092ac5fd876824f57450a5ef0716260cd12d50a7f7b247c7cfa738cc1
[INFO] running `Command { std: "docker" "start" "-a" "1d28c80092ac5fd876824f57450a5ef0716260cd12d50a7f7b247c7cfa738cc1", kill_on_drop: false }`
[INFO] [stderr] warning: unreachable expression
[INFO] [stderr]    --> src/type_checker.rs:228:21
[INFO] [stderr]     |
[INFO] [stderr] 227 |                       panic!();
[INFO] [stderr]     |                       -------- any code following this expression is unreachable
[INFO] [stderr] 228 | /                     Err(TCError {
[INFO] [stderr] 229 | |                         message: format!("Unknown identifier: {}", name),
[INFO] [stderr] 230 | |                         span: expr.span().clone(),
[INFO] [stderr] 231 | |                     })
[INFO] [stderr]     | |______________________^ unreachable expression
[INFO] [stderr]     |
[INFO] [stderr]     = note: `#[warn(unreachable_code)]` on by default
[INFO] [stderr] 
[INFO] [stderr] warning: fields `message` and `span` are never read
[INFO] [stderr]  --> src/type_checker.rs:7:9
[INFO] [stderr]   |
[INFO] [stderr] 6 | pub struct TCError {
[INFO] [stderr]   |            ------- fields in this struct
[INFO] [stderr] 7 |     pub message: String,
[INFO] [stderr]   |         ^^^^^^^
[INFO] [stderr] 8 |     pub span: Span,
[INFO] [stderr]   |         ^^^^
[INFO] [stderr]   |
[INFO] [stderr]   = note: `TCError` has a derived impl for the trait `Debug`, but this is intentionally ignored during dead code analysis
[INFO] [stderr]   = note: `#[warn(dead_code)]` on by default
[INFO] [stderr] 
[INFO] [stderr] warning: `flang` (bin "flang" test) generated 2 warnings
[INFO] [stderr]     Finished `test` profile [unoptimized + debuginfo] target(s) in 0.04s
[INFO] [stderr]      Running unittests src/main.rs (/opt/rustwide/target/debug/deps/flang-568cff902a99c957)
[INFO] [stdout] 
[INFO] [stdout] running 73 tests
[INFO] [stdout] test parser::test::test02 ... ok
[INFO] [stdout] test parser::test::test01 ... ok
[INFO] [stdout] test parser::test::test07 ... ok
[INFO] [stdout] test parser::test::test08 ... ok
[INFO] [stdout] test parser::test::test06 ... ok
[INFO] [stdout] test parser::test::test10 ... ok
[INFO] [stdout] test parser::test::test12 ... ok
[INFO] [stdout] test parser::test::test14 ... ok
[INFO] [stdout] test parser::test::test03 ... ok
[INFO] [stdout] test parser::test::test11 ... ok
[INFO] [stdout] test parser::test::test20 ... ok
[INFO] [stdout] test parser::test::test18 ... ok
[INFO] [stdout] test parser::test::test15 ... ok
[INFO] [stdout] test parser::test::test16 ... ok
[INFO] [stdout] test parser::test::test09 ... ok
[INFO] [stdout] test parser::test::test04 ... ok
[INFO] [stdout] test parser::test::test17 ... ok
[INFO] [stdout] test parser::test::test25 ... ok
[INFO] [stdout] test parser::test::test26 ... ok
[INFO] [stdout] test parser::test::test28 ... ok
[INFO] [stdout] test parser::test::test31 ... ok
[INFO] [stdout] test parser::test::test32 ... ok
[INFO] [stdout] test parser::test::test30 ... ok
[INFO] [stdout] test parser::test::test29 ... ok
[INFO] [stdout] test parser::test::test34 ... ok
[INFO] [stdout] test parser::test::test33 ... ok
[INFO] [stdout] test parser::test::test24 ... ok
[INFO] [stdout] test parser::test::test13 ... ok
[INFO] [stdout] test parser::test::test21 ... ok
[INFO] [stdout] test parser::test::test27 ... ok
[INFO] [stdout] test parser::test::test23 ... ok
[INFO] [stdout] test parser::test::test22 ... ok
[INFO] [stdout] test parser::test::test19 ... ok
[INFO] [stdout] test parser::test::test35 ... ok
[INFO] [stdout] test parser::test::test36 ... ok
[INFO] [stdout] test parser::test::test37 ... ok
[INFO] [stdout] test parser::test::test47 ... ok
[INFO] [stdout] test parser::test::test46 ... ok
[INFO] [stdout] test parser::test::test45 ... ok
[INFO] [stdout] test parser::test::test38 ... ok
[INFO] [stdout] test parser::test::test48 ... ok
[INFO] [stdout] test parser::test::test40 ... ok
[INFO] [stdout] test parser::test::test44 ... ok
[INFO] [stdout] test parser::test::test51 ... ok
[INFO] [stdout] test parser::test::test39 ... ok
[INFO] [stdout] test parser::test::test49 ... ok
[INFO] [stdout] test type_checker::test::test01 ... ok
[INFO] [stdout] test parser::test::test42 ... ok
[INFO] [stdout] test parser::test::test50 ... ok
[INFO] [stdout] test parser::test::test55 ... ok
[INFO] [stdout] test parser::test::test53 ... ok
[INFO] [stdout] test parser::test::test54 ... ok
[INFO] [stdout] test parser::test::test43 ... ok
[INFO] [stdout] test parser::test::test52 ... ok
[INFO] [stdout] test parser::test::test41 ... ok
[INFO] [stdout] test type_checker::test::test02 ... ok
[INFO] [stdout] test type_checker::test::test03 ... ok
[INFO] [stdout] test type_checker::test::test13 ... ok
[INFO] [stdout] test type_checker::test::test04 ... ok
[INFO] [stdout] test type_checker::test::test16 ... ok
[INFO] [stdout] test type_checker::test::test14 ... ok
[INFO] [stdout] test type_checker::test::test17 ... ok
[INFO] [stdout] test type_checker::test::test11 ... ok
[INFO] [stdout] test type_checker::test::test07 ... ok
[INFO] [stdout] test type_checker::test::test10 ... ok
[INFO] [stdout] test type_checker::test::test05 ... ok
[INFO] [stdout] test type_checker::test::test09 ... ok
[INFO] [stdout] test type_checker::test::test08 ... ok
[INFO] [stdout] test type_checker::test::test12 ... ok
[INFO] [stdout] test type_checker::test::test15 ... ok
[INFO] [stdout] test type_checker::test::test18 ... ok
[INFO] [stdout] test type_checker::test::test06 ... FAILED
[INFO] [stdout] test parser::test::test05 ... ok
[INFO] [stdout] 
[INFO] [stdout] failures:
[INFO] [stdout] 
[INFO] [stdout] ---- type_checker::test::test06 stdout ----
[INFO] [stdout] thread 'type_checker::test::test06' panicked at src/type_checker.rs:227:21:
[INFO] [stdout] explicit panic
[INFO] [stdout] stack backtrace:
[INFO] [stdout]    0:     0x635dc979cfda - std::backtrace_rs::backtrace::libunwind::trace::h5a5b8284f2d0c266
[INFO] [stdout]                                at /rustc/90b35a6239c3d8bdabc530a6a0816f7ff89a0aaf/library/std/src/../../backtrace/src/backtrace/libunwind.rs:116:5
[INFO] [stdout]    1:     0x635dc979cfda - std::backtrace_rs::backtrace::trace_unsynchronized::h76d4f1c9b0b875e3
[INFO] [stdout]                                at /rustc/90b35a6239c3d8bdabc530a6a0816f7ff89a0aaf/library/std/src/../../backtrace/src/backtrace/mod.rs:66:5
[INFO] [stdout]    2:     0x635dc979cfda - std::sys::backtrace::_print_fmt::hc4546b8364a537c6
[INFO] [stdout]                                at /rustc/90b35a6239c3d8bdabc530a6a0816f7ff89a0aaf/library/std/src/sys/backtrace.rs:66:9
[INFO] [stdout]    3:     0x635dc979cfda - <std::sys::backtrace::BacktraceLock::print::DisplayBacktrace as core::fmt::Display>::fmt::h5b6bd5631a6d1f6b
[INFO] [stdout]                                at /rustc/90b35a6239c3d8bdabc530a6a0816f7ff89a0aaf/library/std/src/sys/backtrace.rs:39:26
[INFO] [stdout]    4:     0x635dc97c37d3 - core::fmt::rt::Argument::fmt::h270f6602a2b96f62
[INFO] [stdout]                                at /rustc/90b35a6239c3d8bdabc530a6a0816f7ff89a0aaf/library/core/src/fmt/rt.rs:177:76
[INFO] [stdout]    5:     0x635dc97c37d3 - core::fmt::write::h7550c97b06c86515
[INFO] [stdout]                                at /rustc/90b35a6239c3d8bdabc530a6a0816f7ff89a0aaf/library/core/src/fmt/mod.rs:1186:21
[INFO] [stdout]    6:     0x635dc979a1a3 - std::io::Write::write_fmt::h509ff860e5956e5e
[INFO] [stdout]                                at /rustc/90b35a6239c3d8bdabc530a6a0816f7ff89a0aaf/library/std/src/io/mod.rs:1839:15
[INFO] [stdout]    7:     0x635dc979ce22 - std::sys::backtrace::BacktraceLock::print::h2395ccd2c84ba3aa
[INFO] [stdout]                                at /rustc/90b35a6239c3d8bdabc530a6a0816f7ff89a0aaf/library/std/src/sys/backtrace.rs:42:9
[INFO] [stdout]    8:     0x635dc979e43a - std::panicking::default_hook::{{closure}}::he19d4c7230e07961
[INFO] [stdout]                                at /rustc/90b35a6239c3d8bdabc530a6a0816f7ff89a0aaf/library/std/src/panicking.rs:268:22
[INFO] [stdout]    9:     0x635dc979e244 - std::panicking::default_hook::hf614597d3c67bbdb
[INFO] [stdout]                                at /rustc/90b35a6239c3d8bdabc530a6a0816f7ff89a0aaf/library/std/src/panicking.rs:292:9
[INFO] [stdout]   10:     0x635dc974c3e9 - <alloc::boxed::Box<F,A> as core::ops::function::Fn<Args>>::call::h39b51ce4599c23d1
[INFO] [stdout]                                at /rustc/90b35a6239c3d8bdabc530a6a0816f7ff89a0aaf/library/alloc/src/boxed.rs:2468:9
[INFO] [stdout]   11:     0x635dc974c3e9 - test::test_main::{{closure}}::he977ae839a582784
[INFO] [stdout]                                at /rustc/90b35a6239c3d8bdabc530a6a0816f7ff89a0aaf/library/test/src/lib.rs:133:21
[INFO] [stdout]   12:     0x635dc979ead8 - <alloc::boxed::Box<F,A> as core::ops::function::Fn<Args>>::call::h9455091b6b06f9fb
[INFO] [stdout]                                at /rustc/90b35a6239c3d8bdabc530a6a0816f7ff89a0aaf/library/alloc/src/boxed.rs:2468:9
[INFO] [stdout]   13:     0x635dc979ead8 - std::panicking::rust_panic_with_hook::h8942133a8b252070
[INFO] [stdout]                                at /rustc/90b35a6239c3d8bdabc530a6a0816f7ff89a0aaf/library/std/src/panicking.rs:809:13
[INFO] [stdout]   14:     0x635dc979e89a - std::panicking::begin_panic_handler::{{closure}}::hb5f5963570096b29
[INFO] [stdout]                                at /rustc/90b35a6239c3d8bdabc530a6a0816f7ff89a0aaf/library/std/src/panicking.rs:674:13
[INFO] [stdout]   15:     0x635dc979d4b9 - std::sys::backtrace::__rust_end_short_backtrace::h6208cedc1922feda
[INFO] [stdout]                                at /rustc/90b35a6239c3d8bdabc530a6a0816f7ff89a0aaf/library/std/src/sys/backtrace.rs:170:18
[INFO] [stdout]   16:     0x635dc979e52c - rust_begin_unwind
[INFO] [stdout]                                at /rustc/90b35a6239c3d8bdabc530a6a0816f7ff89a0aaf/library/std/src/panicking.rs:665:5
[INFO] [stdout]   17:     0x635dc96b2a60 - core::panicking::panic_fmt::h0c3082644d1bf418
[INFO] [stdout]                                at /rustc/90b35a6239c3d8bdabc530a6a0816f7ff89a0aaf/library/core/src/panicking.rs:74:14
[INFO] [stdout]   18:     0x635dc96b2be6 - core::panicking::panic_display::h735d9af8bded520c
[INFO] [stdout]                                at /rustc/90b35a6239c3d8bdabc530a6a0816f7ff89a0aaf/library/core/src/panicking.rs:264:5
[INFO] [stdout]   19:     0x635dc96b2be6 - core::panicking::panic_explicit::h7c6d528b0860fceb
[INFO] [stdout]                                at /rustc/90b35a6239c3d8bdabc530a6a0816f7ff89a0aaf/library/core/src/panicking.rs:237:5
[INFO] [stdout]   20:     0x635dc96e75fa - flang::type_checker::TypeChecker::check_expr::panic_cold_explicit::h0a7bdbb5e51c2ae1
[INFO] [stdout]                                at /rustc/90b35a6239c3d8bdabc530a6a0816f7ff89a0aaf/library/core/src/panic.rs:88:13
[INFO] [stdout]   21:     0x635dc96dfbef - flang::type_checker::TypeChecker::check_expr::haf5d7bbe4fd95467
[INFO] [stdout]                                at /opt/rustwide/workdir/src/type_checker.rs:227:21
[INFO] [stdout]   22:     0x635dc9704cd8 - flang::type_checker::test::test06::hb8c45a4f944b59c3
[INFO] [stdout]                                at /opt/rustwide/workdir/src/type_checker.rs:541:19
[INFO] [stdout]   23:     0x635dc9704bc7 - flang::type_checker::test::test06::{{closure}}::h52e7568509e86cf2
[INFO] [stdout]                                at /opt/rustwide/workdir/src/type_checker.rs:538:16
[INFO] [stdout]   24:     0x635dc9710166 - core::ops::function::FnOnce::call_once::hb79fb9f84db0093e
[INFO] [stdout]                                at /rustc/90b35a6239c3d8bdabc530a6a0816f7ff89a0aaf/library/core/src/ops/function.rs:250:5
[INFO] [stdout]   25:     0x635dc9750dab - core::ops::function::FnOnce::call_once::h109cf8051a59b34e
[INFO] [stdout]                                at /rustc/90b35a6239c3d8bdabc530a6a0816f7ff89a0aaf/library/core/src/ops/function.rs:250:5
[INFO] [stdout]   26:     0x635dc9750dab - test::__rust_begin_short_backtrace::hf4fff89d377446ba
[INFO] [stdout]                                at /rustc/90b35a6239c3d8bdabc530a6a0816f7ff89a0aaf/library/test/src/lib.rs:621:18
[INFO] [stdout]   27:     0x635dc97505e7 - test::run_test_in_process::{{closure}}::h0e39181dd7ee5a43
[INFO] [stdout]                                at /rustc/90b35a6239c3d8bdabc530a6a0816f7ff89a0aaf/library/test/src/lib.rs:644:60
[INFO] [stdout]   28:     0x635dc97505e7 - <core::panic::unwind_safe::AssertUnwindSafe<F> as core::ops::function::FnOnce<()>>::call_once::hc5a66a30f0bdfd1f
[INFO] [stdout]                                at /rustc/90b35a6239c3d8bdabc530a6a0816f7ff89a0aaf/library/core/src/panic/unwind_safe.rs:272:9
[INFO] [stdout]   29:     0x635dc97505e7 - std::panicking::try::do_call::h873b7cf639554a5e
[INFO] [stdout]                                at /rustc/90b35a6239c3d8bdabc530a6a0816f7ff89a0aaf/library/std/src/panicking.rs:557:40
[INFO] [stdout]   30:     0x635dc97505e7 - std::panicking::try::hdb19862fad9c8bd1
[INFO] [stdout]                                at /rustc/90b35a6239c3d8bdabc530a6a0816f7ff89a0aaf/library/std/src/panicking.rs:520:19
[INFO] [stdout]   31:     0x635dc97505e7 - std::panic::catch_unwind::h281fe732d236d260
[INFO] [stdout]                                at /rustc/90b35a6239c3d8bdabc530a6a0816f7ff89a0aaf/library/std/src/panic.rs:358:14
[INFO] [stdout]   32:     0x635dc97505e7 - test::run_test_in_process::h949b6df8457ed338
[INFO] [stdout]                                at /rustc/90b35a6239c3d8bdabc530a6a0816f7ff89a0aaf/library/test/src/lib.rs:644:27
[INFO] [stdout]   33:     0x635dc97505e7 - test::run_test::{{closure}}::h52c556a6d4740e10
[INFO] [stdout]                                at /rustc/90b35a6239c3d8bdabc530a6a0816f7ff89a0aaf/library/test/src/lib.rs:565:43
[INFO] [stdout]   34:     0x635dc97158c4 - test::run_test::{{closure}}::h4237f6381c45ccb9
[INFO] [stdout]                                at /rustc/90b35a6239c3d8bdabc530a6a0816f7ff89a0aaf/library/test/src/lib.rs:595:41
[INFO] [stdout]   35:     0x635dc97158c4 - std::sys::backtrace::__rust_begin_short_backtrace::h505c97a579eca628
[INFO] [stdout]                                at /rustc/90b35a6239c3d8bdabc530a6a0816f7ff89a0aaf/library/std/src/sys/backtrace.rs:154:18
[INFO] [stdout]   36:     0x635dc9718f8e - std::thread::Builder::spawn_unchecked_::{{closure}}::{{closure}}::h9e86b2e2bc107ea3
[INFO] [stdout]                                at /rustc/90b35a6239c3d8bdabc530a6a0816f7ff89a0aaf/library/std/src/thread/mod.rs:538:17
[INFO] [stdout]   37:     0x635dc9718f8e - <core::panic::unwind_safe::AssertUnwindSafe<F> as core::ops::function::FnOnce<()>>::call_once::h8b06ddb275ff4a25
[INFO] [stdout]                                at /rustc/90b35a6239c3d8bdabc530a6a0816f7ff89a0aaf/library/core/src/panic/unwind_safe.rs:272:9
[INFO] [stdout]   38:     0x635dc9718f8e - std::panicking::try::do_call::hb26ecd7cd9a9355d
[INFO] [stdout]                                at /rustc/90b35a6239c3d8bdabc530a6a0816f7ff89a0aaf/library/std/src/panicking.rs:557:40
[INFO] [stdout]   39:     0x635dc9718f8e - std::panicking::try::h8ddeca9d705f9069
[INFO] [stdout]                                at /rustc/90b35a6239c3d8bdabc530a6a0816f7ff89a0aaf/library/std/src/panicking.rs:520:19
[INFO] [stdout]   40:     0x635dc9718f8e - std::panic::catch_unwind::h49e1c33078844c46
[INFO] [stdout]                                at /rustc/90b35a6239c3d8bdabc530a6a0816f7ff89a0aaf/library/std/src/panic.rs:358:14
[INFO] [stdout]   41:     0x635dc9718f8e - std::thread::Builder::spawn_unchecked_::{{closure}}::h6073db6ff56ad35d
[INFO] [stdout]                                at /rustc/90b35a6239c3d8bdabc530a6a0816f7ff89a0aaf/library/std/src/thread/mod.rs:537:30
[INFO] [stdout]   42:     0x635dc9718f8e - core::ops::function::FnOnce::call_once{{vtable.shim}}::h2c5a5f3779c774f1
[INFO] [stdout]                                at /rustc/90b35a6239c3d8bdabc530a6a0816f7ff89a0aaf/library/core/src/ops/function.rs:250:5
[INFO] [stdout]   43:     0x635dc97a282b - <alloc::boxed::Box<F,A> as core::ops::function::FnOnce<Args>>::call_once::hf75717d9f28faebf
[INFO] [stdout]                                at /rustc/90b35a6239c3d8bdabc530a6a0816f7ff89a0aaf/library/alloc/src/boxed.rs:2454:9
[INFO] [stdout]   44:     0x635dc97a282b - <alloc::boxed::Box<F,A> as core::ops::function::FnOnce<Args>>::call_once::h7bd883a5f3c5f3c1
[INFO] [stdout]                                at /rustc/90b35a6239c3d8bdabc530a6a0816f7ff89a0aaf/library/alloc/src/boxed.rs:2454:9
[INFO] [stdout]   45:     0x635dc97a282b - std::sys::pal::unix::thread::Thread::new::thread_start::hcc78f3943333fa94
[INFO] [stdout]                                at /rustc/90b35a6239c3d8bdabc530a6a0816f7ff89a0aaf/library/std/src/sys/pal/unix/thread.rs:105:17
[INFO] [stdout]   46:     0x73d75c44dac3 - <unknown>
[INFO] [stdout]   47:     0x73d75c4dea04 - clone
[INFO] [stdout]   48:                0x0 - <unknown>
[INFO] [stdout] 
[INFO] [stdout] 
[INFO] [stdout] failures:
[INFO] [stdout]     type_checker::test::test06
[INFO] [stdout] 
[INFO] [stdout] test result: FAILED. 72 passed; 1 failed; 0 ignored; 0 measured; 0 filtered out; finished in 0.15s
[INFO] [stdout] 
[INFO] [stderr] error: test failed, to rerun pass `--bin flang`
[INFO] running `Command { std: "docker" "inspect" "1d28c80092ac5fd876824f57450a5ef0716260cd12d50a7f7b247c7cfa738cc1", kill_on_drop: false }`
[INFO] running `Command { std: "docker" "rm" "-f" "1d28c80092ac5fd876824f57450a5ef0716260cd12d50a7f7b247c7cfa738cc1", kill_on_drop: false }`
[INFO] [stdout] 1d28c80092ac5fd876824f57450a5ef0716260cd12d50a7f7b247c7cfa738cc1
