[INFO] cloning repository https://github.com/NasoohOlabi/target_proximity_game
[INFO] running `Command { std: "git" "-c" "credential.helper=" "-c" "credential.helper=/workspace/cargo-home/bin/git-credential-null" "clone" "--bare" "https://github.com/NasoohOlabi/target_proximity_game" "/workspace/cache/git-repos/https%3A%2F%2Fgithub.com%2FNasoohOlabi%2Ftarget_proximity_game", kill_on_drop: false }`
[INFO] [stderr] Cloning into bare repository '/workspace/cache/git-repos/https%3A%2F%2Fgithub.com%2FNasoohOlabi%2Ftarget_proximity_game'...
[INFO] running `Command { std: "git" "rev-parse" "HEAD", kill_on_drop: false }`
[INFO] [stdout] 6a013085477c6e1727ecca6eb0b2a6a74c913bc6
[INFO] testing NasoohOlabi/target_proximity_game against 1.83.0 for beta-1.84.0-4-retry
[INFO] running `Command { std: "git" "clone" "/workspace/cache/git-repos/https%3A%2F%2Fgithub.com%2FNasoohOlabi%2Ftarget_proximity_game" "/workspace/builds/worker-4-tc1/source", kill_on_drop: false }`
[INFO] [stderr] Cloning into '/workspace/builds/worker-4-tc1/source'...
[INFO] [stderr] done.
[INFO] validating manifest of git repo https://github.com/NasoohOlabi/target_proximity_game on toolchain 1.83.0
[INFO] running `Command { std: CARGO_HOME="/workspace/cargo-home" RUSTUP_HOME="/workspace/rustup-home" "/workspace/cargo-home/bin/cargo" "+1.83.0" "metadata" "--manifest-path" "Cargo.toml" "--no-deps", kill_on_drop: false }`
[INFO] started tweaking git repo https://github.com/NasoohOlabi/target_proximity_game
[INFO] finished tweaking git repo https://github.com/NasoohOlabi/target_proximity_game
[INFO] tweaked toml for git repo https://github.com/NasoohOlabi/target_proximity_game written to /workspace/builds/worker-4-tc1/source/Cargo.toml
[INFO] crate git repo https://github.com/NasoohOlabi/target_proximity_game already has a lockfile, it will not be regenerated
[INFO] running `Command { std: CARGO_HOME="/workspace/cargo-home" RUSTUP_HOME="/workspace/rustup-home" "/workspace/cargo-home/bin/cargo" "+1.83.0" "fetch" "--manifest-path" "Cargo.toml", kill_on_drop: false }`
[INFO] [stderr]     Blocking waiting for file lock on package cache
[INFO] [stderr]     Blocking waiting for file lock on package cache
[INFO] [stderr]  Downloading crates ...
[INFO] [stderr]   Downloaded tracing v0.1.39
[INFO] [stderr]   Downloaded rustix v0.38.19
[INFO] running `Command { std: "docker" "create" "-v" "/var/lib/crater-agent-workspace/builds/worker-4-tc1/target:/opt/rustwide/target:rw,Z" "-v" "/var/lib/crater-agent-workspace/builds/worker-4-tc1/source:/opt/rustwide/workdir:ro,Z" "-v" "/var/lib/crater-agent-workspace/cargo-home:/opt/rustwide/cargo-home:ro,Z" "-v" "/var/lib/crater-agent-workspace/rustup-home:/opt/rustwide/rustup-home:ro,Z" "-e" "SOURCE_DIR=/opt/rustwide/workdir" "-e" "CARGO_TARGET_DIR=/opt/rustwide/target" "-e" "CARGO_HOME=/opt/rustwide/cargo-home" "-e" "RUSTUP_HOME=/opt/rustwide/rustup-home" "-w" "/opt/rustwide/workdir" "-m" "1610612736" "--user" "0:0" "--network" "none" "ghcr.io/rust-lang/crates-build-env/linux@sha256:f3a9d4ad9d972b27faf3965f35b62e55ba32bbce8f20bc8fe909558a86702fde" "/opt/rustwide/cargo-home/bin/cargo" "+1.83.0" "metadata" "--no-deps" "--format-version=1", kill_on_drop: false }`
[INFO] [stdout] 0839951dba4c2ad5aa7ac260e256be6b1564e0a6d3c267ff2c70b13e24941772
[INFO] running `Command { std: "docker" "start" "-a" "0839951dba4c2ad5aa7ac260e256be6b1564e0a6d3c267ff2c70b13e24941772", kill_on_drop: false }`
[INFO] running `Command { std: "docker" "inspect" "0839951dba4c2ad5aa7ac260e256be6b1564e0a6d3c267ff2c70b13e24941772", kill_on_drop: false }`
[INFO] running `Command { std: "docker" "rm" "-f" "0839951dba4c2ad5aa7ac260e256be6b1564e0a6d3c267ff2c70b13e24941772", kill_on_drop: false }`
[INFO] [stdout] 0839951dba4c2ad5aa7ac260e256be6b1564e0a6d3c267ff2c70b13e24941772
[INFO] running `Command { std: "docker" "create" "-v" "/var/lib/crater-agent-workspace/builds/worker-4-tc1/target:/opt/rustwide/target:rw,Z" "-v" "/var/lib/crater-agent-workspace/builds/worker-4-tc1/source:/opt/rustwide/workdir:ro,Z" "-v" "/var/lib/crater-agent-workspace/cargo-home:/opt/rustwide/cargo-home:ro,Z" "-v" "/var/lib/crater-agent-workspace/rustup-home:/opt/rustwide/rustup-home:ro,Z" "-e" "SOURCE_DIR=/opt/rustwide/workdir" "-e" "CARGO_TARGET_DIR=/opt/rustwide/target" "-e" "CARGO_INCREMENTAL=0" "-e" "RUST_BACKTRACE=full" "-e" "RUSTFLAGS=--cap-lints=warn" "-e" "RUSTDOCFLAGS=--cap-lints=warn" "-e" "CARGO_HOME=/opt/rustwide/cargo-home" "-e" "RUSTUP_HOME=/opt/rustwide/rustup-home" "-w" "/opt/rustwide/workdir" "-m" "1610612736" "--user" "0:0" "--network" "none" "ghcr.io/rust-lang/crates-build-env/linux@sha256:f3a9d4ad9d972b27faf3965f35b62e55ba32bbce8f20bc8fe909558a86702fde" "/opt/rustwide/cargo-home/bin/cargo" "+1.83.0" "build" "--frozen" "--message-format=json", kill_on_drop: false }`
[INFO] [stdout] fd666026e421b06d968384e734b8b65905c64b8ceca6e54fbee2f9670ff713bd
[INFO] running `Command { std: "docker" "start" "-a" "fd666026e421b06d968384e734b8b65905c64b8ceca6e54fbee2f9670ff713bd", kill_on_drop: false }`
[INFO] [stderr]    Compiling libc v0.2.149
[INFO] [stderr]    Compiling proc-macro2 v1.0.69
[INFO] [stderr]    Compiling lock_api v0.4.10
[INFO] [stderr]    Compiling pkg-config v0.3.27
[INFO] [stderr]    Compiling once_cell v1.18.0
[INFO] [stderr]    Compiling vcpkg v0.2.15
[INFO] [stderr]    Compiling parking_lot_core v0.9.8
[INFO] [stderr]    Compiling pin-project-lite v0.2.13
[INFO] [stderr]    Compiling scopeguard v1.2.0
[INFO] [stderr]    Compiling futures-core v0.3.28
[INFO] [stderr]    Compiling bytes v1.5.0
[INFO] [stderr]    Compiling smallvec v1.11.1
[INFO] [stderr]    Compiling itoa v1.0.9
[INFO] [stderr]    Compiling futures-task v0.3.28
[INFO] [stderr]    Compiling slab v0.4.9
[INFO] [stderr]    Compiling indexmap v1.9.3
[INFO] [stderr]    Compiling fnv v1.0.7
[INFO] [stderr]    Compiling openssl v0.10.57
[INFO] [stderr]    Compiling futures-util v0.3.28
[INFO] [stderr]    Compiling tracing-core v0.1.32
[INFO] [stderr]    Compiling foreign-types-shared v0.1.1
[INFO] [stderr]    Compiling foreign-types v0.3.2
[INFO] [stderr]    Compiling futures-sink v0.3.28
[INFO] [stderr]    Compiling futures-channel v0.3.28
[INFO] [stderr]    Compiling serde v1.0.189
[INFO] [stderr]    Compiling hashbrown v0.12.3
[INFO] [stderr]    Compiling httparse v1.8.0
[INFO] [stderr]    Compiling bitflags v2.4.0
[INFO] [stderr]    Compiling tinyvec_macros v0.1.1
[INFO] [stderr]    Compiling http v0.2.9
[INFO] [stderr]    Compiling native-tls v0.2.11
[INFO] [stderr]    Compiling tinyvec v1.6.0
[INFO] [stderr]    Compiling try-lock v0.2.4
[INFO] [stderr]    Compiling openssl-probe v0.1.5
[INFO] [stderr]    Compiling log v0.4.20
[INFO] [stderr]    Compiling percent-encoding v2.3.0
[INFO] [stderr]    Compiling want v0.3.1
[INFO] [stderr]    Compiling form_urlencoded v1.2.0
[INFO] [stderr]    Compiling httpdate v1.0.3
[INFO] [stderr]    Compiling http-body v0.4.5
[INFO] [stderr]    Compiling tracing v0.1.39
[INFO] [stderr]    Compiling tower-service v0.3.2
[INFO] [stderr]    Compiling serde_json v1.0.107
[INFO] [stderr]    Compiling unicode-bidi v0.3.13
[INFO] [stderr]    Compiling ryu v1.0.15
[INFO] [stderr]    Compiling ppv-lite86 v0.2.17
[INFO] [stderr]    Compiling encoding_rs v0.8.33
[INFO] [stderr]    Compiling base64 v0.21.4
[INFO] [stderr]    Compiling unicode-normalization v0.1.22
[INFO] [stderr]    Compiling cc v1.0.83
[INFO] [stderr]    Compiling quote v1.0.33
[INFO] [stderr]    Compiling socket2 v0.5.4
[INFO] [stderr]    Compiling signal-hook-registry v1.4.1
[INFO] [stderr]    Compiling num_cpus v1.16.0
[INFO] [stderr]    Compiling mio v0.8.8
[INFO] [stderr]    Compiling syn v2.0.38
[INFO] [stderr]    Compiling getrandom v0.2.10
[INFO] [stderr]    Compiling socket2 v0.4.9
[INFO] [stderr]    Compiling parking_lot v0.12.1
[INFO] [stderr]    Compiling mime v0.3.17
[INFO] [stderr]    Compiling idna v0.4.0
[INFO] [stderr]    Compiling rand_core v0.6.4
[INFO] [stderr]    Compiling ipnet v2.8.0
[INFO] [stderr]    Compiling dotenv v0.15.0
[INFO] [stderr]    Compiling rand_chacha v0.3.1
[INFO] [stderr]    Compiling rand v0.8.5
[INFO] [stderr]    Compiling openssl-sys v0.9.93
[INFO] [stderr]    Compiling url v2.4.1
[INFO] [stderr]    Compiling serde_urlencoded v0.7.1
[INFO] [stderr]    Compiling tokio-macros v2.1.0
[INFO] [stderr]    Compiling openssl-macros v0.1.1
[INFO] [stderr]    Compiling tokio v1.33.0
[INFO] [stderr]    Compiling tokio-util v0.7.9
[INFO] [stderr]    Compiling tokio-native-tls v0.3.1
[INFO] [stderr]    Compiling h2 v0.3.21
[INFO] [stderr]    Compiling hyper v0.14.27
[INFO] [stderr]    Compiling hyper-tls v0.5.0
[INFO] [stderr]    Compiling reqwest v0.11.22
[INFO] [stderr]    Compiling target_proximity_game v0.1.0 (/opt/rustwide/workdir)
[INFO] [stdout] warning: function `generate_number2` is never used
[INFO] [stdout]   --> src/main.rs:50:4
[INFO] [stdout]    |
[INFO] [stdout] 50 | fn generate_number2(max_range: u32) -> u32 {
[INFO] [stdout]    |    ^^^^^^^^^^^^^^^^
[INFO] [stdout]    |
[INFO] [stdout]    = note: `#[warn(dead_code)]` on by default
[INFO] [stdout] 
[INFO] [stdout] 
[INFO] [stderr]     Finished `dev` profile [unoptimized + debuginfo] target(s) in 42.15s
[INFO] running `Command { std: "docker" "inspect" "fd666026e421b06d968384e734b8b65905c64b8ceca6e54fbee2f9670ff713bd", kill_on_drop: false }`
[INFO] running `Command { std: "docker" "rm" "-f" "fd666026e421b06d968384e734b8b65905c64b8ceca6e54fbee2f9670ff713bd", kill_on_drop: false }`
[INFO] [stdout] fd666026e421b06d968384e734b8b65905c64b8ceca6e54fbee2f9670ff713bd
[INFO] running `Command { std: "docker" "create" "-v" "/var/lib/crater-agent-workspace/builds/worker-4-tc1/target:/opt/rustwide/target:rw,Z" "-v" "/var/lib/crater-agent-workspace/builds/worker-4-tc1/source:/opt/rustwide/workdir:ro,Z" "-v" "/var/lib/crater-agent-workspace/cargo-home:/opt/rustwide/cargo-home:ro,Z" "-v" "/var/lib/crater-agent-workspace/rustup-home:/opt/rustwide/rustup-home:ro,Z" "-e" "SOURCE_DIR=/opt/rustwide/workdir" "-e" "CARGO_TARGET_DIR=/opt/rustwide/target" "-e" "CARGO_INCREMENTAL=0" "-e" "RUST_BACKTRACE=full" "-e" "RUSTFLAGS=--cap-lints=warn" "-e" "RUSTDOCFLAGS=--cap-lints=warn" "-e" "CARGO_HOME=/opt/rustwide/cargo-home" "-e" "RUSTUP_HOME=/opt/rustwide/rustup-home" "-w" "/opt/rustwide/workdir" "-m" "1610612736" "--user" "0:0" "--network" "none" "ghcr.io/rust-lang/crates-build-env/linux@sha256:f3a9d4ad9d972b27faf3965f35b62e55ba32bbce8f20bc8fe909558a86702fde" "/opt/rustwide/cargo-home/bin/cargo" "+1.83.0" "test" "--frozen" "--no-run" "--message-format=json", kill_on_drop: false }`
[INFO] [stdout] f24ee8a6589137ffa87a9c03b4f91172baba16d10563af74a0f40c7bd73b18ba
[INFO] running `Command { std: "docker" "start" "-a" "f24ee8a6589137ffa87a9c03b4f91172baba16d10563af74a0f40c7bd73b18ba", kill_on_drop: false }`
[INFO] [stderr]    Compiling target_proximity_game v0.1.0 (/opt/rustwide/workdir)
[INFO] [stdout] warning: function `generate_number2` is never used
[INFO] [stdout]   --> src/main.rs:50:4
[INFO] [stdout]    |
[INFO] [stdout] 50 | fn generate_number2(max_range: u32) -> u32 {
[INFO] [stdout]    |    ^^^^^^^^^^^^^^^^
[INFO] [stdout]    |
[INFO] [stdout]    = note: `#[warn(dead_code)]` on by default
[INFO] [stdout] 
[INFO] [stdout] 
[INFO] [stderr]     Finished `test` profile [unoptimized + debuginfo] target(s) in 3.26s
[INFO] running `Command { std: "docker" "inspect" "f24ee8a6589137ffa87a9c03b4f91172baba16d10563af74a0f40c7bd73b18ba", kill_on_drop: false }`
[INFO] running `Command { std: "docker" "rm" "-f" "f24ee8a6589137ffa87a9c03b4f91172baba16d10563af74a0f40c7bd73b18ba", kill_on_drop: false }`
[INFO] [stdout] f24ee8a6589137ffa87a9c03b4f91172baba16d10563af74a0f40c7bd73b18ba
[INFO] running `Command { std: "docker" "create" "-v" "/var/lib/crater-agent-workspace/builds/worker-4-tc1/target:/opt/rustwide/target:rw,Z" "-v" "/var/lib/crater-agent-workspace/builds/worker-4-tc1/source:/opt/rustwide/workdir:ro,Z" "-v" "/var/lib/crater-agent-workspace/cargo-home:/opt/rustwide/cargo-home:ro,Z" "-v" "/var/lib/crater-agent-workspace/rustup-home:/opt/rustwide/rustup-home:ro,Z" "-e" "SOURCE_DIR=/opt/rustwide/workdir" "-e" "CARGO_TARGET_DIR=/opt/rustwide/target" "-e" "CARGO_INCREMENTAL=0" "-e" "RUST_BACKTRACE=full" "-e" "RUSTFLAGS=--cap-lints=warn" "-e" "RUSTDOCFLAGS=--cap-lints=warn" "-e" "CARGO_HOME=/opt/rustwide/cargo-home" "-e" "RUSTUP_HOME=/opt/rustwide/rustup-home" "-w" "/opt/rustwide/workdir" "-m" "1610612736" "--user" "0:0" "--network" "none" "ghcr.io/rust-lang/crates-build-env/linux@sha256:f3a9d4ad9d972b27faf3965f35b62e55ba32bbce8f20bc8fe909558a86702fde" "/opt/rustwide/cargo-home/bin/cargo" "+1.83.0" "test" "--frozen", kill_on_drop: false }`
[INFO] [stdout] ad2783f3ec0358bb5760c69cf439416b2340369b8d177073f067de54e65235ac
[INFO] running `Command { std: "docker" "start" "-a" "ad2783f3ec0358bb5760c69cf439416b2340369b8d177073f067de54e65235ac", kill_on_drop: false }`
[INFO] [stderr] warning: function `generate_number2` is never used
[INFO] [stderr]   --> src/main.rs:50:4
[INFO] [stderr]    |
[INFO] [stderr] 50 | fn generate_number2(max_range: u32) -> u32 {
[INFO] [stderr]    |    ^^^^^^^^^^^^^^^^
[INFO] [stderr]    |
[INFO] [stderr]    = note: `#[warn(dead_code)]` on by default
[INFO] [stderr] 
[INFO] [stderr] warning: `target_proximity_game` (bin "target_proximity_game" test) generated 1 warning
[INFO] [stderr]     Finished `test` profile [unoptimized + debuginfo] target(s) in 0.15s
[INFO] [stderr]      Running unittests src/main.rs (/opt/rustwide/target/debug/deps/target_proximity_game-7ab1a14f7db8c5bc)
[INFO] [stdout] 
[INFO] [stdout] running 3 tests
[INFO] [stdout] test tests::test_create_max_range ... ok
[INFO] [stdout] test tests::test_player_to_string ... ok
[INFO] [stdout] test tests::test_valid_rng ... FAILED
[INFO] [stdout] 
[INFO] [stdout] failures:
[INFO] [stdout] 
[INFO] [stdout] ---- tests::test_valid_rng stdout ----
[INFO] [stdout] thread 'tests::test_valid_rng' panicked at src/main.rs:58:33:
[INFO] [stdout] Failed to load .env file: Io(Os { code: 2, kind: NotFound, message: "No such file or directory" })
[INFO] [stdout] stack backtrace:
[INFO] [stdout]    0:     0x643bcadc3baa - std::backtrace_rs::backtrace::libunwind::trace::h5a5b8284f2d0c266
[INFO] [stdout]                                at /rustc/90b35a6239c3d8bdabc530a6a0816f7ff89a0aaf/library/std/src/../../backtrace/src/backtrace/libunwind.rs:116:5
[INFO] [stdout]    1:     0x643bcadc3baa - std::backtrace_rs::backtrace::trace_unsynchronized::h76d4f1c9b0b875e3
[INFO] [stdout]                                at /rustc/90b35a6239c3d8bdabc530a6a0816f7ff89a0aaf/library/std/src/../../backtrace/src/backtrace/mod.rs:66:5
[INFO] [stdout]    2:     0x643bcadc3baa - std::sys::backtrace::_print_fmt::hc4546b8364a537c6
[INFO] [stdout]                                at /rustc/90b35a6239c3d8bdabc530a6a0816f7ff89a0aaf/library/std/src/sys/backtrace.rs:66:9
[INFO] [stdout]    3:     0x643bcadc3baa - <std::sys::backtrace::BacktraceLock::print::DisplayBacktrace as core::fmt::Display>::fmt::h5b6bd5631a6d1f6b
[INFO] [stdout]                                at /rustc/90b35a6239c3d8bdabc530a6a0816f7ff89a0aaf/library/std/src/sys/backtrace.rs:39:26
[INFO] [stdout]    4:     0x643bcadebd63 - core::fmt::rt::Argument::fmt::h270f6602a2b96f62
[INFO] [stdout]                                at /rustc/90b35a6239c3d8bdabc530a6a0816f7ff89a0aaf/library/core/src/fmt/rt.rs:177:76
[INFO] [stdout]    5:     0x643bcadebd63 - core::fmt::write::h7550c97b06c86515
[INFO] [stdout]                                at /rustc/90b35a6239c3d8bdabc530a6a0816f7ff89a0aaf/library/core/src/fmt/mod.rs:1186:21
[INFO] [stdout]    6:     0x643bcadc0243 - std::io::Write::write_fmt::h509ff860e5956e5e
[INFO] [stdout]                                at /rustc/90b35a6239c3d8bdabc530a6a0816f7ff89a0aaf/library/std/src/io/mod.rs:1839:15
[INFO] [stdout]    7:     0x643bcadc39f2 - std::sys::backtrace::BacktraceLock::print::h2395ccd2c84ba3aa
[INFO] [stdout]                                at /rustc/90b35a6239c3d8bdabc530a6a0816f7ff89a0aaf/library/std/src/sys/backtrace.rs:42:9
[INFO] [stdout]    8:     0x643bcadc500a - std::panicking::default_hook::{{closure}}::he19d4c7230e07961
[INFO] [stdout]                                at /rustc/90b35a6239c3d8bdabc530a6a0816f7ff89a0aaf/library/std/src/panicking.rs:268:22
[INFO] [stdout]    9:     0x643bcadc4e14 - std::panicking::default_hook::hf614597d3c67bbdb
[INFO] [stdout]                                at /rustc/90b35a6239c3d8bdabc530a6a0816f7ff89a0aaf/library/std/src/panicking.rs:292:9
[INFO] [stdout]   10:     0x643bca984729 - <alloc::boxed::Box<F,A> as core::ops::function::Fn<Args>>::call::h39b51ce4599c23d1
[INFO] [stdout]                                at /rustc/90b35a6239c3d8bdabc530a6a0816f7ff89a0aaf/library/alloc/src/boxed.rs:2468:9
[INFO] [stdout]   11:     0x643bca984729 - test::test_main::{{closure}}::he977ae839a582784
[INFO] [stdout]                                at /rustc/90b35a6239c3d8bdabc530a6a0816f7ff89a0aaf/library/test/src/lib.rs:133:21
[INFO] [stdout]   12:     0x643bcadc56a8 - <alloc::boxed::Box<F,A> as core::ops::function::Fn<Args>>::call::h9455091b6b06f9fb
[INFO] [stdout]                                at /rustc/90b35a6239c3d8bdabc530a6a0816f7ff89a0aaf/library/alloc/src/boxed.rs:2468:9
[INFO] [stdout]   13:     0x643bcadc56a8 - std::panicking::rust_panic_with_hook::h8942133a8b252070
[INFO] [stdout]                                at /rustc/90b35a6239c3d8bdabc530a6a0816f7ff89a0aaf/library/std/src/panicking.rs:809:13
[INFO] [stdout]   14:     0x643bcadc546a - std::panicking::begin_panic_handler::{{closure}}::hb5f5963570096b29
[INFO] [stdout]                                at /rustc/90b35a6239c3d8bdabc530a6a0816f7ff89a0aaf/library/std/src/panicking.rs:674:13
[INFO] [stdout]   15:     0x643bcadc4089 - std::sys::backtrace::__rust_end_short_backtrace::h6208cedc1922feda
[INFO] [stdout]                                at /rustc/90b35a6239c3d8bdabc530a6a0816f7ff89a0aaf/library/std/src/sys/backtrace.rs:170:18
[INFO] [stdout]   16:     0x643bcadc50fc - rust_begin_unwind
[INFO] [stdout]                                at /rustc/90b35a6239c3d8bdabc530a6a0816f7ff89a0aaf/library/std/src/panicking.rs:665:5
[INFO] [stdout]   17:     0x643bca92d2a0 - core::panicking::panic_fmt::h0c3082644d1bf418
[INFO] [stdout]                                at /rustc/90b35a6239c3d8bdabc530a6a0816f7ff89a0aaf/library/core/src/panicking.rs:74:14
[INFO] [stdout]   18:     0x643bca92d786 - core::result::unwrap_failed::hd20b4aa073bda1e2
[INFO] [stdout]                                at /rustc/90b35a6239c3d8bdabc530a6a0816f7ff89a0aaf/library/core/src/result.rs:1700:5
[INFO] [stdout]   19:     0x643bca9370ed - core::result::Result<T,E>::expect::hdd350ab6a39d1feb
[INFO] [stdout]                                at /rustc/90b35a6239c3d8bdabc530a6a0816f7ff89a0aaf/library/core/src/result.rs:1061:23
[INFO] [stdout]   20:     0x643bca934963 - target_proximity_game::generate_number::{{closure}}::hf9d955ec8d575140
[INFO] [stdout]                                at /opt/rustwide/workdir/src/main.rs:58:5
[INFO] [stdout]   21:     0x643bca930c2e - tokio::runtime::park::CachedParkThread::block_on::{{closure}}::h78c1bc256106e94f
[INFO] [stdout]                                at /opt/rustwide/cargo-home/registry/src/index.crates.io-6f17d22bba15001f/tokio-1.33.0/src/runtime/park.rs:282:63
[INFO] [stdout]   22:     0x643bca930a50 - tokio::runtime::coop::with_budget::h5ffb1409f79dac6e
[INFO] [stdout]                                at /opt/rustwide/cargo-home/registry/src/index.crates.io-6f17d22bba15001f/tokio-1.33.0/src/runtime/coop.rs:107:5
[INFO] [stdout]   23:     0x643bca930a50 - tokio::runtime::coop::budget::ha5834d6d2a0fdd5a
[INFO] [stdout]                                at /opt/rustwide/cargo-home/registry/src/index.crates.io-6f17d22bba15001f/tokio-1.33.0/src/runtime/coop.rs:73:5
[INFO] [stdout]   24:     0x643bca930a50 - tokio::runtime::park::CachedParkThread::block_on::hcb4c44d8ca396547
[INFO] [stdout]                                at /opt/rustwide/cargo-home/registry/src/index.crates.io-6f17d22bba15001f/tokio-1.33.0/src/runtime/park.rs:282:31
[INFO] [stdout]   25:     0x643bca931832 - tokio::runtime::context::blocking::BlockingRegionGuard::block_on::he9caeab6d6d173ac
[INFO] [stdout]                                at /opt/rustwide/cargo-home/registry/src/index.crates.io-6f17d22bba15001f/tokio-1.33.0/src/runtime/context/blocking.rs:66:9
[INFO] [stdout]   26:     0x643bca931b6f - tokio::runtime::scheduler::multi_thread::MultiThread::block_on::{{closure}}::h7c123d7ae0ebcf83
[INFO] [stdout]                                at /opt/rustwide/cargo-home/registry/src/index.crates.io-6f17d22bba15001f/tokio-1.33.0/src/runtime/scheduler/multi_thread/mod.rs:87:13
[INFO] [stdout]   27:     0x643bca931319 - tokio::runtime::context::runtime::enter_runtime::h992fcdab0f2f6a8a
[INFO] [stdout]                                at /opt/rustwide/cargo-home/registry/src/index.crates.io-6f17d22bba15001f/tokio-1.33.0/src/runtime/context/runtime.rs:65:16
[INFO] [stdout]   28:     0x643bca931b20 - tokio::runtime::scheduler::multi_thread::MultiThread::block_on::hba23b2123ea1bd6e
[INFO] [stdout]                                at /opt/rustwide/cargo-home/registry/src/index.crates.io-6f17d22bba15001f/tokio-1.33.0/src/runtime/scheduler/multi_thread/mod.rs:86:9
[INFO] [stdout]   29:     0x643bca931a49 - tokio::runtime::runtime::Runtime::block_on::h73df6990dda59c86
[INFO] [stdout]                                at /opt/rustwide/cargo-home/registry/src/index.crates.io-6f17d22bba15001f/tokio-1.33.0/src/runtime/runtime.rs:350:45
[INFO] [stdout]   30:     0x643bca9347a9 - target_proximity_game::generate_number::h382d5ea0ad5cc097
[INFO] [stdout]                                at /opt/rustwide/workdir/src/main.rs:65:5
[INFO] [stdout]   31:     0x643bca93983b - target_proximity_game::tests::test_valid_rng::h2404e99aac882be4
[INFO] [stdout]                                at /opt/rustwide/workdir/src/main.rs:144:26
[INFO] [stdout]   32:     0x643bca939807 - target_proximity_game::tests::test_valid_rng::{{closure}}::h08a5df76db4287a5
[INFO] [stdout]                                at /opt/rustwide/workdir/src/main.rs:142:24
[INFO] [stdout]   33:     0x643bca935376 - core::ops::function::FnOnce::call_once::h3cf28e215a4312a8
[INFO] [stdout]                                at /rustc/90b35a6239c3d8bdabc530a6a0816f7ff89a0aaf/library/core/src/ops/function.rs:250:5
[INFO] [stdout]   34:     0x643bca9890eb - core::ops::function::FnOnce::call_once::h109cf8051a59b34e
[INFO] [stdout]                                at /rustc/90b35a6239c3d8bdabc530a6a0816f7ff89a0aaf/library/core/src/ops/function.rs:250:5
[INFO] [stdout]   35:     0x643bca9890eb - test::__rust_begin_short_backtrace::hf4fff89d377446ba
[INFO] [stdout]                                at /rustc/90b35a6239c3d8bdabc530a6a0816f7ff89a0aaf/library/test/src/lib.rs:621:18
[INFO] [stdout]   36:     0x643bca988927 - test::run_test_in_process::{{closure}}::h0e39181dd7ee5a43
[INFO] [stdout]                                at /rustc/90b35a6239c3d8bdabc530a6a0816f7ff89a0aaf/library/test/src/lib.rs:644:60
[INFO] [stdout]   37:     0x643bca988927 - <core::panic::unwind_safe::AssertUnwindSafe<F> as core::ops::function::FnOnce<()>>::call_once::hc5a66a30f0bdfd1f
[INFO] [stdout]                                at /rustc/90b35a6239c3d8bdabc530a6a0816f7ff89a0aaf/library/core/src/panic/unwind_safe.rs:272:9
[INFO] [stdout]   38:     0x643bca988927 - std::panicking::try::do_call::h873b7cf639554a5e
[INFO] [stdout]                                at /rustc/90b35a6239c3d8bdabc530a6a0816f7ff89a0aaf/library/std/src/panicking.rs:557:40
[INFO] [stdout]   39:     0x643bca988927 - std::panicking::try::hdb19862fad9c8bd1
[INFO] [stdout]                                at /rustc/90b35a6239c3d8bdabc530a6a0816f7ff89a0aaf/library/std/src/panicking.rs:520:19
[INFO] [stdout]   40:     0x643bca988927 - std::panic::catch_unwind::h281fe732d236d260
[INFO] [stdout]                                at /rustc/90b35a6239c3d8bdabc530a6a0816f7ff89a0aaf/library/std/src/panic.rs:358:14
[INFO] [stdout]   41:     0x643bca988927 - test::run_test_in_process::h949b6df8457ed338
[INFO] [stdout]                                at /rustc/90b35a6239c3d8bdabc530a6a0816f7ff89a0aaf/library/test/src/lib.rs:644:27
[INFO] [stdout]   42:     0x643bca988927 - test::run_test::{{closure}}::h52c556a6d4740e10
[INFO] [stdout]                                at /rustc/90b35a6239c3d8bdabc530a6a0816f7ff89a0aaf/library/test/src/lib.rs:565:43
[INFO] [stdout]   43:     0x643bca94dc04 - test::run_test::{{closure}}::h4237f6381c45ccb9
[INFO] [stdout]                                at /rustc/90b35a6239c3d8bdabc530a6a0816f7ff89a0aaf/library/test/src/lib.rs:595:41
[INFO] [stdout]   44:     0x643bca94dc04 - std::sys::backtrace::__rust_begin_short_backtrace::h505c97a579eca628
[INFO] [stdout]                                at /rustc/90b35a6239c3d8bdabc530a6a0816f7ff89a0aaf/library/std/src/sys/backtrace.rs:154:18
[INFO] [stdout]   45:     0x643bca9512ce - std::thread::Builder::spawn_unchecked_::{{closure}}::{{closure}}::h9e86b2e2bc107ea3
[INFO] [stdout]                                at /rustc/90b35a6239c3d8bdabc530a6a0816f7ff89a0aaf/library/std/src/thread/mod.rs:538:17
[INFO] [stdout]   46:     0x643bca9512ce - <core::panic::unwind_safe::AssertUnwindSafe<F> as core::ops::function::FnOnce<()>>::call_once::h8b06ddb275ff4a25
[INFO] [stdout]                                at /rustc/90b35a6239c3d8bdabc530a6a0816f7ff89a0aaf/library/core/src/panic/unwind_safe.rs:272:9
[INFO] [stdout]   47:     0x643bca9512ce - std::panicking::try::do_call::hb26ecd7cd9a9355d
[INFO] [stdout]                                at /rustc/90b35a6239c3d8bdabc530a6a0816f7ff89a0aaf/library/std/src/panicking.rs:557:40
[INFO] [stdout]   48:     0x643bca9512ce - std::panicking::try::h8ddeca9d705f9069
[INFO] [stdout]                                at /rustc/90b35a6239c3d8bdabc530a6a0816f7ff89a0aaf/library/std/src/panicking.rs:520:19
[INFO] [stdout]   49:     0x643bca9512ce - std::panic::catch_unwind::h49e1c33078844c46
[INFO] [stdout]                                at /rustc/90b35a6239c3d8bdabc530a6a0816f7ff89a0aaf/library/std/src/panic.rs:358:14
[INFO] [stdout]   50:     0x643bca9512ce - std::thread::Builder::spawn_unchecked_::{{closure}}::h6073db6ff56ad35d
[INFO] [stdout]                                at /rustc/90b35a6239c3d8bdabc530a6a0816f7ff89a0aaf/library/std/src/thread/mod.rs:537:30
[INFO] [stdout]   51:     0x643bca9512ce - core::ops::function::FnOnce::call_once{{vtable.shim}}::h2c5a5f3779c774f1
[INFO] [stdout]                                at /rustc/90b35a6239c3d8bdabc530a6a0816f7ff89a0aaf/library/core/src/ops/function.rs:250:5
[INFO] [stdout]   52:     0x643bcadc996b - <alloc::boxed::Box<F,A> as core::ops::function::FnOnce<Args>>::call_once::hf75717d9f28faebf
[INFO] [stdout]                                at /rustc/90b35a6239c3d8bdabc530a6a0816f7ff89a0aaf/library/alloc/src/boxed.rs:2454:9
[INFO] [stdout]   53:     0x643bcadc996b - <alloc::boxed::Box<F,A> as core::ops::function::FnOnce<Args>>::call_once::h7bd883a5f3c5f3c1
[INFO] [stdout]                                at /rustc/90b35a6239c3d8bdabc530a6a0816f7ff89a0aaf/library/alloc/src/boxed.rs:2454:9
[INFO] [stdout]   54:     0x643bcadc996b - std::sys::pal::unix::thread::Thread::new::thread_start::hcc78f3943333fa94
[INFO] [stdout]                                at /rustc/90b35a6239c3d8bdabc530a6a0816f7ff89a0aaf/library/std/src/sys/pal/unix/thread.rs:105:17
[INFO] [stdout]   55:     0x7c4c8f87aac3 - <unknown>
[INFO] [stdout]   56:     0x7c4c8f90ba04 - clone
[INFO] [stdout]   57:                0x0 - <unknown>
[INFO] [stdout] 
[INFO] [stdout] 
[INFO] [stdout] failures:
[INFO] [stdout]     tests::test_valid_rng
[INFO] [stdout] 
[INFO] [stdout] test result: FAILED. 2 passed; 1 failed; 0 ignored; 0 measured; 0 filtered out; finished in 0.05s
[INFO] [stdout] 
[INFO] [stderr] error: test failed, to rerun pass `--bin target_proximity_game`
[INFO] running `Command { std: "docker" "inspect" "ad2783f3ec0358bb5760c69cf439416b2340369b8d177073f067de54e65235ac", kill_on_drop: false }`
[INFO] running `Command { std: "docker" "rm" "-f" "ad2783f3ec0358bb5760c69cf439416b2340369b8d177073f067de54e65235ac", kill_on_drop: false }`
[INFO] [stdout] ad2783f3ec0358bb5760c69cf439416b2340369b8d177073f067de54e65235ac
