[INFO] cloning repository https://github.com/NZRosto/vl53l1x-simple
[INFO] running `Command { std: "git" "-c" "credential.helper=" "-c" "credential.helper=/workspace/cargo-home/bin/git-credential-null" "clone" "--bare" "https://github.com/NZRosto/vl53l1x-simple" "/workspace/cache/git-repos/https%3A%2F%2Fgithub.com%2FNZRosto%2Fvl53l1x-simple", kill_on_drop: false }`
[INFO] [stderr] Cloning into bare repository '/workspace/cache/git-repos/https%3A%2F%2Fgithub.com%2FNZRosto%2Fvl53l1x-simple'...
[INFO] running `Command { std: "git" "rev-parse" "HEAD", kill_on_drop: false }`
[INFO] [stdout] cd5c02bc7c77b39528fbd4d5e85f6659e907a032
[INFO] testing NZRosto/vl53l1x-simple against 1.83.0 for beta-1.84.0-4-retry
[INFO] running `Command { std: "git" "clone" "/workspace/cache/git-repos/https%3A%2F%2Fgithub.com%2FNZRosto%2Fvl53l1x-simple" "/workspace/builds/worker-4-tc1/source", kill_on_drop: false }`
[INFO] [stderr] Cloning into '/workspace/builds/worker-4-tc1/source'...
[INFO] [stderr] done.
[INFO] validating manifest of git repo https://github.com/NZRosto/vl53l1x-simple on toolchain 1.83.0
[INFO] running `Command { std: CARGO_HOME="/workspace/cargo-home" RUSTUP_HOME="/workspace/rustup-home" "/workspace/cargo-home/bin/cargo" "+1.83.0" "metadata" "--manifest-path" "Cargo.toml" "--no-deps", kill_on_drop: false }`
[INFO] started tweaking git repo https://github.com/NZRosto/vl53l1x-simple
[INFO] finished tweaking git repo https://github.com/NZRosto/vl53l1x-simple
[INFO] tweaked toml for git repo https://github.com/NZRosto/vl53l1x-simple written to /workspace/builds/worker-4-tc1/source/Cargo.toml
[INFO] crate git repo https://github.com/NZRosto/vl53l1x-simple already has a lockfile, it will not be regenerated
[INFO] running `Command { std: CARGO_HOME="/workspace/cargo-home" RUSTUP_HOME="/workspace/rustup-home" "/workspace/cargo-home/bin/cargo" "+1.83.0" "fetch" "--manifest-path" "Cargo.toml", kill_on_drop: false }`
[INFO] [stderr]     Blocking waiting for file lock on package cache
[INFO] running `Command { std: "docker" "create" "-v" "/var/lib/crater-agent-workspace/builds/worker-4-tc1/target:/opt/rustwide/target:rw,Z" "-v" "/var/lib/crater-agent-workspace/builds/worker-4-tc1/source:/opt/rustwide/workdir:ro,Z" "-v" "/var/lib/crater-agent-workspace/cargo-home:/opt/rustwide/cargo-home:ro,Z" "-v" "/var/lib/crater-agent-workspace/rustup-home:/opt/rustwide/rustup-home:ro,Z" "-e" "SOURCE_DIR=/opt/rustwide/workdir" "-e" "CARGO_TARGET_DIR=/opt/rustwide/target" "-e" "CARGO_HOME=/opt/rustwide/cargo-home" "-e" "RUSTUP_HOME=/opt/rustwide/rustup-home" "-w" "/opt/rustwide/workdir" "-m" "1610612736" "--user" "0:0" "--network" "none" "ghcr.io/rust-lang/crates-build-env/linux@sha256:f3a9d4ad9d972b27faf3965f35b62e55ba32bbce8f20bc8fe909558a86702fde" "/opt/rustwide/cargo-home/bin/cargo" "+1.83.0" "metadata" "--no-deps" "--format-version=1", kill_on_drop: false }`
[INFO] [stdout] 524ca2e168e0cd772548a711dd9a129b035647c50d06c25ceda06effca758dc3
[INFO] running `Command { std: "docker" "start" "-a" "524ca2e168e0cd772548a711dd9a129b035647c50d06c25ceda06effca758dc3", kill_on_drop: false }`
[INFO] running `Command { std: "docker" "inspect" "524ca2e168e0cd772548a711dd9a129b035647c50d06c25ceda06effca758dc3", kill_on_drop: false }`
[INFO] running `Command { std: "docker" "rm" "-f" "524ca2e168e0cd772548a711dd9a129b035647c50d06c25ceda06effca758dc3", kill_on_drop: false }`
[INFO] [stdout] 524ca2e168e0cd772548a711dd9a129b035647c50d06c25ceda06effca758dc3
[INFO] running `Command { std: "docker" "create" "-v" "/var/lib/crater-agent-workspace/builds/worker-4-tc1/target:/opt/rustwide/target:rw,Z" "-v" "/var/lib/crater-agent-workspace/builds/worker-4-tc1/source:/opt/rustwide/workdir:ro,Z" "-v" "/var/lib/crater-agent-workspace/cargo-home:/opt/rustwide/cargo-home:ro,Z" "-v" "/var/lib/crater-agent-workspace/rustup-home:/opt/rustwide/rustup-home:ro,Z" "-e" "SOURCE_DIR=/opt/rustwide/workdir" "-e" "CARGO_TARGET_DIR=/opt/rustwide/target" "-e" "CARGO_INCREMENTAL=0" "-e" "RUST_BACKTRACE=full" "-e" "RUSTFLAGS=--cap-lints=warn" "-e" "RUSTDOCFLAGS=--cap-lints=warn" "-e" "CARGO_HOME=/opt/rustwide/cargo-home" "-e" "RUSTUP_HOME=/opt/rustwide/rustup-home" "-w" "/opt/rustwide/workdir" "-m" "1610612736" "--user" "0:0" "--network" "none" "ghcr.io/rust-lang/crates-build-env/linux@sha256:f3a9d4ad9d972b27faf3965f35b62e55ba32bbce8f20bc8fe909558a86702fde" "/opt/rustwide/cargo-home/bin/cargo" "+1.83.0" "build" "--frozen" "--message-format=json", kill_on_drop: false }`
[INFO] [stdout] 3c8c44b7bc5db70429113df1e6dbec6c9b1a84cd559c67874c854aaea0b16f80
[INFO] running `Command { std: "docker" "start" "-a" "3c8c44b7bc5db70429113df1e6dbec6c9b1a84cd559c67874c854aaea0b16f80", kill_on_drop: false }`
[INFO] [stderr]    Compiling embedded-hal v1.0.0
[INFO] [stderr]    Compiling vl53l1x-simple v0.2.0 (/opt/rustwide/workdir)
[INFO] [stderr]     Finished `dev` profile [unoptimized + debuginfo] target(s) in 0.60s
[INFO] running `Command { std: "docker" "inspect" "3c8c44b7bc5db70429113df1e6dbec6c9b1a84cd559c67874c854aaea0b16f80", kill_on_drop: false }`
[INFO] running `Command { std: "docker" "rm" "-f" "3c8c44b7bc5db70429113df1e6dbec6c9b1a84cd559c67874c854aaea0b16f80", kill_on_drop: false }`
[INFO] [stdout] 3c8c44b7bc5db70429113df1e6dbec6c9b1a84cd559c67874c854aaea0b16f80
[INFO] running `Command { std: "docker" "create" "-v" "/var/lib/crater-agent-workspace/builds/worker-4-tc1/target:/opt/rustwide/target:rw,Z" "-v" "/var/lib/crater-agent-workspace/builds/worker-4-tc1/source:/opt/rustwide/workdir:ro,Z" "-v" "/var/lib/crater-agent-workspace/cargo-home:/opt/rustwide/cargo-home:ro,Z" "-v" "/var/lib/crater-agent-workspace/rustup-home:/opt/rustwide/rustup-home:ro,Z" "-e" "SOURCE_DIR=/opt/rustwide/workdir" "-e" "CARGO_TARGET_DIR=/opt/rustwide/target" "-e" "CARGO_INCREMENTAL=0" "-e" "RUST_BACKTRACE=full" "-e" "RUSTFLAGS=--cap-lints=warn" "-e" "RUSTDOCFLAGS=--cap-lints=warn" "-e" "CARGO_HOME=/opt/rustwide/cargo-home" "-e" "RUSTUP_HOME=/opt/rustwide/rustup-home" "-w" "/opt/rustwide/workdir" "-m" "1610612736" "--user" "0:0" "--network" "none" "ghcr.io/rust-lang/crates-build-env/linux@sha256:f3a9d4ad9d972b27faf3965f35b62e55ba32bbce8f20bc8fe909558a86702fde" "/opt/rustwide/cargo-home/bin/cargo" "+1.83.0" "test" "--frozen" "--no-run" "--message-format=json", kill_on_drop: false }`
[INFO] [stdout] b706925ea1f80442f67405b8bdfc966bea2a8ea57a3e295174ed261d4dd66f29
[INFO] running `Command { std: "docker" "start" "-a" "b706925ea1f80442f67405b8bdfc966bea2a8ea57a3e295174ed261d4dd66f29", kill_on_drop: false }`
[INFO] [stderr]    Compiling vl53l1x-simple v0.2.0 (/opt/rustwide/workdir)
[INFO] [stderr]     Finished `test` profile [unoptimized + debuginfo] target(s) in 0.53s
[INFO] running `Command { std: "docker" "inspect" "b706925ea1f80442f67405b8bdfc966bea2a8ea57a3e295174ed261d4dd66f29", kill_on_drop: false }`
[INFO] running `Command { std: "docker" "rm" "-f" "b706925ea1f80442f67405b8bdfc966bea2a8ea57a3e295174ed261d4dd66f29", kill_on_drop: false }`
[INFO] [stdout] b706925ea1f80442f67405b8bdfc966bea2a8ea57a3e295174ed261d4dd66f29
[INFO] running `Command { std: "docker" "create" "-v" "/var/lib/crater-agent-workspace/builds/worker-4-tc1/target:/opt/rustwide/target:rw,Z" "-v" "/var/lib/crater-agent-workspace/builds/worker-4-tc1/source:/opt/rustwide/workdir:ro,Z" "-v" "/var/lib/crater-agent-workspace/cargo-home:/opt/rustwide/cargo-home:ro,Z" "-v" "/var/lib/crater-agent-workspace/rustup-home:/opt/rustwide/rustup-home:ro,Z" "-e" "SOURCE_DIR=/opt/rustwide/workdir" "-e" "CARGO_TARGET_DIR=/opt/rustwide/target" "-e" "CARGO_INCREMENTAL=0" "-e" "RUST_BACKTRACE=full" "-e" "RUSTFLAGS=--cap-lints=warn" "-e" "RUSTDOCFLAGS=--cap-lints=warn" "-e" "CARGO_HOME=/opt/rustwide/cargo-home" "-e" "RUSTUP_HOME=/opt/rustwide/rustup-home" "-w" "/opt/rustwide/workdir" "-m" "1610612736" "--user" "0:0" "--network" "none" "ghcr.io/rust-lang/crates-build-env/linux@sha256:f3a9d4ad9d972b27faf3965f35b62e55ba32bbce8f20bc8fe909558a86702fde" "/opt/rustwide/cargo-home/bin/cargo" "+1.83.0" "test" "--frozen", kill_on_drop: false }`
[INFO] [stdout] 8cb1446733912fb32c60b8438c49e2cd24a4e039c23f3b64e29cc9181d964ae4
[INFO] running `Command { std: "docker" "start" "-a" "8cb1446733912fb32c60b8438c49e2cd24a4e039c23f3b64e29cc9181d964ae4", kill_on_drop: false }`
[INFO] [stderr]     Finished `test` profile [unoptimized + debuginfo] target(s) in 0.01s
[INFO] [stdout] 
[INFO] [stderr]      Running unittests src/lib.rs (/opt/rustwide/target/debug/deps/vl53l1x_simple-e55092cef1b1db15)
[INFO] [stdout] running 0 tests
[INFO] [stdout] 
[INFO] [stdout] test result: ok. 0 passed; 0 failed; 0 ignored; 0 measured; 0 filtered out; finished in 0.00s
[INFO] [stdout] 
[INFO] [stderr]    Doc-tests vl53l1x_simple
[INFO] [stdout] 
[INFO] [stdout] running 1 test
[INFO] [stdout] test src/../README.md - (line 9) ... FAILED
[INFO] [stdout] 
[INFO] [stdout] failures:
[INFO] [stdout] 
[INFO] [stdout] ---- src/../README.md - (line 9) stdout ----
[INFO] [stdout] error[E0433]: failed to resolve: use of undeclared type `Vl53l1x`
[INFO] [stdout]  --> src/../README.md:10:15
[INFO] [stdout]   |
[INFO] [stdout] 3 | let mut tof = Vl53l1x::new(i2c, x_shut, 0x30, &clock_source).unwrap();
[INFO] [stdout]   |               ^^^^^^^ use of undeclared type `Vl53l1x`
[INFO] [stdout]   |
[INFO] [stdout] help: consider importing this struct
[INFO] [stdout]   |
[INFO] [stdout] 2 + use vl53l1x_simple::Vl53l1x;
[INFO] [stdout]   |
[INFO] [stdout] 
[INFO] [stdout] error[E0425]: cannot find value `i2c` in this scope
[INFO] [stdout]  --> src/../README.md:10:28
[INFO] [stdout]   |
[INFO] [stdout] 3 | let mut tof = Vl53l1x::new(i2c, x_shut, 0x30, &clock_source).unwrap();
[INFO] [stdout]   |                            ^^^ not found in this scope
[INFO] [stdout] 
[INFO] [stdout] error[E0425]: cannot find value `x_shut` in this scope
[INFO] [stdout]  --> src/../README.md:10:33
[INFO] [stdout]   |
[INFO] [stdout] 3 | let mut tof = Vl53l1x::new(i2c, x_shut, 0x30, &clock_source).unwrap();
[INFO] [stdout]   |                                 ^^^^^^ not found in this scope
[INFO] [stdout] 
[INFO] [stdout] error[E0425]: cannot find value `clock_source` in this scope
[INFO] [stdout]  --> src/../README.md:10:48
[INFO] [stdout]   |
[INFO] [stdout] 3 | let mut tof = Vl53l1x::new(i2c, x_shut, 0x30, &clock_source).unwrap();
[INFO] [stdout]   |                                                ^^^^^^^^^^^^ not found in this scope
[INFO] [stdout] 
[INFO] [stdout] error: aborting due to 4 previous errors
[INFO] [stdout] 
[INFO] [stdout] Some errors have detailed explanations: E0425, E0433.
[INFO] [stdout] For more information about an error, try `rustc --explain E0425`.
[INFO] [stdout] Couldn't compile the test.
[INFO] [stdout] 
[INFO] [stdout] failures:
[INFO] [stdout]     src/../README.md - (line 9)
[INFO] [stdout] 
[INFO] [stdout] test result: FAILED. 0 passed; 1 failed; 0 ignored; 0 measured; 0 filtered out; finished in 0.10s
[INFO] [stdout] 
[INFO] [stderr] error: doctest failed, to rerun pass `--doc`
[INFO] running `Command { std: "docker" "inspect" "8cb1446733912fb32c60b8438c49e2cd24a4e039c23f3b64e29cc9181d964ae4", kill_on_drop: false }`
[INFO] running `Command { std: "docker" "rm" "-f" "8cb1446733912fb32c60b8438c49e2cd24a4e039c23f3b64e29cc9181d964ae4", kill_on_drop: false }`
[INFO] [stdout] 8cb1446733912fb32c60b8438c49e2cd24a4e039c23f3b64e29cc9181d964ae4
