[INFO] cloning repository https://github.com/NZRosto/vl53l0x-simple
[INFO] running `Command { std: "git" "-c" "credential.helper=" "-c" "credential.helper=/workspace/cargo-home/bin/git-credential-null" "clone" "--bare" "https://github.com/NZRosto/vl53l0x-simple" "/workspace/cache/git-repos/https%3A%2F%2Fgithub.com%2FNZRosto%2Fvl53l0x-simple", kill_on_drop: false }`
[INFO] [stderr] Cloning into bare repository '/workspace/cache/git-repos/https%3A%2F%2Fgithub.com%2FNZRosto%2Fvl53l0x-simple'...
[INFO] running `Command { std: "git" "rev-parse" "HEAD", kill_on_drop: false }`
[INFO] [stdout] 06db1e54dccd6e5b460064a09d1e49405c73c7e7
[INFO] testing NZRosto/vl53l0x-simple against 1.83.0 for beta-1.84.0-4-retry
[INFO] running `Command { std: "git" "clone" "/workspace/cache/git-repos/https%3A%2F%2Fgithub.com%2FNZRosto%2Fvl53l0x-simple" "/workspace/builds/worker-2-tc1/source", kill_on_drop: false }`
[INFO] [stderr] Cloning into '/workspace/builds/worker-2-tc1/source'...
[INFO] [stderr] done.
[INFO] validating manifest of git repo https://github.com/NZRosto/vl53l0x-simple on toolchain 1.83.0
[INFO] running `Command { std: CARGO_HOME="/workspace/cargo-home" RUSTUP_HOME="/workspace/rustup-home" "/workspace/cargo-home/bin/cargo" "+1.83.0" "metadata" "--manifest-path" "Cargo.toml" "--no-deps", kill_on_drop: false }`
[INFO] started tweaking git repo https://github.com/NZRosto/vl53l0x-simple
[INFO] finished tweaking git repo https://github.com/NZRosto/vl53l0x-simple
[INFO] tweaked toml for git repo https://github.com/NZRosto/vl53l0x-simple written to /workspace/builds/worker-2-tc1/source/Cargo.toml
[INFO] crate git repo https://github.com/NZRosto/vl53l0x-simple already has a lockfile, it will not be regenerated
[INFO] running `Command { std: CARGO_HOME="/workspace/cargo-home" RUSTUP_HOME="/workspace/rustup-home" "/workspace/cargo-home/bin/cargo" "+1.83.0" "fetch" "--manifest-path" "Cargo.toml", kill_on_drop: false }`
[INFO] running `Command { std: "docker" "create" "-v" "/var/lib/crater-agent-workspace/builds/worker-2-tc1/target:/opt/rustwide/target:rw,Z" "-v" "/var/lib/crater-agent-workspace/builds/worker-2-tc1/source:/opt/rustwide/workdir:ro,Z" "-v" "/var/lib/crater-agent-workspace/cargo-home:/opt/rustwide/cargo-home:ro,Z" "-v" "/var/lib/crater-agent-workspace/rustup-home:/opt/rustwide/rustup-home:ro,Z" "-e" "SOURCE_DIR=/opt/rustwide/workdir" "-e" "CARGO_TARGET_DIR=/opt/rustwide/target" "-e" "CARGO_HOME=/opt/rustwide/cargo-home" "-e" "RUSTUP_HOME=/opt/rustwide/rustup-home" "-w" "/opt/rustwide/workdir" "-m" "1610612736" "--user" "0:0" "--network" "none" "ghcr.io/rust-lang/crates-build-env/linux@sha256:f3a9d4ad9d972b27faf3965f35b62e55ba32bbce8f20bc8fe909558a86702fde" "/opt/rustwide/cargo-home/bin/cargo" "+1.83.0" "metadata" "--no-deps" "--format-version=1", kill_on_drop: false }`
[INFO] [stdout] 06dd3560da43cd6f972b83ab09d368b8bafd859aafb84b35bd666ed71ad6f61d
[INFO] running `Command { std: "docker" "start" "-a" "06dd3560da43cd6f972b83ab09d368b8bafd859aafb84b35bd666ed71ad6f61d", kill_on_drop: false }`
[INFO] running `Command { std: "docker" "inspect" "06dd3560da43cd6f972b83ab09d368b8bafd859aafb84b35bd666ed71ad6f61d", kill_on_drop: false }`
[INFO] running `Command { std: "docker" "rm" "-f" "06dd3560da43cd6f972b83ab09d368b8bafd859aafb84b35bd666ed71ad6f61d", kill_on_drop: false }`
[INFO] [stdout] 06dd3560da43cd6f972b83ab09d368b8bafd859aafb84b35bd666ed71ad6f61d
[INFO] running `Command { std: "docker" "create" "-v" "/var/lib/crater-agent-workspace/builds/worker-2-tc1/target:/opt/rustwide/target:rw,Z" "-v" "/var/lib/crater-agent-workspace/builds/worker-2-tc1/source:/opt/rustwide/workdir:ro,Z" "-v" "/var/lib/crater-agent-workspace/cargo-home:/opt/rustwide/cargo-home:ro,Z" "-v" "/var/lib/crater-agent-workspace/rustup-home:/opt/rustwide/rustup-home:ro,Z" "-e" "SOURCE_DIR=/opt/rustwide/workdir" "-e" "CARGO_TARGET_DIR=/opt/rustwide/target" "-e" "CARGO_INCREMENTAL=0" "-e" "RUST_BACKTRACE=full" "-e" "RUSTFLAGS=--cap-lints=warn" "-e" "RUSTDOCFLAGS=--cap-lints=warn" "-e" "CARGO_HOME=/opt/rustwide/cargo-home" "-e" "RUSTUP_HOME=/opt/rustwide/rustup-home" "-w" "/opt/rustwide/workdir" "-m" "1610612736" "--user" "0:0" "--network" "none" "ghcr.io/rust-lang/crates-build-env/linux@sha256:f3a9d4ad9d972b27faf3965f35b62e55ba32bbce8f20bc8fe909558a86702fde" "/opt/rustwide/cargo-home/bin/cargo" "+1.83.0" "build" "--frozen" "--message-format=json", kill_on_drop: false }`
[INFO] [stdout] a3a0c2f1fb8ab9c4d814e2b96e567eec03a8602033933886b9df4374651a1d0a
[INFO] running `Command { std: "docker" "start" "-a" "a3a0c2f1fb8ab9c4d814e2b96e567eec03a8602033933886b9df4374651a1d0a", kill_on_drop: false }`
[INFO] [stderr]    Compiling vl53l0x-simple v0.2.0 (/opt/rustwide/workdir)
[INFO] [stderr]     Finished `dev` profile [unoptimized + debuginfo] target(s) in 0.31s
[INFO] running `Command { std: "docker" "inspect" "a3a0c2f1fb8ab9c4d814e2b96e567eec03a8602033933886b9df4374651a1d0a", kill_on_drop: false }`
[INFO] running `Command { std: "docker" "rm" "-f" "a3a0c2f1fb8ab9c4d814e2b96e567eec03a8602033933886b9df4374651a1d0a", kill_on_drop: false }`
[INFO] [stdout] a3a0c2f1fb8ab9c4d814e2b96e567eec03a8602033933886b9df4374651a1d0a
[INFO] running `Command { std: "docker" "create" "-v" "/var/lib/crater-agent-workspace/builds/worker-2-tc1/target:/opt/rustwide/target:rw,Z" "-v" "/var/lib/crater-agent-workspace/builds/worker-2-tc1/source:/opt/rustwide/workdir:ro,Z" "-v" "/var/lib/crater-agent-workspace/cargo-home:/opt/rustwide/cargo-home:ro,Z" "-v" "/var/lib/crater-agent-workspace/rustup-home:/opt/rustwide/rustup-home:ro,Z" "-e" "SOURCE_DIR=/opt/rustwide/workdir" "-e" "CARGO_TARGET_DIR=/opt/rustwide/target" "-e" "CARGO_INCREMENTAL=0" "-e" "RUST_BACKTRACE=full" "-e" "RUSTFLAGS=--cap-lints=warn" "-e" "RUSTDOCFLAGS=--cap-lints=warn" "-e" "CARGO_HOME=/opt/rustwide/cargo-home" "-e" "RUSTUP_HOME=/opt/rustwide/rustup-home" "-w" "/opt/rustwide/workdir" "-m" "1610612736" "--user" "0:0" "--network" "none" "ghcr.io/rust-lang/crates-build-env/linux@sha256:f3a9d4ad9d972b27faf3965f35b62e55ba32bbce8f20bc8fe909558a86702fde" "/opt/rustwide/cargo-home/bin/cargo" "+1.83.0" "test" "--frozen" "--no-run" "--message-format=json", kill_on_drop: false }`
[INFO] [stdout] aed9345794a06abbd2f2a2b4ff5a897c523ba3c419d48f04cd8c5291fd4ea2a2
[INFO] running `Command { std: "docker" "start" "-a" "aed9345794a06abbd2f2a2b4ff5a897c523ba3c419d48f04cd8c5291fd4ea2a2", kill_on_drop: false }`
[INFO] [stderr]    Compiling vl53l0x-simple v0.2.0 (/opt/rustwide/workdir)
[INFO] [stderr]     Finished `test` profile [unoptimized + debuginfo] target(s) in 0.62s
[INFO] running `Command { std: "docker" "inspect" "aed9345794a06abbd2f2a2b4ff5a897c523ba3c419d48f04cd8c5291fd4ea2a2", kill_on_drop: false }`
[INFO] running `Command { std: "docker" "rm" "-f" "aed9345794a06abbd2f2a2b4ff5a897c523ba3c419d48f04cd8c5291fd4ea2a2", kill_on_drop: false }`
[INFO] [stdout] aed9345794a06abbd2f2a2b4ff5a897c523ba3c419d48f04cd8c5291fd4ea2a2
[INFO] running `Command { std: "docker" "create" "-v" "/var/lib/crater-agent-workspace/builds/worker-2-tc1/target:/opt/rustwide/target:rw,Z" "-v" "/var/lib/crater-agent-workspace/builds/worker-2-tc1/source:/opt/rustwide/workdir:ro,Z" "-v" "/var/lib/crater-agent-workspace/cargo-home:/opt/rustwide/cargo-home:ro,Z" "-v" "/var/lib/crater-agent-workspace/rustup-home:/opt/rustwide/rustup-home:ro,Z" "-e" "SOURCE_DIR=/opt/rustwide/workdir" "-e" "CARGO_TARGET_DIR=/opt/rustwide/target" "-e" "CARGO_INCREMENTAL=0" "-e" "RUST_BACKTRACE=full" "-e" "RUSTFLAGS=--cap-lints=warn" "-e" "RUSTDOCFLAGS=--cap-lints=warn" "-e" "CARGO_HOME=/opt/rustwide/cargo-home" "-e" "RUSTUP_HOME=/opt/rustwide/rustup-home" "-w" "/opt/rustwide/workdir" "-m" "1610612736" "--user" "0:0" "--network" "none" "ghcr.io/rust-lang/crates-build-env/linux@sha256:f3a9d4ad9d972b27faf3965f35b62e55ba32bbce8f20bc8fe909558a86702fde" "/opt/rustwide/cargo-home/bin/cargo" "+1.83.0" "test" "--frozen", kill_on_drop: false }`
[INFO] [stdout] 5b44bff58e7960826c94d9d355a0cf9c656c3886072bc0cc7ad63cc263198989
[INFO] running `Command { std: "docker" "start" "-a" "5b44bff58e7960826c94d9d355a0cf9c656c3886072bc0cc7ad63cc263198989", kill_on_drop: false }`
[INFO] [stderr]     Finished `test` profile [unoptimized + debuginfo] target(s) in 0.02s
[INFO] [stderr]      Running unittests src/lib.rs (/opt/rustwide/target/debug/deps/vl53l0x_simple-faf525f8f644c5ff)
[INFO] [stdout] 
[INFO] [stdout] running 0 tests
[INFO] [stdout] 
[INFO] [stdout] test result: ok. 0 passed; 0 failed; 0 ignored; 0 measured; 0 filtered out; finished in 0.00s
[INFO] [stdout] 
[INFO] [stderr]    Doc-tests vl53l0x_simple
[INFO] [stdout] 
[INFO] [stdout] running 1 test
[INFO] [stdout] test src/../README.md - (line 9) ... FAILED
[INFO] [stdout] 
[INFO] [stdout] failures:
[INFO] [stdout] 
[INFO] [stdout] ---- src/../README.md - (line 9) stdout ----
[INFO] [stdout] error[E0433]: failed to resolve: use of undeclared type `Vl53l0x`
[INFO] [stdout]  --> src/../README.md:10:15
[INFO] [stdout]   |
[INFO] [stdout] 3 | let mut tof = Vl53l0x::new(i2c, x_shut, 0x31, &clock_source).unwrap();
[INFO] [stdout]   |               ^^^^^^^ use of undeclared type `Vl53l0x`
[INFO] [stdout]   |
[INFO] [stdout] help: consider importing this struct
[INFO] [stdout]   |
[INFO] [stdout] 2 + use vl53l0x_simple::Vl53l0x;
[INFO] [stdout]   |
[INFO] [stdout] 
[INFO] [stdout] error[E0425]: cannot find value `i2c` in this scope
[INFO] [stdout]  --> src/../README.md:10:28
[INFO] [stdout]   |
[INFO] [stdout] 3 | let mut tof = Vl53l0x::new(i2c, x_shut, 0x31, &clock_source).unwrap();
[INFO] [stdout]   |                            ^^^ not found in this scope
[INFO] [stdout] 
[INFO] [stdout] error[E0425]: cannot find value `x_shut` in this scope
[INFO] [stdout]  --> src/../README.md:10:33
[INFO] [stdout]   |
[INFO] [stdout] 3 | let mut tof = Vl53l0x::new(i2c, x_shut, 0x31, &clock_source).unwrap();
[INFO] [stdout]   |                                 ^^^^^^ not found in this scope
[INFO] [stdout] 
[INFO] [stdout] error[E0425]: cannot find value `clock_source` in this scope
[INFO] [stdout]  --> src/../README.md:10:48
[INFO] [stdout]   |
[INFO] [stdout] 3 | let mut tof = Vl53l0x::new(i2c, x_shut, 0x31, &clock_source).unwrap();
[INFO] [stdout]   |                                                ^^^^^^^^^^^^ not found in this scope
[INFO] [stdout] 
[INFO] [stdout] error: aborting due to 4 previous errors
[INFO] [stdout] 
[INFO] [stdout] Some errors have detailed explanations: E0425, E0433.
[INFO] [stdout] For more information about an error, try `rustc --explain E0425`.
[INFO] [stdout] Couldn't compile the test.
[INFO] [stdout] 
[INFO] [stdout] failures:
[INFO] [stdout]     src/../README.md - (line 9)
[INFO] [stdout] 
[INFO] [stdout] test result: FAILED. 0 passed; 1 failed; 0 ignored; 0 measured; 0 filtered out; finished in 0.10s
[INFO] [stdout] 
[INFO] [stderr] error: doctest failed, to rerun pass `--doc`
[INFO] running `Command { std: "docker" "inspect" "5b44bff58e7960826c94d9d355a0cf9c656c3886072bc0cc7ad63cc263198989", kill_on_drop: false }`
[INFO] running `Command { std: "docker" "rm" "-f" "5b44bff58e7960826c94d9d355a0cf9c656c3886072bc0cc7ad63cc263198989", kill_on_drop: false }`
[INFO] [stdout] 5b44bff58e7960826c94d9d355a0cf9c656c3886072bc0cc7ad63cc263198989
