[INFO] cloning repository https://github.com/Musbell/auto_gippity
[INFO] running `Command { std: "git" "-c" "credential.helper=" "-c" "credential.helper=/workspace/cargo-home/bin/git-credential-null" "clone" "--bare" "https://github.com/Musbell/auto_gippity" "/workspace/cache/git-repos/https%3A%2F%2Fgithub.com%2FMusbell%2Fauto_gippity", kill_on_drop: false }`
[INFO] [stderr] Cloning into bare repository '/workspace/cache/git-repos/https%3A%2F%2Fgithub.com%2FMusbell%2Fauto_gippity'...
[INFO] running `Command { std: "git" "rev-parse" "HEAD", kill_on_drop: false }`
[INFO] [stdout] a110cea58f0c97d1fa3450cfa79ca442cd53a175
[INFO] testing Musbell/auto_gippity against 1.83.0 for beta-1.84.0-4-retry
[INFO] running `Command { std: "git" "clone" "/workspace/cache/git-repos/https%3A%2F%2Fgithub.com%2FMusbell%2Fauto_gippity" "/workspace/builds/worker-5-tc1/source", kill_on_drop: false }`
[INFO] [stderr] Cloning into '/workspace/builds/worker-5-tc1/source'...
[INFO] [stderr] done.
[INFO] validating manifest of git repo https://github.com/Musbell/auto_gippity on toolchain 1.83.0
[INFO] running `Command { std: CARGO_HOME="/workspace/cargo-home" RUSTUP_HOME="/workspace/rustup-home" "/workspace/cargo-home/bin/cargo" "+1.83.0" "metadata" "--manifest-path" "Cargo.toml" "--no-deps", kill_on_drop: false }`
[INFO] started tweaking git repo https://github.com/Musbell/auto_gippity
[INFO] finished tweaking git repo https://github.com/Musbell/auto_gippity
[INFO] tweaked toml for git repo https://github.com/Musbell/auto_gippity written to /workspace/builds/worker-5-tc1/source/Cargo.toml
[INFO] crate git repo https://github.com/Musbell/auto_gippity already has a lockfile, it will not be regenerated
[INFO] running `Command { std: CARGO_HOME="/workspace/cargo-home" RUSTUP_HOME="/workspace/rustup-home" "/workspace/cargo-home/bin/cargo" "+1.83.0" "fetch" "--manifest-path" "Cargo.toml", kill_on_drop: false }`
[INFO] [stderr]     Updating crates.io index
[INFO] [stderr]  Downloading crates ...
[INFO] [stderr]   Downloaded ai_functions v0.1.1
[INFO] running `Command { std: "docker" "create" "-v" "/var/lib/crater-agent-workspace/builds/worker-5-tc1/target:/opt/rustwide/target:rw,Z" "-v" "/var/lib/crater-agent-workspace/builds/worker-5-tc1/source:/opt/rustwide/workdir:ro,Z" "-v" "/var/lib/crater-agent-workspace/cargo-home:/opt/rustwide/cargo-home:ro,Z" "-v" "/var/lib/crater-agent-workspace/rustup-home:/opt/rustwide/rustup-home:ro,Z" "-e" "SOURCE_DIR=/opt/rustwide/workdir" "-e" "CARGO_TARGET_DIR=/opt/rustwide/target" "-e" "CARGO_HOME=/opt/rustwide/cargo-home" "-e" "RUSTUP_HOME=/opt/rustwide/rustup-home" "-w" "/opt/rustwide/workdir" "-m" "1610612736" "--user" "0:0" "--network" "none" "ghcr.io/rust-lang/crates-build-env/linux@sha256:f3a9d4ad9d972b27faf3965f35b62e55ba32bbce8f20bc8fe909558a86702fde" "/opt/rustwide/cargo-home/bin/cargo" "+1.83.0" "metadata" "--no-deps" "--format-version=1", kill_on_drop: false }`
[INFO] [stdout] 602f75a4a52c6cfc4da96496030f96ef9333fcc272adcaff22562784bebaff44
[INFO] running `Command { std: "docker" "start" "-a" "602f75a4a52c6cfc4da96496030f96ef9333fcc272adcaff22562784bebaff44", kill_on_drop: false }`
[INFO] running `Command { std: "docker" "inspect" "602f75a4a52c6cfc4da96496030f96ef9333fcc272adcaff22562784bebaff44", kill_on_drop: false }`
[INFO] running `Command { std: "docker" "rm" "-f" "602f75a4a52c6cfc4da96496030f96ef9333fcc272adcaff22562784bebaff44", kill_on_drop: false }`
[INFO] [stdout] 602f75a4a52c6cfc4da96496030f96ef9333fcc272adcaff22562784bebaff44
[INFO] running `Command { std: "docker" "create" "-v" "/var/lib/crater-agent-workspace/builds/worker-5-tc1/target:/opt/rustwide/target:rw,Z" "-v" "/var/lib/crater-agent-workspace/builds/worker-5-tc1/source:/opt/rustwide/workdir:ro,Z" "-v" "/var/lib/crater-agent-workspace/cargo-home:/opt/rustwide/cargo-home:ro,Z" "-v" "/var/lib/crater-agent-workspace/rustup-home:/opt/rustwide/rustup-home:ro,Z" "-e" "SOURCE_DIR=/opt/rustwide/workdir" "-e" "CARGO_TARGET_DIR=/opt/rustwide/target" "-e" "CARGO_INCREMENTAL=0" "-e" "RUST_BACKTRACE=full" "-e" "RUSTFLAGS=--cap-lints=warn" "-e" "RUSTDOCFLAGS=--cap-lints=warn" "-e" "CARGO_HOME=/opt/rustwide/cargo-home" "-e" "RUSTUP_HOME=/opt/rustwide/rustup-home" "-w" "/opt/rustwide/workdir" "-m" "1610612736" "--user" "0:0" "--network" "none" "ghcr.io/rust-lang/crates-build-env/linux@sha256:f3a9d4ad9d972b27faf3965f35b62e55ba32bbce8f20bc8fe909558a86702fde" "/opt/rustwide/cargo-home/bin/cargo" "+1.83.0" "build" "--frozen" "--message-format=json", kill_on_drop: false }`
[INFO] [stdout] c331bffd864b0e2ac5ade30cc486b30b2738a906a8d6f2dc5775f44d1900189e
[INFO] running `Command { std: "docker" "start" "-a" "c331bffd864b0e2ac5ade30cc486b30b2738a906a8d6f2dc5775f44d1900189e", kill_on_drop: false }`
[INFO] [stderr]    Compiling proc-macro2 v1.0.70
[INFO] [stderr]    Compiling libc v0.2.150
[INFO] [stderr]    Compiling unicode-ident v1.0.12
[INFO] [stderr]    Compiling autocfg v1.1.0
[INFO] [stderr]    Compiling log v0.4.20
[INFO] [stderr]    Compiling parking_lot_core v0.9.9
[INFO] [stderr]    Compiling pin-project-lite v0.2.13
[INFO] [stderr]    Compiling pkg-config v0.3.27
[INFO] [stderr]    Compiling vcpkg v0.2.15
[INFO] [stderr]    Compiling smallvec v1.11.2
[INFO] [stderr]    Compiling scopeguard v1.2.0
[INFO] [stderr]    Compiling once_cell v1.18.0
[INFO] [stderr]    Compiling futures-core v0.3.29
[INFO] [stderr]    Compiling bytes v1.5.0
[INFO] [stderr]    Compiling itoa v1.0.9
[INFO] [stderr]    Compiling futures-task v0.3.29
[INFO] [stderr]    Compiling openssl v0.10.60
[INFO] [stderr]    Compiling foreign-types-shared v0.1.1
[INFO] [stderr]    Compiling bitflags v2.4.1
[INFO] [stderr]    Compiling tinyvec_macros v0.1.1
[INFO] [stderr]    Compiling futures-util v0.3.29
[INFO] [stderr]    Compiling tinyvec v1.6.0
[INFO] [stderr]    Compiling tracing-core v0.1.32
[INFO] [stderr]    Compiling foreign-types v0.3.2
[INFO] [stderr]    Compiling serde v1.0.193
[INFO] [stderr]    Compiling httparse v1.8.0
[INFO] [stderr]    Compiling native-tls v0.2.11
[INFO] [stderr]    Compiling pin-utils v0.1.0
[INFO] [stderr]    Compiling equivalent v1.0.1
[INFO] [stderr]    Compiling hashbrown v0.14.3
[INFO] [stderr]    Compiling futures-sink v0.3.29
[INFO] [stderr]    Compiling lock_api v0.4.11
[INFO] [stderr]    Compiling slab v0.4.9
[INFO] [stderr]    Compiling futures-channel v0.3.29
[INFO] [stderr]    Compiling percent-encoding v2.3.1
[INFO] [stderr]    Compiling openssl-probe v0.1.5
[INFO] [stderr]    Compiling unicode-bidi v0.3.13
[INFO] [stderr]    Compiling form_urlencoded v1.2.1
[INFO] [stderr]    Compiling try-lock v0.2.4
[INFO] [stderr]    Compiling signal-hook v0.3.17
[INFO] [stderr]    Compiling tracing v0.1.40
[INFO] [stderr]    Compiling http v0.2.11
[INFO] [stderr]    Compiling want v0.3.1
[INFO] [stderr]    Compiling quote v1.0.33
[INFO] [stderr]    Compiling signal-hook-registry v1.4.1
[INFO] [stderr]    Compiling mio v0.8.9
[INFO] [stderr]    Compiling socket2 v0.5.5
[INFO] [stderr]    Compiling num_cpus v1.16.0
[INFO] [stderr]    Compiling unicode-normalization v0.1.22
[INFO] [stderr]    Compiling indexmap v2.1.0
[INFO] [stderr]    Compiling syn v2.0.39
[INFO] [stderr]    Compiling cc v1.0.83
[INFO] [stderr]    Compiling parking_lot v0.12.1
[INFO] [stderr]    Compiling socket2 v0.4.10
[INFO] [stderr]    Compiling tower-service v0.3.2
[INFO] [stderr]    Compiling rustversion v1.0.14
[INFO] [stderr]    Compiling serde_json v1.0.108
[INFO] [stderr]    Compiling idna v0.5.0
[INFO] [stderr]    Compiling ryu v1.0.15
[INFO] [stderr]    Compiling httpdate v1.0.3
[INFO] [stderr]    Compiling async-trait v0.1.74
[INFO] [stderr]    Compiling encoding_rs v0.8.33
[INFO] [stderr]    Compiling ipnet v2.9.0
[INFO] [stderr]    Compiling home v0.5.5
[INFO] [stderr]    Compiling base64 v0.21.5
[INFO] [stderr]    Compiling mime v0.3.17
[INFO] [stderr]    Compiling heck v0.4.1
[INFO] [stderr]    Compiling dotenv v0.15.0
[INFO] [stderr]    Compiling strum v0.25.0
[INFO] [stderr]    Compiling signal-hook-mio v0.2.3
[INFO] [stderr]    Compiling crossterm v0.27.0
[INFO] [stderr]    Compiling http-body v0.4.5
[INFO] [stderr]    Compiling openssl-sys v0.9.96
[INFO] [stderr]    Compiling url v2.5.0
[INFO] [stderr]    Compiling webbrowser v0.8.12
[INFO] [stderr]    Compiling tokio-macros v2.2.0
[INFO] [stderr]    Compiling openssl-macros v0.1.1
[INFO] [stderr]    Compiling serde_derive v1.0.193
[INFO] [stderr]    Compiling strum_macros v0.25.3
[INFO] [stderr]    Compiling ai_functions v0.1.1
[INFO] [stderr]    Compiling tokio v1.34.0
[INFO] [stderr]    Compiling tokio-util v0.7.10
[INFO] [stderr]    Compiling tokio-native-tls v0.3.1
[INFO] [stderr]    Compiling h2 v0.3.22
[INFO] [stderr]    Compiling serde_urlencoded v0.7.1
[INFO] [stderr]    Compiling hyper v0.14.27
[INFO] [stderr]    Compiling hyper-tls v0.5.0
[INFO] [stderr]    Compiling reqwest v0.11.22
[INFO] [stderr]    Compiling auto_gippity v0.1.0 (/opt/rustwide/workdir)
[INFO] [stdout] warning: unused import: `crate::models::agent_basic::basic_agent::BasicAgent`
[INFO] [stdout]  --> src/models/agent_basic/basic_traits.rs:1:5
[INFO] [stdout]   |
[INFO] [stdout] 1 | use crate::models::agent_basic::basic_agent::BasicAgent;
[INFO] [stdout]   |     ^^^^^^^^^^^^^^^^^^^^^^^^^^^^^^^^^^^^^^^^^^^^^^^^^^^
[INFO] [stdout]   |
[INFO] [stdout]   = note: `#[warn(unused_imports)]` on by default
[INFO] [stdout] 
[INFO] [stdout] 
[INFO] [stdout] warning: unused imports: `WEB_SERVER_PROJECT_PATH`, `check_status_code`, and `save_api_endpoints`
[INFO] [stdout]  --> src/models/agents/agent_backend.rs:6:5
[INFO] [stdout]   |
[INFO] [stdout] 6 |     check_status_code, read_code_template_contents, read_exec_main_contents, save_api_endpoints,
[INFO] [stdout]   |     ^^^^^^^^^^^^^^^^^                                                        ^^^^^^^^^^^^^^^^^^
[INFO] [stdout] 7 |     save_backend_code, WEB_SERVER_PROJECT_PATH,
[INFO] [stdout]   |                        ^^^^^^^^^^^^^^^^^^^^^^^
[INFO] [stdout] 
[INFO] [stdout] 
[INFO] [stdout] warning: unused imports: `PrintCommand` and `confirm_safe_code`
[INFO] [stdout]   --> src/models/agents/agent_backend.rs:10:36
[INFO] [stdout]    |
[INFO] [stdout] 10 | use crate::helpers::command_line::{confirm_safe_code, PrintCommand};
[INFO] [stdout]    |                                    ^^^^^^^^^^^^^^^^^  ^^^^^^^^^^^^
[INFO] [stdout] 
[INFO] [stdout] 
[INFO] [stdout] warning: unused imports: `RouteObject` and `SpecialFunctions`
[INFO] [stdout]   --> src/models/agents/agent_backend.rs:13:54
[INFO] [stdout]    |
[INFO] [stdout] 13 | use crate::models::agents::agent_traits::{FactSheet, RouteObject, SpecialFunctions};
[INFO] [stdout]    |                                                      ^^^^^^^^^^^  ^^^^^^^^^^^^^^^^
[INFO] [stdout] 
[INFO] [stdout] 
[INFO] [stdout] warning: unused import: `async_trait::async_trait`
[INFO] [stdout]   --> src/models/agents/agent_backend.rs:15:5
[INFO] [stdout]    |
[INFO] [stdout] 15 | use async_trait::async_trait;
[INFO] [stdout]    |     ^^^^^^^^^^^^^^^^^^^^^^^^
[INFO] [stdout] 
[INFO] [stdout] 
[INFO] [stdout] warning: unused import: `reqwest::Client`
[INFO] [stdout]   --> src/models/agents/agent_backend.rs:16:5
[INFO] [stdout]    |
[INFO] [stdout] 16 | use reqwest::Client;
[INFO] [stdout]    |     ^^^^^^^^^^^^^^^
[INFO] [stdout] 
[INFO] [stdout] 
[INFO] [stdout] warning: unused imports: `Command` and `Stdio`
[INFO] [stdout]   --> src/models/agents/agent_backend.rs:17:20
[INFO] [stdout]    |
[INFO] [stdout] 17 | use std::process::{Command, Stdio};
[INFO] [stdout]    |                    ^^^^^^^  ^^^^^
[INFO] [stdout] 
[INFO] [stdout] 
[INFO] [stdout] warning: unused import: `std::time::Duration`
[INFO] [stdout]   --> src/models/agents/agent_backend.rs:18:5
[INFO] [stdout]    |
[INFO] [stdout] 18 | use std::time::Duration;
[INFO] [stdout]    |     ^^^^^^^^^^^^^^^^^^^
[INFO] [stdout] 
[INFO] [stdout] 
[INFO] [stdout] warning: unused import: `tokio::time`
[INFO] [stdout]   --> src/models/agents/agent_backend.rs:19:5
[INFO] [stdout]    |
[INFO] [stdout] 19 | use tokio::time;
[INFO] [stdout]    |     ^^^^^^^^^^^
[INFO] [stdout] 
[INFO] [stdout] 
[INFO] [stdout] warning: variant `Issue` is never constructed
[INFO] [stdout]   --> src/helpers/command_line.rs:11:5
[INFO] [stdout]    |
[INFO] [stdout] 8  | pub enum PrintCommand {
[INFO] [stdout]    |          ------------ variant in this enum
[INFO] [stdout] ...
[INFO] [stdout] 11 |     Issue,
[INFO] [stdout]    |     ^^^^^
[INFO] [stdout]    |
[INFO] [stdout]    = note: `PrintCommand` has a derived impl for the trait `Debug`, but this is intentionally ignored during dead code analysis
[INFO] [stdout]    = note: `#[warn(dead_code)]` on by default
[INFO] [stdout] 
[INFO] [stdout] 
[INFO] [stdout] warning: function `confirm_safe_code` is never used
[INFO] [stdout]   --> src/helpers/command_line.rs:61:8
[INFO] [stdout]    |
[INFO] [stdout] 61 | pub fn confirm_safe_code() -> bool {
[INFO] [stdout]    |        ^^^^^^^^^^^^^^^^^
[INFO] [stdout] 
[INFO] [stdout] 
[INFO] [stdout] warning: constant `CODE_TEMPLATE_PATH` is never used
[INFO] [stdout]  --> src/helpers/general.rs:8:7
[INFO] [stdout]   |
[INFO] [stdout] 8 | const CODE_TEMPLATE_PATH: &str =
[INFO] [stdout]   |       ^^^^^^^^^^^^^^^^^^
[INFO] [stdout] 
[INFO] [stdout] 
[INFO] [stdout] warning: constant `WEB_SERVER_PROJECT_PATH` is never used
[INFO] [stdout]   --> src/helpers/general.rs:11:11
[INFO] [stdout]    |
[INFO] [stdout] 11 | pub const WEB_SERVER_PROJECT_PATH: &str =
[INFO] [stdout]    |           ^^^^^^^^^^^^^^^^^^^^^^^
[INFO] [stdout] 
[INFO] [stdout] 
[INFO] [stdout] warning: constant `EXEC_MAIN_PATH` is never used
[INFO] [stdout]   --> src/helpers/general.rs:14:11
[INFO] [stdout]    |
[INFO] [stdout] 14 | pub const EXEC_MAIN_PATH: &str =
[INFO] [stdout]    |           ^^^^^^^^^^^^^^
[INFO] [stdout] 
[INFO] [stdout] 
[INFO] [stdout] warning: constant `API_SCHEMA_PATH` is never used
[INFO] [stdout]   --> src/helpers/general.rs:17:7
[INFO] [stdout]    |
[INFO] [stdout] 17 | const API_SCHEMA_PATH: &str =
[INFO] [stdout]    |       ^^^^^^^^^^^^^^^
[INFO] [stdout] 
[INFO] [stdout] 
[INFO] [stdout] warning: function `read_code_template_contents` is never used
[INFO] [stdout]   --> src/helpers/general.rs:87:8
[INFO] [stdout]    |
[INFO] [stdout] 87 | pub fn read_code_template_contents() -> String {
[INFO] [stdout]    |        ^^^^^^^^^^^^^^^^^^^^^^^^^^^
[INFO] [stdout] 
[INFO] [stdout] 
[INFO] [stdout] warning: function `read_exec_main_contents` is never used
[INFO] [stdout]   --> src/helpers/general.rs:93:8
[INFO] [stdout]    |
[INFO] [stdout] 93 | pub fn read_exec_main_contents() -> String {
[INFO] [stdout]    |        ^^^^^^^^^^^^^^^^^^^^^^^
[INFO] [stdout] 
[INFO] [stdout] 
[INFO] [stdout] warning: function `save_backend_code` is never used
[INFO] [stdout]   --> src/helpers/general.rs:99:8
[INFO] [stdout]    |
[INFO] [stdout] 99 | pub fn save_backend_code(contents: &String) {
[INFO] [stdout]    |        ^^^^^^^^^^^^^^^^^
[INFO] [stdout] 
[INFO] [stdout] 
[INFO] [stdout] warning: function `save_api_endpoints` is never used
[INFO] [stdout]    --> src/helpers/general.rs:105:8
[INFO] [stdout]     |
[INFO] [stdout] 105 | pub fn save_api_endpoints(api_endpoints: &String) {
[INFO] [stdout]     |        ^^^^^^^^^^^^^^^^^^
[INFO] [stdout] 
[INFO] [stdout] 
[INFO] [stdout] warning: variant `Working` is never constructed
[INFO] [stdout]  --> src/models/agent_basic/basic_agent.rs:7:5
[INFO] [stdout]   |
[INFO] [stdout] 5 | pub enum AgentState {
[INFO] [stdout]   |          ---------- variant in this enum
[INFO] [stdout] 6 |     Discovery,
[INFO] [stdout] 7 |     Working,
[INFO] [stdout]   |     ^^^^^^^
[INFO] [stdout]   |
[INFO] [stdout]   = note: `AgentState` has a derived impl for the trait `Debug`, but this is intentionally ignored during dead code analysis
[INFO] [stdout] 
[INFO] [stdout] 
[INFO] [stdout] warning: associated items `new`, `get_objective`, `get_position`, `get_state`, and `get_memory` are never used
[INFO] [stdout]   --> src/models/agent_basic/basic_traits.rs:7:8
[INFO] [stdout]    |
[INFO] [stdout] 6  | pub trait BasicTraits {
[INFO] [stdout]    |           ----------- associated items in this trait
[INFO] [stdout] 7  |     fn new(objective: String, position: String) -> Self;
[INFO] [stdout]    |        ^^^
[INFO] [stdout] 8  |     fn update_state(&mut self, new_state: AgentState);
[INFO] [stdout] 9  |     fn get_objective(&self) -> &String;
[INFO] [stdout]    |        ^^^^^^^^^^^^^
[INFO] [stdout] 10 |     fn get_position(&self) -> &String;
[INFO] [stdout]    |        ^^^^^^^^^^^^
[INFO] [stdout] 11 |     fn get_state(&self) -> &AgentState;
[INFO] [stdout]    |        ^^^^^^^^^
[INFO] [stdout] 12 |     fn get_memory(&self) -> &Vec<Message>;
[INFO] [stdout]    |        ^^^^^^^^^^
[INFO] [stdout] 
[INFO] [stdout] 
[INFO] [stdout] warning: associated function `new` is never used
[INFO] [stdout]   --> src/models/agents/agent_architect.rs:19:12
[INFO] [stdout]    |
[INFO] [stdout] 18 | impl AgentSolutionArchitect {
[INFO] [stdout]    | --------------------------- associated function in this implementation
[INFO] [stdout] 19 |     pub fn new() -> Self {
[INFO] [stdout]    |            ^^^
[INFO] [stdout] 
[INFO] [stdout] 
[INFO] [stdout] warning: struct `AgentBackendDeveloper` is never constructed
[INFO] [stdout]   --> src/models/agents/agent_backend.rs:22:12
[INFO] [stdout]    |
[INFO] [stdout] 22 | pub struct AgentBackendDeveloper {
[INFO] [stdout]    |            ^^^^^^^^^^^^^^^^^^^^^
[INFO] [stdout]    |
[INFO] [stdout]    = note: `AgentBackendDeveloper` has a derived impl for the trait `Debug`, but this is intentionally ignored during dead code analysis
[INFO] [stdout] 
[INFO] [stdout] 
[INFO] [stdout] warning: associated items `new`, `call_initial_backend_code`, `call_improved_backend_code`, `call_fix_code_bugs`, and `call_extract_rest_api_endpoints` are never used
[INFO] [stdout]    --> src/models/agents/agent_backend.rs:29:12
[INFO] [stdout]     |
[INFO] [stdout] 28  | impl AgentBackendDeveloper {
[INFO] [stdout]     | -------------------------- associated items in this implementation
[INFO] [stdout] 29  |     pub fn new() -> Self {
[INFO] [stdout]     |            ^^^
[INFO] [stdout] ...
[INFO] [stdout] 44  |     async fn call_initial_backend_code(&mut self, factsheet: &mut FactSheet) {
[INFO] [stdout]     |              ^^^^^^^^^^^^^^^^^^^^^^^^^
[INFO] [stdout] ...
[INFO] [stdout] 65  |     async fn call_improved_backend_code(&mut self, factsheet: &mut FactSheet) {
[INFO] [stdout]     |              ^^^^^^^^^^^^^^^^^^^^^^^^^^
[INFO] [stdout] ...
[INFO] [stdout] 83  |     async fn call_fix_code_bugs(&mut self, factsheet: &mut FactSheet) {
[INFO] [stdout]     |              ^^^^^^^^^^^^^^^^^^
[INFO] [stdout] ...
[INFO] [stdout] 102 |     async fn call_extract_rest_api_endpoints(&self) -> String {
[INFO] [stdout]     |              ^^^^^^^^^^^^^^^^^^^^^^^^^^^^^^^
[INFO] [stdout] 
[INFO] [stdout] 
[INFO] [stdout] warning: methods `get_attributes_from_agent` and `execute` are never used
[INFO] [stdout]   --> src/models/agents/agent_traits.rs:34:8
[INFO] [stdout]    |
[INFO] [stdout] 32 | pub trait SpecialFunctions: Debug {
[INFO] [stdout]    |           ---------------- methods in this trait
[INFO] [stdout] 33 |     // Used to that manager can get attributes from Agents
[INFO] [stdout] 34 |     fn get_attributes_from_agent(&self) -> &BasicAgent;
[INFO] [stdout]    |        ^^^^^^^^^^^^^^^^^^^^^^^^^
[INFO] [stdout] ...
[INFO] [stdout] 37 |     async fn execute(
[INFO] [stdout]    |              ^^^^^^^
[INFO] [stdout] 
[INFO] [stdout] 
[INFO] [stdout] warning: struct `ManagingAgent` is never constructed
[INFO] [stdout]   --> src/models/agents_manager/managing_agent.rs:10:12
[INFO] [stdout]    |
[INFO] [stdout] 10 | pub struct ManagingAgent {
[INFO] [stdout]    |            ^^^^^^^^^^^^^
[INFO] [stdout]    |
[INFO] [stdout]    = note: `ManagingAgent` has a derived impl for the trait `Debug`, but this is intentionally ignored during dead code analysis
[INFO] [stdout] 
[INFO] [stdout] 
[INFO] [stdout] warning: associated items `new`, `add_agent`, `create_agents`, and `execute_project` are never used
[INFO] [stdout]   --> src/models/agents_manager/managing_agent.rs:17:18
[INFO] [stdout]    |
[INFO] [stdout] 16 | impl ManagingAgent {
[INFO] [stdout]    | ------------------ associated items in this implementation
[INFO] [stdout] 17 |     pub async fn new(usr_req: String) -> Result<Self, Box<dyn std::error::Error>> {
[INFO] [stdout]    |                  ^^^
[INFO] [stdout] ...
[INFO] [stdout] 53 |     fn add_agent(&mut self, agent: Box<dyn SpecialFunctions>) {
[INFO] [stdout]    |        ^^^^^^^^^
[INFO] [stdout] ...
[INFO] [stdout] 57 |     fn create_agents(&mut self) {
[INFO] [stdout]    |        ^^^^^^^^^^^^^
[INFO] [stdout] ...
[INFO] [stdout] 62 |     pub async fn execute_project(&mut self) {
[INFO] [stdout]    |                  ^^^^^^^^^^^^^^^
[INFO] [stdout] 
[INFO] [stdout] 
[INFO] [stderr]     Finished `dev` profile [unoptimized + debuginfo] target(s) in 42.43s
[INFO] running `Command { std: "docker" "inspect" "c331bffd864b0e2ac5ade30cc486b30b2738a906a8d6f2dc5775f44d1900189e", kill_on_drop: false }`
[INFO] running `Command { std: "docker" "rm" "-f" "c331bffd864b0e2ac5ade30cc486b30b2738a906a8d6f2dc5775f44d1900189e", kill_on_drop: false }`
[INFO] [stdout] c331bffd864b0e2ac5ade30cc486b30b2738a906a8d6f2dc5775f44d1900189e
[INFO] running `Command { std: "docker" "create" "-v" "/var/lib/crater-agent-workspace/builds/worker-5-tc1/target:/opt/rustwide/target:rw,Z" "-v" "/var/lib/crater-agent-workspace/builds/worker-5-tc1/source:/opt/rustwide/workdir:ro,Z" "-v" "/var/lib/crater-agent-workspace/cargo-home:/opt/rustwide/cargo-home:ro,Z" "-v" "/var/lib/crater-agent-workspace/rustup-home:/opt/rustwide/rustup-home:ro,Z" "-e" "SOURCE_DIR=/opt/rustwide/workdir" "-e" "CARGO_TARGET_DIR=/opt/rustwide/target" "-e" "CARGO_INCREMENTAL=0" "-e" "RUST_BACKTRACE=full" "-e" "RUSTFLAGS=--cap-lints=warn" "-e" "RUSTDOCFLAGS=--cap-lints=warn" "-e" "CARGO_HOME=/opt/rustwide/cargo-home" "-e" "RUSTUP_HOME=/opt/rustwide/rustup-home" "-w" "/opt/rustwide/workdir" "-m" "1610612736" "--user" "0:0" "--network" "none" "ghcr.io/rust-lang/crates-build-env/linux@sha256:f3a9d4ad9d972b27faf3965f35b62e55ba32bbce8f20bc8fe909558a86702fde" "/opt/rustwide/cargo-home/bin/cargo" "+1.83.0" "test" "--frozen" "--no-run" "--message-format=json", kill_on_drop: false }`
[INFO] [stdout] b3e5d1a97530aeaf293b2a7bed884849fda6f19be58a122de79b06d9fb76740c
[INFO] running `Command { std: "docker" "start" "-a" "b3e5d1a97530aeaf293b2a7bed884849fda6f19be58a122de79b06d9fb76740c", kill_on_drop: false }`
[INFO] [stderr]    Compiling auto_gippity v0.1.0 (/opt/rustwide/workdir)
[INFO] [stdout] warning: unused import: `crate::models::agent_basic::basic_agent::BasicAgent`
[INFO] [stdout]  --> src/models/agent_basic/basic_traits.rs:1:5
[INFO] [stdout]   |
[INFO] [stdout] 1 | use crate::models::agent_basic::basic_agent::BasicAgent;
[INFO] [stdout]   |     ^^^^^^^^^^^^^^^^^^^^^^^^^^^^^^^^^^^^^^^^^^^^^^^^^^^
[INFO] [stdout]   |
[INFO] [stdout]   = note: `#[warn(unused_imports)]` on by default
[INFO] [stdout] 
[INFO] [stdout] 
[INFO] [stdout] warning: unused imports: `WEB_SERVER_PROJECT_PATH`, `check_status_code`, and `save_api_endpoints`
[INFO] [stdout]  --> src/models/agents/agent_backend.rs:6:5
[INFO] [stdout]   |
[INFO] [stdout] 6 |     check_status_code, read_code_template_contents, read_exec_main_contents, save_api_endpoints,
[INFO] [stdout]   |     ^^^^^^^^^^^^^^^^^                                                        ^^^^^^^^^^^^^^^^^^
[INFO] [stdout] 7 |     save_backend_code, WEB_SERVER_PROJECT_PATH,
[INFO] [stdout]   |                        ^^^^^^^^^^^^^^^^^^^^^^^
[INFO] [stdout] 
[INFO] [stdout] 
[INFO] [stdout] warning: unused imports: `PrintCommand` and `confirm_safe_code`
[INFO] [stdout]   --> src/models/agents/agent_backend.rs:10:36
[INFO] [stdout]    |
[INFO] [stdout] 10 | use crate::helpers::command_line::{confirm_safe_code, PrintCommand};
[INFO] [stdout]    |                                    ^^^^^^^^^^^^^^^^^  ^^^^^^^^^^^^
[INFO] [stdout] 
[INFO] [stdout] 
[INFO] [stdout] warning: unused imports: `RouteObject` and `SpecialFunctions`
[INFO] [stdout]   --> src/models/agents/agent_backend.rs:13:54
[INFO] [stdout]    |
[INFO] [stdout] 13 | use crate::models::agents::agent_traits::{FactSheet, RouteObject, SpecialFunctions};
[INFO] [stdout]    |                                                      ^^^^^^^^^^^  ^^^^^^^^^^^^^^^^
[INFO] [stdout] 
[INFO] [stdout] 
[INFO] [stdout] warning: unused import: `async_trait::async_trait`
[INFO] [stdout]   --> src/models/agents/agent_backend.rs:15:5
[INFO] [stdout]    |
[INFO] [stdout] 15 | use async_trait::async_trait;
[INFO] [stdout]    |     ^^^^^^^^^^^^^^^^^^^^^^^^
[INFO] [stdout] 
[INFO] [stdout] 
[INFO] [stdout] warning: unused import: `reqwest::Client`
[INFO] [stdout]   --> src/models/agents/agent_backend.rs:16:5
[INFO] [stdout]    |
[INFO] [stdout] 16 | use reqwest::Client;
[INFO] [stdout]    |     ^^^^^^^^^^^^^^^
[INFO] [stdout] 
[INFO] [stdout] 
[INFO] [stdout] warning: unused imports: `Command` and `Stdio`
[INFO] [stdout]   --> src/models/agents/agent_backend.rs:17:20
[INFO] [stdout]    |
[INFO] [stdout] 17 | use std::process::{Command, Stdio};
[INFO] [stdout]    |                    ^^^^^^^  ^^^^^
[INFO] [stdout] 
[INFO] [stdout] 
[INFO] [stdout] warning: unused import: `std::time::Duration`
[INFO] [stdout]   --> src/models/agents/agent_backend.rs:18:5
[INFO] [stdout]    |
[INFO] [stdout] 18 | use std::time::Duration;
[INFO] [stdout]    |     ^^^^^^^^^^^^^^^^^^^
[INFO] [stdout] 
[INFO] [stdout] 
[INFO] [stdout] warning: unused import: `tokio::time`
[INFO] [stdout]   --> src/models/agents/agent_backend.rs:19:5
[INFO] [stdout]    |
[INFO] [stdout] 19 | use tokio::time;
[INFO] [stdout]    |     ^^^^^^^^^^^
[INFO] [stdout] 
[INFO] [stdout] 
[INFO] [stdout] warning: variant `Issue` is never constructed
[INFO] [stdout]   --> src/helpers/command_line.rs:11:5
[INFO] [stdout]    |
[INFO] [stdout] 8  | pub enum PrintCommand {
[INFO] [stdout]    |          ------------ variant in this enum
[INFO] [stdout] ...
[INFO] [stdout] 11 |     Issue,
[INFO] [stdout]    |     ^^^^^
[INFO] [stdout]    |
[INFO] [stdout]    = note: `PrintCommand` has a derived impl for the trait `Debug`, but this is intentionally ignored during dead code analysis
[INFO] [stdout]    = note: `#[warn(dead_code)]` on by default
[INFO] [stdout] 
[INFO] [stdout] 
[INFO] [stdout] warning: function `confirm_safe_code` is never used
[INFO] [stdout]   --> src/helpers/command_line.rs:61:8
[INFO] [stdout]    |
[INFO] [stdout] 61 | pub fn confirm_safe_code() -> bool {
[INFO] [stdout]    |        ^^^^^^^^^^^^^^^^^
[INFO] [stdout] 
[INFO] [stdout] 
[INFO] [stdout] warning: constant `CODE_TEMPLATE_PATH` is never used
[INFO] [stdout]  --> src/helpers/general.rs:8:7
[INFO] [stdout]   |
[INFO] [stdout] 8 | const CODE_TEMPLATE_PATH: &str =
[INFO] [stdout]   |       ^^^^^^^^^^^^^^^^^^
[INFO] [stdout] 
[INFO] [stdout] 
[INFO] [stdout] warning: constant `WEB_SERVER_PROJECT_PATH` is never used
[INFO] [stdout]   --> src/helpers/general.rs:11:11
[INFO] [stdout]    |
[INFO] [stdout] 11 | pub const WEB_SERVER_PROJECT_PATH: &str =
[INFO] [stdout]    |           ^^^^^^^^^^^^^^^^^^^^^^^
[INFO] [stdout] 
[INFO] [stdout] 
[INFO] [stdout] warning: constant `EXEC_MAIN_PATH` is never used
[INFO] [stdout]   --> src/helpers/general.rs:14:11
[INFO] [stdout]    |
[INFO] [stdout] 14 | pub const EXEC_MAIN_PATH: &str =
[INFO] [stdout]    |           ^^^^^^^^^^^^^^
[INFO] [stdout] 
[INFO] [stdout] 
[INFO] [stdout] warning: constant `API_SCHEMA_PATH` is never used
[INFO] [stdout]   --> src/helpers/general.rs:17:7
[INFO] [stdout]    |
[INFO] [stdout] 17 | const API_SCHEMA_PATH: &str =
[INFO] [stdout]    |       ^^^^^^^^^^^^^^^
[INFO] [stdout] 
[INFO] [stdout] 
[INFO] [stdout] warning: function `read_code_template_contents` is never used
[INFO] [stdout]   --> src/helpers/general.rs:87:8
[INFO] [stdout]    |
[INFO] [stdout] 87 | pub fn read_code_template_contents() -> String {
[INFO] [stdout]    |        ^^^^^^^^^^^^^^^^^^^^^^^^^^^
[INFO] [stdout] 
[INFO] [stdout] 
[INFO] [stdout] warning: function `read_exec_main_contents` is never used
[INFO] [stdout]   --> src/helpers/general.rs:93:8
[INFO] [stdout]    |
[INFO] [stdout] 93 | pub fn read_exec_main_contents() -> String {
[INFO] [stdout]    |        ^^^^^^^^^^^^^^^^^^^^^^^
[INFO] [stdout] 
[INFO] [stdout] 
[INFO] [stdout] warning: function `save_backend_code` is never used
[INFO] [stdout]   --> src/helpers/general.rs:99:8
[INFO] [stdout]    |
[INFO] [stdout] 99 | pub fn save_backend_code(contents: &String) {
[INFO] [stdout]    |        ^^^^^^^^^^^^^^^^^
[INFO] [stdout] 
[INFO] [stdout] 
[INFO] [stdout] warning: function `save_api_endpoints` is never used
[INFO] [stdout]    --> src/helpers/general.rs:105:8
[INFO] [stdout]     |
[INFO] [stdout] 105 | pub fn save_api_endpoints(api_endpoints: &String) {
[INFO] [stdout]     |        ^^^^^^^^^^^^^^^^^^
[INFO] [stdout] 
[INFO] [stdout] 
[INFO] [stdout] warning: variant `Working` is never constructed
[INFO] [stdout]  --> src/models/agent_basic/basic_agent.rs:7:5
[INFO] [stdout]   |
[INFO] [stdout] 5 | pub enum AgentState {
[INFO] [stdout]   |          ---------- variant in this enum
[INFO] [stdout] 6 |     Discovery,
[INFO] [stdout] 7 |     Working,
[INFO] [stdout]   |     ^^^^^^^
[INFO] [stdout]   |
[INFO] [stdout]   = note: `AgentState` has a derived impl for the trait `Debug`, but this is intentionally ignored during dead code analysis
[INFO] [stdout] 
[INFO] [stdout] 
[INFO] [stdout] warning: associated items `new`, `get_objective`, `get_position`, `get_state`, and `get_memory` are never used
[INFO] [stdout]   --> src/models/agent_basic/basic_traits.rs:7:8
[INFO] [stdout]    |
[INFO] [stdout] 6  | pub trait BasicTraits {
[INFO] [stdout]    |           ----------- associated items in this trait
[INFO] [stdout] 7  |     fn new(objective: String, position: String) -> Self;
[INFO] [stdout]    |        ^^^
[INFO] [stdout] 8  |     fn update_state(&mut self, new_state: AgentState);
[INFO] [stdout] 9  |     fn get_objective(&self) -> &String;
[INFO] [stdout]    |        ^^^^^^^^^^^^^
[INFO] [stdout] 10 |     fn get_position(&self) -> &String;
[INFO] [stdout]    |        ^^^^^^^^^^^^
[INFO] [stdout] 11 |     fn get_state(&self) -> &AgentState;
[INFO] [stdout]    |        ^^^^^^^^^
[INFO] [stdout] 12 |     fn get_memory(&self) -> &Vec<Message>;
[INFO] [stdout]    |        ^^^^^^^^^^
[INFO] [stdout] 
[INFO] [stdout] 
[INFO] [stdout] warning: struct `AgentBackendDeveloper` is never constructed
[INFO] [stdout]   --> src/models/agents/agent_backend.rs:22:12
[INFO] [stdout]    |
[INFO] [stdout] 22 | pub struct AgentBackendDeveloper {
[INFO] [stdout]    |            ^^^^^^^^^^^^^^^^^^^^^
[INFO] [stdout]    |
[INFO] [stdout]    = note: `AgentBackendDeveloper` has a derived impl for the trait `Debug`, but this is intentionally ignored during dead code analysis
[INFO] [stdout] 
[INFO] [stdout] 
[INFO] [stdout] warning: associated items `new`, `call_initial_backend_code`, `call_improved_backend_code`, `call_fix_code_bugs`, and `call_extract_rest_api_endpoints` are never used
[INFO] [stdout]    --> src/models/agents/agent_backend.rs:29:12
[INFO] [stdout]     |
[INFO] [stdout] 28  | impl AgentBackendDeveloper {
[INFO] [stdout]     | -------------------------- associated items in this implementation
[INFO] [stdout] 29  |     pub fn new() -> Self {
[INFO] [stdout]     |            ^^^
[INFO] [stdout] ...
[INFO] [stdout] 44  |     async fn call_initial_backend_code(&mut self, factsheet: &mut FactSheet) {
[INFO] [stdout]     |              ^^^^^^^^^^^^^^^^^^^^^^^^^
[INFO] [stdout] ...
[INFO] [stdout] 65  |     async fn call_improved_backend_code(&mut self, factsheet: &mut FactSheet) {
[INFO] [stdout]     |              ^^^^^^^^^^^^^^^^^^^^^^^^^^
[INFO] [stdout] ...
[INFO] [stdout] 83  |     async fn call_fix_code_bugs(&mut self, factsheet: &mut FactSheet) {
[INFO] [stdout]     |              ^^^^^^^^^^^^^^^^^^
[INFO] [stdout] ...
[INFO] [stdout] 102 |     async fn call_extract_rest_api_endpoints(&self) -> String {
[INFO] [stdout]     |              ^^^^^^^^^^^^^^^^^^^^^^^^^^^^^^^
[INFO] [stdout] 
[INFO] [stdout] 
[INFO] [stdout] warning: method `get_attributes_from_agent` is never used
[INFO] [stdout]   --> src/models/agents/agent_traits.rs:34:8
[INFO] [stdout]    |
[INFO] [stdout] 32 | pub trait SpecialFunctions: Debug {
[INFO] [stdout]    |           ---------------- method in this trait
[INFO] [stdout] 33 |     // Used to that manager can get attributes from Agents
[INFO] [stdout] 34 |     fn get_attributes_from_agent(&self) -> &BasicAgent;
[INFO] [stdout]    |        ^^^^^^^^^^^^^^^^^^^^^^^^^
[INFO] [stdout] 
[INFO] [stdout] 
[INFO] [stderr]     Finished `test` profile [unoptimized + debuginfo] target(s) in 4.16s
[INFO] running `Command { std: "docker" "inspect" "b3e5d1a97530aeaf293b2a7bed884849fda6f19be58a122de79b06d9fb76740c", kill_on_drop: false }`
[INFO] running `Command { std: "docker" "rm" "-f" "b3e5d1a97530aeaf293b2a7bed884849fda6f19be58a122de79b06d9fb76740c", kill_on_drop: false }`
[INFO] [stdout] b3e5d1a97530aeaf293b2a7bed884849fda6f19be58a122de79b06d9fb76740c
[INFO] running `Command { std: "docker" "create" "-v" "/var/lib/crater-agent-workspace/builds/worker-5-tc1/target:/opt/rustwide/target:rw,Z" "-v" "/var/lib/crater-agent-workspace/builds/worker-5-tc1/source:/opt/rustwide/workdir:ro,Z" "-v" "/var/lib/crater-agent-workspace/cargo-home:/opt/rustwide/cargo-home:ro,Z" "-v" "/var/lib/crater-agent-workspace/rustup-home:/opt/rustwide/rustup-home:ro,Z" "-e" "SOURCE_DIR=/opt/rustwide/workdir" "-e" "CARGO_TARGET_DIR=/opt/rustwide/target" "-e" "CARGO_INCREMENTAL=0" "-e" "RUST_BACKTRACE=full" "-e" "RUSTFLAGS=--cap-lints=warn" "-e" "RUSTDOCFLAGS=--cap-lints=warn" "-e" "CARGO_HOME=/opt/rustwide/cargo-home" "-e" "RUSTUP_HOME=/opt/rustwide/rustup-home" "-w" "/opt/rustwide/workdir" "-m" "1610612736" "--user" "0:0" "--network" "none" "ghcr.io/rust-lang/crates-build-env/linux@sha256:f3a9d4ad9d972b27faf3965f35b62e55ba32bbce8f20bc8fe909558a86702fde" "/opt/rustwide/cargo-home/bin/cargo" "+1.83.0" "test" "--frozen", kill_on_drop: false }`
[INFO] [stdout] 0c77a8ab239d7dbd8427de764a87e8e8fa39616dcf3821d8f43454c7b0aaadbb
[INFO] running `Command { std: "docker" "start" "-a" "0c77a8ab239d7dbd8427de764a87e8e8fa39616dcf3821d8f43454c7b0aaadbb", kill_on_drop: false }`
[INFO] [stderr] warning: unused import: `crate::models::agent_basic::basic_agent::BasicAgent`
[INFO] [stderr]  --> src/models/agent_basic/basic_traits.rs:1:5
[INFO] [stderr]   |
[INFO] [stderr] 1 | use crate::models::agent_basic::basic_agent::BasicAgent;
[INFO] [stderr]   |     ^^^^^^^^^^^^^^^^^^^^^^^^^^^^^^^^^^^^^^^^^^^^^^^^^^^
[INFO] [stderr]   |
[INFO] [stderr]   = note: `#[warn(unused_imports)]` on by default
[INFO] [stderr] 
[INFO] [stderr] warning: unused imports: `WEB_SERVER_PROJECT_PATH`, `check_status_code`, and `save_api_endpoints`
[INFO] [stderr]  --> src/models/agents/agent_backend.rs:6:5
[INFO] [stderr]   |
[INFO] [stderr] 6 |     check_status_code, read_code_template_contents, read_exec_main_contents, save_api_endpoints,
[INFO] [stderr]   |     ^^^^^^^^^^^^^^^^^                                                        ^^^^^^^^^^^^^^^^^^
[INFO] [stderr] 7 |     save_backend_code, WEB_SERVER_PROJECT_PATH,
[INFO] [stderr]   |                        ^^^^^^^^^^^^^^^^^^^^^^^
[INFO] [stderr] 
[INFO] [stderr] warning: unused imports: `PrintCommand` and `confirm_safe_code`
[INFO] [stderr]   --> src/models/agents/agent_backend.rs:10:36
[INFO] [stderr]    |
[INFO] [stderr] 10 | use crate::helpers::command_line::{confirm_safe_code, PrintCommand};
[INFO] [stderr]    |                                    ^^^^^^^^^^^^^^^^^  ^^^^^^^^^^^^
[INFO] [stderr] 
[INFO] [stderr] warning: unused imports: `RouteObject` and `SpecialFunctions`
[INFO] [stderr]   --> src/models/agents/agent_backend.rs:13:54
[INFO] [stderr]    |
[INFO] [stderr] 13 | use crate::models::agents::agent_traits::{FactSheet, RouteObject, SpecialFunctions};
[INFO] [stderr]    |                                                      ^^^^^^^^^^^  ^^^^^^^^^^^^^^^^
[INFO] [stderr] 
[INFO] [stderr] warning: unused import: `async_trait::async_trait`
[INFO] [stderr]   --> src/models/agents/agent_backend.rs:15:5
[INFO] [stderr]    |
[INFO] [stderr] 15 | use async_trait::async_trait;
[INFO] [stderr]    |     ^^^^^^^^^^^^^^^^^^^^^^^^
[INFO] [stderr] 
[INFO] [stderr] warning: unused import: `reqwest::Client`
[INFO] [stderr]   --> src/models/agents/agent_backend.rs:16:5
[INFO] [stderr]    |
[INFO] [stderr] 16 | use reqwest::Client;
[INFO] [stderr]    |     ^^^^^^^^^^^^^^^
[INFO] [stderr] 
[INFO] [stderr] warning: unused imports: `Command` and `Stdio`
[INFO] [stderr]   --> src/models/agents/agent_backend.rs:17:20
[INFO] [stderr]    |
[INFO] [stderr] 17 | use std::process::{Command, Stdio};
[INFO] [stderr]    |                    ^^^^^^^  ^^^^^
[INFO] [stderr] 
[INFO] [stderr] warning: unused import: `std::time::Duration`
[INFO] [stderr]   --> src/models/agents/agent_backend.rs:18:5
[INFO] [stderr]    |
[INFO] [stderr] 18 | use std::time::Duration;
[INFO] [stderr]    |     ^^^^^^^^^^^^^^^^^^^
[INFO] [stderr] 
[INFO] [stderr] warning: unused import: `tokio::time`
[INFO] [stderr]   --> src/models/agents/agent_backend.rs:19:5
[INFO] [stderr]    |
[INFO] [stderr] 19 | use tokio::time;
[INFO] [stderr]    |     ^^^^^^^^^^^
[INFO] [stderr] 
[INFO] [stderr] warning: variant `Issue` is never constructed
[INFO] [stderr]   --> src/helpers/command_line.rs:11:5
[INFO] [stderr]    |
[INFO] [stderr] 8  | pub enum PrintCommand {
[INFO] [stderr]    |          ------------ variant in this enum
[INFO] [stderr] ...
[INFO] [stderr] 11 |     Issue,
[INFO] [stderr]    |     ^^^^^
[INFO] [stderr]    |
[INFO] [stderr]    = note: `PrintCommand` has a derived impl for the trait `Debug`, but this is intentionally ignored during dead code analysis
[INFO] [stderr]    = note: `#[warn(dead_code)]` on by default
[INFO] [stderr] 
[INFO] [stderr] warning: function `confirm_safe_code` is never used
[INFO] [stderr]   --> src/helpers/command_line.rs:61:8
[INFO] [stderr]    |
[INFO] [stderr] 61 | pub fn confirm_safe_code() -> bool {
[INFO] [stderr]    |        ^^^^^^^^^^^^^^^^^
[INFO] [stderr] 
[INFO] [stderr] warning: constant `CODE_TEMPLATE_PATH` is never used
[INFO] [stderr]  --> src/helpers/general.rs:8:7
[INFO] [stderr]   |
[INFO] [stderr] 8 | const CODE_TEMPLATE_PATH: &str =
[INFO] [stderr]   |       ^^^^^^^^^^^^^^^^^^
[INFO] [stderr] 
[INFO] [stderr] warning: constant `WEB_SERVER_PROJECT_PATH` is never used
[INFO] [stderr]   --> src/helpers/general.rs:11:11
[INFO] [stderr]    |
[INFO] [stderr] 11 | pub const WEB_SERVER_PROJECT_PATH: &str =
[INFO] [stderr]    |           ^^^^^^^^^^^^^^^^^^^^^^^
[INFO] [stderr] 
[INFO] [stderr] warning: constant `EXEC_MAIN_PATH` is never used
[INFO] [stderr]   --> src/helpers/general.rs:14:11
[INFO] [stderr]    |
[INFO] [stderr] 14 | pub const EXEC_MAIN_PATH: &str =
[INFO] [stderr]    |           ^^^^^^^^^^^^^^
[INFO] [stderr] 
[INFO] [stderr] warning: constant `API_SCHEMA_PATH` is never used
[INFO] [stderr]   --> src/helpers/general.rs:17:7
[INFO] [stderr]    |
[INFO] [stderr] 17 | const API_SCHEMA_PATH: &str =
[INFO] [stderr]    |       ^^^^^^^^^^^^^^^
[INFO] [stderr] 
[INFO] [stderr] warning: function `read_code_template_contents` is never used
[INFO] [stderr]   --> src/helpers/general.rs:87:8
[INFO] [stderr]    |
[INFO] [stderr] 87 | pub fn read_code_template_contents() -> String {
[INFO] [stderr]    |        ^^^^^^^^^^^^^^^^^^^^^^^^^^^
[INFO] [stderr] 
[INFO] [stderr] warning: function `read_exec_main_contents` is never used
[INFO] [stderr]   --> src/helpers/general.rs:93:8
[INFO] [stderr]    |
[INFO] [stderr] 93 | pub fn read_exec_main_contents() -> String {
[INFO] [stderr]    |        ^^^^^^^^^^^^^^^^^^^^^^^
[INFO] [stderr] 
[INFO] [stderr] warning: function `save_backend_code` is never used
[INFO] [stderr]   --> src/helpers/general.rs:99:8
[INFO] [stderr]    |
[INFO] [stderr] 99 | pub fn save_backend_code(contents: &String) {
[INFO] [stderr]    |        ^^^^^^^^^^^^^^^^^
[INFO] [stderr] 
[INFO] [stderr] warning: function `save_api_endpoints` is never used
[INFO] [stderr]    --> src/helpers/general.rs:105:8
[INFO] [stderr]     |
[INFO] [stderr] 105 | pub fn save_api_endpoints(api_endpoints: &String) {
[INFO] [stderr]     |        ^^^^^^^^^^^^^^^^^^
[INFO] [stderr] 
[INFO] [stderr] warning: variant `Working` is never constructed
[INFO] [stderr]  --> src/models/agent_basic/basic_agent.rs:7:5
[INFO] [stderr]   |
[INFO] [stderr] 5 | pub enum AgentState {
[INFO] [stderr]   |          ---------- variant in this enum
[INFO] [stderr] 6 |     Discovery,
[INFO] [stderr] 7 |     Working,
[INFO] [stderr]   |     ^^^^^^^
[INFO] [stderr]   |
[INFO] [stderr]   = note: `AgentState` has a derived impl for the trait `Debug`, but this is intentionally ignored during dead code analysis
[INFO] [stderr] 
[INFO] [stderr] warning: associated items `new`, `get_objective`, `get_position`, `get_state`, and `get_memory` are never used
[INFO] [stderr]   --> src/models/agent_basic/basic_traits.rs:7:8
[INFO] [stderr]    |
[INFO] [stderr] 6  | pub trait BasicTraits {
[INFO] [stderr]    |           ----------- associated items in this trait
[INFO] [stderr] 7  |     fn new(objective: String, position: String) -> Self;
[INFO] [stderr]    |        ^^^
[INFO] [stderr] 8  |     fn update_state(&mut self, new_state: AgentState);
[INFO] [stderr] 9  |     fn get_objective(&self) -> &String;
[INFO] [stderr]    |        ^^^^^^^^^^^^^
[INFO] [stderr] 10 |     fn get_position(&self) -> &String;
[INFO] [stderr]    |        ^^^^^^^^^^^^
[INFO] [stderr] 11 |     fn get_state(&self) -> &AgentState;
[INFO] [stderr]    |        ^^^^^^^^^
[INFO] [stderr] 12 |     fn get_memory(&self) -> &Vec<Message>;
[INFO] [stderr]    |        ^^^^^^^^^^
[INFO] [stderr] 
[INFO] [stderr] warning: struct `AgentBackendDeveloper` is never constructed
[INFO] [stderr]   --> src/models/agents/agent_backend.rs:22:12
[INFO] [stderr]    |
[INFO] [stderr] 22 | pub struct AgentBackendDeveloper {
[INFO] [stderr]    |            ^^^^^^^^^^^^^^^^^^^^^
[INFO] [stderr]    |
[INFO] [stderr]    = note: `AgentBackendDeveloper` has a derived impl for the trait `Debug`, but this is intentionally ignored during dead code analysis
[INFO] [stderr] 
[INFO] [stderr] warning: associated items `new`, `call_initial_backend_code`, `call_improved_backend_code`, `call_fix_code_bugs`, and `call_extract_rest_api_endpoints` are never used
[INFO] [stderr]    --> src/models/agents/agent_backend.rs:29:12
[INFO] [stderr]     |
[INFO] [stderr] 28  | impl AgentBackendDeveloper {
[INFO] [stderr]     | -------------------------- associated items in this implementation
[INFO] [stderr] 29  |     pub fn new() -> Self {
[INFO] [stderr]     |            ^^^
[INFO] [stderr] ...
[INFO] [stderr] 44  |     async fn call_initial_backend_code(&mut self, factsheet: &mut FactSheet) {
[INFO] [stderr]     |              ^^^^^^^^^^^^^^^^^^^^^^^^^
[INFO] [stderr] ...
[INFO] [stderr] 65  |     async fn call_improved_backend_code(&mut self, factsheet: &mut FactSheet) {
[INFO] [stderr]     |              ^^^^^^^^^^^^^^^^^^^^^^^^^^
[INFO] [stderr] ...
[INFO] [stderr] 83  |     async fn call_fix_code_bugs(&mut self, factsheet: &mut FactSheet) {
[INFO] [stderr]     |              ^^^^^^^^^^^^^^^^^^
[INFO] [stderr] ...
[INFO] [stderr] 102 |     async fn call_extract_rest_api_endpoints(&self) -> String {
[INFO] [stderr]     |              ^^^^^^^^^^^^^^^^^^^^^^^^^^^^^^^
[INFO] [stderr] 
[INFO] [stderr] warning: method `get_attributes_from_agent` is never used
[INFO] [stderr]   --> src/models/agents/agent_traits.rs:34:8
[INFO] [stderr]    |
[INFO] [stderr] 32 | pub trait SpecialFunctions: Debug {
[INFO] [stderr]    |           ---------------- method in this trait
[INFO] [stderr] 33 |     // Used to that manager can get attributes from Agents
[INFO] [stderr] 34 |     fn get_attributes_from_agent(&self) -> &BasicAgent;
[INFO] [stderr]    |        ^^^^^^^^^^^^^^^^^^^^^^^^^
[INFO] [stderr] 
[INFO] [stderr] warning: `auto_gippity` (bin "auto_gippity" test) generated 24 warnings (run `cargo fix --bin "auto_gippity" --tests` to apply 9 suggestions)
[INFO] [stderr]     Finished `test` profile [unoptimized + debuginfo] target(s) in 0.14s
[INFO] [stderr]      Running unittests src/main.rs (/opt/rustwide/target/debug/deps/auto_gippity-ec7be01c3a7c0376)
[INFO] [stdout] 
[INFO] [stdout] running 6 tests
[INFO] [stdout] [38;5;10m[38;5;14m[0mtest helpers::command_line::tests::tests_prints_agent_msg ... ok
[INFO] [stdout] [38;5;10m[38;5;14m[0m[38;5;10m[38;5;14m[0mtest helpers::general::tests::tests_extending_ai_function ... ok
[INFO] [stdout] [38;5;10m[38;5;14m[0mtest apis::call_request::tests::tests_call_to_openai ... FAILED
[INFO] [stdout] test helpers::general::tests::tests_ai_task_request ... FAILED
[INFO] [stdout] test models::agents_manager::managing_agent::tests::tests_managing_agent ... FAILED
[INFO] [stdout] test models::agents::agent_architect::tests::tests_solution_architect ... FAILED
[INFO] [stdout] 
[INFO] [stdout] failures:
[INFO] [stdout] 
[INFO] [stdout] ---- apis::call_request::tests::tests_call_to_openai stdout ----
[INFO] [stdout] thread 'apis::call_request::tests::tests_call_to_openai' panicked at src/apis/call_request.rs:95:17:
[INFO] [stdout] assertion failed: false
[INFO] [stdout] stack backtrace:
[INFO] [stdout]    0:     0x562ba74a208a - std::backtrace_rs::backtrace::libunwind::trace::h5a5b8284f2d0c266
[INFO] [stdout]                                at /rustc/90b35a6239c3d8bdabc530a6a0816f7ff89a0aaf/library/std/src/../../backtrace/src/backtrace/libunwind.rs:116:5
[INFO] [stdout]    1:     0x562ba74a208a - std::backtrace_rs::backtrace::trace_unsynchronized::h76d4f1c9b0b875e3
[INFO] [stdout]                                at /rustc/90b35a6239c3d8bdabc530a6a0816f7ff89a0aaf/library/std/src/../../backtrace/src/backtrace/mod.rs:66:5
[INFO] [stdout]    2:     0x562ba74a208a - std::sys::backtrace::_print_fmt::hc4546b8364a537c6
[INFO] [stdout]                                at /rustc/90b35a6239c3d8bdabc530a6a0816f7ff89a0aaf/library/std/src/sys/backtrace.rs:66:9
[INFO] [stdout]    3:     0x562ba74a208a - <std::sys::backtrace::BacktraceLock::print::DisplayBacktrace as core::fmt::Display>::fmt::h5b6bd5631a6d1f6b
[INFO] [stdout]                                at /rustc/90b35a6239c3d8bdabc530a6a0816f7ff89a0aaf/library/std/src/sys/backtrace.rs:39:26
[INFO] [stdout]    4:     0x562ba74ca593 - core::fmt::rt::Argument::fmt::h270f6602a2b96f62
[INFO] [stdout]                                at /rustc/90b35a6239c3d8bdabc530a6a0816f7ff89a0aaf/library/core/src/fmt/rt.rs:177:76
[INFO] [stdout]    5:     0x562ba74ca593 - core::fmt::write::h7550c97b06c86515
[INFO] [stdout]                                at /rustc/90b35a6239c3d8bdabc530a6a0816f7ff89a0aaf/library/core/src/fmt/mod.rs:1186:21
[INFO] [stdout]    6:     0x562ba749e6a3 - std::io::Write::write_fmt::h509ff860e5956e5e
[INFO] [stdout]                                at /rustc/90b35a6239c3d8bdabc530a6a0816f7ff89a0aaf/library/std/src/io/mod.rs:1839:15
[INFO] [stdout]    7:     0x562ba74a1ed2 - std::sys::backtrace::BacktraceLock::print::h2395ccd2c84ba3aa
[INFO] [stdout]                                at /rustc/90b35a6239c3d8bdabc530a6a0816f7ff89a0aaf/library/std/src/sys/backtrace.rs:42:9
[INFO] [stdout]    8:     0x562ba74a34ea - std::panicking::default_hook::{{closure}}::he19d4c7230e07961
[INFO] [stdout]                                at /rustc/90b35a6239c3d8bdabc530a6a0816f7ff89a0aaf/library/std/src/panicking.rs:268:22
[INFO] [stdout]    9:     0x562ba74a32f4 - std::panicking::default_hook::hf614597d3c67bbdb
[INFO] [stdout]                                at /rustc/90b35a6239c3d8bdabc530a6a0816f7ff89a0aaf/library/std/src/panicking.rs:292:9
[INFO] [stdout]   10:     0x562ba706ee49 - <alloc::boxed::Box<F,A> as core::ops::function::Fn<Args>>::call::h39b51ce4599c23d1
[INFO] [stdout]                                at /rustc/90b35a6239c3d8bdabc530a6a0816f7ff89a0aaf/library/alloc/src/boxed.rs:2468:9
[INFO] [stdout]   11:     0x562ba706ee49 - test::test_main::{{closure}}::he977ae839a582784
[INFO] [stdout]                                at /rustc/90b35a6239c3d8bdabc530a6a0816f7ff89a0aaf/library/test/src/lib.rs:133:21
[INFO] [stdout]   12:     0x562ba74a3b88 - <alloc::boxed::Box<F,A> as core::ops::function::Fn<Args>>::call::h9455091b6b06f9fb
[INFO] [stdout]                                at /rustc/90b35a6239c3d8bdabc530a6a0816f7ff89a0aaf/library/alloc/src/boxed.rs:2468:9
[INFO] [stdout]   13:     0x562ba74a3b88 - std::panicking::rust_panic_with_hook::h8942133a8b252070
[INFO] [stdout]                                at /rustc/90b35a6239c3d8bdabc530a6a0816f7ff89a0aaf/library/std/src/panicking.rs:809:13
[INFO] [stdout]   14:     0x562ba74a3916 - std::panicking::begin_panic_handler::{{closure}}::hb5f5963570096b29
[INFO] [stdout]                                at /rustc/90b35a6239c3d8bdabc530a6a0816f7ff89a0aaf/library/std/src/panicking.rs:667:13
[INFO] [stdout]   15:     0x562ba74a2569 - std::sys::backtrace::__rust_end_short_backtrace::h6208cedc1922feda
[INFO] [stdout]                                at /rustc/90b35a6239c3d8bdabc530a6a0816f7ff89a0aaf/library/std/src/sys/backtrace.rs:170:18
[INFO] [stdout]   16:     0x562ba74a35dc - rust_begin_unwind
[INFO] [stdout]                                at /rustc/90b35a6239c3d8bdabc530a6a0816f7ff89a0aaf/library/std/src/panicking.rs:665:5
[INFO] [stdout]   17:     0x562ba700b2a0 - core::panicking::panic_fmt::h0c3082644d1bf418
[INFO] [stdout]                                at /rustc/90b35a6239c3d8bdabc530a6a0816f7ff89a0aaf/library/core/src/panicking.rs:74:14
[INFO] [stdout]   18:     0x562ba700b32c - core::panicking::panic::h957f98c65a3b3074
[INFO] [stdout]                                at /rustc/90b35a6239c3d8bdabc530a6a0816f7ff89a0aaf/library/core/src/panicking.rs:148:5
[INFO] [stdout]   19:     0x562ba702f1a2 - auto_gippity::apis::call_request::tests::tests_call_to_openai::{{closure}}::h95ca7899b12fa15f
[INFO] [stdout]                                at /opt/rustwide/workdir/src/apis/call_request.rs:95:17
[INFO] [stdout]   20:     0x562ba701b1f2 - <core::pin::Pin<P> as core::future::future::Future>::poll::hb21beba9d2bf09e9
[INFO] [stdout]                                at /rustc/90b35a6239c3d8bdabc530a6a0816f7ff89a0aaf/library/core/src/future/future.rs:123:9
[INFO] [stdout]   21:     0x562ba701b1ad - <core::pin::Pin<P> as core::future::future::Future>::poll::h91007d6041389bb9
[INFO] [stdout]                                at /rustc/90b35a6239c3d8bdabc530a6a0816f7ff89a0aaf/library/core/src/future/future.rs:123:9
[INFO] [stdout]   22:     0x562ba702c40f - tokio::runtime::scheduler::current_thread::CoreGuard::block_on::{{closure}}::{{closure}}::{{closure}}::hfc02cb4d37f15413
[INFO] [stdout]                                at /opt/rustwide/cargo-home/registry/src/index.crates.io-6f17d22bba15001f/tokio-1.34.0/src/runtime/scheduler/current_thread/mod.rs:665:57
[INFO] [stdout]   23:     0x562ba702c355 - tokio::runtime::coop::with_budget::h8b8e0fd9fb3867d4
[INFO] [stdout]                                at /opt/rustwide/cargo-home/registry/src/index.crates.io-6f17d22bba15001f/tokio-1.34.0/src/runtime/coop.rs:107:5
[INFO] [stdout]   24:     0x562ba702c355 - tokio::runtime::coop::budget::h4f4b0c3fd1907b27
[INFO] [stdout]                                at /opt/rustwide/cargo-home/registry/src/index.crates.io-6f17d22bba15001f/tokio-1.34.0/src/runtime/coop.rs:73:5
[INFO] [stdout]   25:     0x562ba702c355 - tokio::runtime::scheduler::current_thread::CoreGuard::block_on::{{closure}}::{{closure}}::hb4962a227730dfa8
[INFO] [stdout]                                at /opt/rustwide/cargo-home/registry/src/index.crates.io-6f17d22bba15001f/tokio-1.34.0/src/runtime/scheduler/current_thread/mod.rs:665:25
[INFO] [stdout]   26:     0x562ba702ae00 - tokio::runtime::scheduler::current_thread::Context::enter::h2f18cd09f513cf2f
[INFO] [stdout]                                at /opt/rustwide/cargo-home/registry/src/index.crates.io-6f17d22bba15001f/tokio-1.34.0/src/runtime/scheduler/current_thread/mod.rs:410:19
[INFO] [stdout]   27:     0x562ba702bbae - tokio::runtime::scheduler::current_thread::CoreGuard::block_on::{{closure}}::hd411ca4761d7d008
[INFO] [stdout]                                at /opt/rustwide/cargo-home/registry/src/index.crates.io-6f17d22bba15001f/tokio-1.34.0/src/runtime/scheduler/current_thread/mod.rs:664:36
[INFO] [stdout]   28:     0x562ba702b924 - tokio::runtime::scheduler::current_thread::CoreGuard::enter::{{closure}}::h707ab484c2ce0fb3
[INFO] [stdout]                                at /opt/rustwide/cargo-home/registry/src/index.crates.io-6f17d22bba15001f/tokio-1.34.0/src/runtime/scheduler/current_thread/mod.rs:743:68
[INFO] [stdout]   29:     0x562ba7029eeb - tokio::runtime::context::scoped::Scoped<T>::set::h2a2ce046533b4a7e
[INFO] [stdout]                                at /opt/rustwide/cargo-home/registry/src/index.crates.io-6f17d22bba15001f/tokio-1.34.0/src/runtime/context/scoped.rs:40:9
[INFO] [stdout]   30:     0x562ba7024b19 - tokio::runtime::context::set_scheduler::{{closure}}::h1194860b4a83a8f0
[INFO] [stdout]                                at /opt/rustwide/cargo-home/registry/src/index.crates.io-6f17d22bba15001f/tokio-1.34.0/src/runtime/context.rs:176:26
[INFO] [stdout]   31:     0x562ba7021d2d - std::thread::local::LocalKey<T>::try_with::h365279c2d6ec3de3
[INFO] [stdout]                                at /rustc/90b35a6239c3d8bdabc530a6a0816f7ff89a0aaf/library/std/src/thread/local.rs:283:12
[INFO] [stdout]   32:     0x562ba7021bba - std::thread::local::LocalKey<T>::with::h9ac8478b5ed60056
[INFO] [stdout]                                at /rustc/90b35a6239c3d8bdabc530a6a0816f7ff89a0aaf/library/std/src/thread/local.rs:260:9
[INFO] [stdout]   33:     0x562ba7024acd - tokio::runtime::context::set_scheduler::h787bfc73dd2b03cc
[INFO] [stdout]                                at /opt/rustwide/cargo-home/registry/src/index.crates.io-6f17d22bba15001f/tokio-1.34.0/src/runtime/context.rs:176:9
[INFO] [stdout]   34:     0x562ba702b6d0 - tokio::runtime::scheduler::current_thread::CoreGuard::enter::h38409e749cb91f01
[INFO] [stdout]                                at /opt/rustwide/cargo-home/registry/src/index.crates.io-6f17d22bba15001f/tokio-1.34.0/src/runtime/scheduler/current_thread/mod.rs:743:27
[INFO] [stdout]   35:     0x562ba702b943 - tokio::runtime::scheduler::current_thread::CoreGuard::block_on::h4914e73bcbfbb142
[INFO] [stdout]                                at /opt/rustwide/cargo-home/registry/src/index.crates.io-6f17d22bba15001f/tokio-1.34.0/src/runtime/scheduler/current_thread/mod.rs:652:19
[INFO] [stdout]   36:     0x562ba702a93d - tokio::runtime::scheduler::current_thread::CurrentThread::block_on::{{closure}}::hf88a3bd52725e8cc
[INFO] [stdout]                                at /opt/rustwide/cargo-home/registry/src/index.crates.io-6f17d22bba15001f/tokio-1.34.0/src/runtime/scheduler/current_thread/mod.rs:175:28
[INFO] [stdout]   37:     0x562ba702a066 - tokio::runtime::context::runtime::enter_runtime::h99b23d043967e941
[INFO] [stdout]                                at /opt/rustwide/cargo-home/registry/src/index.crates.io-6f17d22bba15001f/tokio-1.34.0/src/runtime/context/runtime.rs:65:16
[INFO] [stdout]   38:     0x562ba702a851 - tokio::runtime::scheduler::current_thread::CurrentThread::block_on::ha2c4f46c2450b752
[INFO] [stdout]                                at /opt/rustwide/cargo-home/registry/src/index.crates.io-6f17d22bba15001f/tokio-1.34.0/src/runtime/scheduler/current_thread/mod.rs:167:9
[INFO] [stdout]   39:     0x562ba702a73d - tokio::runtime::runtime::Runtime::block_on::h2f7c8c085f11e117
[INFO] [stdout]                                at /opt/rustwide/cargo-home/registry/src/index.crates.io-6f17d22bba15001f/tokio-1.34.0/src/runtime/runtime.rs:348:47
[INFO] [stdout]   40:     0x562ba702ec91 - auto_gippity::apis::call_request::tests::tests_call_to_openai::hc8b6706768e9c2ad
[INFO] [stdout]                                at /opt/rustwide/workdir/src/apis/call_request.rs:89:9
[INFO] [stdout]   41:     0x562ba702eb37 - auto_gippity::apis::call_request::tests::tests_call_to_openai::{{closure}}::h112ea55fbc239aa0
[INFO] [stdout]                                at /opt/rustwide/workdir/src/apis/call_request.rs:80:36
[INFO] [stdout]   42:     0x562ba70303f6 - core::ops::function::FnOnce::call_once::h3a79a1f03ee8e0c7
[INFO] [stdout]                                at /rustc/90b35a6239c3d8bdabc530a6a0816f7ff89a0aaf/library/core/src/ops/function.rs:250:5
[INFO] [stdout]   43:     0x562ba707380b - core::ops::function::FnOnce::call_once::h109cf8051a59b34e
[INFO] [stdout]                                at /rustc/90b35a6239c3d8bdabc530a6a0816f7ff89a0aaf/library/core/src/ops/function.rs:250:5
[INFO] [stdout]   44:     0x562ba707380b - test::__rust_begin_short_backtrace::hf4fff89d377446ba
[INFO] [stdout]                                at /rustc/90b35a6239c3d8bdabc530a6a0816f7ff89a0aaf/library/test/src/lib.rs:621:18
[INFO] [stdout]   45:     0x562ba7073047 - test::run_test_in_process::{{closure}}::h0e39181dd7ee5a43
[INFO] [stdout]                                at /rustc/90b35a6239c3d8bdabc530a6a0816f7ff89a0aaf/library/test/src/lib.rs:644:60
[INFO] [stdout]   46:     0x562ba7073047 - <core::panic::unwind_safe::AssertUnwindSafe<F> as core::ops::function::FnOnce<()>>::call_once::hc5a66a30f0bdfd1f
[INFO] [stdout]                                at /rustc/90b35a6239c3d8bdabc530a6a0816f7ff89a0aaf/library/core/src/panic/unwind_safe.rs:272:9
[INFO] [stdout]   47:     0x562ba7073047 - std::panicking::try::do_call::h873b7cf639554a5e
[INFO] [stdout]                                at /rustc/90b35a6239c3d8bdabc530a6a0816f7ff89a0aaf/library/std/src/panicking.rs:557:40
[INFO] [stdout]   48:     0x562ba7073047 - std::panicking::try::hdb19862fad9c8bd1
[INFO] [stdout]                                at /rustc/90b35a6239c3d8bdabc530a6a0816f7ff89a0aaf/library/std/src/panicking.rs:520:19
[INFO] [stdout]   49:     0x562ba7073047 - std::panic::catch_unwind::h281fe732d236d260
[INFO] [stdout]                                at /rustc/90b35a6239c3d8bdabc530a6a0816f7ff89a0aaf/library/std/src/panic.rs:358:14
[INFO] [stdout]   50:     0x562ba7073047 - test::run_test_in_process::h949b6df8457ed338
[INFO] [stdout]                                at /rustc/90b35a6239c3d8bdabc530a6a0816f7ff89a0aaf/library/test/src/lib.rs:644:27
[INFO] [stdout]   51:     0x562ba7073047 - test::run_test::{{closure}}::h52c556a6d4740e10
[INFO] [stdout]                                at /rustc/90b35a6239c3d8bdabc530a6a0816f7ff89a0aaf/library/test/src/lib.rs:565:43
[INFO] [stdout]   52:     0x562ba7038324 - test::run_test::{{closure}}::h4237f6381c45ccb9
[INFO] [stdout]                                at /rustc/90b35a6239c3d8bdabc530a6a0816f7ff89a0aaf/library/test/src/lib.rs:595:41
[INFO] [stdout]   53:     0x562ba7038324 - std::sys::backtrace::__rust_begin_short_backtrace::h505c97a579eca628
[INFO] [stdout]                                at /rustc/90b35a6239c3d8bdabc530a6a0816f7ff89a0aaf/library/std/src/sys/backtrace.rs:154:18
[INFO] [stdout]   54:     0x562ba703b9ee - std::thread::Builder::spawn_unchecked_::{{closure}}::{{closure}}::h9e86b2e2bc107ea3
[INFO] [stdout]                                at /rustc/90b35a6239c3d8bdabc530a6a0816f7ff89a0aaf/library/std/src/thread/mod.rs:538:17
[INFO] [stdout]   55:     0x562ba703b9ee - <core::panic::unwind_safe::AssertUnwindSafe<F> as core::ops::function::FnOnce<()>>::call_once::h8b06ddb275ff4a25
[INFO] [stdout]                                at /rustc/90b35a6239c3d8bdabc530a6a0816f7ff89a0aaf/library/core/src/panic/unwind_safe.rs:272:9
[INFO] [stdout]   56:     0x562ba703b9ee - std::panicking::try::do_call::hb26ecd7cd9a9355d
[INFO] [stdout]                                at /rustc/90b35a6239c3d8bdabc530a6a0816f7ff89a0aaf/library/std/src/panicking.rs:557:40
[INFO] [stdout]   57:     0x562ba703b9ee - std::panicking::try::h8ddeca9d705f9069
[INFO] [stdout]                                at /rustc/90b35a6239c3d8bdabc530a6a0816f7ff89a0aaf/library/std/src/panicking.rs:520:19
[INFO] [stdout]   58:     0x562ba703b9ee - std::panic::catch_unwind::h49e1c33078844c46
[INFO] [stdout]                                at /rustc/90b35a6239c3d8bdabc530a6a0816f7ff89a0aaf/library/std/src/panic.rs:358:14
[INFO] [stdout]   59:     0x562ba703b9ee - std::thread::Builder::spawn_unchecked_::{{closure}}::h6073db6ff56ad35d
[INFO] [stdout]                                at /rustc/90b35a6239c3d8bdabc530a6a0816f7ff89a0aaf/library/std/src/thread/mod.rs:537:30
[INFO] [stdout]   60:     0x562ba703b9ee - core::ops::function::FnOnce::call_once{{vtable.shim}}::h2c5a5f3779c774f1
[INFO] [stdout]                                at /rustc/90b35a6239c3d8bdabc530a6a0816f7ff89a0aaf/library/core/src/ops/function.rs:250:5
[INFO] [stdout]   61:     0x562ba74a7e4b - <alloc::boxed::Box<F,A> as core::ops::function::FnOnce<Args>>::call_once::hf75717d9f28faebf
[INFO] [stdout]                                at /rustc/90b35a6239c3d8bdabc530a6a0816f7ff89a0aaf/library/alloc/src/boxed.rs:2454:9
[INFO] [stdout]   62:     0x562ba74a7e4b - <alloc::boxed::Box<F,A> as core::ops::function::FnOnce<Args>>::call_once::h7bd883a5f3c5f3c1
[INFO] [stdout]                                at /rustc/90b35a6239c3d8bdabc530a6a0816f7ff89a0aaf/library/alloc/src/boxed.rs:2454:9
[INFO] [stdout]   63:     0x562ba74a7e4b - std::sys::pal::unix::thread::Thread::new::thread_start::hcc78f3943333fa94
[INFO] [stdout]                                at /rustc/90b35a6239c3d8bdabc530a6a0816f7ff89a0aaf/library/std/src/sys/pal/unix/thread.rs:105:17
[INFO] [stdout]   64:     0x74976dc44ac3 - <unknown>
[INFO] [stdout]   65:     0x74976dcd5a04 - clone
[INFO] [stdout]   66:                0x0 - <unknown>
[INFO] [stdout] 
[INFO] [stdout] ---- helpers::general::tests::tests_ai_task_request stdout ----
[INFO] [stdout] Agent: Managing Agent: Defining user requirements
[INFO] [stdout] thread 'helpers::general::tests::tests_ai_task_request' panicked at src/helpers/general.rs:62:14:
[INFO] [stdout] Failed twice to call OpenAI: reqwest::Error { kind: Request, url: Url { scheme: "https", cannot_be_a_base: false, username: "", password: None, host: Some(Domain("api.openai.com")), port: None, path: "/v1/chat/completions", query: None, fragment: None }, source: hyper::Error(Connect, ConnectError("dns error", Custom { kind: Uncategorized, error: "failed to lookup address information: Temporary failure in name resolution" })) }
[INFO] [stdout] stack backtrace:
[INFO] [stdout]    0:     0x562ba74a208a - std::backtrace_rs::backtrace::libunwind::trace::h5a5b8284f2d0c266
[INFO] [stdout]                                at /rustc/90b35a6239c3d8bdabc530a6a0816f7ff89a0aaf/library/std/src/../../backtrace/src/backtrace/libunwind.rs:116:5
[INFO] [stdout]    1:     0x562ba74a208a - std::backtrace_rs::backtrace::trace_unsynchronized::h76d4f1c9b0b875e3
[INFO] [stdout]                                at /rustc/90b35a6239c3d8bdabc530a6a0816f7ff89a0aaf/library/std/src/../../backtrace/src/backtrace/mod.rs:66:5
[INFO] [stdout]    2:     0x562ba74a208a - std::sys::backtrace::_print_fmt::hc4546b8364a537c6
[INFO] [stdout]                                at /rustc/90b35a6239c3d8bdabc530a6a0816f7ff89a0aaf/library/std/src/sys/backtrace.rs:66:9
[INFO] [stdout]    3:     0x562ba74a208a - <std::sys::backtrace::BacktraceLock::print::DisplayBacktrace as core::fmt::Display>::fmt::h5b6bd5631a6d1f6b
[INFO] [stdout]                                at /rustc/90b35a6239c3d8bdabc530a6a0816f7ff89a0aaf/library/std/src/sys/backtrace.rs:39:26
[INFO] [stdout]    4:     0x562ba74ca593 - core::fmt::rt::Argument::fmt::h270f6602a2b96f62
[INFO] [stdout]                                at /rustc/90b35a6239c3d8bdabc530a6a0816f7ff89a0aaf/library/core/src/fmt/rt.rs:177:76
[INFO] [stdout]    5:     0x562ba74ca593 - core::fmt::write::h7550c97b06c86515
[INFO] [stdout]                                at /rustc/90b35a6239c3d8bdabc530a6a0816f7ff89a0aaf/library/core/src/fmt/mod.rs:1186:21
[INFO] [stdout]    6:     0x562ba749e6a3 - std::io::Write::write_fmt::h509ff860e5956e5e
[INFO] [stdout]                                at /rustc/90b35a6239c3d8bdabc530a6a0816f7ff89a0aaf/library/std/src/io/mod.rs:1839:15
[INFO] [stdout]    7:     0x562ba74a1ed2 - std::sys::backtrace::BacktraceLock::print::h2395ccd2c84ba3aa
[INFO] [stdout]                                at /rustc/90b35a6239c3d8bdabc530a6a0816f7ff89a0aaf/library/std/src/sys/backtrace.rs:42:9
[INFO] [stdout]    8:     0x562ba74a34ea - std::panicking::default_hook::{{closure}}::he19d4c7230e07961
[INFO] [stdout]                                at /rustc/90b35a6239c3d8bdabc530a6a0816f7ff89a0aaf/library/std/src/panicking.rs:268:22
[INFO] [stdout]    9:     0x562ba74a32f4 - std::panicking::default_hook::hf614597d3c67bbdb
[INFO] [stdout]                                at /rustc/90b35a6239c3d8bdabc530a6a0816f7ff89a0aaf/library/std/src/panicking.rs:292:9
[INFO] [stdout]   10:     0x562ba706ee49 - <alloc::boxed::Box<F,A> as core::ops::function::Fn<Args>>::call::h39b51ce4599c23d1
[INFO] [stdout]                                at /rustc/90b35a6239c3d8bdabc530a6a0816f7ff89a0aaf/library/alloc/src/boxed.rs:2468:9
[INFO] [stdout]   11:     0x562ba706ee49 - test::test_main::{{closure}}::he977ae839a582784
[INFO] [stdout]                                at /rustc/90b35a6239c3d8bdabc530a6a0816f7ff89a0aaf/library/test/src/lib.rs:133:21
[INFO] [stdout]   12:     0x562ba74a3b88 - <alloc::boxed::Box<F,A> as core::ops::function::Fn<Args>>::call::h9455091b6b06f9fb
[INFO] [stdout]                                at /rustc/90b35a6239c3d8bdabc530a6a0816f7ff89a0aaf/library/alloc/src/boxed.rs:2468:9
[INFO] [stdout]   13:     0x562ba74a3b88 - std::panicking::rust_panic_with_hook::h8942133a8b252070
[INFO] [stdout]                                at /rustc/90b35a6239c3d8bdabc530a6a0816f7ff89a0aaf/library/std/src/panicking.rs:809:13
[INFO] [stdout]   14:     0x562ba74a394a - std::panicking::begin_panic_handler::{{closure}}::hb5f5963570096b29
[INFO] [stdout]                                at /rustc/90b35a6239c3d8bdabc530a6a0816f7ff89a0aaf/library/std/src/panicking.rs:674:13
[INFO] [stdout]   15:     0x562ba74a2569 - std::sys::backtrace::__rust_end_short_backtrace::h6208cedc1922feda
[INFO] [stdout]                                at /rustc/90b35a6239c3d8bdabc530a6a0816f7ff89a0aaf/library/std/src/sys/backtrace.rs:170:18
[INFO] [stdout]   16:     0x562ba74a35dc - rust_begin_unwind
[INFO] [stdout]                                at /rustc/90b35a6239c3d8bdabc530a6a0816f7ff89a0aaf/library/std/src/panicking.rs:665:5
[INFO] [stdout]   17:     0x562ba700b2a0 - core::panicking::panic_fmt::h0c3082644d1bf418
[INFO] [stdout]                                at /rustc/90b35a6239c3d8bdabc530a6a0816f7ff89a0aaf/library/core/src/panicking.rs:74:14
[INFO] [stdout]   18:     0x562ba700b786 - core::result::unwrap_failed::hd20b4aa073bda1e2
[INFO] [stdout]                                at /rustc/90b35a6239c3d8bdabc530a6a0816f7ff89a0aaf/library/core/src/result.rs:1700:5
[INFO] [stdout]   19:     0x562ba701963f - core::result::Result<T,E>::expect::h1e03e2aec1605dff
[INFO] [stdout]                                at /rustc/90b35a6239c3d8bdabc530a6a0816f7ff89a0aaf/library/core/src/result.rs:1061:23
[INFO] [stdout]   20:     0x562ba7035717 - auto_gippity::helpers::general::ai_task_request::{{closure}}::hbdfc26ae50a89038
[INFO] [stdout]                                at /opt/rustwide/workdir/src/helpers/general.rs:60:19
[INFO] [stdout]   21:     0x562ba7036a52 - auto_gippity::helpers::general::tests::tests_ai_task_request::{{closure}}::hb54693f158723a27
[INFO] [stdout]                                at /opt/rustwide/workdir/src/helpers/general.rs:134:10
[INFO] [stdout]   22:     0x562ba701b1f2 - <core::pin::Pin<P> as core::future::future::Future>::poll::hb21beba9d2bf09e9
[INFO] [stdout]                                at /rustc/90b35a6239c3d8bdabc530a6a0816f7ff89a0aaf/library/core/src/future/future.rs:123:9
[INFO] [stdout]   23:     0x562ba701b1ad - <core::pin::Pin<P> as core::future::future::Future>::poll::h91007d6041389bb9
[INFO] [stdout]                                at /rustc/90b35a6239c3d8bdabc530a6a0816f7ff89a0aaf/library/core/src/future/future.rs:123:9
[INFO] [stdout]   24:     0x562ba702c40f - tokio::runtime::scheduler::current_thread::CoreGuard::block_on::{{closure}}::{{closure}}::{{closure}}::hfc02cb4d37f15413
[INFO] [stdout]                                at /opt/rustwide/cargo-home/registry/src/index.crates.io-6f17d22bba15001f/tokio-1.34.0/src/runtime/scheduler/current_thread/mod.rs:665:57
[INFO] [stdout]   25:     0x562ba702c355 - tokio::runtime::coop::with_budget::h8b8e0fd9fb3867d4
[INFO] [stdout]                                at /opt/rustwide/cargo-home/registry/src/index.crates.io-6f17d22bba15001f/tokio-1.34.0/src/runtime/coop.rs:107:5
[INFO] [stdout]   26:     0x562ba702c355 - tokio::runtime::coop::budget::h4f4b0c3fd1907b27
[INFO] [stdout]                                at /opt/rustwide/cargo-home/registry/src/index.crates.io-6f17d22bba15001f/tokio-1.34.0/src/runtime/coop.rs:73:5
[INFO] [stdout]   27:     0x562ba702c355 - tokio::runtime::scheduler::current_thread::CoreGuard::block_on::{{closure}}::{{closure}}::hb4962a227730dfa8
[INFO] [stdout]                                at /opt/rustwide/cargo-home/registry/src/index.crates.io-6f17d22bba15001f/tokio-1.34.0/src/runtime/scheduler/current_thread/mod.rs:665:25
[INFO] [stdout]   28:     0x562ba702ae00 - tokio::runtime::scheduler::current_thread::Context::enter::h2f18cd09f513cf2f
[INFO] [stdout]                                at /opt/rustwide/cargo-home/registry/src/index.crates.io-6f17d22bba15001f/tokio-1.34.0/src/runtime/scheduler/current_thread/mod.rs:410:19
[INFO] [stdout]   29:     0x562ba702bbae - tokio::runtime::scheduler::current_thread::CoreGuard::block_on::{{closure}}::hd411ca4761d7d008
[INFO] [stdout]                                at /opt/rustwide/cargo-home/registry/src/index.crates.io-6f17d22bba15001f/tokio-1.34.0/src/runtime/scheduler/current_thread/mod.rs:664:36
[INFO] [stdout]   30:     0x562ba702b924 - tokio::runtime::scheduler::current_thread::CoreGuard::enter::{{closure}}::h707ab484c2ce0fb3
[INFO] [stdout]                                at /opt/rustwide/cargo-home/registry/src/index.crates.io-6f17d22bba15001f/tokio-1.34.0/src/runtime/scheduler/current_thread/mod.rs:743:68
[INFO] [stdout]   31:     0x562ba7029eeb - tokio::runtime::context::scoped::Scoped<T>::set::h2a2ce046533b4a7e
[INFO] [stdout]                                at /opt/rustwide/cargo-home/registry/src/index.crates.io-6f17d22bba15001f/tokio-1.34.0/src/runtime/context/scoped.rs:40:9
[INFO] [stdout]   32:     0x562ba7024b19 - tokio::runtime::context::set_scheduler::{{closure}}::h1194860b4a83a8f0
[INFO] [stdout]                                at /opt/rustwide/cargo-home/registry/src/index.crates.io-6f17d22bba15001f/tokio-1.34.0/src/runtime/context.rs:176:26
[INFO] [stdout]   33:     0x562ba7021d2d - std::thread::local::LocalKey<T>::try_with::h365279c2d6ec3de3
[INFO] [stdout]                                at /rustc/90b35a6239c3d8bdabc530a6a0816f7ff89a0aaf/library/std/src/thread/local.rs:283:12
[INFO] [stdout]   34:     0x562ba7021bba - std::thread::local::LocalKey<T>::with::h9ac8478b5ed60056
[INFO] [stdout]                                at /rustc/90b35a6239c3d8bdabc530a6a0816f7ff89a0aaf/library/std/src/thread/local.rs:260:9
[INFO] [stdout]   35:     0x562ba7024acd - tokio::runtime::context::set_scheduler::h787bfc73dd2b03cc
[INFO] [stdout]                                at /opt/rustwide/cargo-home/registry/src/index.crates.io-6f17d22bba15001f/tokio-1.34.0/src/runtime/context.rs:176:9
[INFO] [stdout]   36:     0x562ba702b6d0 - tokio::runtime::scheduler::current_thread::CoreGuard::enter::h38409e749cb91f01
[INFO] [stdout]                                at /opt/rustwide/cargo-home/registry/src/index.crates.io-6f17d22bba15001f/tokio-1.34.0/src/runtime/scheduler/current_thread/mod.rs:743:27
[INFO] [stdout]   37:     0x562ba702b943 - tokio::runtime::scheduler::current_thread::CoreGuard::block_on::h4914e73bcbfbb142
[INFO] [stdout]                                at /opt/rustwide/cargo-home/registry/src/index.crates.io-6f17d22bba15001f/tokio-1.34.0/src/runtime/scheduler/current_thread/mod.rs:652:19
[INFO] [stdout]   38:     0x562ba702a93d - tokio::runtime::scheduler::current_thread::CurrentThread::block_on::{{closure}}::hf88a3bd52725e8cc
[INFO] [stdout]                                at /opt/rustwide/cargo-home/registry/src/index.crates.io-6f17d22bba15001f/tokio-1.34.0/src/runtime/scheduler/current_thread/mod.rs:175:28
[INFO] [stdout]   39:     0x562ba702a066 - tokio::runtime::context::runtime::enter_runtime::h99b23d043967e941
[INFO] [stdout]                                at /opt/rustwide/cargo-home/registry/src/index.crates.io-6f17d22bba15001f/tokio-1.34.0/src/runtime/context/runtime.rs:65:16
[INFO] [stdout]   40:     0x562ba702a851 - tokio::runtime::scheduler::current_thread::CurrentThread::block_on::ha2c4f46c2450b752
[INFO] [stdout]                                at /opt/rustwide/cargo-home/registry/src/index.crates.io-6f17d22bba15001f/tokio-1.34.0/src/runtime/scheduler/current_thread/mod.rs:167:9
[INFO] [stdout]   41:     0x562ba702a73d - tokio::runtime::runtime::Runtime::block_on::h2f7c8c085f11e117
[INFO] [stdout]                                at /opt/rustwide/cargo-home/registry/src/index.crates.io-6f17d22bba15001f/tokio-1.34.0/src/runtime/runtime.rs:348:47
[INFO] [stdout]   42:     0x562ba7036841 - auto_gippity::helpers::general::tests::tests_ai_task_request::h607a386dd0439a8d
[INFO] [stdout]                                at /opt/rustwide/workdir/src/helpers/general.rs:136:9
[INFO] [stdout]   43:     0x562ba70366e7 - auto_gippity::helpers::general::tests::tests_ai_task_request::{{closure}}::hb90b7268bc75c21d
[INFO] [stdout]                                at /opt/rustwide/workdir/src/helpers/general.rs:124:37
[INFO] [stdout]   44:     0x562ba7030476 - core::ops::function::FnOnce::call_once::h5e5d51f23c2f0238
[INFO] [stdout]                                at /rustc/90b35a6239c3d8bdabc530a6a0816f7ff89a0aaf/library/core/src/ops/function.rs:250:5
[INFO] [stdout]   45:     0x562ba707380b - core::ops::function::FnOnce::call_once::h109cf8051a59b34e
[INFO] [stdout]                                at /rustc/90b35a6239c3d8bdabc530a6a0816f7ff89a0aaf/library/core/src/ops/function.rs:250:5
[INFO] [stdout]   46:     0x562ba707380b - test::__rust_begin_short_backtrace::hf4fff89d377446ba
[INFO] [stdout]                                at /rustc/90b35a6239c3d8bdabc530a6a0816f7ff89a0aaf/library/test/src/lib.rs:621:18
[INFO] [stdout]   47:     0x562ba7073047 - test::run_test_in_process::{{closure}}::h0e39181dd7ee5a43
[INFO] [stdout]                                at /rustc/90b35a6239c3d8bdabc530a6a0816f7ff89a0aaf/library/test/src/lib.rs:644:60
[INFO] [stdout]   48:     0x562ba7073047 - <core::panic::unwind_safe::AssertUnwindSafe<F> as core::ops::function::FnOnce<()>>::call_once::hc5a66a30f0bdfd1f
[INFO] [stdout]                                at /rustc/90b35a6239c3d8bdabc530a6a0816f7ff89a0aaf/library/core/src/panic/unwind_safe.rs:272:9
[INFO] [stdout]   49:     0x562ba7073047 - std::panicking::try::do_call::h873b7cf639554a5e
[INFO] [stdout]                                at /rustc/90b35a6239c3d8bdabc530a6a0816f7ff89a0aaf/library/std/src/panicking.rs:557:40
[INFO] [stdout]   50:     0x562ba7073047 - std::panicking::try::hdb19862fad9c8bd1
[INFO] [stdout]                                at /rustc/90b35a6239c3d8bdabc530a6a0816f7ff89a0aaf/library/std/src/panicking.rs:520:19
[INFO] [stdout]   51:     0x562ba7073047 - std::panic::catch_unwind::h281fe732d236d260
[INFO] [stdout]                                at /rustc/90b35a6239c3d8bdabc530a6a0816f7ff89a0aaf/library/std/src/panic.rs:358:14
[INFO] [stdout]   52:     0x562ba7073047 - test::run_test_in_process::h949b6df8457ed338
[INFO] [stdout]                                at /rustc/90b35a6239c3d8bdabc530a6a0816f7ff89a0aaf/library/test/src/lib.rs:644:27
[INFO] [stdout]   53:     0x562ba7073047 - test::run_test::{{closure}}::h52c556a6d4740e10
[INFO] [stdout]                                at /rustc/90b35a6239c3d8bdabc530a6a0816f7ff89a0aaf/library/test/src/lib.rs:565:43
[INFO] [stdout]   54:     0x562ba7038324 - test::run_test::{{closure}}::h4237f6381c45ccb9
[INFO] [stdout]                                at /rustc/90b35a6239c3d8bdabc530a6a0816f7ff89a0aaf/library/test/src/lib.rs:595:41
[INFO] [stdout]   55:     0x562ba7038324 - std::sys::backtrace::__rust_begin_short_backtrace::h505c97a579eca628
[INFO] [stdout]                                at /rustc/90b35a6239c3d8bdabc530a6a0816f7ff89a0aaf/library/std/src/sys/backtrace.rs:154:18
[INFO] [stdout]   56:     0x562ba703b9ee - std::thread::Builder::spawn_unchecked_::{{closure}}::{{closure}}::h9e86b2e2bc107ea3
[INFO] [stdout]                                at /rustc/90b35a6239c3d8bdabc530a6a0816f7ff89a0aaf/library/std/src/thread/mod.rs:538:17
[INFO] [stdout]   57:     0x562ba703b9ee - <core::panic::unwind_safe::AssertUnwindSafe<F> as core::ops::function::FnOnce<()>>::call_once::h8b06ddb275ff4a25
[INFO] [stdout]                                at /rustc/90b35a6239c3d8bdabc530a6a0816f7ff89a0aaf/library/core/src/panic/unwind_safe.rs:272:9
[INFO] [stdout]   58:     0x562ba703b9ee - std::panicking::try::do_call::hb26ecd7cd9a9355d
[INFO] [stdout]                                at /rustc/90b35a6239c3d8bdabc530a6a0816f7ff89a0aaf/library/std/src/panicking.rs:557:40
[INFO] [stdout]   59:     0x562ba703b9ee - std::panicking::try::h8ddeca9d705f9069
[INFO] [stdout]                                at /rustc/90b35a6239c3d8bdabc530a6a0816f7ff89a0aaf/library/std/src/panicking.rs:520:19
[INFO] [stdout]   60:     0x562ba703b9ee - std::panic::catch_unwind::h49e1c33078844c46
[INFO] [stdout]                                at /rustc/90b35a6239c3d8bdabc530a6a0816f7ff89a0aaf/library/std/src/panic.rs:358:14
[INFO] [stdout]   61:     0x562ba703b9ee - std::thread::Builder::spawn_unchecked_::{{closure}}::h6073db6ff56ad35d
[INFO] [stdout]                                at /rustc/90b35a6239c3d8bdabc530a6a0816f7ff89a0aaf/library/std/src/thread/mod.rs:537:30
[INFO] [stdout]   62:     0x562ba703b9ee - core::ops::function::FnOnce::call_once{{vtable.shim}}::h2c5a5f3779c774f1
[INFO] [stdout]                                at /rustc/90b35a6239c3d8bdabc530a6a0816f7ff89a0aaf/library/core/src/ops/function.rs:250:5
[INFO] [stdout]   63:     0x562ba74a7e4b - <alloc::boxed::Box<F,A> as core::ops::function::FnOnce<Args>>::call_once::hf75717d9f28faebf
[INFO] [stdout]                                at /rustc/90b35a6239c3d8bdabc530a6a0816f7ff89a0aaf/library/alloc/src/boxed.rs:2454:9
[INFO] [stdout]   64:     0x562ba74a7e4b - <alloc::boxed::Box<F,A> as core::ops::function::FnOnce<Args>>::call_once::h7bd883a5f3c5f3c1
[INFO] [stdout]                                at /rustc/90b35a6239c3d8bdabc530a6a0816f7ff89a0aaf/library/alloc/src/boxed.rs:2454:9
[INFO] [stdout]   65:     0x562ba74a7e4b - std::sys::pal::unix::thread::Thread::new::thread_start::hcc78f3943333fa94
[INFO] [stdout]                                at /rustc/90b35a6239c3d8bdabc530a6a0816f7ff89a0aaf/library/std/src/sys/pal/unix/thread.rs:105:17
[INFO] [stdout]   66:     0x74976dc44ac3 - <unknown>
[INFO] [stdout]   67:     0x74976dcd5a04 - clone
[INFO] [stdout]   68:                0x0 - <unknown>
[INFO] [stdout] 
[INFO] [stdout] ---- models::agents_manager::managing_agent::tests::tests_managing_agent stdout ----
[INFO] [stdout] Agent: Project Manager: convert_user_input_to_goal
[INFO] [stdout] thread 'models::agents_manager::managing_agent::tests::tests_managing_agent' panicked at src/helpers/general.rs:62:14:
[INFO] [stdout] Failed twice to call OpenAI: reqwest::Error { kind: Request, url: Url { scheme: "https", cannot_be_a_base: false, username: "", password: None, host: Some(Domain("api.openai.com")), port: None, path: "/v1/chat/completions", query: None, fragment: None }, source: hyper::Error(Connect, ConnectError("dns error", Custom { kind: Uncategorized, error: "failed to lookup address information: Temporary failure in name resolution" })) }
[INFO] [stdout] stack backtrace:
[INFO] [stdout]    0:     0x562ba74a208a - std::backtrace_rs::backtrace::libunwind::trace::h5a5b8284f2d0c266
[INFO] [stdout]                                at /rustc/90b35a6239c3d8bdabc530a6a0816f7ff89a0aaf/library/std/src/../../backtrace/src/backtrace/libunwind.rs:116:5
[INFO] [stdout]    1:     0x562ba74a208a - std::backtrace_rs::backtrace::trace_unsynchronized::h76d4f1c9b0b875e3
[INFO] [stdout]                                at /rustc/90b35a6239c3d8bdabc530a6a0816f7ff89a0aaf/library/std/src/../../backtrace/src/backtrace/mod.rs:66:5
[INFO] [stdout]    2:     0x562ba74a208a - std::sys::backtrace::_print_fmt::hc4546b8364a537c6
[INFO] [stdout]                                at /rustc/90b35a6239c3d8bdabc530a6a0816f7ff89a0aaf/library/std/src/sys/backtrace.rs:66:9
[INFO] [stdout]    3:     0x562ba74a208a - <std::sys::backtrace::BacktraceLock::print::DisplayBacktrace as core::fmt::Display>::fmt::h5b6bd5631a6d1f6b
[INFO] [stdout]                                at /rustc/90b35a6239c3d8bdabc530a6a0816f7ff89a0aaf/library/std/src/sys/backtrace.rs:39:26
[INFO] [stdout]    4:     0x562ba74ca593 - core::fmt::rt::Argument::fmt::h270f6602a2b96f62
[INFO] [stdout]                                at /rustc/90b35a6239c3d8bdabc530a6a0816f7ff89a0aaf/library/core/src/fmt/rt.rs:177:76
[INFO] [stdout]    5:     0x562ba74ca593 - core::fmt::write::h7550c97b06c86515
[INFO] [stdout]                                at /rustc/90b35a6239c3d8bdabc530a6a0816f7ff89a0aaf/library/core/src/fmt/mod.rs:1186:21
[INFO] [stdout]    6:     0x562ba749e6a3 - std::io::Write::write_fmt::h509ff860e5956e5e
[INFO] [stdout]                                at /rustc/90b35a6239c3d8bdabc530a6a0816f7ff89a0aaf/library/std/src/io/mod.rs:1839:15
[INFO] [stdout]    7:     0x562ba74a1ed2 - std::sys::backtrace::BacktraceLock::print::h2395ccd2c84ba3aa
[INFO] [stdout]                                at /rustc/90b35a6239c3d8bdabc530a6a0816f7ff89a0aaf/library/std/src/sys/backtrace.rs:42:9
[INFO] [stdout]    8:     0x562ba74a34ea - std::panicking::default_hook::{{closure}}::he19d4c7230e07961
[INFO] [stdout]                                at /rustc/90b35a6239c3d8bdabc530a6a0816f7ff89a0aaf/library/std/src/panicking.rs:268:22
[INFO] [stdout]    9:     0x562ba74a32f4 - std::panicking::default_hook::hf614597d3c67bbdb
[INFO] [stdout]                                at /rustc/90b35a6239c3d8bdabc530a6a0816f7ff89a0aaf/library/std/src/panicking.rs:292:9
[INFO] [stdout]   10:     0x562ba706ee49 - <alloc::boxed::Box<F,A> as core::ops::function::Fn<Args>>::call::h39b51ce4599c23d1
[INFO] [stdout]                                at /rustc/90b35a6239c3d8bdabc530a6a0816f7ff89a0aaf/library/alloc/src/boxed.rs:2468:9
[INFO] [stdout]   11:     0x562ba706ee49 - test::test_main::{{closure}}::he977ae839a582784
[INFO] [stdout]                                at /rustc/90b35a6239c3d8bdabc530a6a0816f7ff89a0aaf/library/test/src/lib.rs:133:21
[INFO] [stdout]   12:     0x562ba74a3b88 - <alloc::boxed::Box<F,A> as core::ops::function::Fn<Args>>::call::h9455091b6b06f9fb
[INFO] [stdout]                                at /rustc/90b35a6239c3d8bdabc530a6a0816f7ff89a0aaf/library/alloc/src/boxed.rs:2468:9
[INFO] [stdout]   13:     0x562ba74a3b88 - std::panicking::rust_panic_with_hook::h8942133a8b252070
[INFO] [stdout]                                at /rustc/90b35a6239c3d8bdabc530a6a0816f7ff89a0aaf/library/std/src/panicking.rs:809:13
[INFO] [stdout]   14:     0x562ba74a394a - std::panicking::begin_panic_handler::{{closure}}::hb5f5963570096b29
[INFO] [stdout]                                at /rustc/90b35a6239c3d8bdabc530a6a0816f7ff89a0aaf/library/std/src/panicking.rs:674:13
[INFO] [stdout]   15:     0x562ba74a2569 - std::sys::backtrace::__rust_end_short_backtrace::h6208cedc1922feda
[INFO] [stdout]                                at /rustc/90b35a6239c3d8bdabc530a6a0816f7ff89a0aaf/library/std/src/sys/backtrace.rs:170:18
[INFO] [stdout]   16:     0x562ba74a35dc - rust_begin_unwind
[INFO] [stdout]                                at /rustc/90b35a6239c3d8bdabc530a6a0816f7ff89a0aaf/library/std/src/panicking.rs:665:5
[INFO] [stdout]   17:     0x562ba700b2a0 - core::panicking::panic_fmt::h0c3082644d1bf418
[INFO] [stdout]                                at /rustc/90b35a6239c3d8bdabc530a6a0816f7ff89a0aaf/library/core/src/panicking.rs:74:14
[INFO] [stdout]   18:     0x562ba700b786 - core::result::unwrap_failed::hd20b4aa073bda1e2
[INFO] [stdout]                                at /rustc/90b35a6239c3d8bdabc530a6a0816f7ff89a0aaf/library/core/src/result.rs:1700:5
[INFO] [stdout]   19:     0x562ba701963f - core::result::Result<T,E>::expect::h1e03e2aec1605dff
[INFO] [stdout]                                at /rustc/90b35a6239c3d8bdabc530a6a0816f7ff89a0aaf/library/core/src/result.rs:1061:23
[INFO] [stdout]   20:     0x562ba7035717 - auto_gippity::helpers::general::ai_task_request::{{closure}}::hbdfc26ae50a89038
[INFO] [stdout]                                at /opt/rustwide/workdir/src/helpers/general.rs:60:19
[INFO] [stdout]   21:     0x562ba702e417 - auto_gippity::models::agents_manager::managing_agent::ManagingAgent::new::{{closure}}::h6bd457d1dc989191
[INFO] [stdout]                                at /opt/rustwide/workdir/src/models/agents_manager/managing_agent.rs:34:10
[INFO] [stdout]   22:     0x562ba702838e - auto_gippity::models::agents_manager::managing_agent::tests::tests_managing_agent::{{closure}}::h25360c7e8cab7776
[INFO] [stdout]                                at /opt/rustwide/workdir/src/models/agents_manager/managing_agent.rs:84:14
[INFO] [stdout]   23:     0x562ba701b1f2 - <core::pin::Pin<P> as core::future::future::Future>::poll::hb21beba9d2bf09e9
[INFO] [stdout]                                at /rustc/90b35a6239c3d8bdabc530a6a0816f7ff89a0aaf/library/core/src/future/future.rs:123:9
[INFO] [stdout]   24:     0x562ba701b1ad - <core::pin::Pin<P> as core::future::future::Future>::poll::h91007d6041389bb9
[INFO] [stdout]                                at /rustc/90b35a6239c3d8bdabc530a6a0816f7ff89a0aaf/library/core/src/future/future.rs:123:9
[INFO] [stdout]   25:     0x562ba702c40f - tokio::runtime::scheduler::current_thread::CoreGuard::block_on::{{closure}}::{{closure}}::{{closure}}::hfc02cb4d37f15413
[INFO] [stdout]                                at /opt/rustwide/cargo-home/registry/src/index.crates.io-6f17d22bba15001f/tokio-1.34.0/src/runtime/scheduler/current_thread/mod.rs:665:57
[INFO] [stdout]   26:     0x562ba702c355 - tokio::runtime::coop::with_budget::h8b8e0fd9fb3867d4
[INFO] [stdout]                                at /opt/rustwide/cargo-home/registry/src/index.crates.io-6f17d22bba15001f/tokio-1.34.0/src/runtime/coop.rs:107:5
[INFO] [stdout]   27:     0x562ba702c355 - tokio::runtime::coop::budget::h4f4b0c3fd1907b27
[INFO] [stdout]                                at /opt/rustwide/cargo-home/registry/src/index.crates.io-6f17d22bba15001f/tokio-1.34.0/src/runtime/coop.rs:73:5
[INFO] [stdout]   28:     0x562ba702c355 - tokio::runtime::scheduler::current_thread::CoreGuard::block_on::{{closure}}::{{closure}}::hb4962a227730dfa8
[INFO] [stdout]                                at /opt/rustwide/cargo-home/registry/src/index.crates.io-6f17d22bba15001f/tokio-1.34.0/src/runtime/scheduler/current_thread/mod.rs:665:25
[INFO] [stdout]   29:     0x562ba702ae00 - tokio::runtime::scheduler::current_thread::Context::enter::h2f18cd09f513cf2f
[INFO] [stdout]                                at /opt/rustwide/cargo-home/registry/src/index.crates.io-6f17d22bba15001f/tokio-1.34.0/src/runtime/scheduler/current_thread/mod.rs:410:19
[INFO] [stdout]   30:     0x562ba702bbae - tokio::runtime::scheduler::current_thread::CoreGuard::block_on::{{closure}}::hd411ca4761d7d008
[INFO] [stdout]                                at /opt/rustwide/cargo-home/registry/src/index.crates.io-6f17d22bba15001f/tokio-1.34.0/src/runtime/scheduler/current_thread/mod.rs:664:36
[INFO] [stdout]   31:     0x562ba702b924 - tokio::runtime::scheduler::current_thread::CoreGuard::enter::{{closure}}::h707ab484c2ce0fb3
[INFO] [stdout]                                at /opt/rustwide/cargo-home/registry/src/index.crates.io-6f17d22bba15001f/tokio-1.34.0/src/runtime/scheduler/current_thread/mod.rs:743:68
[INFO] [stdout]   32:     0x562ba7029eeb - tokio::runtime::context::scoped::Scoped<T>::set::h2a2ce046533b4a7e
[INFO] [stdout]                                at /opt/rustwide/cargo-home/registry/src/index.crates.io-6f17d22bba15001f/tokio-1.34.0/src/runtime/context/scoped.rs:40:9
[INFO] [stdout]   33:     0x562ba7024b19 - tokio::runtime::context::set_scheduler::{{closure}}::h1194860b4a83a8f0
[INFO] [stdout]                                at /opt/rustwide/cargo-home/registry/src/index.crates.io-6f17d22bba15001f/tokio-1.34.0/src/runtime/context.rs:176:26
[INFO] [stdout]   34:     0x562ba7021d2d - std::thread::local::LocalKey<T>::try_with::h365279c2d6ec3de3
[INFO] [stdout]                                at /rustc/90b35a6239c3d8bdabc530a6a0816f7ff89a0aaf/library/std/src/thread/local.rs:283:12
[INFO] [stdout]   35:     0x562ba7021bba - std::thread::local::LocalKey<T>::with::h9ac8478b5ed60056
[INFO] [stdout]                                at /rustc/90b35a6239c3d8bdabc530a6a0816f7ff89a0aaf/library/std/src/thread/local.rs:260:9
[INFO] [stdout]   36:     0x562ba7024acd - tokio::runtime::context::set_scheduler::h787bfc73dd2b03cc
[INFO] [stdout]                                at /opt/rustwide/cargo-home/registry/src/index.crates.io-6f17d22bba15001f/tokio-1.34.0/src/runtime/context.rs:176:9
[INFO] [stdout]   37:     0x562ba702b6d0 - tokio::runtime::scheduler::current_thread::CoreGuard::enter::h38409e749cb91f01
[INFO] [stdout]                                at /opt/rustwide/cargo-home/registry/src/index.crates.io-6f17d22bba15001f/tokio-1.34.0/src/runtime/scheduler/current_thread/mod.rs:743:27
[INFO] [stdout]   38:     0x562ba702b943 - tokio::runtime::scheduler::current_thread::CoreGuard::block_on::h4914e73bcbfbb142
[INFO] [stdout]                                at /opt/rustwide/cargo-home/registry/src/index.crates.io-6f17d22bba15001f/tokio-1.34.0/src/runtime/scheduler/current_thread/mod.rs:652:19
[INFO] [stdout]   39:     0x562ba702a93d - tokio::runtime::scheduler::current_thread::CurrentThread::block_on::{{closure}}::hf88a3bd52725e8cc
[INFO] [stdout]                                at /opt/rustwide/cargo-home/registry/src/index.crates.io-6f17d22bba15001f/tokio-1.34.0/src/runtime/scheduler/current_thread/mod.rs:175:28
[INFO] [stdout]   40:     0x562ba702a066 - tokio::runtime::context::runtime::enter_runtime::h99b23d043967e941
[INFO] [stdout]                                at /opt/rustwide/cargo-home/registry/src/index.crates.io-6f17d22bba15001f/tokio-1.34.0/src/runtime/context/runtime.rs:65:16
[INFO] [stdout]   41:     0x562ba702a851 - tokio::runtime::scheduler::current_thread::CurrentThread::block_on::ha2c4f46c2450b752
[INFO] [stdout]                                at /opt/rustwide/cargo-home/registry/src/index.crates.io-6f17d22bba15001f/tokio-1.34.0/src/runtime/scheduler/current_thread/mod.rs:167:9
[INFO] [stdout]   42:     0x562ba702a73d - tokio::runtime::runtime::Runtime::block_on::h2f7c8c085f11e117
[INFO] [stdout]                                at /opt/rustwide/cargo-home/registry/src/index.crates.io-6f17d22bba15001f/tokio-1.34.0/src/runtime/runtime.rs:348:47
[INFO] [stdout]   43:     0x562ba702815e - auto_gippity::models::agents_manager::managing_agent::tests::tests_managing_agent::h2858dd23b323c402
[INFO] [stdout]                                at /opt/rustwide/workdir/src/models/agents_manager/managing_agent.rs:89:9
[INFO] [stdout]   44:     0x562ba7028007 - auto_gippity::models::agents_manager::managing_agent::tests::tests_managing_agent::{{closure}}::h156c4b7abda171bb
[INFO] [stdout]                                at /opt/rustwide/workdir/src/models/agents_manager/managing_agent.rs:80:36
[INFO] [stdout]   45:     0x562ba70304f6 - core::ops::function::FnOnce::call_once::h887d05b4aa90f5f8
[INFO] [stdout]                                at /rustc/90b35a6239c3d8bdabc530a6a0816f7ff89a0aaf/library/core/src/ops/function.rs:250:5
[INFO] [stdout]   46:     0x562ba707380b - core::ops::function::FnOnce::call_once::h109cf8051a59b34e
[INFO] [stdout]                                at /rustc/90b35a6239c3d8bdabc530a6a0816f7ff89a0aaf/library/core/src/ops/function.rs:250:5
[INFO] [stdout]   47:     0x562ba707380b - test::__rust_begin_short_backtrace::hf4fff89d377446ba
[INFO] [stdout]                                at /rustc/90b35a6239c3d8bdabc530a6a0816f7ff89a0aaf/library/test/src/lib.rs:621:18
[INFO] [stdout]   48:     0x562ba7073047 - test::run_test_in_process::{{closure}}::h0e39181dd7ee5a43
[INFO] [stdout]                                at /rustc/90b35a6239c3d8bdabc530a6a0816f7ff89a0aaf/library/test/src/lib.rs:644:60
[INFO] [stdout]   49:     0x562ba7073047 - <core::panic::unwind_safe::AssertUnwindSafe<F> as core::ops::function::FnOnce<()>>::call_once::hc5a66a30f0bdfd1f
[INFO] [stdout]                                at /rustc/90b35a6239c3d8bdabc530a6a0816f7ff89a0aaf/library/core/src/panic/unwind_safe.rs:272:9
[INFO] [stdout]   50:     0x562ba7073047 - std::panicking::try::do_call::h873b7cf639554a5e
[INFO] [stdout]                                at /rustc/90b35a6239c3d8bdabc530a6a0816f7ff89a0aaf/library/std/src/panicking.rs:557:40
[INFO] [stdout]   51:     0x562ba7073047 - std::panicking::try::hdb19862fad9c8bd1
[INFO] [stdout]                                at /rustc/90b35a6239c3d8bdabc530a6a0816f7ff89a0aaf/library/std/src/panicking.rs:520:19
[INFO] [stdout]   52:     0x562ba7073047 - std::panic::catch_unwind::h281fe732d236d260
[INFO] [stdout]                                at /rustc/90b35a6239c3d8bdabc530a6a0816f7ff89a0aaf/library/std/src/panic.rs:358:14
[INFO] [stdout]   53:     0x562ba7073047 - test::run_test_in_process::h949b6df8457ed338
[INFO] [stdout]                                at /rustc/90b35a6239c3d8bdabc530a6a0816f7ff89a0aaf/library/test/src/lib.rs:644:27
[INFO] [stdout]   54:     0x562ba7073047 - test::run_test::{{closure}}::h52c556a6d4740e10
[INFO] [stdout]                                at /rustc/90b35a6239c3d8bdabc530a6a0816f7ff89a0aaf/library/test/src/lib.rs:565:43
[INFO] [stdout]   55:     0x562ba7038324 - test::run_test::{{closure}}::h4237f6381c45ccb9
[INFO] [stdout]                                at /rustc/90b35a6239c3d8bdabc530a6a0816f7ff89a0aaf/library/test/src/lib.rs:595:41
[INFO] [stdout]   56:     0x562ba7038324 - std::sys::backtrace::__rust_begin_short_backtrace::h505c97a579eca628
[INFO] [stdout]                                at /rustc/90b35a6239c3d8bdabc530a6a0816f7ff89a0aaf/library/std/src/sys/backtrace.rs:154:18
[INFO] [stdout]   57:     0x562ba703b9ee - std::thread::Builder::spawn_unchecked_::{{closure}}::{{closure}}::h9e86b2e2bc107ea3
[INFO] [stdout]                                at /rustc/90b35a6239c3d8bdabc530a6a0816f7ff89a0aaf/library/std/src/thread/mod.rs:538:17
[INFO] [stdout]   58:     0x562ba703b9ee - <core::panic::unwind_safe::AssertUnwindSafe<F> as core::ops::function::FnOnce<()>>::call_once::h8b06ddb275ff4a25
[INFO] [stdout]                                at /rustc/90b35a6239c3d8bdabc530a6a0816f7ff89a0aaf/library/core/src/panic/unwind_safe.rs:272:9
[INFO] [stdout]   59:     0x562ba703b9ee - std::panicking::try::do_call::hb26ecd7cd9a9355d
[INFO] [stdout]                                at /rustc/90b35a6239c3d8bdabc530a6a0816f7ff89a0aaf/library/std/src/panicking.rs:557:40
[INFO] [stdout]   60:     0x562ba703b9ee - std::panicking::try::h8ddeca9d705f9069
[INFO] [stdout]                                at /rustc/90b35a6239c3d8bdabc530a6a0816f7ff89a0aaf/library/std/src/panicking.rs:520:19
[INFO] [stdout]   61:     0x562ba703b9ee - std::panic::catch_unwind::h49e1c33078844c46
[INFO] [stdout]                                at /rustc/90b35a6239c3d8bdabc530a6a0816f7ff89a0aaf/library/std/src/panic.rs:358:14
[INFO] [stdout]   62:     0x562ba703b9ee - std::thread::Builder::spawn_unchecked_::{{closure}}::h6073db6ff56ad35d
[INFO] [stdout]                                at /rustc/90b35a6239c3d8bdabc530a6a0816f7ff89a0aaf/library/std/src/thread/mod.rs:537:30
[INFO] [stdout]   63:     0x562ba703b9ee - core::ops::function::FnOnce::call_once{{vtable.shim}}::h2c5a5f3779c774f1
[INFO] [stdout]                                at /rustc/90b35a6239c3d8bdabc530a6a0816f7ff89a0aaf/library/core/src/ops/function.rs:250:5
[INFO] [stdout]   64:     0x562ba74a7e4b - <alloc::boxed::Box<F,A> as core::ops::function::FnOnce<Args>>::call_once::hf75717d9f28faebf
[INFO] [stdout]                                at /rustc/90b35a6239c3d8bdabc530a6a0816f7ff89a0aaf/library/alloc/src/boxed.rs:2454:9
[INFO] [stdout]   65:     0x562ba74a7e4b - <alloc::boxed::Box<F,A> as core::ops::function::FnOnce<Args>>::call_once::h7bd883a5f3c5f3c1
[INFO] [stdout]                                at /rustc/90b35a6239c3d8bdabc530a6a0816f7ff89a0aaf/library/alloc/src/boxed.rs:2454:9
[INFO] [stdout]   66:     0x562ba74a7e4b - std::sys::pal::unix::thread::Thread::new::thread_start::hcc78f3943333fa94
[INFO] [stdout]                                at /rustc/90b35a6239c3d8bdabc530a6a0816f7ff89a0aaf/library/std/src/sys/pal/unix/thread.rs:105:17
[INFO] [stdout]   67:     0x74976dc44ac3 - <unknown>
[INFO] [stdout]   68:     0x74976dcd5a04 - clone
[INFO] [stdout]   69:                0x0 - <unknown>
[INFO] [stdout] 
[INFO] [stdout] ---- models::agents::agent_architect::tests::tests_solution_architect stdout ----
[INFO] [stdout] Agent: Solutions Architect: print_project_scope
[INFO] [stdout] thread 'models::agents::agent_architect::tests::tests_solution_architect' panicked at src/helpers/general.rs:62:14:
[INFO] [stdout] Failed twice to call OpenAI: reqwest::Error { kind: Request, url: Url { scheme: "https", cannot_be_a_base: false, username: "", password: None, host: Some(Domain("api.openai.com")), port: None, path: "/v1/chat/completions", query: None, fragment: None }, source: hyper::Error(Connect, ConnectError("dns error", Custom { kind: Uncategorized, error: "failed to lookup address information: Temporary failure in name resolution" })) }
[INFO] [stdout] stack backtrace:
[INFO] [stdout]    0:     0x562ba74a208a - std::backtrace_rs::backtrace::libunwind::trace::h5a5b8284f2d0c266
[INFO] [stdout]                                at /rustc/90b35a6239c3d8bdabc530a6a0816f7ff89a0aaf/library/std/src/../../backtrace/src/backtrace/libunwind.rs:116:5
[INFO] [stdout]    1:     0x562ba74a208a - std::backtrace_rs::backtrace::trace_unsynchronized::h76d4f1c9b0b875e3
[INFO] [stdout]                                at /rustc/90b35a6239c3d8bdabc530a6a0816f7ff89a0aaf/library/std/src/../../backtrace/src/backtrace/mod.rs:66:5
[INFO] [stdout]    2:     0x562ba74a208a - std::sys::backtrace::_print_fmt::hc4546b8364a537c6
[INFO] [stdout]                                at /rustc/90b35a6239c3d8bdabc530a6a0816f7ff89a0aaf/library/std/src/sys/backtrace.rs:66:9
[INFO] [stdout]    3:     0x562ba74a208a - <std::sys::backtrace::BacktraceLock::print::DisplayBacktrace as core::fmt::Display>::fmt::h5b6bd5631a6d1f6b
[INFO] [stdout]                                at /rustc/90b35a6239c3d8bdabc530a6a0816f7ff89a0aaf/library/std/src/sys/backtrace.rs:39:26
[INFO] [stdout]    4:     0x562ba74ca593 - core::fmt::rt::Argument::fmt::h270f6602a2b96f62
[INFO] [stdout]                                at /rustc/90b35a6239c3d8bdabc530a6a0816f7ff89a0aaf/library/core/src/fmt/rt.rs:177:76
[INFO] [stdout]    5:     0x562ba74ca593 - core::fmt::write::h7550c97b06c86515
[INFO] [stdout]                                at /rustc/90b35a6239c3d8bdabc530a6a0816f7ff89a0aaf/library/core/src/fmt/mod.rs:1186:21
[INFO] [stdout]    6:     0x562ba749e6a3 - std::io::Write::write_fmt::h509ff860e5956e5e
[INFO] [stdout]                                at /rustc/90b35a6239c3d8bdabc530a6a0816f7ff89a0aaf/library/std/src/io/mod.rs:1839:15
[INFO] [stdout]    7:     0x562ba74a1ed2 - std::sys::backtrace::BacktraceLock::print::h2395ccd2c84ba3aa
[INFO] [stdout]                                at /rustc/90b35a6239c3d8bdabc530a6a0816f7ff89a0aaf/library/std/src/sys/backtrace.rs:42:9
[INFO] [stdout]    8:     0x562ba74a34ea - std::panicking::default_hook::{{closure}}::he19d4c7230e07961
[INFO] [stdout]                                at /rustc/90b35a6239c3d8bdabc530a6a0816f7ff89a0aaf/library/std/src/panicking.rs:268:22
[INFO] [stdout]    9:     0x562ba74a32f4 - std::panicking::default_hook::hf614597d3c67bbdb
[INFO] [stdout]                                at /rustc/90b35a6239c3d8bdabc530a6a0816f7ff89a0aaf/library/std/src/panicking.rs:292:9
[INFO] [stdout]   10:     0x562ba706ee49 - <alloc::boxed::Box<F,A> as core::ops::function::Fn<Args>>::call::h39b51ce4599c23d1
[INFO] [stdout]                                at /rustc/90b35a6239c3d8bdabc530a6a0816f7ff89a0aaf/library/alloc/src/boxed.rs:2468:9
[INFO] [stdout]   11:     0x562ba706ee49 - test::test_main::{{closure}}::he977ae839a582784
[INFO] [stdout]                                at /rustc/90b35a6239c3d8bdabc530a6a0816f7ff89a0aaf/library/test/src/lib.rs:133:21
[INFO] [stdout]   12:     0x562ba74a3b88 - <alloc::boxed::Box<F,A> as core::ops::function::Fn<Args>>::call::h9455091b6b06f9fb
[INFO] [stdout]                                at /rustc/90b35a6239c3d8bdabc530a6a0816f7ff89a0aaf/library/alloc/src/boxed.rs:2468:9
[INFO] [stdout]   13:     0x562ba74a3b88 - std::panicking::rust_panic_with_hook::h8942133a8b252070
[INFO] [stdout]                                at /rustc/90b35a6239c3d8bdabc530a6a0816f7ff89a0aaf/library/std/src/panicking.rs:809:13
[INFO] [stdout]   14:     0x562ba74a394a - std::panicking::begin_panic_handler::{{closure}}::hb5f5963570096b29
[INFO] [stdout]                                at /rustc/90b35a6239c3d8bdabc530a6a0816f7ff89a0aaf/library/std/src/panicking.rs:674:13
[INFO] [stdout]   15:     0x562ba74a2569 - std::sys::backtrace::__rust_end_short_backtrace::h6208cedc1922feda
[INFO] [stdout]                                at /rustc/90b35a6239c3d8bdabc530a6a0816f7ff89a0aaf/library/std/src/sys/backtrace.rs:170:18
[INFO] [stdout]   16:     0x562ba74a35dc - rust_begin_unwind
[INFO] [stdout]                                at /rustc/90b35a6239c3d8bdabc530a6a0816f7ff89a0aaf/library/std/src/panicking.rs:665:5
[INFO] [stdout]   17:     0x562ba700b2a0 - core::panicking::panic_fmt::h0c3082644d1bf418
[INFO] [stdout]                                at /rustc/90b35a6239c3d8bdabc530a6a0816f7ff89a0aaf/library/core/src/panicking.rs:74:14
[INFO] [stdout]   18:     0x562ba700b786 - core::result::unwrap_failed::hd20b4aa073bda1e2
[INFO] [stdout]                                at /rustc/90b35a6239c3d8bdabc530a6a0816f7ff89a0aaf/library/core/src/result.rs:1700:5
[INFO] [stdout]   19:     0x562ba701963f - core::result::Result<T,E>::expect::h1e03e2aec1605dff
[INFO] [stdout]                                at /rustc/90b35a6239c3d8bdabc530a6a0816f7ff89a0aaf/library/core/src/result.rs:1061:23
[INFO] [stdout]   20:     0x562ba7035717 - auto_gippity::helpers::general::ai_task_request::{{closure}}::hbdfc26ae50a89038
[INFO] [stdout]                                at /opt/rustwide/workdir/src/helpers/general.rs:60:19
[INFO] [stdout]   21:     0x562ba7035dea - auto_gippity::helpers::general::ai_task_request_decoded::{{closure}}::h81b50a02334df83a
[INFO] [stdout]                                at /opt/rustwide/workdir/src/helpers/general.rs:74:86
[INFO] [stdout]   22:     0x562ba701cd1a - auto_gippity::models::agents::agent_architect::AgentSolutionArchitect::call_project_scope::{{closure}}::he37475941d1d5ff2
[INFO] [stdout]                                at /opt/rustwide/workdir/src/models/agents/agent_architect.rs:41:10
[INFO] [stdout]   23:     0x562ba701de3f - <auto_gippity::models::agents::agent_architect::AgentSolutionArchitect as auto_gippity::models::agents::agent_traits::SpecialFunctions>::execute::{{closure}}::hd889e828cb7d52e8
[INFO] [stdout]                                at /opt/rustwide/workdir/src/models/agents/agent_architect.rs:81:90
[INFO] [stdout]   24:     0x562ba701b16f - <core::pin::Pin<P> as core::future::future::Future>::poll::h36d404d1a0006a77
[INFO] [stdout]                                at /rustc/90b35a6239c3d8bdabc530a6a0816f7ff89a0aaf/library/core/src/future/future.rs:123:9
[INFO] [stdout]   25:     0x562ba702f942 - auto_gippity::models::agents::agent_architect::tests::tests_solution_architect::{{closure}}::hf811367eb0b77fb6
[INFO] [stdout]                                at /opt/rustwide/workdir/src/models/agents/agent_architect.rs:173:14
[INFO] [stdout]   26:     0x562ba701b1f2 - <core::pin::Pin<P> as core::future::future::Future>::poll::hb21beba9d2bf09e9
[INFO] [stdout]                                at /rustc/90b35a6239c3d8bdabc530a6a0816f7ff89a0aaf/library/core/src/future/future.rs:123:9
[INFO] [stdout]   27:     0x562ba701b1ad - <core::pin::Pin<P> as core::future::future::Future>::poll::h91007d6041389bb9
[INFO] [stdout]                                at /rustc/90b35a6239c3d8bdabc530a6a0816f7ff89a0aaf/library/core/src/future/future.rs:123:9
[INFO] [stdout]   28:     0x562ba702c40f - tokio::runtime::scheduler::current_thread::CoreGuard::block_on::{{closure}}::{{closure}}::{{closure}}::hfc02cb4d37f15413
[INFO] [stdout]                                at /opt/rustwide/cargo-home/registry/src/index.crates.io-6f17d22bba15001f/tokio-1.34.0/src/runtime/scheduler/current_thread/mod.rs:665:57
[INFO] [stdout]   29:     0x562ba702c355 - tokio::runtime::coop::with_budget::h8b8e0fd9fb3867d4
[INFO] [stdout]                                at /opt/rustwide/cargo-home/registry/src/index.crates.io-6f17d22bba15001f/tokio-1.34.0/src/runtime/coop.rs:107:5
[INFO] [stdout]   30:     0x562ba702c355 - tokio::runtime::coop::budget::h4f4b0c3fd1907b27
[INFO] [stdout]                                at /opt/rustwide/cargo-home/registry/src/index.crates.io-6f17d22bba15001f/tokio-1.34.0/src/runtime/coop.rs:73:5
[INFO] [stdout]   31:     0x562ba702c355 - tokio::runtime::scheduler::current_thread::CoreGuard::block_on::{{closure}}::{{closure}}::hb4962a227730dfa8
[INFO] [stdout]                                at /opt/rustwide/cargo-home/registry/src/index.crates.io-6f17d22bba15001f/tokio-1.34.0/src/runtime/scheduler/current_thread/mod.rs:665:25
[INFO] [stdout]   32:     0x562ba702ae00 - tokio::runtime::scheduler::current_thread::Context::enter::h2f18cd09f513cf2f
[INFO] [stdout]                                at /opt/rustwide/cargo-home/registry/src/index.crates.io-6f17d22bba15001f/tokio-1.34.0/src/runtime/scheduler/current_thread/mod.rs:410:19
[INFO] [stdout]   33:     0x562ba702bbae - tokio::runtime::scheduler::current_thread::CoreGuard::block_on::{{closure}}::hd411ca4761d7d008
[INFO] [stdout]                                at /opt/rustwide/cargo-home/registry/src/index.crates.io-6f17d22bba15001f/tokio-1.34.0/src/runtime/scheduler/current_thread/mod.rs:664:36
[INFO] [stdout]   34:     0x562ba702b924 - tokio::runtime::scheduler::current_thread::CoreGuard::enter::{{closure}}::h707ab484c2ce0fb3
[INFO] [stdout]                                at /opt/rustwide/cargo-home/registry/src/index.crates.io-6f17d22bba15001f/tokio-1.34.0/src/runtime/scheduler/current_thread/mod.rs:743:68
[INFO] [stdout]   35:     0x562ba7029eeb - tokio::runtime::context::scoped::Scoped<T>::set::h2a2ce046533b4a7e
[INFO] [stdout]                                at /opt/rustwide/cargo-home/registry/src/index.crates.io-6f17d22bba15001f/tokio-1.34.0/src/runtime/context/scoped.rs:40:9
[INFO] [stdout]   36:     0x562ba7024b19 - tokio::runtime::context::set_scheduler::{{closure}}::h1194860b4a83a8f0
[INFO] [stdout]                                at /opt/rustwide/cargo-home/registry/src/index.crates.io-6f17d22bba15001f/tokio-1.34.0/src/runtime/context.rs:176:26
[INFO] [stdout]   37:     0x562ba7021d2d - std::thread::local::LocalKey<T>::try_with::h365279c2d6ec3de3
[INFO] [stdout]                                at /rustc/90b35a6239c3d8bdabc530a6a0816f7ff89a0aaf/library/std/src/thread/local.rs:283:12
[INFO] [stdout]   38:     0x562ba7021bba - std::thread::local::LocalKey<T>::with::h9ac8478b5ed60056
[INFO] [stdout]                                at /rustc/90b35a6239c3d8bdabc530a6a0816f7ff89a0aaf/library/std/src/thread/local.rs:260:9
[INFO] [stdout]   39:     0x562ba7024acd - tokio::runtime::context::set_scheduler::h787bfc73dd2b03cc
[INFO] [stdout]                                at /opt/rustwide/cargo-home/registry/src/index.crates.io-6f17d22bba15001f/tokio-1.34.0/src/runtime/context.rs:176:9
[INFO] [stdout]   40:     0x562ba702b6d0 - tokio::runtime::scheduler::current_thread::CoreGuard::enter::h38409e749cb91f01
[INFO] [stdout]                                at /opt/rustwide/cargo-home/registry/src/index.crates.io-6f17d22bba15001f/tokio-1.34.0/src/runtime/scheduler/current_thread/mod.rs:743:27
[INFO] [stdout]   41:     0x562ba702b943 - tokio::runtime::scheduler::current_thread::CoreGuard::block_on::h4914e73bcbfbb142
[INFO] [stdout]                                at /opt/rustwide/cargo-home/registry/src/index.crates.io-6f17d22bba15001f/tokio-1.34.0/src/runtime/scheduler/current_thread/mod.rs:652:19
[INFO] [stdout]   42:     0x562ba702a93d - tokio::runtime::scheduler::current_thread::CurrentThread::block_on::{{closure}}::hf88a3bd52725e8cc
[INFO] [stdout]                                at /opt/rustwide/cargo-home/registry/src/index.crates.io-6f17d22bba15001f/tokio-1.34.0/src/runtime/scheduler/current_thread/mod.rs:175:28
[INFO] [stdout]   43:     0x562ba702a066 - tokio::runtime::context::runtime::enter_runtime::h99b23d043967e941
[INFO] [stdout]                                at /opt/rustwide/cargo-home/registry/src/index.crates.io-6f17d22bba15001f/tokio-1.34.0/src/runtime/context/runtime.rs:65:16
[INFO] [stdout]   44:     0x562ba702a851 - tokio::runtime::scheduler::current_thread::CurrentThread::block_on::ha2c4f46c2450b752
[INFO] [stdout]                                at /opt/rustwide/cargo-home/registry/src/index.crates.io-6f17d22bba15001f/tokio-1.34.0/src/runtime/scheduler/current_thread/mod.rs:167:9
[INFO] [stdout]   45:     0x562ba702a73d - tokio::runtime::runtime::Runtime::block_on::h2f7c8c085f11e117
[INFO] [stdout]                                at /opt/rustwide/cargo-home/registry/src/index.crates.io-6f17d22bba15001f/tokio-1.34.0/src/runtime/runtime.rs:348:47
[INFO] [stdout]   46:     0x562ba702f601 - auto_gippity::models::agents::agent_architect::tests::tests_solution_architect::h6c5d8b1a193b90f5
[INFO] [stdout]                                at /opt/rustwide/workdir/src/models/agents/agent_architect.rs:178:9
[INFO] [stdout]   47:     0x562ba702f4a7 - auto_gippity::models::agents::agent_architect::tests::tests_solution_architect::{{closure}}::h2b166ae6ddd6d78b
[INFO] [stdout]                                at /opt/rustwide/workdir/src/models/agents/agent_architect.rs:160:40
[INFO] [stdout]   48:     0x562ba7030436 - core::ops::function::FnOnce::call_once::h5884033ab3dfe1cc
[INFO] [stdout]                                at /rustc/90b35a6239c3d8bdabc530a6a0816f7ff89a0aaf/library/core/src/ops/function.rs:250:5
[INFO] [stdout]   49:     0x562ba707380b - core::ops::function::FnOnce::call_once::h109cf8051a59b34e
[INFO] [stdout]                                at /rustc/90b35a6239c3d8bdabc530a6a0816f7ff89a0aaf/library/core/src/ops/function.rs:250:5
[INFO] [stdout]   50:     0x562ba707380b - test::__rust_begin_short_backtrace::hf4fff89d377446ba
[INFO] [stdout]                                at /rustc/90b35a6239c3d8bdabc530a6a0816f7ff89a0aaf/library/test/src/lib.rs:621:18
[INFO] [stdout]   51:     0x562ba7073047 - test::run_test_in_process::{{closure}}::h0e39181dd7ee5a43
[INFO] [stdout]                                at /rustc/90b35a6239c3d8bdabc530a6a0816f7ff89a0aaf/library/test/src/lib.rs:644:60
[INFO] [stdout]   52:     0x562ba7073047 - <core::panic::unwind_safe::AssertUnwindSafe<F> as core::ops::function::FnOnce<()>>::call_once::hc5a66a30f0bdfd1f
[INFO] [stdout]                                at /rustc/90b35a6239c3d8bdabc530a6a0816f7ff89a0aaf/library/core/src/panic/unwind_safe.rs:272:9
[INFO] [stdout]   53:     0x562ba7073047 - std::panicking::try::do_call::h873b7cf639554a5e
[INFO] [stdout]                                at /rustc/90b35a6239c3d8bdabc530a6a0816f7ff89a0aaf/library/std/src/panicking.rs:557:40
[INFO] [stdout]   54:     0x562ba7073047 - std::panicking::try::hdb19862fad9c8bd1
[INFO] [stdout]                                at /rustc/90b35a6239c3d8bdabc530a6a0816f7ff89a0aaf/library/std/src/panicking.rs:520:19
[INFO] [stdout]   55:     0x562ba7073047 - std::panic::catch_unwind::h281fe732d236d260
[INFO] [stdout]                                at /rustc/90b35a6239c3d8bdabc530a6a0816f7ff89a0aaf/library/std/src/panic.rs:358:14
[INFO] [stdout]   56:     0x562ba7073047 - test::run_test_in_process::h949b6df8457ed338
[INFO] [stdout]                                at /rustc/90b35a6239c3d8bdabc530a6a0816f7ff89a0aaf/library/test/src/lib.rs:644:27
[INFO] [stdout]   57:     0x562ba7073047 - test::run_test::{{closure}}::h52c556a6d4740e10
[INFO] [stdout]                                at /rustc/90b35a6239c3d8bdabc530a6a0816f7ff89a0aaf/library/test/src/lib.rs:565:43
[INFO] [stdout]   58:     0x562ba7038324 - test::run_test::{{closure}}::h4237f6381c45ccb9
[INFO] [stdout]                                at /rustc/90b35a6239c3d8bdabc530a6a0816f7ff89a0aaf/library/test/src/lib.rs:595:41
[INFO] [stdout]   59:     0x562ba7038324 - std::sys::backtrace::__rust_begin_short_backtrace::h505c97a579eca628
[INFO] [stdout]                                at /rustc/90b35a6239c3d8bdabc530a6a0816f7ff89a0aaf/library/std/src/sys/backtrace.rs:154:18
[INFO] [stdout]   60:     0x562ba703b9ee - std::thread::Builder::spawn_unchecked_::{{closure}}::{{closure}}::h9e86b2e2bc107ea3
[INFO] [stdout]                                at /rustc/90b35a6239c3d8bdabc530a6a0816f7ff89a0aaf/library/std/src/thread/mod.rs:538:17
[INFO] [stdout]   61:     0x562ba703b9ee - <core::panic::unwind_safe::AssertUnwindSafe<F> as core::ops::function::FnOnce<()>>::call_once::h8b06ddb275ff4a25
[INFO] [stdout]                                at /rustc/90b35a6239c3d8bdabc530a6a0816f7ff89a0aaf/library/core/src/panic/unwind_safe.rs:272:9
[INFO] [stdout]   62:     0x562ba703b9ee - std::panicking::try::do_call::hb26ecd7cd9a9355d
[INFO] [stdout]                                at /rustc/90b35a6239c3d8bdabc530a6a0816f7ff89a0aaf/library/std/src/panicking.rs:557:40
[INFO] [stdout]   63:     0x562ba703b9ee - std::panicking::try::h8ddeca9d705f9069
[INFO] [stdout]                                at /rustc/90b35a6239c3d8bdabc530a6a0816f7ff89a0aaf/library/std/src/panicking.rs:520:19
[INFO] [stdout]   64:     0x562ba703b9ee - std::panic::catch_unwind::h49e1c33078844c46
[INFO] [stdout]                                at /rustc/90b35a6239c3d8bdabc530a6a0816f7ff89a0aaf/library/std/src/panic.rs:358:14
[INFO] [stdout]   65:     0x562ba703b9ee - std::thread::Builder::spawn_unchecked_::{{closure}}::h6073db6ff56ad35d
[INFO] [stdout]                                at /rustc/90b35a6239c3d8bdabc530a6a0816f7ff89a0aaf/library/std/src/thread/mod.rs:537:30
[INFO] [stdout]   66:     0x562ba703b9ee - core::ops::function::FnOnce::call_once{{vtable.shim}}::h2c5a5f3779c774f1
[INFO] [stdout]                                at /rustc/90b35a6239c3d8bdabc530a6a0816f7ff89a0aaf/library/core/src/ops/function.rs:250:5
[INFO] [stdout]   67:     0x562ba74a7e4b - <alloc::boxed::Box<F,A> as core::ops::function::FnOnce<Args>>::call_once::hf75717d9f28faebf
[INFO] [stdout]                                at /rustc/90b35a6239c3d8bdabc530a6a0816f7ff89a0aaf/library/alloc/src/boxed.rs:2454:9
[INFO] [stdout]   68:     0x562ba74a7e4b - <alloc::boxed::Box<F,A> as core::ops::function::FnOnce<Args>>::call_once::h7bd883a5f3c5f3c1
[INFO] [stdout]                                at /rustc/90b35a6239c3d8bdabc530a6a0816f7ff89a0aaf/library/alloc/src/boxed.rs:2454:9
[INFO] [stdout]   69:     0x562ba74a7e4b - std::sys::pal::unix::thread::Thread::new::thread_start::hcc78f3943333fa94
[INFO] [stdout]                                at /rustc/90b35a6239c3d8bdabc530a6a0816f7ff89a0aaf/library/std/src/sys/pal/unix/thread.rs:105:17
[INFO] [stdout]   70:     0x74976dc44ac3 - <unknown>
[INFO] [stdout]   71:     0x74976dcd5a04 - clone
[INFO] [stdout]   72:                0x0 - <unknown>
[INFO] [stdout] 
[INFO] [stdout] 
[INFO] [stdout] failures:
[INFO] [stdout]     apis::call_request::tests::tests_call_to_openai
[INFO] [stdout]     helpers::general::tests::tests_ai_task_request
[INFO] [stdout]     models::agents::agent_architect::tests::tests_solution_architect
[INFO] [stdout]     models::agents_manager::managing_agent::tests::tests_managing_agent
[INFO] [stdout] 
[INFO] [stdout] test result: FAILED. 2 passed; 4 failed; 0 ignored; 0 measured; 0 filtered out; finished in 0.32s
[INFO] [stdout] 
[INFO] [stderr] error: test failed, to rerun pass `--bin auto_gippity`
[INFO] running `Command { std: "docker" "inspect" "0c77a8ab239d7dbd8427de764a87e8e8fa39616dcf3821d8f43454c7b0aaadbb", kill_on_drop: false }`
[INFO] running `Command { std: "docker" "rm" "-f" "0c77a8ab239d7dbd8427de764a87e8e8fa39616dcf3821d8f43454c7b0aaadbb", kill_on_drop: false }`
[INFO] [stdout] 0c77a8ab239d7dbd8427de764a87e8e8fa39616dcf3821d8f43454c7b0aaadbb
