[INFO] cloning repository https://github.com/MrLys/bug-free-engine
[INFO] running `Command { std: "git" "-c" "credential.helper=" "-c" "credential.helper=/workspace/cargo-home/bin/git-credential-null" "clone" "--bare" "https://github.com/MrLys/bug-free-engine" "/workspace/cache/git-repos/https%3A%2F%2Fgithub.com%2FMrLys%2Fbug-free-engine", kill_on_drop: false }`
[INFO] [stderr] Cloning into bare repository '/workspace/cache/git-repos/https%3A%2F%2Fgithub.com%2FMrLys%2Fbug-free-engine'...
[INFO] running `Command { std: "git" "rev-parse" "HEAD", kill_on_drop: false }`
[INFO] [stdout] 5dbdc3a5680c3f46b30b545ad405fc3f87475a22
[INFO] testing MrLys/bug-free-engine against 1.83.0 for beta-1.84.0-4-retry
[INFO] running `Command { std: "git" "clone" "/workspace/cache/git-repos/https%3A%2F%2Fgithub.com%2FMrLys%2Fbug-free-engine" "/workspace/builds/worker-1-tc1/source", kill_on_drop: false }`
[INFO] [stderr] Cloning into '/workspace/builds/worker-1-tc1/source'...
[INFO] [stderr] done.
[INFO] validating manifest of git repo https://github.com/MrLys/bug-free-engine on toolchain 1.83.0
[INFO] running `Command { std: CARGO_HOME="/workspace/cargo-home" RUSTUP_HOME="/workspace/rustup-home" "/workspace/cargo-home/bin/cargo" "+1.83.0" "metadata" "--manifest-path" "Cargo.toml" "--no-deps", kill_on_drop: false }`
[INFO] started tweaking git repo https://github.com/MrLys/bug-free-engine
[INFO] finished tweaking git repo https://github.com/MrLys/bug-free-engine
[INFO] tweaked toml for git repo https://github.com/MrLys/bug-free-engine written to /workspace/builds/worker-1-tc1/source/Cargo.toml
[INFO] crate git repo https://github.com/MrLys/bug-free-engine already has a lockfile, it will not be regenerated
[INFO] running `Command { std: CARGO_HOME="/workspace/cargo-home" RUSTUP_HOME="/workspace/rustup-home" "/workspace/cargo-home/bin/cargo" "+1.83.0" "fetch" "--manifest-path" "Cargo.toml", kill_on_drop: false }`
[INFO] [stderr]     Updating crates.io index
[INFO] [stderr]  Downloading crates ...
[INFO] [stderr]   Downloaded protobuf-codegen v2.28.0
[INFO] [stderr]   Downloaded symbolic-common v10.2.1
[INFO] [stderr]   Downloaded string-builder v0.2.0
[INFO] [stderr]   Downloaded protobuf-codegen-pure v2.28.0
[INFO] [stderr]   Downloaded coz v0.1.3
[INFO] [stderr]   Downloaded findshlibs v0.10.2
[INFO] [stderr]   Downloaded pprof v0.11.0
[INFO] [stderr]   Downloaded str_stack v0.1.0
[INFO] [stderr]   Downloaded inferno v0.11.13
[INFO] [stderr]   Downloaded cpp_demangle v0.4.0
[INFO] [stderr]   Downloaded symbolic-demangle v10.2.1
[INFO] [stderr]   Downloaded object v0.30.0
[INFO] [stderr]   Downloaded gimli v0.27.0
[INFO] running `Command { std: "docker" "create" "-v" "/var/lib/crater-agent-workspace/builds/worker-1-tc1/target:/opt/rustwide/target:rw,Z" "-v" "/var/lib/crater-agent-workspace/builds/worker-1-tc1/source:/opt/rustwide/workdir:ro,Z" "-v" "/var/lib/crater-agent-workspace/cargo-home:/opt/rustwide/cargo-home:ro,Z" "-v" "/var/lib/crater-agent-workspace/rustup-home:/opt/rustwide/rustup-home:ro,Z" "-e" "SOURCE_DIR=/opt/rustwide/workdir" "-e" "CARGO_TARGET_DIR=/opt/rustwide/target" "-e" "CARGO_HOME=/opt/rustwide/cargo-home" "-e" "RUSTUP_HOME=/opt/rustwide/rustup-home" "-w" "/opt/rustwide/workdir" "-m" "1610612736" "--user" "0:0" "--network" "none" "ghcr.io/rust-lang/crates-build-env/linux@sha256:f3a9d4ad9d972b27faf3965f35b62e55ba32bbce8f20bc8fe909558a86702fde" "/opt/rustwide/cargo-home/bin/cargo" "+1.83.0" "metadata" "--no-deps" "--format-version=1", kill_on_drop: false }`
[INFO] [stdout] 4728a6a31c63e9c7fc697b797a51a3ffe82be882e989cfb29a652d486df5d8d8
[INFO] running `Command { std: "docker" "start" "-a" "4728a6a31c63e9c7fc697b797a51a3ffe82be882e989cfb29a652d486df5d8d8", kill_on_drop: false }`
[INFO] running `Command { std: "docker" "inspect" "4728a6a31c63e9c7fc697b797a51a3ffe82be882e989cfb29a652d486df5d8d8", kill_on_drop: false }`
[INFO] running `Command { std: "docker" "rm" "-f" "4728a6a31c63e9c7fc697b797a51a3ffe82be882e989cfb29a652d486df5d8d8", kill_on_drop: false }`
[INFO] [stdout] 4728a6a31c63e9c7fc697b797a51a3ffe82be882e989cfb29a652d486df5d8d8
[INFO] running `Command { std: "docker" "create" "-v" "/var/lib/crater-agent-workspace/builds/worker-1-tc1/target:/opt/rustwide/target:rw,Z" "-v" "/var/lib/crater-agent-workspace/builds/worker-1-tc1/source:/opt/rustwide/workdir:ro,Z" "-v" "/var/lib/crater-agent-workspace/cargo-home:/opt/rustwide/cargo-home:ro,Z" "-v" "/var/lib/crater-agent-workspace/rustup-home:/opt/rustwide/rustup-home:ro,Z" "-e" "SOURCE_DIR=/opt/rustwide/workdir" "-e" "CARGO_TARGET_DIR=/opt/rustwide/target" "-e" "CARGO_INCREMENTAL=0" "-e" "RUST_BACKTRACE=full" "-e" "RUSTFLAGS=--cap-lints=warn" "-e" "RUSTDOCFLAGS=--cap-lints=warn" "-e" "CARGO_HOME=/opt/rustwide/cargo-home" "-e" "RUSTUP_HOME=/opt/rustwide/rustup-home" "-w" "/opt/rustwide/workdir" "-m" "1610612736" "--user" "0:0" "--network" "none" "ghcr.io/rust-lang/crates-build-env/linux@sha256:f3a9d4ad9d972b27faf3965f35b62e55ba32bbce8f20bc8fe909558a86702fde" "/opt/rustwide/cargo-home/bin/cargo" "+1.83.0" "build" "--frozen" "--message-format=json", kill_on_drop: false }`
[INFO] [stdout] 5b9a76994749422289fe42708957be1beb72c4a61d74f8f859ae47d1e417f510
[INFO] running `Command { std: "docker" "start" "-a" "5b9a76994749422289fe42708957be1beb72c4a61d74f8f859ae47d1e417f510", kill_on_drop: false }`
[INFO] [stderr]    Compiling libc v0.2.139
[INFO] [stderr]    Compiling autocfg v1.1.0
[INFO] [stderr]    Compiling memchr v2.5.0
[INFO] [stderr]    Compiling cc v1.0.78
[INFO] [stderr]    Compiling protobuf v2.28.0
[INFO] [stderr]    Compiling proc-macro2 v1.0.49
[INFO] [stderr]    Compiling quote v1.0.23
[INFO] [stderr]    Compiling unicode-ident v1.0.6
[INFO] [stderr]    Compiling syn v1.0.107
[INFO] [stderr]    Compiling version_check v0.9.4
[INFO] [stderr]    Compiling lock_api v0.4.9
[INFO] [stderr]    Compiling indexmap v1.9.2
[INFO] [stderr]    Compiling cpp_demangle v0.4.0
[INFO] [stderr]    Compiling ahash v0.8.2
[INFO] [stderr]    Compiling log v0.4.17
[INFO] [stderr]    Compiling parking_lot_core v0.9.5
[INFO] [stderr]    Compiling once_cell v1.16.0
[INFO] [stderr]    Compiling uuid v1.2.2
[INFO] [stderr]    Compiling stable_deref_trait v1.2.0
[INFO] [stderr]    Compiling gimli v0.27.0
[INFO] [stderr]    Compiling rustc-demangle v0.1.21
[INFO] [stderr]    Compiling thiserror v1.0.38
[INFO] [stderr]    Compiling findshlibs v0.10.2
[INFO] [stderr]    Compiling debugid v0.8.0
[INFO] [stderr]    Compiling backtrace v0.3.67
[INFO] [stderr]    Compiling itoa v1.0.5
[INFO] [stderr]    Compiling symbolic-demangle v10.2.1
[INFO] [stderr]    Compiling getrandom v0.2.8
[INFO] [stderr]    Compiling memmap2 v0.5.8
[INFO] [stderr]    Compiling arrayvec v0.7.2
[INFO] [stderr]    Compiling scopeguard v1.1.0
[INFO] [stderr]    Compiling adler v1.0.2
[INFO] [stderr]    Compiling bytemuck v1.12.3
[INFO] [stderr]    Compiling smallvec v1.10.0
[INFO] [stderr]    Compiling rgb v0.8.34
[INFO] [stderr]    Compiling symbolic-common v10.2.1
[INFO] [stderr]    Compiling num-format v0.4.4
[INFO] [stderr]    Compiling miniz_oxide v0.6.2
[INFO] [stderr]    Compiling atty v0.2.14
[INFO] [stderr]    Compiling object v0.30.0
[INFO] [stderr]    Compiling quick-xml v0.26.0
[INFO] [stderr]    Compiling str_stack v0.1.0
[INFO] [stderr]    Compiling anyhow v1.0.68
[INFO] [stderr]    Compiling remove_dir_all v0.5.3
[INFO] [stderr]    Compiling bitflags v1.3.2
[INFO] [stderr]    Compiling fastrand v1.8.0
[INFO] [stderr]    Compiling nix v0.24.3
[INFO] [stderr]    Compiling tempfile v3.3.0
[INFO] [stderr]    Compiling inferno v0.11.13
[INFO] [stderr]    Compiling addr2line v0.19.0
[INFO] [stderr]    Compiling protobuf-codegen v2.28.0
[INFO] [stderr]    Compiling parking_lot v0.12.1
[INFO] [stderr]    Compiling thiserror-impl v1.0.38
[INFO] [stderr]    Compiling coz v0.1.3
[INFO] [stderr]    Compiling string-builder v0.2.0
[INFO] [stderr]    Compiling protobuf-codegen-pure v2.28.0
[INFO] [stderr]    Compiling pprof v0.11.0
[INFO] [stderr]    Compiling chessrs v0.1.0 (/opt/rustwide/workdir)
[INFO] [stdout] warning: unused import: `valid_bishop_moves_in_vec`
[INFO] [stdout]  --> src/pieces.rs:1:41
[INFO] [stdout]   |
[INFO] [stdout] 1 | use crate::bishop::{valid_bishop_moves, valid_bishop_moves_in_vec};
[INFO] [stdout]   |                                         ^^^^^^^^^^^^^^^^^^^^^^^^^
[INFO] [stdout]   |
[INFO] [stdout]   = note: `#[warn(unused_imports)]` on by default
[INFO] [stdout] 
[INFO] [stdout] 
[INFO] [stdout] warning: variable `row` is assigned to, but never used
[INFO] [stdout]   --> src/bishop.rs:79:13
[INFO] [stdout]    |
[INFO] [stdout] 79 |     let mut row = index_to_row(new_index);
[INFO] [stdout]    |             ^^^
[INFO] [stdout]    |
[INFO] [stdout]    = note: consider using `_row` instead
[INFO] [stdout]    = note: `#[warn(unused_variables)]` on by default
[INFO] [stdout] 
[INFO] [stdout] 
[INFO] [stdout] warning: variable `column` is assigned to, but never used
[INFO] [stdout]   --> src/bishop.rs:80:13
[INFO] [stdout]    |
[INFO] [stdout] 80 |     let mut column = index_to_column(new_index);
[INFO] [stdout]    |             ^^^^^^
[INFO] [stdout]    |
[INFO] [stdout]    = note: consider using `_column` instead
[INFO] [stdout] 
[INFO] [stdout] 
[INFO] [stdout] warning: value assigned to `row` is never read
[INFO] [stdout]   --> src/bishop.rs:84:9
[INFO] [stdout]    |
[INFO] [stdout] 84 |         row = index_to_row(new_index);
[INFO] [stdout]    |         ^^^
[INFO] [stdout]    |
[INFO] [stdout]    = help: maybe it is overwritten before being read?
[INFO] [stdout]    = note: `#[warn(unused_assignments)]` on by default
[INFO] [stdout] 
[INFO] [stdout] 
[INFO] [stdout] warning: value assigned to `column` is never read
[INFO] [stdout]   --> src/bishop.rs:85:9
[INFO] [stdout]    |
[INFO] [stdout] 85 |         column = index_to_column(new_index);
[INFO] [stdout]    |         ^^^^^^
[INFO] [stdout]    |
[INFO] [stdout]    = help: maybe it is overwritten before being read?
[INFO] [stdout] 
[INFO] [stdout] 
[INFO] [stdout] warning: variant `Castle` is never constructed
[INFO] [stdout]   --> src/pieces.rs:67:5
[INFO] [stdout]    |
[INFO] [stdout] 61 | pub enum MoveType {
[INFO] [stdout]    |          -------- variant in this enum
[INFO] [stdout] ...
[INFO] [stdout] 67 |     Castle
[INFO] [stdout]    |     ^^^^^^
[INFO] [stdout]    |
[INFO] [stdout]    = note: `MoveType` has a derived impl for the trait `Debug`, but this is intentionally ignored during dead code analysis
[INFO] [stdout]    = note: `#[warn(dead_code)]` on by default
[INFO] [stdout] 
[INFO] [stdout] 
[INFO] [stdout] warning: fields `piece_id` and `swap_to` are never read
[INFO] [stdout]   --> src/pieces.rs:72:9
[INFO] [stdout]    |
[INFO] [stdout] 71 | pub struct Move {
[INFO] [stdout]    |            ---- fields in this struct
[INFO] [stdout] 72 |     pub piece_id: usize,
[INFO] [stdout]    |         ^^^^^^^^
[INFO] [stdout] ...
[INFO] [stdout] 76 |     pub swap_to: Option<PieceTypes>
[INFO] [stdout]    |         ^^^^^^^
[INFO] [stdout]    |
[INFO] [stdout]    = note: `Move` has a derived impl for the trait `Debug`, but this is intentionally ignored during dead code analysis
[INFO] [stdout] 
[INFO] [stdout] 
[INFO] [stdout] warning: field `whites_turn` is never read
[INFO] [stdout]  --> src/board.rs:8:9
[INFO] [stdout]   |
[INFO] [stdout] 6 | pub struct Board {
[INFO] [stdout]   |            ----- field in this struct
[INFO] [stdout] 7 |     pub board: Vec<Option<Piece>>,
[INFO] [stdout] 8 |     pub whites_turn: bool,
[INFO] [stdout]   |         ^^^^^^^^^^^
[INFO] [stdout] 
[INFO] [stdout] 
[INFO] [stdout] warning: function `printable_board` is never used
[INFO] [stdout]   --> src/board.rs:11:4
[INFO] [stdout]    |
[INFO] [stdout] 11 | fn printable_board(board: &Board) -> Vec<String> {
[INFO] [stdout]    |    ^^^^^^^^^^^^^^^
[INFO] [stdout] 
[INFO] [stdout] 
[INFO] [stdout] warning: function `print_board` is never used
[INFO] [stdout]   --> src/board.rs:39:8
[INFO] [stdout]    |
[INFO] [stdout] 39 | pub fn print_board(board: &Board) {
[INFO] [stdout]    |        ^^^^^^^^^^^
[INFO] [stdout] 
[INFO] [stdout] 
[INFO] [stdout] warning: function `fprofile` is never used
[INFO] [stdout]   --> src/util.rs:11:8
[INFO] [stdout]    |
[INFO] [stdout] 11 | pub fn fprofile<P>(name: &str, func: fn() -> P) -> P {
[INFO] [stdout]    |        ^^^^^^^^
[INFO] [stdout] 
[INFO] [stdout] 
[INFO] [stderr]     Finished `dev` profile [unoptimized + debuginfo] target(s) in 49.81s
[INFO] running `Command { std: "docker" "inspect" "5b9a76994749422289fe42708957be1beb72c4a61d74f8f859ae47d1e417f510", kill_on_drop: false }`
[INFO] running `Command { std: "docker" "rm" "-f" "5b9a76994749422289fe42708957be1beb72c4a61d74f8f859ae47d1e417f510", kill_on_drop: false }`
[INFO] [stdout] 5b9a76994749422289fe42708957be1beb72c4a61d74f8f859ae47d1e417f510
[INFO] running `Command { std: "docker" "create" "-v" "/var/lib/crater-agent-workspace/builds/worker-1-tc1/target:/opt/rustwide/target:rw,Z" "-v" "/var/lib/crater-agent-workspace/builds/worker-1-tc1/source:/opt/rustwide/workdir:ro,Z" "-v" "/var/lib/crater-agent-workspace/cargo-home:/opt/rustwide/cargo-home:ro,Z" "-v" "/var/lib/crater-agent-workspace/rustup-home:/opt/rustwide/rustup-home:ro,Z" "-e" "SOURCE_DIR=/opt/rustwide/workdir" "-e" "CARGO_TARGET_DIR=/opt/rustwide/target" "-e" "CARGO_INCREMENTAL=0" "-e" "RUST_BACKTRACE=full" "-e" "RUSTFLAGS=--cap-lints=warn" "-e" "RUSTDOCFLAGS=--cap-lints=warn" "-e" "CARGO_HOME=/opt/rustwide/cargo-home" "-e" "RUSTUP_HOME=/opt/rustwide/rustup-home" "-w" "/opt/rustwide/workdir" "-m" "1610612736" "--user" "0:0" "--network" "none" "ghcr.io/rust-lang/crates-build-env/linux@sha256:f3a9d4ad9d972b27faf3965f35b62e55ba32bbce8f20bc8fe909558a86702fde" "/opt/rustwide/cargo-home/bin/cargo" "+1.83.0" "test" "--frozen" "--no-run" "--message-format=json", kill_on_drop: false }`
[INFO] [stdout] b3b95506c0c87e4935859ce660d1cfc51fc6b76933a5cc76fa4246505be35642
[INFO] running `Command { std: "docker" "start" "-a" "b3b95506c0c87e4935859ce660d1cfc51fc6b76933a5cc76fa4246505be35642", kill_on_drop: false }`
[INFO] [stderr]    Compiling chessrs v0.1.0 (/opt/rustwide/workdir)
[INFO] [stdout] warning: unused import: `valid_bishop_moves_in_vec`
[INFO] [stdout]  --> src/pieces.rs:1:41
[INFO] [stdout]   |
[INFO] [stdout] 1 | use crate::bishop::{valid_bishop_moves, valid_bishop_moves_in_vec};
[INFO] [stdout]   |                                         ^^^^^^^^^^^^^^^^^^^^^^^^^
[INFO] [stdout]   |
[INFO] [stdout]   = note: `#[warn(unused_imports)]` on by default
[INFO] [stdout] 
[INFO] [stdout] 
[INFO] [stdout] warning: unused import: `Piece`
[INFO] [stdout]    --> src/pawn.rs:259:25
[INFO] [stdout]     |
[INFO] [stdout] 259 |     use crate::pieces::{Piece, PieceTypes, Move, MoveType};
[INFO] [stdout]     |                         ^^^^^
[INFO] [stdout] 
[INFO] [stdout] 
[INFO] [stdout] warning: variable `row` is assigned to, but never used
[INFO] [stdout]   --> src/bishop.rs:79:13
[INFO] [stdout]    |
[INFO] [stdout] 79 |     let mut row = index_to_row(new_index);
[INFO] [stdout]    |             ^^^
[INFO] [stdout]    |
[INFO] [stdout]    = note: consider using `_row` instead
[INFO] [stdout]    = note: `#[warn(unused_variables)]` on by default
[INFO] [stdout] 
[INFO] [stdout] 
[INFO] [stdout] warning: variable `column` is assigned to, but never used
[INFO] [stdout]   --> src/bishop.rs:80:13
[INFO] [stdout]    |
[INFO] [stdout] 80 |     let mut column = index_to_column(new_index);
[INFO] [stdout]    |             ^^^^^^
[INFO] [stdout]    |
[INFO] [stdout]    = note: consider using `_column` instead
[INFO] [stdout] 
[INFO] [stdout] 
[INFO] [stdout] warning: value assigned to `row` is never read
[INFO] [stdout]   --> src/bishop.rs:84:9
[INFO] [stdout]    |
[INFO] [stdout] 84 |         row = index_to_row(new_index);
[INFO] [stdout]    |         ^^^
[INFO] [stdout]    |
[INFO] [stdout]    = help: maybe it is overwritten before being read?
[INFO] [stdout]    = note: `#[warn(unused_assignments)]` on by default
[INFO] [stdout] 
[INFO] [stdout] 
[INFO] [stdout] warning: value assigned to `column` is never read
[INFO] [stdout]   --> src/bishop.rs:85:9
[INFO] [stdout]    |
[INFO] [stdout] 85 |         column = index_to_column(new_index);
[INFO] [stdout]    |         ^^^^^^
[INFO] [stdout]    |
[INFO] [stdout]    = help: maybe it is overwritten before being read?
[INFO] [stdout] 
[INFO] [stdout] 
[INFO] [stdout] warning: variant `Castle` is never constructed
[INFO] [stdout]   --> src/pieces.rs:67:5
[INFO] [stdout]    |
[INFO] [stdout] 61 | pub enum MoveType {
[INFO] [stdout]    |          -------- variant in this enum
[INFO] [stdout] ...
[INFO] [stdout] 67 |     Castle
[INFO] [stdout]    |     ^^^^^^
[INFO] [stdout]    |
[INFO] [stdout]    = note: `MoveType` has a derived impl for the trait `Debug`, but this is intentionally ignored during dead code analysis
[INFO] [stdout]    = note: `#[warn(dead_code)]` on by default
[INFO] [stdout] 
[INFO] [stdout] 
[INFO] [stdout] warning: field `piece_id` is never read
[INFO] [stdout]   --> src/pieces.rs:72:9
[INFO] [stdout]    |
[INFO] [stdout] 71 | pub struct Move {
[INFO] [stdout]    |            ---- field in this struct
[INFO] [stdout] 72 |     pub piece_id: usize,
[INFO] [stdout]    |         ^^^^^^^^
[INFO] [stdout]    |
[INFO] [stdout]    = note: `Move` has a derived impl for the trait `Debug`, but this is intentionally ignored during dead code analysis
[INFO] [stdout] 
[INFO] [stdout] 
[INFO] [stdout] warning: field `whites_turn` is never read
[INFO] [stdout]  --> src/board.rs:8:9
[INFO] [stdout]   |
[INFO] [stdout] 6 | pub struct Board {
[INFO] [stdout]   |            ----- field in this struct
[INFO] [stdout] 7 |     pub board: Vec<Option<Piece>>,
[INFO] [stdout] 8 |     pub whites_turn: bool,
[INFO] [stdout]   |         ^^^^^^^^^^^
[INFO] [stdout] 
[INFO] [stdout] 
[INFO] [stdout] warning: function `fprofile` is never used
[INFO] [stdout]   --> src/util.rs:11:8
[INFO] [stdout]    |
[INFO] [stdout] 11 | pub fn fprofile<P>(name: &str, func: fn() -> P) -> P {
[INFO] [stdout]    |        ^^^^^^^^
[INFO] [stdout] 
[INFO] [stdout] 
[INFO] [stderr]     Finished `test` profile [unoptimized + debuginfo] target(s) in 1.01s
[INFO] running `Command { std: "docker" "inspect" "b3b95506c0c87e4935859ce660d1cfc51fc6b76933a5cc76fa4246505be35642", kill_on_drop: false }`
[INFO] running `Command { std: "docker" "rm" "-f" "b3b95506c0c87e4935859ce660d1cfc51fc6b76933a5cc76fa4246505be35642", kill_on_drop: false }`
[INFO] [stdout] b3b95506c0c87e4935859ce660d1cfc51fc6b76933a5cc76fa4246505be35642
[INFO] running `Command { std: "docker" "create" "-v" "/var/lib/crater-agent-workspace/builds/worker-1-tc1/target:/opt/rustwide/target:rw,Z" "-v" "/var/lib/crater-agent-workspace/builds/worker-1-tc1/source:/opt/rustwide/workdir:ro,Z" "-v" "/var/lib/crater-agent-workspace/cargo-home:/opt/rustwide/cargo-home:ro,Z" "-v" "/var/lib/crater-agent-workspace/rustup-home:/opt/rustwide/rustup-home:ro,Z" "-e" "SOURCE_DIR=/opt/rustwide/workdir" "-e" "CARGO_TARGET_DIR=/opt/rustwide/target" "-e" "CARGO_INCREMENTAL=0" "-e" "RUST_BACKTRACE=full" "-e" "RUSTFLAGS=--cap-lints=warn" "-e" "RUSTDOCFLAGS=--cap-lints=warn" "-e" "CARGO_HOME=/opt/rustwide/cargo-home" "-e" "RUSTUP_HOME=/opt/rustwide/rustup-home" "-w" "/opt/rustwide/workdir" "-m" "1610612736" "--user" "0:0" "--network" "none" "ghcr.io/rust-lang/crates-build-env/linux@sha256:f3a9d4ad9d972b27faf3965f35b62e55ba32bbce8f20bc8fe909558a86702fde" "/opt/rustwide/cargo-home/bin/cargo" "+1.83.0" "test" "--frozen", kill_on_drop: false }`
[INFO] [stdout] 7392c2043c67386e2b36c13d20a68b40085334ad72960f1ddc18a39be5e876a5
[INFO] running `Command { std: "docker" "start" "-a" "7392c2043c67386e2b36c13d20a68b40085334ad72960f1ddc18a39be5e876a5", kill_on_drop: false }`
[INFO] [stderr] warning: unused import: `valid_bishop_moves_in_vec`
[INFO] [stderr]  --> src/pieces.rs:1:41
[INFO] [stderr]   |
[INFO] [stderr] 1 | use crate::bishop::{valid_bishop_moves, valid_bishop_moves_in_vec};
[INFO] [stderr]   |                                         ^^^^^^^^^^^^^^^^^^^^^^^^^
[INFO] [stderr]   |
[INFO] [stderr]   = note: `#[warn(unused_imports)]` on by default
[INFO] [stderr] 
[INFO] [stderr] warning: unused import: `Piece`
[INFO] [stderr]    --> src/pawn.rs:259:25
[INFO] [stderr]     |
[INFO] [stderr] 259 |     use crate::pieces::{Piece, PieceTypes, Move, MoveType};
[INFO] [stderr]     |                         ^^^^^
[INFO] [stderr] 
[INFO] [stderr] warning: variable `row` is assigned to, but never used
[INFO] [stderr]   --> src/bishop.rs:79:13
[INFO] [stderr]    |
[INFO] [stderr] 79 |     let mut row = index_to_row(new_index);
[INFO] [stderr]    |             ^^^
[INFO] [stderr]    |
[INFO] [stderr]    = note: consider using `_row` instead
[INFO] [stderr]    = note: `#[warn(unused_variables)]` on by default
[INFO] [stderr] 
[INFO] [stderr] warning: variable `column` is assigned to, but never used
[INFO] [stderr]   --> src/bishop.rs:80:13
[INFO] [stderr]    |
[INFO] [stderr] 80 |     let mut column = index_to_column(new_index);
[INFO] [stderr]    |             ^^^^^^
[INFO] [stderr]    |
[INFO] [stderr]    = note: consider using `_column` instead
[INFO] [stdout] 
[INFO] [stderr] 
[INFO] [stdout] running 11 tests
[INFO] [stderr] warning: value assigned to `row` is never read
[INFO] [stderr]   --> src/bishop.rs:84:9
[INFO] [stderr]    |
[INFO] [stderr] 84 |         row = index_to_row(new_index);
[INFO] [stderr]    |         ^^^
[INFO] [stderr]    |
[INFO] [stderr]    = help: maybe it is overwritten before being read?
[INFO] [stderr]    = note: `#[warn(unused_assignments)]` on by default
[INFO] [stderr] 
[INFO] [stderr] warning: value assigned to `column` is never read
[INFO] [stderr]   --> src/bishop.rs:85:9
[INFO] [stderr]    |
[INFO] [stderr] 85 |         column = index_to_column(new_index);
[INFO] [stderr]    |         ^^^^^^
[INFO] [stderr]    |
[INFO] [stderr]    = help: maybe it is overwritten before being read?
[INFO] [stderr] 
[INFO] [stderr] warning: variant `Castle` is never constructed
[INFO] [stderr]   --> src/pieces.rs:67:5
[INFO] [stderr]    |
[INFO] [stderr] 61 | pub enum MoveType {
[INFO] [stderr]    |          -------- variant in this enum
[INFO] [stderr] ...
[INFO] [stderr] 67 |     Castle
[INFO] [stderr]    |     ^^^^^^
[INFO] [stderr]    |
[INFO] [stderr]    = note: `MoveType` has a derived impl for the trait `Debug`, but this is intentionally ignored during dead code analysis
[INFO] [stderr]    = note: `#[warn(dead_code)]` on by default
[INFO] [stderr] 
[INFO] [stderr] warning: field `piece_id` is never read
[INFO] [stderr]   --> src/pieces.rs:72:9
[INFO] [stderr]    |
[INFO] [stderr] 71 | pub struct Move {
[INFO] [stderr]    |            ---- field in this struct
[INFO] [stderr] 72 |     pub piece_id: usize,
[INFO] [stderr]    |         ^^^^^^^^
[INFO] [stderr]    |
[INFO] [stderr]    = note: `Move` has a derived impl for the trait `Debug`, but this is intentionally ignored during dead code analysis
[INFO] [stderr] 
[INFO] [stderr] warning: field `whites_turn` is never read
[INFO] [stderr]  --> src/board.rs:8:9
[INFO] [stderr]   |
[INFO] [stderr] 6 | pub struct Board {
[INFO] [stderr]   |            ----- field in this struct
[INFO] [stderr] 7 |     pub board: Vec<Option<Piece>>,
[INFO] [stderr] 8 |     pub whites_turn: bool,
[INFO] [stderr]   |         ^^^^^^^^^^^
[INFO] [stderr] 
[INFO] [stderr] warning: function `fprofile` is never used
[INFO] [stderr]   --> src/util.rs:11:8
[INFO] [stderr]    |
[INFO] [stderr] 11 | pub fn fprofile<P>(name: &str, func: fn() -> P) -> P {
[INFO] [stderr]    |        ^^^^^^^^
[INFO] [stderr] 
[INFO] [stderr] warning: `chessrs` (bin "chessrs" test) generated 10 warnings (run `cargo fix --bin "chessrs" --tests` to apply 2 suggestions)
[INFO] [stderr]     Finished `test` profile [unoptimized + debuginfo] target(s) in 0.08s
[INFO] [stderr]      Running unittests src/main.rs (/opt/rustwide/target/debug/deps/chessrs-0bc4d98d11fec227)
[INFO] [stdout] test knight::test::knight_move_test_base ... ok
[INFO] [stdout] test pawn::tests::base_moves ... ok
[INFO] [stdout] test pawn::tests::swap_moves ... ok
[INFO] [stdout] test pawn::tests::en_passant_moves ... ok
[INFO] [stdout] test pawn::tests::swap_take_moves ... ok
[INFO] [stdout] test pawn::tests::take_moves ... ok
[INFO] [stdout] test queen::tests::base_queen_moves ... ok
[INFO] [stdout] test util::tests::column_tests ... ok
[INFO] [stdout] test util::tests::row_tests ... ok
[INFO] [stdout] test knight::test::knight_move_test_advanced ... ok
[INFO] [stdout] test queen::tests::middle_queen_moves ... FAILED
[INFO] [stdout] 
[INFO] [stdout] failures:
[INFO] [stdout] 
[INFO] [stdout] ---- queen::tests::middle_queen_moves stdout ----
[INFO] [stdout] bishop.rs:68 column=4, new_index=20, index=27
[INFO] [stdout] bishop.rs:68 column=5, new_index=13, index=27
[INFO] [stdout] 8
[INFO] [stdout] rook.rs:19 new_index=28 %8=4
[INFO] [stdout] "1 ♜   ♞   ♝   ♚   ♛   ♝   ♞   ♜  "
[INFO] [stdout] "2 ♟   ♟   ♟   ♟   ♟   ♟   ♟   ♟  "
[INFO] [stdout] "3 .   .   .   .   .   .   .   .  "
[INFO] [stdout] "4 .   .   .   .   .   .   .   .  "
[INFO] [stdout] "5 .   .   .   .   ♕   .   .   .  "
[INFO] [stdout] "6 .   .   .   .   .   .   .   .  "
[INFO] [stdout] "7 ♙   ♙   ♙   ♙   ♙   ♙   ♙   ♙  "
[INFO] [stdout] "8 ♖   ♘   ♗   ♔   .   ♗   ♘   ♖  "
[INFO] [stdout] "  a   b   c   d   e   f   g   h "
[INFO] [stdout] thread 'queen::tests::middle_queen_moves' panicked at src/queen.rs:35:9:
[INFO] [stdout] assertion `left == right` failed
[INFO] [stdout]   left: 19
[INFO] [stdout]  right: 18
[INFO] [stdout] stack backtrace:
[INFO] [stdout]    0:     0x6030816ab70a - std::backtrace_rs::backtrace::libunwind::trace::h5a5b8284f2d0c266
[INFO] [stdout]                                at /rustc/90b35a6239c3d8bdabc530a6a0816f7ff89a0aaf/library/std/src/../../backtrace/src/backtrace/libunwind.rs:116:5
[INFO] [stdout]    1:     0x6030816ab70a - std::backtrace_rs::backtrace::trace_unsynchronized::h76d4f1c9b0b875e3
[INFO] [stdout]                                at /rustc/90b35a6239c3d8bdabc530a6a0816f7ff89a0aaf/library/std/src/../../backtrace/src/backtrace/mod.rs:66:5
[INFO] [stdout]    2:     0x6030816ab70a - std::sys::backtrace::_print_fmt::hc4546b8364a537c6
[INFO] [stdout]                                at /rustc/90b35a6239c3d8bdabc530a6a0816f7ff89a0aaf/library/std/src/sys/backtrace.rs:66:9
[INFO] [stdout]    3:     0x6030816ab70a - <std::sys::backtrace::BacktraceLock::print::DisplayBacktrace as core::fmt::Display>::fmt::h5b6bd5631a6d1f6b
[INFO] [stdout]                                at /rustc/90b35a6239c3d8bdabc530a6a0816f7ff89a0aaf/library/std/src/sys/backtrace.rs:39:26
[INFO] [stdout]    4:     0x6030816d0b23 - core::fmt::rt::Argument::fmt::h270f6602a2b96f62
[INFO] [stdout]                                at /rustc/90b35a6239c3d8bdabc530a6a0816f7ff89a0aaf/library/core/src/fmt/rt.rs:177:76
[INFO] [stdout]    5:     0x6030816d0b23 - core::fmt::write::h7550c97b06c86515
[INFO] [stdout]                                at /rustc/90b35a6239c3d8bdabc530a6a0816f7ff89a0aaf/library/core/src/fmt/mod.rs:1186:21
[INFO] [stdout]    6:     0x6030816a88d3 - std::io::Write::write_fmt::h509ff860e5956e5e
[INFO] [stdout]                                at /rustc/90b35a6239c3d8bdabc530a6a0816f7ff89a0aaf/library/std/src/io/mod.rs:1839:15
[INFO] [stdout]    7:     0x6030816ab552 - std::sys::backtrace::BacktraceLock::print::h2395ccd2c84ba3aa
[INFO] [stdout]                                at /rustc/90b35a6239c3d8bdabc530a6a0816f7ff89a0aaf/library/std/src/sys/backtrace.rs:42:9
[INFO] [stdout]    8:     0x6030816acb6a - std::panicking::default_hook::{{closure}}::he19d4c7230e07961
[INFO] [stdout]                                at /rustc/90b35a6239c3d8bdabc530a6a0816f7ff89a0aaf/library/std/src/panicking.rs:268:22
[INFO] [stdout]    9:     0x6030816ac974 - std::panicking::default_hook::hf614597d3c67bbdb
[INFO] [stdout]                                at /rustc/90b35a6239c3d8bdabc530a6a0816f7ff89a0aaf/library/std/src/panicking.rs:292:9
[INFO] [stdout]   10:     0x6030816767a9 - <alloc::boxed::Box<F,A> as core::ops::function::Fn<Args>>::call::h39b51ce4599c23d1
[INFO] [stdout]                                at /rustc/90b35a6239c3d8bdabc530a6a0816f7ff89a0aaf/library/alloc/src/boxed.rs:2468:9
[INFO] [stdout]   11:     0x6030816767a9 - test::test_main::{{closure}}::he977ae839a582784
[INFO] [stdout]                                at /rustc/90b35a6239c3d8bdabc530a6a0816f7ff89a0aaf/library/test/src/lib.rs:133:21
[INFO] [stdout]   12:     0x6030816ad208 - <alloc::boxed::Box<F,A> as core::ops::function::Fn<Args>>::call::h9455091b6b06f9fb
[INFO] [stdout]                                at /rustc/90b35a6239c3d8bdabc530a6a0816f7ff89a0aaf/library/alloc/src/boxed.rs:2468:9
[INFO] [stdout]   13:     0x6030816ad208 - std::panicking::rust_panic_with_hook::h8942133a8b252070
[INFO] [stdout]                                at /rustc/90b35a6239c3d8bdabc530a6a0816f7ff89a0aaf/library/std/src/panicking.rs:809:13
[INFO] [stdout]   14:     0x6030816acfca - std::panicking::begin_panic_handler::{{closure}}::hb5f5963570096b29
[INFO] [stdout]                                at /rustc/90b35a6239c3d8bdabc530a6a0816f7ff89a0aaf/library/std/src/panicking.rs:674:13
[INFO] [stdout]   15:     0x6030816abbe9 - std::sys::backtrace::__rust_end_short_backtrace::h6208cedc1922feda
[INFO] [stdout]                                at /rustc/90b35a6239c3d8bdabc530a6a0816f7ff89a0aaf/library/std/src/sys/backtrace.rs:170:18
[INFO] [stdout]   16:     0x6030816acc5c - rust_begin_unwind
[INFO] [stdout]                                at /rustc/90b35a6239c3d8bdabc530a6a0816f7ff89a0aaf/library/std/src/panicking.rs:665:5
[INFO] [stdout]   17:     0x603081626a50 - core::panicking::panic_fmt::h0c3082644d1bf418
[INFO] [stdout]                                at /rustc/90b35a6239c3d8bdabc530a6a0816f7ff89a0aaf/library/core/src/panicking.rs:74:14
[INFO] [stdout]   18:     0x603081626e1b - core::panicking::assert_failed_inner::h2ddf1fcc067fa858
[INFO] [stdout]   19:     0x60308162f49f - core::panicking::assert_failed::h06605a4a37230d37
[INFO] [stdout]                                at /rustc/90b35a6239c3d8bdabc530a6a0816f7ff89a0aaf/library/core/src/panicking.rs:367:5
[INFO] [stdout]   20:     0x603081634c8c - chessrs::queen::tests::middle_queen_moves::hf8398409ba483741
[INFO] [stdout]                                at /opt/rustwide/workdir/src/queen.rs:35:9
[INFO] [stdout]   21:     0x603081634a37 - chessrs::queen::tests::middle_queen_moves::{{closure}}::h612abb83490fcd6b
[INFO] [stdout]                                at /opt/rustwide/workdir/src/queen.rs:28:28
[INFO] [stdout]   22:     0x60308163ba46 - core::ops::function::FnOnce::call_once::hd3144363570d13c9
[INFO] [stdout]                                at /rustc/90b35a6239c3d8bdabc530a6a0816f7ff89a0aaf/library/core/src/ops/function.rs:250:5
[INFO] [stdout]   23:     0x60308167b16b - core::ops::function::FnOnce::call_once::h109cf8051a59b34e
[INFO] [stdout]                                at /rustc/90b35a6239c3d8bdabc530a6a0816f7ff89a0aaf/library/core/src/ops/function.rs:250:5
[INFO] [stdout]   24:     0x60308167b16b - test::__rust_begin_short_backtrace::hf4fff89d377446ba
[INFO] [stdout]                                at /rustc/90b35a6239c3d8bdabc530a6a0816f7ff89a0aaf/library/test/src/lib.rs:621:18
[INFO] [stdout]   25:     0x60308167a9a7 - test::run_test_in_process::{{closure}}::h0e39181dd7ee5a43
[INFO] [stdout]                                at /rustc/90b35a6239c3d8bdabc530a6a0816f7ff89a0aaf/library/test/src/lib.rs:644:60
[INFO] [stdout]   26:     0x60308167a9a7 - <core::panic::unwind_safe::AssertUnwindSafe<F> as core::ops::function::FnOnce<()>>::call_once::hc5a66a30f0bdfd1f
[INFO] [stdout]                                at /rustc/90b35a6239c3d8bdabc530a6a0816f7ff89a0aaf/library/core/src/panic/unwind_safe.rs:272:9
[INFO] [stdout]   27:     0x60308167a9a7 - std::panicking::try::do_call::h873b7cf639554a5e
[INFO] [stdout]                                at /rustc/90b35a6239c3d8bdabc530a6a0816f7ff89a0aaf/library/std/src/panicking.rs:557:40
[INFO] [stdout]   28:     0x60308167a9a7 - std::panicking::try::hdb19862fad9c8bd1
[INFO] [stdout]                                at /rustc/90b35a6239c3d8bdabc530a6a0816f7ff89a0aaf/library/std/src/panicking.rs:520:19
[INFO] [stdout]   29:     0x60308167a9a7 - std::panic::catch_unwind::h281fe732d236d260
[INFO] [stdout]                                at /rustc/90b35a6239c3d8bdabc530a6a0816f7ff89a0aaf/library/std/src/panic.rs:358:14
[INFO] [stdout]   30:     0x60308167a9a7 - test::run_test_in_process::h949b6df8457ed338
[INFO] [stdout]                                at /rustc/90b35a6239c3d8bdabc530a6a0816f7ff89a0aaf/library/test/src/lib.rs:644:27
[INFO] [stdout]   31:     0x60308167a9a7 - test::run_test::{{closure}}::h52c556a6d4740e10
[INFO] [stdout]                                at /rustc/90b35a6239c3d8bdabc530a6a0816f7ff89a0aaf/library/test/src/lib.rs:565:43
[INFO] [stdout]   32:     0x60308163fc84 - test::run_test::{{closure}}::h4237f6381c45ccb9
[INFO] [stdout]                                at /rustc/90b35a6239c3d8bdabc530a6a0816f7ff89a0aaf/library/test/src/lib.rs:595:41
[INFO] [stdout]   33:     0x60308163fc84 - std::sys::backtrace::__rust_begin_short_backtrace::h505c97a579eca628
[INFO] [stdout]                                at /rustc/90b35a6239c3d8bdabc530a6a0816f7ff89a0aaf/library/std/src/sys/backtrace.rs:154:18
[INFO] [stdout]   34:     0x60308164334e - std::thread::Builder::spawn_unchecked_::{{closure}}::{{closure}}::h9e86b2e2bc107ea3
[INFO] [stdout]                                at /rustc/90b35a6239c3d8bdabc530a6a0816f7ff89a0aaf/library/std/src/thread/mod.rs:538:17
[INFO] [stdout]   35:     0x60308164334e - <core::panic::unwind_safe::AssertUnwindSafe<F> as core::ops::function::FnOnce<()>>::call_once::h8b06ddb275ff4a25
[INFO] [stdout]                                at /rustc/90b35a6239c3d8bdabc530a6a0816f7ff89a0aaf/library/core/src/panic/unwind_safe.rs:272:9
[INFO] [stdout]   36:     0x60308164334e - std::panicking::try::do_call::hb26ecd7cd9a9355d
[INFO] [stdout]                                at /rustc/90b35a6239c3d8bdabc530a6a0816f7ff89a0aaf/library/std/src/panicking.rs:557:40
[INFO] [stdout]   37:     0x60308164334e - std::panicking::try::h8ddeca9d705f9069
[INFO] [stdout]                                at /rustc/90b35a6239c3d8bdabc530a6a0816f7ff89a0aaf/library/std/src/panicking.rs:520:19
[INFO] [stdout]   38:     0x60308164334e - std::panic::catch_unwind::h49e1c33078844c46
[INFO] [stdout]                                at /rustc/90b35a6239c3d8bdabc530a6a0816f7ff89a0aaf/library/std/src/panic.rs:358:14
[INFO] [stdout]   39:     0x60308164334e - std::thread::Builder::spawn_unchecked_::{{closure}}::h6073db6ff56ad35d
[INFO] [stdout]                                at /rustc/90b35a6239c3d8bdabc530a6a0816f7ff89a0aaf/library/std/src/thread/mod.rs:537:30
[INFO] [stdout]   40:     0x60308164334e - core::ops::function::FnOnce::call_once{{vtable.shim}}::h2c5a5f3779c774f1
[INFO] [stdout]                                at /rustc/90b35a6239c3d8bdabc530a6a0816f7ff89a0aaf/library/core/src/ops/function.rs:250:5
[INFO] [stdout]   41:     0x6030816b0f5b - <alloc::boxed::Box<F,A> as core::ops::function::FnOnce<Args>>::call_once::hf75717d9f28faebf
[INFO] [stdout]                                at /rustc/90b35a6239c3d8bdabc530a6a0816f7ff89a0aaf/library/alloc/src/boxed.rs:2454:9
[INFO] [stdout]   42:     0x6030816b0f5b - <alloc::boxed::Box<F,A> as core::ops::function::FnOnce<Args>>::call_once::h7bd883a5f3c5f3c1
[INFO] [stdout]                                at /rustc/90b35a6239c3d8bdabc530a6a0816f7ff89a0aaf/library/alloc/src/boxed.rs:2454:9
[INFO] [stdout]   43:     0x6030816b0f5b - std::sys::pal::unix::thread::Thread::new::thread_start::hcc78f3943333fa94
[INFO] [stdout]                                at /rustc/90b35a6239c3d8bdabc530a6a0816f7ff89a0aaf/library/std/src/sys/pal/unix/thread.rs:105:17
[INFO] [stdout]   44:     0x79c8c2344ac3 - <unknown>
[INFO] [stdout]   45:     0x79c8c23d5a04 - clone
[INFO] [stdout]   46:                0x0 - <unknown>
[INFO] [stdout] 
[INFO] [stderr] error: test failed, to rerun pass `--bin chessrs`
[INFO] [stdout] 
[INFO] [stdout] failures:
[INFO] [stdout]     queen::tests::middle_queen_moves
[INFO] [stdout] 
[INFO] [stdout] test result: FAILED. 10 passed; 1 failed; 0 ignored; 0 measured; 0 filtered out; finished in 0.02s
[INFO] [stdout] 
[INFO] running `Command { std: "docker" "inspect" "7392c2043c67386e2b36c13d20a68b40085334ad72960f1ddc18a39be5e876a5", kill_on_drop: false }`
[INFO] running `Command { std: "docker" "rm" "-f" "7392c2043c67386e2b36c13d20a68b40085334ad72960f1ddc18a39be5e876a5", kill_on_drop: false }`
[INFO] [stdout] 7392c2043c67386e2b36c13d20a68b40085334ad72960f1ddc18a39be5e876a5
