[INFO] cloning repository https://github.com/MordragT/megadvc
[INFO] running `Command { std: "git" "-c" "credential.helper=" "-c" "credential.helper=/workspace/cargo-home/bin/git-credential-null" "clone" "--bare" "https://github.com/MordragT/megadvc" "/workspace/cache/git-repos/https%3A%2F%2Fgithub.com%2FMordragT%2Fmegadvc", kill_on_drop: false }`
[INFO] [stderr] Cloning into bare repository '/workspace/cache/git-repos/https%3A%2F%2Fgithub.com%2FMordragT%2Fmegadvc'...
[INFO] running `Command { std: "git" "rev-parse" "HEAD", kill_on_drop: false }`
[INFO] [stdout] 909b5c8d95384119a6abcdcdffa0e8747dbf7238
[INFO] testing MordragT/megadvc against 1.83.0 for beta-1.84.0-4-retry
[INFO] running `Command { std: "git" "clone" "/workspace/cache/git-repos/https%3A%2F%2Fgithub.com%2FMordragT%2Fmegadvc" "/workspace/builds/worker-3-tc1/source", kill_on_drop: false }`
[INFO] [stderr] Cloning into '/workspace/builds/worker-3-tc1/source'...
[INFO] [stderr] done.
[INFO] validating manifest of git repo https://github.com/MordragT/megadvc on toolchain 1.83.0
[INFO] running `Command { std: CARGO_HOME="/workspace/cargo-home" RUSTUP_HOME="/workspace/rustup-home" "/workspace/cargo-home/bin/cargo" "+1.83.0" "metadata" "--manifest-path" "Cargo.toml" "--no-deps", kill_on_drop: false }`
[INFO] started tweaking git repo https://github.com/MordragT/megadvc
[INFO] finished tweaking git repo https://github.com/MordragT/megadvc
[INFO] tweaked toml for git repo https://github.com/MordragT/megadvc written to /workspace/builds/worker-3-tc1/source/Cargo.toml
[INFO] crate git repo https://github.com/MordragT/megadvc already has a lockfile, it will not be regenerated
[INFO] running `Command { std: CARGO_HOME="/workspace/cargo-home" RUSTUP_HOME="/workspace/rustup-home" "/workspace/cargo-home/bin/cargo" "+1.83.0" "fetch" "--manifest-path" "Cargo.toml", kill_on_drop: false }`
[INFO] [stderr] warning: unused manifest key: package.about
[INFO] [stderr] warning: unused manifest key: package.author
[INFO] [stderr]  Downloading crates ...
[INFO] [stderr]   Downloaded thiserror-impl v1.0.33
[INFO] [stderr]   Downloaded thiserror v1.0.33
[INFO] [stderr]   Downloaded clap v3.2.20
[INFO] running `Command { std: "docker" "create" "-v" "/var/lib/crater-agent-workspace/builds/worker-3-tc1/target:/opt/rustwide/target:rw,Z" "-v" "/var/lib/crater-agent-workspace/builds/worker-3-tc1/source:/opt/rustwide/workdir:ro,Z" "-v" "/var/lib/crater-agent-workspace/cargo-home:/opt/rustwide/cargo-home:ro,Z" "-v" "/var/lib/crater-agent-workspace/rustup-home:/opt/rustwide/rustup-home:ro,Z" "-e" "SOURCE_DIR=/opt/rustwide/workdir" "-e" "CARGO_TARGET_DIR=/opt/rustwide/target" "-e" "CARGO_HOME=/opt/rustwide/cargo-home" "-e" "RUSTUP_HOME=/opt/rustwide/rustup-home" "-w" "/opt/rustwide/workdir" "-m" "1610612736" "--user" "0:0" "--network" "none" "ghcr.io/rust-lang/crates-build-env/linux@sha256:f3a9d4ad9d972b27faf3965f35b62e55ba32bbce8f20bc8fe909558a86702fde" "/opt/rustwide/cargo-home/bin/cargo" "+1.83.0" "metadata" "--no-deps" "--format-version=1", kill_on_drop: false }`
[INFO] [stdout] 6e709b52043ca364adb3c7eec4e0c80d6f360642dd4de645ffe43a894be60f31
[INFO] running `Command { std: "docker" "start" "-a" "6e709b52043ca364adb3c7eec4e0c80d6f360642dd4de645ffe43a894be60f31", kill_on_drop: false }`
[INFO] running `Command { std: "docker" "inspect" "6e709b52043ca364adb3c7eec4e0c80d6f360642dd4de645ffe43a894be60f31", kill_on_drop: false }`
[INFO] running `Command { std: "docker" "rm" "-f" "6e709b52043ca364adb3c7eec4e0c80d6f360642dd4de645ffe43a894be60f31", kill_on_drop: false }`
[INFO] [stdout] 6e709b52043ca364adb3c7eec4e0c80d6f360642dd4de645ffe43a894be60f31
[INFO] running `Command { std: "docker" "create" "-v" "/var/lib/crater-agent-workspace/builds/worker-3-tc1/target:/opt/rustwide/target:rw,Z" "-v" "/var/lib/crater-agent-workspace/builds/worker-3-tc1/source:/opt/rustwide/workdir:ro,Z" "-v" "/var/lib/crater-agent-workspace/cargo-home:/opt/rustwide/cargo-home:ro,Z" "-v" "/var/lib/crater-agent-workspace/rustup-home:/opt/rustwide/rustup-home:ro,Z" "-e" "SOURCE_DIR=/opt/rustwide/workdir" "-e" "CARGO_TARGET_DIR=/opt/rustwide/target" "-e" "CARGO_INCREMENTAL=0" "-e" "RUST_BACKTRACE=full" "-e" "RUSTFLAGS=--cap-lints=warn" "-e" "RUSTDOCFLAGS=--cap-lints=warn" "-e" "CARGO_HOME=/opt/rustwide/cargo-home" "-e" "RUSTUP_HOME=/opt/rustwide/rustup-home" "-w" "/opt/rustwide/workdir" "-m" "1610612736" "--user" "0:0" "--network" "none" "ghcr.io/rust-lang/crates-build-env/linux@sha256:f3a9d4ad9d972b27faf3965f35b62e55ba32bbce8f20bc8fe909558a86702fde" "/opt/rustwide/cargo-home/bin/cargo" "+1.83.0" "build" "--frozen" "--message-format=json", kill_on_drop: false }`
[INFO] [stdout] 0dad7f8b295b30f5fd79877928b3f5a142ce30a22eb062254b907090b9a18a9c
[INFO] running `Command { std: "docker" "start" "-a" "0dad7f8b295b30f5fd79877928b3f5a142ce30a22eb062254b907090b9a18a9c", kill_on_drop: false }`
[INFO] [stderr] warning: unused manifest key: package.about
[INFO] [stderr] warning: unused manifest key: package.author
[INFO] [stderr]    Compiling proc-macro2 v1.0.43
[INFO] [stderr]    Compiling quote v1.0.21
[INFO] [stderr]    Compiling unicode-ident v1.0.3
[INFO] [stderr]    Compiling syn v1.0.99
[INFO] [stderr]    Compiling typenum v1.15.0
[INFO] [stderr]    Compiling libc v0.2.132
[INFO] [stderr]    Compiling generic-array v0.14.6
[INFO] [stderr]    Compiling proc-macro-error-attr v1.0.4
[INFO] [stderr]    Compiling memchr v2.5.0
[INFO] [stderr]    Compiling proc-macro-error v1.0.4
[INFO] [stderr]    Compiling serde v1.0.144
[INFO] [stderr]    Compiling cc v1.0.73
[INFO] [stderr]    Compiling log v0.4.17
[INFO] [stderr]    Compiling os_str_bytes v6.3.0
[INFO] [stderr]    Compiling indexmap v1.9.1
[INFO] [stderr]    Compiling subtle v2.4.1
[INFO] [stderr]    Compiling serde_derive v1.0.144
[INFO] [stderr]    Compiling regex-syntax v0.6.27
[INFO] [stderr]    Compiling heck v0.4.0
[INFO] [stderr]    Compiling termcolor v1.1.3
[INFO] [stderr]    Compiling once_cell v1.14.0
[INFO] [stderr]    Compiling hashbrown v0.12.3
[INFO] [stderr]    Compiling clap_lex v0.2.4
[INFO] [stderr]    Compiling same-file v1.0.6
[INFO] [stderr]    Compiling arrayref v0.3.6
[INFO] [stderr]    Compiling textwrap v0.15.0
[INFO] [stderr]    Compiling strsim v0.10.0
[INFO] [stderr]    Compiling constant_time_eq v0.1.5
[INFO] [stderr]    Compiling arrayvec v0.7.2
[INFO] [stderr]    Compiling unicode-width v0.1.9
[INFO] [stderr]    Compiling humantime v2.1.0
[INFO] [stderr]    Compiling walkdir v2.3.2
[INFO] [stderr]    Compiling atty v0.2.14
[INFO] [stderr]    Compiling terminal_size v0.1.17
[INFO] [stderr]    Compiling blake3 v1.3.1
[INFO] [stderr]    Compiling console v0.15.1
[INFO] [stderr]    Compiling aho-corasick v0.7.18
[INFO] [stderr]    Compiling block-buffer v0.10.2
[INFO] [stderr]    Compiling crypto-common v0.1.6
[INFO] [stderr]    Compiling digest v0.10.3
[INFO] [stderr]    Compiling regex v1.6.0
[INFO] [stderr]    Compiling env_logger v0.9.0
[INFO] [stderr]    Compiling toml v0.5.9
[INFO] [stderr]    Compiling thiserror-impl v1.0.33
[INFO] [stderr]    Compiling clap_derive v3.2.18
[INFO] [stderr]    Compiling thiserror v1.0.33
[INFO] [stderr]    Compiling clap v3.2.20
[INFO] [stderr]    Compiling megadvc v0.1.0 (/opt/rustwide/workdir)
[INFO] [stdout] warning: unused import: `Hash`
[INFO] [stdout]  --> src/status.rs:2:12
[INFO] [stdout]   |
[INFO] [stdout] 2 |     lock::{Hash, LocalLock, Lock, LockError},
[INFO] [stdout]   |            ^^^^
[INFO] [stdout]   |
[INFO] [stdout]   = note: `#[warn(unused_imports)]` on by default
[INFO] [stdout] 
[INFO] [stdout] 
[INFO] [stdout] warning: unused import: `HashMap`
[INFO] [stdout]  --> src/status.rs:8:19
[INFO] [stdout]   |
[INFO] [stdout] 8 |     collections::{HashMap, HashSet},
[INFO] [stdout]   |                   ^^^^^^^
[INFO] [stdout] 
[INFO] [stdout] 
[INFO] [stdout] warning: unnecessary parentheses around type
[INFO] [stdout]   --> src/status.rs:31:20
[INFO] [stdout]    |
[INFO] [stdout] 31 |     files: HashSet<(&'a Path)>,
[INFO] [stdout]    |                    ^        ^
[INFO] [stdout]    |
[INFO] [stdout]    = note: `#[warn(unused_parens)]` on by default
[INFO] [stdout] help: remove these parentheses
[INFO] [stdout]    |
[INFO] [stdout] 31 -     files: HashSet<(&'a Path)>,
[INFO] [stdout] 31 +     files: HashSet<&'a Path>,
[INFO] [stdout]    |
[INFO] [stdout] 
[INFO] [stdout] 
[INFO] [stdout] warning: unnecessary parentheses around type
[INFO] [stdout]   --> src/status.rs:32:21
[INFO] [stdout]    |
[INFO] [stdout] 32 |     staged: HashSet<(&'a PathBuf)>,
[INFO] [stdout]    |                     ^           ^
[INFO] [stdout]    |
[INFO] [stdout] help: remove these parentheses
[INFO] [stdout]    |
[INFO] [stdout] 32 -     staged: HashSet<(&'a PathBuf)>,
[INFO] [stdout] 32 +     staged: HashSet<&'a PathBuf>,
[INFO] [stdout]    |
[INFO] [stdout] 
[INFO] [stdout] 
[INFO] [stdout] warning: unnecessary parentheses around type
[INFO] [stdout]   --> src/status.rs:33:24
[INFO] [stdout]    |
[INFO] [stdout] 33 |     to_remove: HashSet<(&'a PathBuf)>,
[INFO] [stdout]    |                        ^           ^
[INFO] [stdout]    |
[INFO] [stdout] help: remove these parentheses
[INFO] [stdout]    |
[INFO] [stdout] 33 -     to_remove: HashSet<(&'a PathBuf)>,
[INFO] [stdout] 33 +     to_remove: HashSet<&'a PathBuf>,
[INFO] [stdout]    |
[INFO] [stdout] 
[INFO] [stdout] 
[INFO] [stdout] warning: unnecessary parentheses around type
[INFO] [stdout]   --> src/status.rs:35:20
[INFO] [stdout]    |
[INFO] [stdout] 35 |     added: HashSet<(&'a Path)>,
[INFO] [stdout]    |                    ^        ^
[INFO] [stdout]    |
[INFO] [stdout] help: remove these parentheses
[INFO] [stdout]    |
[INFO] [stdout] 35 -     added: HashSet<(&'a Path)>,
[INFO] [stdout] 35 +     added: HashSet<&'a Path>,
[INFO] [stdout]    |
[INFO] [stdout] 
[INFO] [stdout] 
[INFO] [stdout] warning: unnecessary parentheses around type
[INFO] [stdout]   --> src/status.rs:36:22
[INFO] [stdout]    |
[INFO] [stdout] 36 |     deleted: HashSet<(&'a Path)>,
[INFO] [stdout]    |                      ^        ^
[INFO] [stdout]    |
[INFO] [stdout] help: remove these parentheses
[INFO] [stdout]    |
[INFO] [stdout] 36 -     deleted: HashSet<(&'a Path)>,
[INFO] [stdout] 36 +     deleted: HashSet<&'a Path>,
[INFO] [stdout]    |
[INFO] [stdout] 
[INFO] [stdout] 
[INFO] [stdout] warning: unused import: `push::*`
[INFO] [stdout]   --> src/lib.rs:12:9
[INFO] [stdout]    |
[INFO] [stdout] 12 | pub use push::*;
[INFO] [stdout]    |         ^^^^^^^
[INFO] [stdout] 
[INFO] [stdout] 
[INFO] [stdout] warning: unused import: `Write`
[INFO] [stdout]  --> src/megacmd.rs:2:22
[INFO] [stdout]   |
[INFO] [stdout] 2 |     io::{self, Read, Write},
[INFO] [stdout]   |                      ^^^^^
[INFO] [stdout] 
[INFO] [stdout] 
[INFO] [stdout] warning: associated functions `rm` and `mv` are never used
[INFO] [stdout]   --> src/megacmd.rs:65:8
[INFO] [stdout]    |
[INFO] [stdout] 23 | impl MegaCmd {
[INFO] [stdout]    | ------------ associated functions in this implementation
[INFO] [stdout] ...
[INFO] [stdout] 65 |     fn rm<P: AsRef<Path>>(remote_path: P) -> MegaResult<()> {
[INFO] [stdout]    |        ^^
[INFO] [stdout] ...
[INFO] [stdout] 99 |     fn mv<S: AsRef<Path>, D: AsRef<Path>>(remote_src: S, remote_dest: D) -> MegaResult<()> {
[INFO] [stdout]    |        ^^
[INFO] [stdout]    |
[INFO] [stdout]    = note: `#[warn(dead_code)]` on by default
[INFO] [stdout] 
[INFO] [stdout] 
[INFO] [stdout] warning: field `files` is never read
[INFO] [stdout]   --> src/status.rs:31:5
[INFO] [stdout]    |
[INFO] [stdout] 30 | pub struct LockStatus<'a> {
[INFO] [stdout]    |            ---------- field in this struct
[INFO] [stdout] 31 |     files: HashSet<(&'a Path)>,
[INFO] [stdout]    |     ^^^^^
[INFO] [stdout]    |
[INFO] [stdout]    = note: `LockStatus` has a derived impl for the trait `Debug`, but this is intentionally ignored during dead code analysis
[INFO] [stdout] 
[INFO] [stdout] 
[INFO] [stderr]     Finished `dev` profile [unoptimized + debuginfo] target(s) in 21.98s
[INFO] running `Command { std: "docker" "inspect" "0dad7f8b295b30f5fd79877928b3f5a142ce30a22eb062254b907090b9a18a9c", kill_on_drop: false }`
[INFO] running `Command { std: "docker" "rm" "-f" "0dad7f8b295b30f5fd79877928b3f5a142ce30a22eb062254b907090b9a18a9c", kill_on_drop: false }`
[INFO] [stdout] 0dad7f8b295b30f5fd79877928b3f5a142ce30a22eb062254b907090b9a18a9c
[INFO] running `Command { std: "docker" "create" "-v" "/var/lib/crater-agent-workspace/builds/worker-3-tc1/target:/opt/rustwide/target:rw,Z" "-v" "/var/lib/crater-agent-workspace/builds/worker-3-tc1/source:/opt/rustwide/workdir:ro,Z" "-v" "/var/lib/crater-agent-workspace/cargo-home:/opt/rustwide/cargo-home:ro,Z" "-v" "/var/lib/crater-agent-workspace/rustup-home:/opt/rustwide/rustup-home:ro,Z" "-e" "SOURCE_DIR=/opt/rustwide/workdir" "-e" "CARGO_TARGET_DIR=/opt/rustwide/target" "-e" "CARGO_INCREMENTAL=0" "-e" "RUST_BACKTRACE=full" "-e" "RUSTFLAGS=--cap-lints=warn" "-e" "RUSTDOCFLAGS=--cap-lints=warn" "-e" "CARGO_HOME=/opt/rustwide/cargo-home" "-e" "RUSTUP_HOME=/opt/rustwide/rustup-home" "-w" "/opt/rustwide/workdir" "-m" "1610612736" "--user" "0:0" "--network" "none" "ghcr.io/rust-lang/crates-build-env/linux@sha256:f3a9d4ad9d972b27faf3965f35b62e55ba32bbce8f20bc8fe909558a86702fde" "/opt/rustwide/cargo-home/bin/cargo" "+1.83.0" "test" "--frozen" "--no-run" "--message-format=json", kill_on_drop: false }`
[INFO] [stdout] b46ed9af0a9033623a673cffabe6a7aacb117b59c2d892523a012c10926bab9c
[INFO] running `Command { std: "docker" "start" "-a" "b46ed9af0a9033623a673cffabe6a7aacb117b59c2d892523a012c10926bab9c", kill_on_drop: false }`
[INFO] [stderr] warning: unused manifest key: package.about
[INFO] [stderr] warning: unused manifest key: package.author
[INFO] [stdout] warning: unused import: `Hash`
[INFO] [stdout]  --> src/status.rs:2:12
[INFO] [stdout]   |
[INFO] [stdout] 2 |     lock::{Hash, LocalLock, Lock, LockError},
[INFO] [stdout]   |            ^^^^
[INFO] [stdout]   |
[INFO] [stdout]   = note: `#[warn(unused_imports)]` on by default
[INFO] [stdout] 
[INFO] [stdout] 
[INFO] [stdout] warning: unused import: `HashMap`
[INFO] [stdout]  --> src/status.rs:8:19
[INFO] [stdout]   |
[INFO] [stdout] 8 |     collections::{HashMap, HashSet},
[INFO] [stdout]   |                   ^^^^^^^
[INFO] [stdout] 
[INFO] [stdout] 
[INFO] [stdout] warning: unnecessary parentheses around type
[INFO] [stdout]   --> src/status.rs:31:20
[INFO] [stdout]    |
[INFO] [stdout] 31 |     files: HashSet<(&'a Path)>,
[INFO] [stdout]    |                    ^        ^
[INFO] [stdout]    |
[INFO] [stdout]    = note: `#[warn(unused_parens)]` on by default
[INFO] [stdout] help: remove these parentheses
[INFO] [stdout]    |
[INFO] [stdout] 31 -     files: HashSet<(&'a Path)>,
[INFO] [stdout] 31 +     files: HashSet<&'a Path>,
[INFO] [stdout]    |
[INFO] [stdout] 
[INFO] [stdout] 
[INFO] [stdout] warning: unnecessary parentheses around type
[INFO] [stdout]   --> src/status.rs:32:21
[INFO] [stdout]    |
[INFO] [stdout] 32 |     staged: HashSet<(&'a PathBuf)>,
[INFO] [stdout]    |                     ^           ^
[INFO] [stdout]    |
[INFO] [stdout] help: remove these parentheses
[INFO] [stdout]    |
[INFO] [stdout] 32 -     staged: HashSet<(&'a PathBuf)>,
[INFO] [stdout] 32 +     staged: HashSet<&'a PathBuf>,
[INFO] [stdout]    |
[INFO] [stdout] 
[INFO] [stdout] 
[INFO] [stdout] warning: unnecessary parentheses around type
[INFO] [stdout]   --> src/status.rs:33:24
[INFO] [stdout]    |
[INFO] [stdout] 33 |     to_remove: HashSet<(&'a PathBuf)>,
[INFO] [stdout]    |                        ^           ^
[INFO] [stdout]    |
[INFO] [stdout] help: remove these parentheses
[INFO] [stdout]    |
[INFO] [stdout] 33 -     to_remove: HashSet<(&'a PathBuf)>,
[INFO] [stdout] 33 +     to_remove: HashSet<&'a PathBuf>,
[INFO] [stdout]    |
[INFO] [stdout] 
[INFO] [stdout] 
[INFO] [stdout] warning: unnecessary parentheses around type
[INFO] [stdout]   --> src/status.rs:35:20
[INFO] [stdout]    |
[INFO] [stdout] 35 |     added: HashSet<(&'a Path)>,
[INFO] [stdout]    |                    ^        ^
[INFO] [stdout]    |
[INFO] [stdout] help: remove these parentheses
[INFO] [stdout]    |
[INFO] [stdout] 35 -     added: HashSet<(&'a Path)>,
[INFO] [stdout] 35 +     added: HashSet<&'a Path>,
[INFO] [stdout]    |
[INFO] [stdout] 
[INFO] [stdout] 
[INFO] [stdout] warning: unnecessary parentheses around type
[INFO] [stdout]   --> src/status.rs:36:22
[INFO] [stdout]    |
[INFO] [stdout] 36 |     deleted: HashSet<(&'a Path)>,
[INFO] [stdout]    |                      ^        ^
[INFO] [stdout]    |
[INFO] [stdout] help: remove these parentheses
[INFO] [stdout]    |
[INFO] [stdout] 36 -     deleted: HashSet<(&'a Path)>,
[INFO] [stdout] 36 +     deleted: HashSet<&'a Path>,
[INFO] [stdout]    |
[INFO] [stdout] 
[INFO] [stdout] 
[INFO] [stdout] warning: unused import: `push::*`
[INFO] [stdout]   --> src/lib.rs:12:9
[INFO] [stdout]    |
[INFO] [stdout] 12 | pub use push::*;
[INFO] [stdout]    |         ^^^^^^^
[INFO] [stdout] 
[INFO] [stdout] 
[INFO] [stdout] warning: unused import: `Write`
[INFO] [stdout]  --> src/megacmd.rs:2:22
[INFO] [stdout]   |
[INFO] [stdout] 2 |     io::{self, Read, Write},
[INFO] [stdout]   |                      ^^^^^
[INFO] [stdout] 
[INFO] [stdout] 
[INFO] [stdout] warning: associated functions `rm` and `mv` are never used
[INFO] [stdout]   --> src/megacmd.rs:65:8
[INFO] [stdout]    |
[INFO] [stdout] 23 | impl MegaCmd {
[INFO] [stdout]    | ------------ associated functions in this implementation
[INFO] [stdout] ...
[INFO] [stdout] 65 |     fn rm<P: AsRef<Path>>(remote_path: P) -> MegaResult<()> {
[INFO] [stdout]    |        ^^
[INFO] [stdout] ...
[INFO] [stdout] 99 |     fn mv<S: AsRef<Path>, D: AsRef<Path>>(remote_src: S, remote_dest: D) -> MegaResult<()> {
[INFO] [stdout]    |        ^^
[INFO] [stdout]    |
[INFO] [stdout]    = note: `#[warn(dead_code)]` on by default
[INFO] [stdout] 
[INFO] [stdout] 
[INFO] [stdout] warning: field `files` is never read
[INFO] [stdout]   --> src/status.rs:31:5
[INFO] [stdout]    |
[INFO] [stdout] 30 | pub struct LockStatus<'a> {
[INFO] [stdout]    |            ---------- field in this struct
[INFO] [stdout] 31 |     files: HashSet<(&'a Path)>,
[INFO] [stdout]    |     ^^^^^
[INFO] [stdout]    |
[INFO] [stdout]    = note: `LockStatus` has a derived impl for the trait `Debug`, but this is intentionally ignored during dead code analysis
[INFO] [stdout] 
[INFO] [stdout] 
[INFO] [stderr]    Compiling megadvc v0.1.0 (/opt/rustwide/workdir)
[INFO] [stdout] warning: unused import: `Hash`
[INFO] [stdout]  --> src/status.rs:2:12
[INFO] [stdout]   |
[INFO] [stdout] 2 |     lock::{Hash, LocalLock, Lock, LockError},
[INFO] [stdout]   |            ^^^^
[INFO] [stdout]   |
[INFO] [stdout]   = note: `#[warn(unused_imports)]` on by default
[INFO] [stdout] 
[INFO] [stdout] 
[INFO] [stdout] warning: unused import: `HashMap`
[INFO] [stdout]  --> src/status.rs:8:19
[INFO] [stdout]   |
[INFO] [stdout] 8 |     collections::{HashMap, HashSet},
[INFO] [stdout]   |                   ^^^^^^^
[INFO] [stdout] 
[INFO] [stdout] 
[INFO] [stdout] warning: unnecessary parentheses around type
[INFO] [stdout]   --> src/status.rs:31:20
[INFO] [stdout]    |
[INFO] [stdout] 31 |     files: HashSet<(&'a Path)>,
[INFO] [stdout]    |                    ^        ^
[INFO] [stdout]    |
[INFO] [stdout]    = note: `#[warn(unused_parens)]` on by default
[INFO] [stdout] help: remove these parentheses
[INFO] [stdout]    |
[INFO] [stdout] 31 -     files: HashSet<(&'a Path)>,
[INFO] [stdout] 31 +     files: HashSet<&'a Path>,
[INFO] [stdout]    |
[INFO] [stdout] 
[INFO] [stdout] 
[INFO] [stdout] warning: unnecessary parentheses around type
[INFO] [stdout]   --> src/status.rs:32:21
[INFO] [stdout]    |
[INFO] [stdout] 32 |     staged: HashSet<(&'a PathBuf)>,
[INFO] [stdout]    |                     ^           ^
[INFO] [stdout]    |
[INFO] [stdout] help: remove these parentheses
[INFO] [stdout]    |
[INFO] [stdout] 32 -     staged: HashSet<(&'a PathBuf)>,
[INFO] [stdout] 32 +     staged: HashSet<&'a PathBuf>,
[INFO] [stdout]    |
[INFO] [stdout] 
[INFO] [stdout] 
[INFO] [stdout] warning: unnecessary parentheses around type
[INFO] [stdout]   --> src/status.rs:33:24
[INFO] [stdout]    |
[INFO] [stdout] 33 |     to_remove: HashSet<(&'a PathBuf)>,
[INFO] [stdout]    |                        ^           ^
[INFO] [stdout]    |
[INFO] [stdout] help: remove these parentheses
[INFO] [stdout]    |
[INFO] [stdout] 33 -     to_remove: HashSet<(&'a PathBuf)>,
[INFO] [stdout] 33 +     to_remove: HashSet<&'a PathBuf>,
[INFO] [stdout]    |
[INFO] [stdout] 
[INFO] [stdout] 
[INFO] [stdout] warning: unnecessary parentheses around type
[INFO] [stdout]   --> src/status.rs:35:20
[INFO] [stdout]    |
[INFO] [stdout] 35 |     added: HashSet<(&'a Path)>,
[INFO] [stdout]    |                    ^        ^
[INFO] [stdout]    |
[INFO] [stdout] help: remove these parentheses
[INFO] [stdout]    |
[INFO] [stdout] 35 -     added: HashSet<(&'a Path)>,
[INFO] [stdout] 35 +     added: HashSet<&'a Path>,
[INFO] [stdout]    |
[INFO] [stdout] 
[INFO] [stdout] 
[INFO] [stdout] warning: unnecessary parentheses around type
[INFO] [stdout]   --> src/status.rs:36:22
[INFO] [stdout]    |
[INFO] [stdout] 36 |     deleted: HashSet<(&'a Path)>,
[INFO] [stdout]    |                      ^        ^
[INFO] [stdout]    |
[INFO] [stdout] help: remove these parentheses
[INFO] [stdout]    |
[INFO] [stdout] 36 -     deleted: HashSet<(&'a Path)>,
[INFO] [stdout] 36 +     deleted: HashSet<&'a Path>,
[INFO] [stdout]    |
[INFO] [stdout] 
[INFO] [stdout] 
[INFO] [stdout] warning: unused import: `push::*`
[INFO] [stdout]   --> src/lib.rs:12:9
[INFO] [stdout]    |
[INFO] [stdout] 12 | pub use push::*;
[INFO] [stdout]    |         ^^^^^^^
[INFO] [stdout] 
[INFO] [stdout] 
[INFO] [stdout] warning: unused import: `Write`
[INFO] [stdout]  --> src/megacmd.rs:2:22
[INFO] [stdout]   |
[INFO] [stdout] 2 |     io::{self, Read, Write},
[INFO] [stdout]   |                      ^^^^^
[INFO] [stdout] 
[INFO] [stdout] 
[INFO] [stdout] warning: associated functions `rm` and `mv` are never used
[INFO] [stdout]   --> src/megacmd.rs:65:8
[INFO] [stdout]    |
[INFO] [stdout] 23 | impl MegaCmd {
[INFO] [stdout]    | ------------ associated functions in this implementation
[INFO] [stdout] ...
[INFO] [stdout] 65 |     fn rm<P: AsRef<Path>>(remote_path: P) -> MegaResult<()> {
[INFO] [stdout]    |        ^^
[INFO] [stdout] ...
[INFO] [stdout] 99 |     fn mv<S: AsRef<Path>, D: AsRef<Path>>(remote_src: S, remote_dest: D) -> MegaResult<()> {
[INFO] [stdout]    |        ^^
[INFO] [stdout]    |
[INFO] [stdout]    = note: `#[warn(dead_code)]` on by default
[INFO] [stdout] 
[INFO] [stdout] 
[INFO] [stdout] warning: field `files` is never read
[INFO] [stdout]   --> src/status.rs:31:5
[INFO] [stdout]    |
[INFO] [stdout] 30 | pub struct LockStatus<'a> {
[INFO] [stdout]    |            ---------- field in this struct
[INFO] [stdout] 31 |     files: HashSet<(&'a Path)>,
[INFO] [stdout]    |     ^^^^^
[INFO] [stdout]    |
[INFO] [stdout]    = note: `LockStatus` has a derived impl for the trait `Debug`, but this is intentionally ignored during dead code analysis
[INFO] [stdout] 
[INFO] [stdout] 
[INFO] [stderr]     Finished `test` profile [unoptimized + debuginfo] target(s) in 1.12s
[INFO] running `Command { std: "docker" "inspect" "b46ed9af0a9033623a673cffabe6a7aacb117b59c2d892523a012c10926bab9c", kill_on_drop: false }`
[INFO] running `Command { std: "docker" "rm" "-f" "b46ed9af0a9033623a673cffabe6a7aacb117b59c2d892523a012c10926bab9c", kill_on_drop: false }`
[INFO] [stdout] b46ed9af0a9033623a673cffabe6a7aacb117b59c2d892523a012c10926bab9c
[INFO] running `Command { std: "docker" "create" "-v" "/var/lib/crater-agent-workspace/builds/worker-3-tc1/target:/opt/rustwide/target:rw,Z" "-v" "/var/lib/crater-agent-workspace/builds/worker-3-tc1/source:/opt/rustwide/workdir:ro,Z" "-v" "/var/lib/crater-agent-workspace/cargo-home:/opt/rustwide/cargo-home:ro,Z" "-v" "/var/lib/crater-agent-workspace/rustup-home:/opt/rustwide/rustup-home:ro,Z" "-e" "SOURCE_DIR=/opt/rustwide/workdir" "-e" "CARGO_TARGET_DIR=/opt/rustwide/target" "-e" "CARGO_INCREMENTAL=0" "-e" "RUST_BACKTRACE=full" "-e" "RUSTFLAGS=--cap-lints=warn" "-e" "RUSTDOCFLAGS=--cap-lints=warn" "-e" "CARGO_HOME=/opt/rustwide/cargo-home" "-e" "RUSTUP_HOME=/opt/rustwide/rustup-home" "-w" "/opt/rustwide/workdir" "-m" "1610612736" "--user" "0:0" "--network" "none" "ghcr.io/rust-lang/crates-build-env/linux@sha256:f3a9d4ad9d972b27faf3965f35b62e55ba32bbce8f20bc8fe909558a86702fde" "/opt/rustwide/cargo-home/bin/cargo" "+1.83.0" "test" "--frozen", kill_on_drop: false }`
[INFO] [stdout] d3259acf422f01ed43afdb198573d0592584bdc471dd47ddb686e057e2d2b7c8
[INFO] running `Command { std: "docker" "start" "-a" "d3259acf422f01ed43afdb198573d0592584bdc471dd47ddb686e057e2d2b7c8", kill_on_drop: false }`
[INFO] [stderr] warning: unused manifest key: package.about
[INFO] [stderr] warning: unused manifest key: package.author
[INFO] [stderr] warning: unused import: `Hash`
[INFO] [stderr]  --> src/status.rs:2:12
[INFO] [stderr]   |
[INFO] [stderr] 2 |     lock::{Hash, LocalLock, Lock, LockError},
[INFO] [stderr]   |            ^^^^
[INFO] [stderr]   |
[INFO] [stderr]   = note: `#[warn(unused_imports)]` on by default
[INFO] [stderr] 
[INFO] [stderr] warning: unused import: `HashMap`
[INFO] [stderr]  --> src/status.rs:8:19
[INFO] [stderr]   |
[INFO] [stderr] 8 |     collections::{HashMap, HashSet},
[INFO] [stderr]   |                   ^^^^^^^
[INFO] [stderr] 
[INFO] [stderr] warning: unnecessary parentheses around type
[INFO] [stderr]   --> src/status.rs:31:20
[INFO] [stderr]    |
[INFO] [stderr] 31 |     files: HashSet<(&'a Path)>,
[INFO] [stderr]    |                    ^        ^
[INFO] [stderr]    |
[INFO] [stderr]    = note: `#[warn(unused_parens)]` on by default
[INFO] [stderr] help: remove these parentheses
[INFO] [stderr]    |
[INFO] [stderr] 31 -     files: HashSet<(&'a Path)>,
[INFO] [stderr] 31 +     files: HashSet<&'a Path>,
[INFO] [stderr]    |
[INFO] [stderr] 
[INFO] [stderr] warning: unnecessary parentheses around type
[INFO] [stderr]   --> src/status.rs:32:21
[INFO] [stderr]    |
[INFO] [stderr] 32 |     staged: HashSet<(&'a PathBuf)>,
[INFO] [stderr]    |                     ^           ^
[INFO] [stderr]    |
[INFO] [stderr] help: remove these parentheses
[INFO] [stderr]    |
[INFO] [stderr] 32 -     staged: HashSet<(&'a PathBuf)>,
[INFO] [stderr] 32 +     staged: HashSet<&'a PathBuf>,
[INFO] [stderr]    |
[INFO] [stderr] 
[INFO] [stderr] warning: unnecessary parentheses around type
[INFO] [stderr]   --> src/status.rs:33:24
[INFO] [stderr]    |
[INFO] [stderr] 33 |     to_remove: HashSet<(&'a PathBuf)>,
[INFO] [stderr]    |                        ^           ^
[INFO] [stderr]    |
[INFO] [stderr] help: remove these parentheses
[INFO] [stderr]    |
[INFO] [stderr] 33 -     to_remove: HashSet<(&'a PathBuf)>,
[INFO] [stderr] 33 +     to_remove: HashSet<&'a PathBuf>,
[INFO] [stderr]    |
[INFO] [stderr] 
[INFO] [stderr] warning: unnecessary parentheses around type
[INFO] [stderr]   --> src/status.rs:35:20
[INFO] [stderr]    |
[INFO] [stderr] 35 |     added: HashSet<(&'a Path)>,
[INFO] [stderr]    |                    ^        ^
[INFO] [stderr]    |
[INFO] [stderr] help: remove these parentheses
[INFO] [stderr]    |
[INFO] [stderr] 35 -     added: HashSet<(&'a Path)>,
[INFO] [stderr] 35 +     added: HashSet<&'a Path>,
[INFO] [stderr]    |
[INFO] [stderr] 
[INFO] [stderr] warning: unnecessary parentheses around type
[INFO] [stderr]   --> src/status.rs:36:22
[INFO] [stderr]    |
[INFO] [stderr] 36 |     deleted: HashSet<(&'a Path)>,
[INFO] [stderr]    |                      ^        ^
[INFO] [stderr]    |
[INFO] [stderr] help: remove these parentheses
[INFO] [stderr]    |
[INFO] [stderr] 36 -     deleted: HashSet<(&'a Path)>,
[INFO] [stderr] 36 +     deleted: HashSet<&'a Path>,
[INFO] [stderr]    |
[INFO] [stderr] 
[INFO] [stderr] warning: unused import: `push::*`
[INFO] [stderr]   --> src/lib.rs:12:9
[INFO] [stderr]    |
[INFO] [stderr] 12 | pub use push::*;
[INFO] [stderr]    |         ^^^^^^^
[INFO] [stderr] 
[INFO] [stderr] warning: unused import: `Write`
[INFO] [stderr]  --> src/megacmd.rs:2:22
[INFO] [stderr]   |
[INFO] [stderr] 2 |     io::{self, Read, Write},
[INFO] [stderr]   |                      ^^^^^
[INFO] [stderr] 
[INFO] [stderr] warning: associated functions `rm` and `mv` are never used
[INFO] [stderr]   --> src/megacmd.rs:65:8
[INFO] [stderr]    |
[INFO] [stderr] 23 | impl MegaCmd {
[INFO] [stderr]    | ------------ associated functions in this implementation
[INFO] [stderr] ...
[INFO] [stderr] 65 |     fn rm<P: AsRef<Path>>(remote_path: P) -> MegaResult<()> {
[INFO] [stderr]    |        ^^
[INFO] [stderr] ...
[INFO] [stderr] 99 |     fn mv<S: AsRef<Path>, D: AsRef<Path>>(remote_src: S, remote_dest: D) -> MegaResult<()> {
[INFO] [stderr]    |        ^^
[INFO] [stderr]    |
[INFO] [stderr]    = note: `#[warn(dead_code)]` on by default
[INFO] [stderr] 
[INFO] [stderr] warning: field `files` is never read
[INFO] [stderr]   --> src/status.rs:31:5
[INFO] [stderr]    |
[INFO] [stderr] 30 | pub struct LockStatus<'a> {
[INFO] [stderr]    |            ---------- field in this struct
[INFO] [stderr] 31 |     files: HashSet<(&'a Path)>,
[INFO] [stderr]    |     ^^^^^
[INFO] [stderr]    |
[INFO] [stderr]    = note: `LockStatus` has a derived impl for the trait `Debug`, but this is intentionally ignored during dead code analysis
[INFO] [stderr] 
[INFO] [stderr] warning: `megadvc` (lib) generated 11 warnings (run `cargo fix --lib -p megadvc` to apply 8 suggestions)
[INFO] [stderr] warning: `megadvc` (lib test) generated 11 warnings (11 duplicates)
[INFO] [stderr]     Finished `test` profile [unoptimized + debuginfo] target(s) in 0.13s
[INFO] [stderr]      Running unittests src/lib.rs (/opt/rustwide/target/debug/deps/megadvc-7a33bd26262d566c)
[INFO] [stdout] 
[INFO] [stdout] running 1 test
[INFO] [stdout] test megacmd::test::test_ls ... FAILED
[INFO] [stdout] 
[INFO] [stdout] failures:
[INFO] [stdout] 
[INFO] [stdout] ---- megacmd::test::test_ls stdout ----
[INFO] [stdout] thread 'megacmd::test::test_ls' panicked at src/megacmd.rs:115:29:
[INFO] [stdout] called `Result::unwrap()` on an `Err` value: Io(Os { code: 2, kind: NotFound, message: "No such file or directory" })
[INFO] [stdout] stack backtrace:
[INFO] [stdout]    0:     0x5fbfc7480b9a - std::backtrace_rs::backtrace::libunwind::trace::h5a5b8284f2d0c266
[INFO] [stdout]                                at /rustc/90b35a6239c3d8bdabc530a6a0816f7ff89a0aaf/library/std/src/../../backtrace/src/backtrace/libunwind.rs:116:5
[INFO] [stdout]    1:     0x5fbfc7480b9a - std::backtrace_rs::backtrace::trace_unsynchronized::h76d4f1c9b0b875e3
[INFO] [stdout]                                at /rustc/90b35a6239c3d8bdabc530a6a0816f7ff89a0aaf/library/std/src/../../backtrace/src/backtrace/mod.rs:66:5
[INFO] [stdout]    2:     0x5fbfc7480b9a - std::sys::backtrace::_print_fmt::hc4546b8364a537c6
[INFO] [stdout]                                at /rustc/90b35a6239c3d8bdabc530a6a0816f7ff89a0aaf/library/std/src/sys/backtrace.rs:66:9
[INFO] [stdout]    3:     0x5fbfc7480b9a - <std::sys::backtrace::BacktraceLock::print::DisplayBacktrace as core::fmt::Display>::fmt::h5b6bd5631a6d1f6b
[INFO] [stdout]                                at /rustc/90b35a6239c3d8bdabc530a6a0816f7ff89a0aaf/library/std/src/sys/backtrace.rs:39:26
[INFO] [stdout]    4:     0x5fbfc74a60c3 - core::fmt::rt::Argument::fmt::h270f6602a2b96f62
[INFO] [stdout]                                at /rustc/90b35a6239c3d8bdabc530a6a0816f7ff89a0aaf/library/core/src/fmt/rt.rs:177:76
[INFO] [stdout]    5:     0x5fbfc74a60c3 - core::fmt::write::h7550c97b06c86515
[INFO] [stdout]                                at /rustc/90b35a6239c3d8bdabc530a6a0816f7ff89a0aaf/library/core/src/fmt/mod.rs:1186:21
[INFO] [stdout]    6:     0x5fbfc747dc43 - std::io::Write::write_fmt::h509ff860e5956e5e
[INFO] [stdout]                                at /rustc/90b35a6239c3d8bdabc530a6a0816f7ff89a0aaf/library/std/src/io/mod.rs:1839:15
[INFO] [stdout]    7:     0x5fbfc74809e2 - std::sys::backtrace::BacktraceLock::print::h2395ccd2c84ba3aa
[INFO] [stdout]                                at /rustc/90b35a6239c3d8bdabc530a6a0816f7ff89a0aaf/library/std/src/sys/backtrace.rs:42:9
[INFO] [stdout]    8:     0x5fbfc7481ffa - std::panicking::default_hook::{{closure}}::he19d4c7230e07961
[INFO] [stdout]                                at /rustc/90b35a6239c3d8bdabc530a6a0816f7ff89a0aaf/library/std/src/panicking.rs:268:22
[INFO] [stdout]    9:     0x5fbfc7481e04 - std::panicking::default_hook::hf614597d3c67bbdb
[INFO] [stdout]                                at /rustc/90b35a6239c3d8bdabc530a6a0816f7ff89a0aaf/library/std/src/panicking.rs:292:9
[INFO] [stdout]   10:     0x5fbfc744a6e9 - <alloc::boxed::Box<F,A> as core::ops::function::Fn<Args>>::call::h39b51ce4599c23d1
[INFO] [stdout]                                at /rustc/90b35a6239c3d8bdabc530a6a0816f7ff89a0aaf/library/alloc/src/boxed.rs:2468:9
[INFO] [stdout]   11:     0x5fbfc744a6e9 - test::test_main::{{closure}}::he977ae839a582784
[INFO] [stdout]                                at /rustc/90b35a6239c3d8bdabc530a6a0816f7ff89a0aaf/library/test/src/lib.rs:133:21
[INFO] [stdout]   12:     0x5fbfc7482698 - <alloc::boxed::Box<F,A> as core::ops::function::Fn<Args>>::call::h9455091b6b06f9fb
[INFO] [stdout]                                at /rustc/90b35a6239c3d8bdabc530a6a0816f7ff89a0aaf/library/alloc/src/boxed.rs:2468:9
[INFO] [stdout]   13:     0x5fbfc7482698 - std::panicking::rust_panic_with_hook::h8942133a8b252070
[INFO] [stdout]                                at /rustc/90b35a6239c3d8bdabc530a6a0816f7ff89a0aaf/library/std/src/panicking.rs:809:13
[INFO] [stdout]   14:     0x5fbfc748245a - std::panicking::begin_panic_handler::{{closure}}::hb5f5963570096b29
[INFO] [stdout]                                at /rustc/90b35a6239c3d8bdabc530a6a0816f7ff89a0aaf/library/std/src/panicking.rs:674:13
[INFO] [stdout]   15:     0x5fbfc7481079 - std::sys::backtrace::__rust_end_short_backtrace::h6208cedc1922feda
[INFO] [stdout]                                at /rustc/90b35a6239c3d8bdabc530a6a0816f7ff89a0aaf/library/std/src/sys/backtrace.rs:170:18
[INFO] [stdout]   16:     0x5fbfc74820ec - rust_begin_unwind
[INFO] [stdout]                                at /rustc/90b35a6239c3d8bdabc530a6a0816f7ff89a0aaf/library/std/src/panicking.rs:665:5
[INFO] [stdout]   17:     0x5fbfc7409a60 - core::panicking::panic_fmt::h0c3082644d1bf418
[INFO] [stdout]                                at /rustc/90b35a6239c3d8bdabc530a6a0816f7ff89a0aaf/library/core/src/panicking.rs:74:14
[INFO] [stdout]   18:     0x5fbfc7409e06 - core::result::unwrap_failed::hd20b4aa073bda1e2
[INFO] [stdout]                                at /rustc/90b35a6239c3d8bdabc530a6a0816f7ff89a0aaf/library/core/src/result.rs:1700:5
[INFO] [stdout]   19:     0x5fbfc741074c - core::result::Result<T,E>::unwrap::h6c7dcfa6fc1b2275
[INFO] [stdout]                                at /rustc/90b35a6239c3d8bdabc530a6a0816f7ff89a0aaf/library/core/src/result.rs:1104:23
[INFO] [stdout]   20:     0x5fbfc741074c - megadvc::megacmd::test::test_ls::h2e9caca8ea48ce48
[INFO] [stdout]                                at /opt/rustwide/workdir/src/megacmd.rs:115:9
[INFO] [stdout]   21:     0x5fbfc74106c7 - megadvc::megacmd::test::test_ls::{{closure}}::he32cfa33fe5ea7a8
[INFO] [stdout]                                at /opt/rustwide/workdir/src/megacmd.rs:114:17
[INFO] [stdout]   22:     0x5fbfc740c746 - core::ops::function::FnOnce::call_once::h862d97676f25354a
[INFO] [stdout]                                at /rustc/90b35a6239c3d8bdabc530a6a0816f7ff89a0aaf/library/core/src/ops/function.rs:250:5
[INFO] [stdout]   23:     0x5fbfc744f0ab - core::ops::function::FnOnce::call_once::h109cf8051a59b34e
[INFO] [stdout]                                at /rustc/90b35a6239c3d8bdabc530a6a0816f7ff89a0aaf/library/core/src/ops/function.rs:250:5
[INFO] [stdout]   24:     0x5fbfc744f0ab - test::__rust_begin_short_backtrace::hf4fff89d377446ba
[INFO] [stdout]                                at /rustc/90b35a6239c3d8bdabc530a6a0816f7ff89a0aaf/library/test/src/lib.rs:621:18
[INFO] [stdout]   25:     0x5fbfc744e8e7 - test::run_test_in_process::{{closure}}::h0e39181dd7ee5a43
[INFO] [stdout]                                at /rustc/90b35a6239c3d8bdabc530a6a0816f7ff89a0aaf/library/test/src/lib.rs:644:60
[INFO] [stdout]   26:     0x5fbfc744e8e7 - <core::panic::unwind_safe::AssertUnwindSafe<F> as core::ops::function::FnOnce<()>>::call_once::hc5a66a30f0bdfd1f
[INFO] [stdout]                                at /rustc/90b35a6239c3d8bdabc530a6a0816f7ff89a0aaf/library/core/src/panic/unwind_safe.rs:272:9
[INFO] [stdout]   27:     0x5fbfc744e8e7 - std::panicking::try::do_call::h873b7cf639554a5e
[INFO] [stdout]                                at /rustc/90b35a6239c3d8bdabc530a6a0816f7ff89a0aaf/library/std/src/panicking.rs:557:40
[INFO] [stdout]   28:     0x5fbfc744e8e7 - std::panicking::try::hdb19862fad9c8bd1
[INFO] [stdout]                                at /rustc/90b35a6239c3d8bdabc530a6a0816f7ff89a0aaf/library/std/src/panicking.rs:520:19
[INFO] [stdout]   29:     0x5fbfc744e8e7 - std::panic::catch_unwind::h281fe732d236d260
[INFO] [stdout]                                at /rustc/90b35a6239c3d8bdabc530a6a0816f7ff89a0aaf/library/std/src/panic.rs:358:14
[INFO] [stdout]   30:     0x5fbfc744e8e7 - test::run_test_in_process::h949b6df8457ed338
[INFO] [stdout]                                at /rustc/90b35a6239c3d8bdabc530a6a0816f7ff89a0aaf/library/test/src/lib.rs:644:27
[INFO] [stdout]   31:     0x5fbfc744e8e7 - test::run_test::{{closure}}::h52c556a6d4740e10
[INFO] [stdout]                                at /rustc/90b35a6239c3d8bdabc530a6a0816f7ff89a0aaf/library/test/src/lib.rs:565:43
[INFO] [stdout]   32:     0x5fbfc7413bc4 - test::run_test::{{closure}}::h4237f6381c45ccb9
[INFO] [stdout]                                at /rustc/90b35a6239c3d8bdabc530a6a0816f7ff89a0aaf/library/test/src/lib.rs:595:41
[INFO] [stdout]   33:     0x5fbfc7413bc4 - std::sys::backtrace::__rust_begin_short_backtrace::h505c97a579eca628
[INFO] [stdout]                                at /rustc/90b35a6239c3d8bdabc530a6a0816f7ff89a0aaf/library/std/src/sys/backtrace.rs:154:18
[INFO] [stdout]   34:     0x5fbfc741728e - std::thread::Builder::spawn_unchecked_::{{closure}}::{{closure}}::h9e86b2e2bc107ea3
[INFO] [stdout]                                at /rustc/90b35a6239c3d8bdabc530a6a0816f7ff89a0aaf/library/std/src/thread/mod.rs:538:17
[INFO] [stdout]   35:     0x5fbfc741728e - <core::panic::unwind_safe::AssertUnwindSafe<F> as core::ops::function::FnOnce<()>>::call_once::h8b06ddb275ff4a25
[INFO] [stdout]                                at /rustc/90b35a6239c3d8bdabc530a6a0816f7ff89a0aaf/library/core/src/panic/unwind_safe.rs:272:9
[INFO] [stdout]   36:     0x5fbfc741728e - std::panicking::try::do_call::hb26ecd7cd9a9355d
[INFO] [stdout]                                at /rustc/90b35a6239c3d8bdabc530a6a0816f7ff89a0aaf/library/std/src/panicking.rs:557:40
[INFO] [stdout]   37:     0x5fbfc741728e - std::panicking::try::h8ddeca9d705f9069
[INFO] [stdout]                                at /rustc/90b35a6239c3d8bdabc530a6a0816f7ff89a0aaf/library/std/src/panicking.rs:520:19
[INFO] [stdout]   38:     0x5fbfc741728e - std::panic::catch_unwind::h49e1c33078844c46
[INFO] [stdout]                                at /rustc/90b35a6239c3d8bdabc530a6a0816f7ff89a0aaf/library/std/src/panic.rs:358:14
[INFO] [stdout]   39:     0x5fbfc741728e - std::thread::Builder::spawn_unchecked_::{{closure}}::h6073db6ff56ad35d
[INFO] [stdout]                                at /rustc/90b35a6239c3d8bdabc530a6a0816f7ff89a0aaf/library/std/src/thread/mod.rs:537:30
[INFO] [stdout]   40:     0x5fbfc741728e - core::ops::function::FnOnce::call_once{{vtable.shim}}::h2c5a5f3779c774f1
[INFO] [stdout]                                at /rustc/90b35a6239c3d8bdabc530a6a0816f7ff89a0aaf/library/core/src/ops/function.rs:250:5
[INFO] [stdout]   41:     0x5fbfc74864db - <alloc::boxed::Box<F,A> as core::ops::function::FnOnce<Args>>::call_once::hf75717d9f28faebf
[INFO] [stdout]                                at /rustc/90b35a6239c3d8bdabc530a6a0816f7ff89a0aaf/library/alloc/src/boxed.rs:2454:9
[INFO] [stdout]   42:     0x5fbfc74864db - <alloc::boxed::Box<F,A> as core::ops::function::FnOnce<Args>>::call_once::h7bd883a5f3c5f3c1
[INFO] [stdout]                                at /rustc/90b35a6239c3d8bdabc530a6a0816f7ff89a0aaf/library/alloc/src/boxed.rs:2454:9
[INFO] [stdout]   43:     0x5fbfc74864db - std::sys::pal::unix::thread::Thread::new::thread_start::hcc78f3943333fa94
[INFO] [stdout]                                at /rustc/90b35a6239c3d8bdabc530a6a0816f7ff89a0aaf/library/std/src/sys/pal/unix/thread.rs:105:17
[INFO] [stdout]   44:     0x75266f3a4ac3 - <unknown>
[INFO] [stdout]   45:     0x75266f435a04 - clone
[INFO] [stdout]   46:                0x0 - <unknown>
[INFO] [stdout] 
[INFO] [stdout] 
[INFO] [stdout] failures:
[INFO] [stdout]     megacmd::test::test_ls
[INFO] [stdout] 
[INFO] [stdout] test result: FAILED. 0 passed; 1 failed; 0 ignored; 0 measured; 0 filtered out; finished in 0.06s
[INFO] [stdout] 
[INFO] [stderr] error: test failed, to rerun pass `--lib`
[INFO] running `Command { std: "docker" "inspect" "d3259acf422f01ed43afdb198573d0592584bdc471dd47ddb686e057e2d2b7c8", kill_on_drop: false }`
[INFO] running `Command { std: "docker" "rm" "-f" "d3259acf422f01ed43afdb198573d0592584bdc471dd47ddb686e057e2d2b7c8", kill_on_drop: false }`
[INFO] [stdout] d3259acf422f01ed43afdb198573d0592584bdc471dd47ddb686e057e2d2b7c8
