[INFO] cloning repository https://github.com/MoMus2000/premstash
[INFO] running `Command { std: "git" "-c" "credential.helper=" "-c" "credential.helper=/workspace/cargo-home/bin/git-credential-null" "clone" "--bare" "https://github.com/MoMus2000/premstash" "/workspace/cache/git-repos/https%3A%2F%2Fgithub.com%2FMoMus2000%2Fpremstash", kill_on_drop: false }`
[INFO] [stderr] Cloning into bare repository '/workspace/cache/git-repos/https%3A%2F%2Fgithub.com%2FMoMus2000%2Fpremstash'...
[INFO] running `Command { std: "git" "rev-parse" "HEAD", kill_on_drop: false }`
[INFO] [stdout] 742b11751ece76c7ab0806d9918ae6649aab03e9
[INFO] testing MoMus2000/premstash against beta-2024-12-08 for beta-1.84.0-4-retry
[INFO] running `Command { std: "git" "clone" "/workspace/cache/git-repos/https%3A%2F%2Fgithub.com%2FMoMus2000%2Fpremstash" "/workspace/builds/worker-7-tc2/source", kill_on_drop: false }`
[INFO] [stderr] Cloning into '/workspace/builds/worker-7-tc2/source'...
[INFO] [stderr] done.
[INFO] validating manifest of git repo https://github.com/MoMus2000/premstash on toolchain beta-2024-12-08
[INFO] running `Command { std: CARGO_HOME="/workspace/cargo-home" RUSTUP_HOME="/workspace/rustup-home" "/workspace/cargo-home/bin/cargo" "+beta-2024-12-08" "metadata" "--manifest-path" "Cargo.toml" "--no-deps", kill_on_drop: false }`
[INFO] started tweaking git repo https://github.com/MoMus2000/premstash
[INFO] finished tweaking git repo https://github.com/MoMus2000/premstash
[INFO] tweaked toml for git repo https://github.com/MoMus2000/premstash written to /workspace/builds/worker-7-tc2/source/Cargo.toml
[INFO] crate git repo https://github.com/MoMus2000/premstash already has a lockfile, it will not be regenerated
[INFO] running `Command { std: CARGO_HOME="/workspace/cargo-home" RUSTUP_HOME="/workspace/rustup-home" "/workspace/cargo-home/bin/cargo" "+beta-2024-12-08" "fetch" "--manifest-path" "Cargo.toml", kill_on_drop: false }`
[INFO] running `Command { std: "docker" "create" "-v" "/var/lib/crater-agent-workspace/builds/worker-7-tc2/target:/opt/rustwide/target:rw,Z" "-v" "/var/lib/crater-agent-workspace/builds/worker-7-tc2/source:/opt/rustwide/workdir:ro,Z" "-v" "/var/lib/crater-agent-workspace/cargo-home:/opt/rustwide/cargo-home:ro,Z" "-v" "/var/lib/crater-agent-workspace/rustup-home:/opt/rustwide/rustup-home:ro,Z" "-e" "SOURCE_DIR=/opt/rustwide/workdir" "-e" "CARGO_TARGET_DIR=/opt/rustwide/target" "-e" "CARGO_HOME=/opt/rustwide/cargo-home" "-e" "RUSTUP_HOME=/opt/rustwide/rustup-home" "-w" "/opt/rustwide/workdir" "-m" "1610612736" "--user" "0:0" "--network" "none" "ghcr.io/rust-lang/crates-build-env/linux@sha256:f3a9d4ad9d972b27faf3965f35b62e55ba32bbce8f20bc8fe909558a86702fde" "/opt/rustwide/cargo-home/bin/cargo" "+beta-2024-12-08" "metadata" "--no-deps" "--format-version=1", kill_on_drop: false }`
[INFO] [stdout] 1af904bb46f8aa20272e5f357c330c06541a157668df61410c9208429baef6f5
[INFO] running `Command { std: "docker" "start" "-a" "1af904bb46f8aa20272e5f357c330c06541a157668df61410c9208429baef6f5", kill_on_drop: false }`
[INFO] running `Command { std: "docker" "inspect" "1af904bb46f8aa20272e5f357c330c06541a157668df61410c9208429baef6f5", kill_on_drop: false }`
[INFO] running `Command { std: "docker" "rm" "-f" "1af904bb46f8aa20272e5f357c330c06541a157668df61410c9208429baef6f5", kill_on_drop: false }`
[INFO] [stdout] 1af904bb46f8aa20272e5f357c330c06541a157668df61410c9208429baef6f5
[INFO] running `Command { std: "docker" "create" "-v" "/var/lib/crater-agent-workspace/builds/worker-7-tc2/target:/opt/rustwide/target:rw,Z" "-v" "/var/lib/crater-agent-workspace/builds/worker-7-tc2/source:/opt/rustwide/workdir:ro,Z" "-v" "/var/lib/crater-agent-workspace/cargo-home:/opt/rustwide/cargo-home:ro,Z" "-v" "/var/lib/crater-agent-workspace/rustup-home:/opt/rustwide/rustup-home:ro,Z" "-e" "SOURCE_DIR=/opt/rustwide/workdir" "-e" "CARGO_TARGET_DIR=/opt/rustwide/target" "-e" "CARGO_INCREMENTAL=0" "-e" "RUST_BACKTRACE=full" "-e" "RUSTFLAGS=--cap-lints=warn" "-e" "RUSTDOCFLAGS=--cap-lints=warn" "-e" "CARGO_HOME=/opt/rustwide/cargo-home" "-e" "RUSTUP_HOME=/opt/rustwide/rustup-home" "-w" "/opt/rustwide/workdir" "-m" "1610612736" "--user" "0:0" "--network" "none" "ghcr.io/rust-lang/crates-build-env/linux@sha256:f3a9d4ad9d972b27faf3965f35b62e55ba32bbce8f20bc8fe909558a86702fde" "/opt/rustwide/cargo-home/bin/cargo" "+beta-2024-12-08" "build" "--frozen" "--message-format=json", kill_on_drop: false }`
[INFO] [stdout] f155c63005a60657b285cf07a32f3afb60abc402cc2353a742c3884a5ac484b6
[INFO] running `Command { std: "docker" "start" "-a" "f155c63005a60657b285cf07a32f3afb60abc402cc2353a742c3884a5ac484b6", kill_on_drop: false }`
[INFO] [stderr]    Compiling ahash v0.8.11
[INFO] [stderr]    Compiling once_cell v1.19.0
[INFO] [stderr]    Compiling utf8parse v0.2.1
[INFO] [stderr]    Compiling zerocopy v0.7.32
[INFO] [stderr]    Compiling allocator-api2 v0.2.16
[INFO] [stderr]    Compiling libsqlite3-sys v0.28.0
[INFO] [stderr]    Compiling anstyle v1.0.6
[INFO] [stderr]    Compiling cfg_aliases v0.1.1
[INFO] [stderr]    Compiling anstyle-parse v0.2.3
[INFO] [stderr]    Compiling anstyle-query v1.0.2
[INFO] [stderr]    Compiling colorchoice v1.0.0
[INFO] [stderr]    Compiling nix v0.28.0
[INFO] [stderr]    Compiling base64 v0.21.7
[INFO] [stderr]    Compiling debug-helper v0.3.13
[INFO] [stderr]    Compiling anstream v0.6.13
[INFO] [stderr]    Compiling bitflags v2.5.0
[INFO] [stderr]    Compiling clap_lex v0.7.0
[INFO] [stderr]    Compiling strsim v0.11.1
[INFO] [stderr]    Compiling clap_builder v4.5.2
[INFO] [stderr]    Compiling hashbrown v0.14.3
[INFO] [stderr]    Compiling base64-url v2.0.2
[INFO] [stderr]    Compiling crc-any v2.4.4
[INFO] [stderr]    Compiling linked-hash-map v0.5.6
[INFO] [stderr]    Compiling smallvec v1.13.2
[INFO] [stderr]    Compiling fallible-iterator v0.3.0
[INFO] [stderr]    Compiling base32 v0.4.0
[INFO] [stderr]    Compiling fallible-streaming-iterator v0.1.9
[INFO] [stderr]    Compiling yaml-rust v0.4.5
[INFO] [stderr]    Compiling short-crypt v1.0.28
[INFO] [stderr]    Compiling hashlink v0.9.0
[INFO] [stderr]    Compiling rusqlite v0.31.0
[INFO] [stderr]    Compiling clap v4.5.4
[INFO] [stderr]    Compiling premstash v0.1.0 (/opt/rustwide/workdir)
[INFO] [stdout] warning: fields `method` and `credential` are never read
[INFO] [stdout]  --> src/server/parser.rs:5:9
[INFO] [stdout]   |
[INFO] [stdout] 4 | pub struct Parser{
[INFO] [stdout]   |            ------ fields in this struct
[INFO] [stdout] 5 |     pub method: String,
[INFO] [stdout]   |         ^^^^^^
[INFO] [stdout] 6 |     pub command: command::Command,
[INFO] [stdout] 7 |     pub credential: String
[INFO] [stdout]   |         ^^^^^^^^^^
[INFO] [stdout]   |
[INFO] [stdout]   = note: `#[warn(dead_code)]` on by default
[INFO] [stdout] 
[INFO] [stdout] 
[INFO] [stdout] warning: fields `interval` and `config` are never read
[INFO] [stdout]   --> src/server/gossip/gossip.rs:12:9
[INFO] [stdout]    |
[INFO] [stdout] 9  | pub struct GossipServer{
[INFO] [stdout]    |            ------------ fields in this struct
[INFO] [stdout] ...
[INFO] [stdout] 12 |     pub interval: usize,
[INFO] [stdout]    |         ^^^^^^^^
[INFO] [stdout] 13 |     pub config: config::Config
[INFO] [stdout]    |         ^^^^^^
[INFO] [stdout] 
[INFO] [stdout] 
[INFO] [stdout] warning: fields `main_servers` and `ping_interval` are never read
[INFO] [stdout]  --> src/server/gossip/config.rs:6:9
[INFO] [stdout]   |
[INFO] [stdout] 5 | pub struct Config {
[INFO] [stdout]   |            ------ fields in this struct
[INFO] [stdout] 6 |     pub main_servers: Vec<String>,
[INFO] [stdout]   |         ^^^^^^^^^^^^
[INFO] [stdout] 7 |     pub ping_interval: String,
[INFO] [stdout]   |         ^^^^^^^^^^^^^
[INFO] [stdout] 
[INFO] [stdout] 
[INFO] [stderr]     Finished `dev` profile [unoptimized + debuginfo] target(s) in 17.33s
[INFO] running `Command { std: "docker" "inspect" "f155c63005a60657b285cf07a32f3afb60abc402cc2353a742c3884a5ac484b6", kill_on_drop: false }`
[INFO] running `Command { std: "docker" "rm" "-f" "f155c63005a60657b285cf07a32f3afb60abc402cc2353a742c3884a5ac484b6", kill_on_drop: false }`
[INFO] [stdout] f155c63005a60657b285cf07a32f3afb60abc402cc2353a742c3884a5ac484b6
[INFO] running `Command { std: "docker" "create" "-v" "/var/lib/crater-agent-workspace/builds/worker-7-tc2/target:/opt/rustwide/target:rw,Z" "-v" "/var/lib/crater-agent-workspace/builds/worker-7-tc2/source:/opt/rustwide/workdir:ro,Z" "-v" "/var/lib/crater-agent-workspace/cargo-home:/opt/rustwide/cargo-home:ro,Z" "-v" "/var/lib/crater-agent-workspace/rustup-home:/opt/rustwide/rustup-home:ro,Z" "-e" "SOURCE_DIR=/opt/rustwide/workdir" "-e" "CARGO_TARGET_DIR=/opt/rustwide/target" "-e" "CARGO_INCREMENTAL=0" "-e" "RUST_BACKTRACE=full" "-e" "RUSTFLAGS=--cap-lints=warn" "-e" "RUSTDOCFLAGS=--cap-lints=warn" "-e" "CARGO_HOME=/opt/rustwide/cargo-home" "-e" "RUSTUP_HOME=/opt/rustwide/rustup-home" "-w" "/opt/rustwide/workdir" "-m" "1610612736" "--user" "0:0" "--network" "none" "ghcr.io/rust-lang/crates-build-env/linux@sha256:f3a9d4ad9d972b27faf3965f35b62e55ba32bbce8f20bc8fe909558a86702fde" "/opt/rustwide/cargo-home/bin/cargo" "+beta-2024-12-08" "test" "--frozen" "--no-run" "--message-format=json", kill_on_drop: false }`
[INFO] [stdout] fd66468ac690195306e698b36f3208e1060b47af2caf5a27efa82e8dfa0170dc
[INFO] running `Command { std: "docker" "start" "-a" "fd66468ac690195306e698b36f3208e1060b47af2caf5a27efa82e8dfa0170dc", kill_on_drop: false }`
[INFO] [stderr]    Compiling premstash v0.1.0 (/opt/rustwide/workdir)
[INFO] [stdout] warning: fields `method` and `credential` are never read
[INFO] [stdout]  --> src/server/parser.rs:5:9
[INFO] [stdout]   |
[INFO] [stdout] 4 | pub struct Parser{
[INFO] [stdout]   |            ------ fields in this struct
[INFO] [stdout] 5 |     pub method: String,
[INFO] [stdout]   |         ^^^^^^
[INFO] [stdout] 6 |     pub command: command::Command,
[INFO] [stdout] 7 |     pub credential: String
[INFO] [stdout]   |         ^^^^^^^^^^
[INFO] [stdout]   |
[INFO] [stdout]   = note: `#[warn(dead_code)]` on by default
[INFO] [stdout] 
[INFO] [stdout] 
[INFO] [stdout] warning: fields `interval` and `config` are never read
[INFO] [stdout]   --> src/server/gossip/gossip.rs:12:9
[INFO] [stdout]    |
[INFO] [stdout] 9  | pub struct GossipServer{
[INFO] [stdout]    |            ------------ fields in this struct
[INFO] [stdout] ...
[INFO] [stdout] 12 |     pub interval: usize,
[INFO] [stdout]    |         ^^^^^^^^
[INFO] [stdout] 13 |     pub config: config::Config
[INFO] [stdout]    |         ^^^^^^
[INFO] [stdout] 
[INFO] [stdout] 
[INFO] [stdout] warning: fields `main_servers` and `ping_interval` are never read
[INFO] [stdout]  --> src/server/gossip/config.rs:6:9
[INFO] [stdout]   |
[INFO] [stdout] 5 | pub struct Config {
[INFO] [stdout]   |            ------ fields in this struct
[INFO] [stdout] 6 |     pub main_servers: Vec<String>,
[INFO] [stdout]   |         ^^^^^^^^^^^^
[INFO] [stdout] 7 |     pub ping_interval: String,
[INFO] [stdout]   |         ^^^^^^^^^^^^^
[INFO] [stdout] 
[INFO] [stdout] 
[INFO] [stderr]     Finished `test` profile [unoptimized + debuginfo] target(s) in 0.75s
[INFO] running `Command { std: "docker" "inspect" "fd66468ac690195306e698b36f3208e1060b47af2caf5a27efa82e8dfa0170dc", kill_on_drop: false }`
[INFO] running `Command { std: "docker" "rm" "-f" "fd66468ac690195306e698b36f3208e1060b47af2caf5a27efa82e8dfa0170dc", kill_on_drop: false }`
[INFO] [stdout] fd66468ac690195306e698b36f3208e1060b47af2caf5a27efa82e8dfa0170dc
[INFO] running `Command { std: "docker" "create" "-v" "/var/lib/crater-agent-workspace/builds/worker-7-tc2/target:/opt/rustwide/target:rw,Z" "-v" "/var/lib/crater-agent-workspace/builds/worker-7-tc2/source:/opt/rustwide/workdir:ro,Z" "-v" "/var/lib/crater-agent-workspace/cargo-home:/opt/rustwide/cargo-home:ro,Z" "-v" "/var/lib/crater-agent-workspace/rustup-home:/opt/rustwide/rustup-home:ro,Z" "-e" "SOURCE_DIR=/opt/rustwide/workdir" "-e" "CARGO_TARGET_DIR=/opt/rustwide/target" "-e" "CARGO_INCREMENTAL=0" "-e" "RUST_BACKTRACE=full" "-e" "RUSTFLAGS=--cap-lints=warn" "-e" "RUSTDOCFLAGS=--cap-lints=warn" "-e" "CARGO_HOME=/opt/rustwide/cargo-home" "-e" "RUSTUP_HOME=/opt/rustwide/rustup-home" "-w" "/opt/rustwide/workdir" "-m" "1610612736" "--user" "0:0" "--network" "none" "ghcr.io/rust-lang/crates-build-env/linux@sha256:f3a9d4ad9d972b27faf3965f35b62e55ba32bbce8f20bc8fe909558a86702fde" "/opt/rustwide/cargo-home/bin/cargo" "+beta-2024-12-08" "test" "--frozen", kill_on_drop: false }`
[INFO] [stdout] 302ef923f97861d635adce6ebddcf21d874b0c617f116ac575bc0676d987b230
[INFO] running `Command { std: "docker" "start" "-a" "302ef923f97861d635adce6ebddcf21d874b0c617f116ac575bc0676d987b230", kill_on_drop: false }`
[INFO] [stderr] warning: fields `method` and `credential` are never read
[INFO] [stderr]  --> src/server/parser.rs:5:9
[INFO] [stderr]   |
[INFO] [stderr] 4 | pub struct Parser{
[INFO] [stderr]   |            ------ fields in this struct
[INFO] [stderr] 5 |     pub method: String,
[INFO] [stderr]   |         ^^^^^^
[INFO] [stderr] 6 |     pub command: command::Command,
[INFO] [stderr] 7 |     pub credential: String
[INFO] [stderr]   |         ^^^^^^^^^^
[INFO] [stderr]   |
[INFO] [stderr]   = note: `#[warn(dead_code)]` on by default
[INFO] [stderr] 
[INFO] [stderr] warning: fields `interval` and `config` are never read
[INFO] [stderr]   --> src/server/gossip/gossip.rs:12:9
[INFO] [stderr]    |
[INFO] [stderr] 9  | pub struct GossipServer{
[INFO] [stderr]    |            ------------ fields in this struct
[INFO] [stderr] ...
[INFO] [stderr] 12 |     pub interval: usize,
[INFO] [stderr]    |         ^^^^^^^^
[INFO] [stderr] 13 |     pub config: config::Config
[INFO] [stderr]    |         ^^^^^^
[INFO] [stderr] 
[INFO] [stderr] warning: fields `main_servers` and `ping_interval` are never read
[INFO] [stderr]  --> src/server/gossip/config.rs:6:9
[INFO] [stderr]   |
[INFO] [stderr] 5 | pub struct Config {
[INFO] [stderr]   |            ------ fields in this struct
[INFO] [stderr] 6 |     pub main_servers: Vec<String>,
[INFO] [stderr]   |         ^^^^^^^^^^^^
[INFO] [stderr] 7 |     pub ping_interval: String,
[INFO] [stderr]   |         ^^^^^^^^^^^^^
[INFO] [stderr] 
[INFO] [stderr] warning: `premstash` (bin "premstash" test) generated 3 warnings
[INFO] [stderr]     Finished `test` profile [unoptimized + debuginfo] target(s) in 0.05s
[INFO] [stderr]      Running unittests src/main.rs (/opt/rustwide/target/debug/deps/premstash-ce5e31cf7c3e2ec7)
[INFO] [stdout] 
[INFO] [stdout] running 1 test
[INFO] [stdout] test vault::sqlite::db::tests::test_db_creation ... FAILED
[INFO] [stdout] 
[INFO] [stdout] failures:
[INFO] [stdout] 
[INFO] [stdout] ---- vault::sqlite::db::tests::test_db_creation stdout ----
[INFO] [stdout] thread 'vault::sqlite::db::tests::test_db_creation' panicked at src/vault/sqlite/db.rs:13:16:
[INFO] [stdout] called `Result::unwrap()` on an `Err` value: SqliteFailure(Error { code: CannotOpen, extended_code: 14 }, Some("unable to open database file: /Users/mmuhammad/Desktop/projects/premstash/premstash/cred.vault"))
[INFO] [stdout] stack backtrace:
[INFO] [stdout]    0:     0x5ab0d4499cca - std::backtrace_rs::backtrace::libunwind::trace::h8810477743020387
[INFO] [stdout]                                at /rustc/202008a1b8de96d2e5b6bc02d379db03a877d34d/library/std/src/../../backtrace/src/backtrace/libunwind.rs:116:5
[INFO] [stdout]    1:     0x5ab0d4499cca - std::backtrace_rs::backtrace::trace_unsynchronized::h3aa55355dd6c54a6
[INFO] [stdout]                                at /rustc/202008a1b8de96d2e5b6bc02d379db03a877d34d/library/std/src/../../backtrace/src/backtrace/mod.rs:66:5
[INFO] [stdout]    2:     0x5ab0d4499cca - std::sys::backtrace::_print_fmt::h8588b0f62410823f
[INFO] [stdout]                                at /rustc/202008a1b8de96d2e5b6bc02d379db03a877d34d/library/std/src/sys/backtrace.rs:66:9
[INFO] [stdout]    3:     0x5ab0d4499cca - <std::sys::backtrace::BacktraceLock::print::DisplayBacktrace as core::fmt::Display>::fmt::h98c26ac25ffe89bb
[INFO] [stdout]                                at /rustc/202008a1b8de96d2e5b6bc02d379db03a877d34d/library/std/src/sys/backtrace.rs:39:26
[INFO] [stdout]    4:     0x5ab0d44bf763 - core::fmt::rt::Argument::fmt::hf95377f4aebd453b
[INFO] [stdout]                                at /rustc/202008a1b8de96d2e5b6bc02d379db03a877d34d/library/core/src/fmt/rt.rs:177:76
[INFO] [stdout]    5:     0x5ab0d44bf763 - core::fmt::write::h0dd5f6e2238c7982
[INFO] [stdout]                                at /rustc/202008a1b8de96d2e5b6bc02d379db03a877d34d/library/core/src/fmt/mod.rs:1189:21
[INFO] [stdout]    6:     0x5ab0d4496e63 - std::io::Write::write_fmt::h03bb0ca26e6faf8c
[INFO] [stdout]                                at /rustc/202008a1b8de96d2e5b6bc02d379db03a877d34d/library/std/src/io/mod.rs:1884:15
[INFO] [stdout]    7:     0x5ab0d4499b12 - std::sys::backtrace::BacktraceLock::print::h5c19c1c038ee186d
[INFO] [stdout]                                at /rustc/202008a1b8de96d2e5b6bc02d379db03a877d34d/library/std/src/sys/backtrace.rs:42:9
[INFO] [stdout]    8:     0x5ab0d449b14d - std::panicking::default_hook::{{closure}}::h77172f079a1fcb13
[INFO] [stdout]                                at /rustc/202008a1b8de96d2e5b6bc02d379db03a877d34d/library/std/src/panicking.rs:268:22
[INFO] [stdout]    9:     0x5ab0d449af57 - std::panicking::default_hook::he5f8e3b203ccddba
[INFO] [stdout]                                at /rustc/202008a1b8de96d2e5b6bc02d379db03a877d34d/library/std/src/panicking.rs:292:9
[INFO] [stdout]   10:     0x5ab0d445a297 - <alloc::boxed::Box<F,A> as core::ops::function::Fn<Args>>::call::h7a3c7b4a1ae77f2f
[INFO] [stdout]                                at /rustc/202008a1b8de96d2e5b6bc02d379db03a877d34d/library/alloc/src/boxed.rs:1986:9
[INFO] [stdout]   11:     0x5ab0d445a297 - test::test_main::{{closure}}::hf0d3b69ae9b353d1
[INFO] [stdout]                                at /rustc/202008a1b8de96d2e5b6bc02d379db03a877d34d/library/test/src/lib.rs:134:21
[INFO] [stdout]   12:     0x5ab0d449b7f8 - <alloc::boxed::Box<F,A> as core::ops::function::Fn<Args>>::call::h6332e82e7b189abd
[INFO] [stdout]                                at /rustc/202008a1b8de96d2e5b6bc02d379db03a877d34d/library/alloc/src/boxed.rs:1986:9
[INFO] [stdout]   13:     0x5ab0d449b7f8 - std::panicking::rust_panic_with_hook::h53863d4e9018df39
[INFO] [stdout]                                at /rustc/202008a1b8de96d2e5b6bc02d379db03a877d34d/library/std/src/panicking.rs:809:13
[INFO] [stdout]   14:     0x5ab0d449b5ba - std::panicking::begin_panic_handler::{{closure}}::h67280e6fa0757873
[INFO] [stdout]                                at /rustc/202008a1b8de96d2e5b6bc02d379db03a877d34d/library/std/src/panicking.rs:674:13
[INFO] [stdout]   15:     0x5ab0d449a1a9 - std::sys::backtrace::__rust_end_short_backtrace::h1dac3f54d6fbbeb2
[INFO] [stdout]                                at /rustc/202008a1b8de96d2e5b6bc02d379db03a877d34d/library/std/src/sys/backtrace.rs:170:18
[INFO] [stdout]   16:     0x5ab0d449b24c - rust_begin_unwind
[INFO] [stdout]                                at /rustc/202008a1b8de96d2e5b6bc02d379db03a877d34d/library/std/src/panicking.rs:665:5
[INFO] [stdout]   17:     0x5ab0d441db00 - core::panicking::panic_fmt::h6792bd1b2bf01041
[INFO] [stdout]                                at /rustc/202008a1b8de96d2e5b6bc02d379db03a877d34d/library/core/src/panicking.rs:76:14
[INFO] [stdout]   18:     0x5ab0d441dea6 - core::result::unwrap_failed::h05e0602ed34287c5
[INFO] [stdout]                                at /rustc/202008a1b8de96d2e5b6bc02d379db03a877d34d/library/core/src/result.rs:1699:5
[INFO] [stdout]   19:     0x5ab0d44206a7 - core::result::Result<T,E>::unwrap::h2be91fca18ee4388
[INFO] [stdout]                                at /rustc/202008a1b8de96d2e5b6bc02d379db03a877d34d/library/core/src/result.rs:1104:23
[INFO] [stdout]   20:     0x5ab0d44206a7 - premstash::vault::sqlite::db::SqliteDb::new::h9506b3a25e553978
[INFO] [stdout]                                at /opt/rustwide/workdir/src/vault/sqlite/db.rs:10:20
[INFO] [stdout]   21:     0x5ab0d44209de - premstash::vault::sqlite::db::tests::test_db_creation::h5623f3471190f8c3
[INFO] [stdout]                                at /opt/rustwide/workdir/src/vault/sqlite/db.rs:129:9
[INFO] [stdout]   22:     0x5ab0d44209b7 - premstash::vault::sqlite::db::tests::test_db_creation::{{closure}}::hcceab3b005067394
[INFO] [stdout]                                at /opt/rustwide/workdir/src/vault/sqlite/db.rs:128:30
[INFO] [stdout]   23:     0x5ab0d441e596 - core::ops::function::FnOnce::call_once::h6eea186039f67d08
[INFO] [stdout]                                at /rustc/202008a1b8de96d2e5b6bc02d379db03a877d34d/library/core/src/ops/function.rs:250:5
[INFO] [stdout]   24:     0x5ab0d445edbb - core::ops::function::FnOnce::call_once::h871bf86719ec9aa4
[INFO] [stdout]                                at /rustc/202008a1b8de96d2e5b6bc02d379db03a877d34d/library/core/src/ops/function.rs:250:5
[INFO] [stdout]   25:     0x5ab0d445edbb - test::__rust_begin_short_backtrace::h2167df1e2b7d76fd
[INFO] [stdout]                                at /rustc/202008a1b8de96d2e5b6bc02d379db03a877d34d/library/test/src/lib.rs:632:18
[INFO] [stdout]   26:     0x5ab0d445e7a8 - test::run_test_in_process::{{closure}}::h15d92f75a3adfb79
[INFO] [stdout]                                at /rustc/202008a1b8de96d2e5b6bc02d379db03a877d34d/library/test/src/lib.rs:655:60
[INFO] [stdout]   27:     0x5ab0d445e7a8 - <core::panic::unwind_safe::AssertUnwindSafe<F> as core::ops::function::FnOnce<()>>::call_once::hb6c8955835a8dbbb
[INFO] [stdout]                                at /rustc/202008a1b8de96d2e5b6bc02d379db03a877d34d/library/core/src/panic/unwind_safe.rs:272:9
[INFO] [stdout]   28:     0x5ab0d445e7a8 - std::panicking::try::do_call::hc79d0fc888a0bd30
[INFO] [stdout]                                at /rustc/202008a1b8de96d2e5b6bc02d379db03a877d34d/library/std/src/panicking.rs:557:40
[INFO] [stdout]   29:     0x5ab0d445e7a8 - std::panicking::try::hb8a7878e3a8589d6
[INFO] [stdout]                                at /rustc/202008a1b8de96d2e5b6bc02d379db03a877d34d/library/std/src/panicking.rs:520:19
[INFO] [stdout]   30:     0x5ab0d445e7a8 - std::panic::catch_unwind::hb8e4600ff0ff5cfa
[INFO] [stdout]                                at /rustc/202008a1b8de96d2e5b6bc02d379db03a877d34d/library/std/src/panic.rs:358:14
[INFO] [stdout]   31:     0x5ab0d445e7a8 - test::run_test_in_process::hc2900b0b18688dd6
[INFO] [stdout]                                at /rustc/202008a1b8de96d2e5b6bc02d379db03a877d34d/library/test/src/lib.rs:655:27
[INFO] [stdout]   32:     0x5ab0d445e7a8 - test::run_test::{{closure}}::hac2a9cb07be3d48d
[INFO] [stdout]                                at /rustc/202008a1b8de96d2e5b6bc02d379db03a877d34d/library/test/src/lib.rs:576:43
[INFO] [stdout]   33:     0x5ab0d442224a - test::run_test::{{closure}}::h4a5b729e66a38cd8
[INFO] [stdout]                                at /rustc/202008a1b8de96d2e5b6bc02d379db03a877d34d/library/test/src/lib.rs:606:41
[INFO] [stdout]   34:     0x5ab0d442224a - std::sys::backtrace::__rust_begin_short_backtrace::h0496fb742492f573
[INFO] [stdout]                                at /rustc/202008a1b8de96d2e5b6bc02d379db03a877d34d/library/std/src/sys/backtrace.rs:154:18
[INFO] [stdout]   35:     0x5ab0d4425bc4 - std::thread::Builder::spawn_unchecked_::{{closure}}::{{closure}}::hbb6d257c550a54bd
[INFO] [stdout]                                at /rustc/202008a1b8de96d2e5b6bc02d379db03a877d34d/library/std/src/thread/mod.rs:561:17
[INFO] [stdout]   36:     0x5ab0d4425bc4 - <core::panic::unwind_safe::AssertUnwindSafe<F> as core::ops::function::FnOnce<()>>::call_once::h46696fe4a6832328
[INFO] [stdout]                                at /rustc/202008a1b8de96d2e5b6bc02d379db03a877d34d/library/core/src/panic/unwind_safe.rs:272:9
[INFO] [stdout]   37:     0x5ab0d4425bc4 - std::panicking::try::do_call::h2625a51b667bfb64
[INFO] [stdout]                                at /rustc/202008a1b8de96d2e5b6bc02d379db03a877d34d/library/std/src/panicking.rs:557:40
[INFO] [stdout]   38:     0x5ab0d4425bc4 - std::panicking::try::hb956a59a1973aa4c
[INFO] [stdout]                                at /rustc/202008a1b8de96d2e5b6bc02d379db03a877d34d/library/std/src/panicking.rs:520:19
[INFO] [stdout]   39:     0x5ab0d4425bc4 - std::panic::catch_unwind::h64f3b9d1067ef6a0
[INFO] [stdout]                                at /rustc/202008a1b8de96d2e5b6bc02d379db03a877d34d/library/std/src/panic.rs:358:14
[INFO] [stdout]   40:     0x5ab0d4425bc4 - std::thread::Builder::spawn_unchecked_::{{closure}}::h42b2841295b6c0b2
[INFO] [stdout]                                at /rustc/202008a1b8de96d2e5b6bc02d379db03a877d34d/library/std/src/thread/mod.rs:559:30
[INFO] [stdout]   41:     0x5ab0d4425bc4 - core::ops::function::FnOnce::call_once{{vtable.shim}}::h6127de71b8124639
[INFO] [stdout]                                at /rustc/202008a1b8de96d2e5b6bc02d379db03a877d34d/library/core/src/ops/function.rs:250:5
[INFO] [stdout]   42:     0x5ab0d449f73b - <alloc::boxed::Box<F,A> as core::ops::function::FnOnce<Args>>::call_once::h42f0ba71002a1b2c
[INFO] [stdout]                                at /rustc/202008a1b8de96d2e5b6bc02d379db03a877d34d/library/alloc/src/boxed.rs:1972:9
[INFO] [stdout]   43:     0x5ab0d449f73b - <alloc::boxed::Box<F,A> as core::ops::function::FnOnce<Args>>::call_once::had9e47d7a3dcecb8
[INFO] [stdout]                                at /rustc/202008a1b8de96d2e5b6bc02d379db03a877d34d/library/alloc/src/boxed.rs:1972:9
[INFO] [stdout]   44:     0x5ab0d449f73b - std::sys::pal::unix::thread::Thread::new::thread_start::h48cf765408f6f5f2
[INFO] [stdout]                                at /rustc/202008a1b8de96d2e5b6bc02d379db03a877d34d/library/std/src/sys/pal/unix/thread.rs:105:17
[INFO] [stdout]   45:     0x78ae6f6c7ac3 - <unknown>
[INFO] [stdout]   46:     0x78ae6f758a04 - clone
[INFO] [stdout]   47:                0x0 - <unknown>
[INFO] [stdout] 
[INFO] [stdout] 
[INFO] [stdout] failures:
[INFO] [stdout]     vault::sqlite::db::tests::test_db_creation
[INFO] [stdout] 
[INFO] [stdout] test result: FAILED. 0 passed; 1 failed; 0 ignored; 0 measured; 0 filtered out; finished in 0.02s
[INFO] [stdout] 
[INFO] [stderr] error: test failed, to rerun pass `--bin premstash`
[INFO] running `Command { std: "docker" "inspect" "302ef923f97861d635adce6ebddcf21d874b0c617f116ac575bc0676d987b230", kill_on_drop: false }`
[INFO] running `Command { std: "docker" "rm" "-f" "302ef923f97861d635adce6ebddcf21d874b0c617f116ac575bc0676d987b230", kill_on_drop: false }`
[INFO] [stdout] 302ef923f97861d635adce6ebddcf21d874b0c617f116ac575bc0676d987b230
