[INFO] cloning repository https://github.com/Mikaio/projector-rs
[INFO] running `Command { std: "git" "-c" "credential.helper=" "-c" "credential.helper=/workspace/cargo-home/bin/git-credential-null" "clone" "--bare" "https://github.com/Mikaio/projector-rs" "/workspace/cache/git-repos/https%3A%2F%2Fgithub.com%2FMikaio%2Fprojector-rs", kill_on_drop: false }`
[INFO] [stderr] Cloning into bare repository '/workspace/cache/git-repos/https%3A%2F%2Fgithub.com%2FMikaio%2Fprojector-rs'...
[INFO] running `Command { std: "git" "rev-parse" "HEAD", kill_on_drop: false }`
[INFO] [stdout] de64ccb2d1baa34ae1945deda8c959033073e59d
[INFO] testing Mikaio/projector-rs against 1.83.0 for beta-1.84.0-4-retry
[INFO] running `Command { std: "git" "clone" "/workspace/cache/git-repos/https%3A%2F%2Fgithub.com%2FMikaio%2Fprojector-rs" "/workspace/builds/worker-0-tc1/source", kill_on_drop: false }`
[INFO] [stderr] Cloning into '/workspace/builds/worker-0-tc1/source'...
[INFO] [stderr] done.
[INFO] validating manifest of git repo https://github.com/Mikaio/projector-rs on toolchain 1.83.0
[INFO] running `Command { std: CARGO_HOME="/workspace/cargo-home" RUSTUP_HOME="/workspace/rustup-home" "/workspace/cargo-home/bin/cargo" "+1.83.0" "metadata" "--manifest-path" "Cargo.toml" "--no-deps", kill_on_drop: false }`
[INFO] started tweaking git repo https://github.com/Mikaio/projector-rs
[INFO] finished tweaking git repo https://github.com/Mikaio/projector-rs
[INFO] tweaked toml for git repo https://github.com/Mikaio/projector-rs written to /workspace/builds/worker-0-tc1/source/Cargo.toml
[INFO] crate git repo https://github.com/Mikaio/projector-rs already has a lockfile, it will not be regenerated
[INFO] running `Command { std: CARGO_HOME="/workspace/cargo-home" RUSTUP_HOME="/workspace/rustup-home" "/workspace/cargo-home/bin/cargo" "+1.83.0" "fetch" "--manifest-path" "Cargo.toml", kill_on_drop: false }`
[INFO] [stderr]     Updating crates.io index
[INFO] [stderr]  Downloading crates ...
[INFO] [stderr]   Downloaded clap v4.3.8
[INFO] [stderr]   Downloaded collection_macros v0.2.0
[INFO] [stderr]   Downloaded clap_builder v4.3.8
[INFO] running `Command { std: "docker" "create" "-v" "/var/lib/crater-agent-workspace/builds/worker-0-tc1/target:/opt/rustwide/target:rw,Z" "-v" "/var/lib/crater-agent-workspace/builds/worker-0-tc1/source:/opt/rustwide/workdir:ro,Z" "-v" "/var/lib/crater-agent-workspace/cargo-home:/opt/rustwide/cargo-home:ro,Z" "-v" "/var/lib/crater-agent-workspace/rustup-home:/opt/rustwide/rustup-home:ro,Z" "-e" "SOURCE_DIR=/opt/rustwide/workdir" "-e" "CARGO_TARGET_DIR=/opt/rustwide/target" "-e" "CARGO_HOME=/opt/rustwide/cargo-home" "-e" "RUSTUP_HOME=/opt/rustwide/rustup-home" "-w" "/opt/rustwide/workdir" "-m" "1610612736" "--user" "0:0" "--network" "none" "ghcr.io/rust-lang/crates-build-env/linux@sha256:f3a9d4ad9d972b27faf3965f35b62e55ba32bbce8f20bc8fe909558a86702fde" "/opt/rustwide/cargo-home/bin/cargo" "+1.83.0" "metadata" "--no-deps" "--format-version=1", kill_on_drop: false }`
[INFO] [stdout] acb6f6036d64d63b71dc7dcfce40bcf0daf23dcc30082bde51f1418ff117818c
[INFO] running `Command { std: "docker" "start" "-a" "acb6f6036d64d63b71dc7dcfce40bcf0daf23dcc30082bde51f1418ff117818c", kill_on_drop: false }`
[INFO] running `Command { std: "docker" "inspect" "acb6f6036d64d63b71dc7dcfce40bcf0daf23dcc30082bde51f1418ff117818c", kill_on_drop: false }`
[INFO] running `Command { std: "docker" "rm" "-f" "acb6f6036d64d63b71dc7dcfce40bcf0daf23dcc30082bde51f1418ff117818c", kill_on_drop: false }`
[INFO] [stdout] acb6f6036d64d63b71dc7dcfce40bcf0daf23dcc30082bde51f1418ff117818c
[INFO] running `Command { std: "docker" "create" "-v" "/var/lib/crater-agent-workspace/builds/worker-0-tc1/target:/opt/rustwide/target:rw,Z" "-v" "/var/lib/crater-agent-workspace/builds/worker-0-tc1/source:/opt/rustwide/workdir:ro,Z" "-v" "/var/lib/crater-agent-workspace/cargo-home:/opt/rustwide/cargo-home:ro,Z" "-v" "/var/lib/crater-agent-workspace/rustup-home:/opt/rustwide/rustup-home:ro,Z" "-e" "SOURCE_DIR=/opt/rustwide/workdir" "-e" "CARGO_TARGET_DIR=/opt/rustwide/target" "-e" "CARGO_INCREMENTAL=0" "-e" "RUST_BACKTRACE=full" "-e" "RUSTFLAGS=--cap-lints=warn" "-e" "RUSTDOCFLAGS=--cap-lints=warn" "-e" "CARGO_HOME=/opt/rustwide/cargo-home" "-e" "RUSTUP_HOME=/opt/rustwide/rustup-home" "-w" "/opt/rustwide/workdir" "-m" "1610612736" "--user" "0:0" "--network" "none" "ghcr.io/rust-lang/crates-build-env/linux@sha256:f3a9d4ad9d972b27faf3965f35b62e55ba32bbce8f20bc8fe909558a86702fde" "/opt/rustwide/cargo-home/bin/cargo" "+1.83.0" "build" "--frozen" "--message-format=json", kill_on_drop: false }`
[INFO] [stdout] ffa6eb53723cd3f1ed62cc17a867eaa37de1f95628d7f14e5189a9aaaf5af070
[INFO] running `Command { std: "docker" "start" "-a" "ffa6eb53723cd3f1ed62cc17a867eaa37de1f95628d7f14e5189a9aaaf5af070", kill_on_drop: false }`
[INFO] [stderr]    Compiling proc-macro2 v1.0.63
[INFO] [stderr]    Compiling unicode-ident v1.0.9
[INFO] [stderr]    Compiling libc v0.2.146
[INFO] [stderr]    Compiling quote v1.0.28
[INFO] [stderr]    Compiling io-lifetimes v1.0.11
[INFO] [stderr]    Compiling rustix v0.37.20
[INFO] [stderr]    Compiling linux-raw-sys v0.3.8
[INFO] [stderr]    Compiling utf8parse v0.2.1
[INFO] [stderr]    Compiling colorchoice v1.0.0
[INFO] [stderr]    Compiling anstyle-query v1.0.0
[INFO] [stderr]    Compiling anstyle v1.0.1
[INFO] [stderr]    Compiling serde v1.0.171
[INFO] [stderr]    Compiling serde_json v1.0.103
[INFO] [stderr]    Compiling strsim v0.10.0
[INFO] [stderr]    Compiling clap_lex v0.5.0
[INFO] [stderr]    Compiling anyhow v1.0.71
[INFO] [stderr]    Compiling anstyle-parse v0.2.1
[INFO] [stderr]    Compiling heck v0.4.1
[INFO] [stderr]    Compiling once_cell v1.18.0
[INFO] [stderr]    Compiling itoa v1.0.9
[INFO] [stderr]    Compiling ryu v1.0.15
[INFO] [stderr]    Compiling collection_macros v0.2.0
[INFO] [stderr]    Compiling syn v2.0.26
[INFO] [stderr]    Compiling is-terminal v0.4.7
[INFO] [stderr]    Compiling anstream v0.3.2
[INFO] [stderr]    Compiling clap_builder v4.3.8
[INFO] [stderr]    Compiling serde_derive v1.0.171
[INFO] [stderr]    Compiling clap_derive v4.3.2
[INFO] [stderr]    Compiling clap v4.3.8
[INFO] [stderr]    Compiling projector-rust v0.1.0 (/opt/rustwide/workdir)
[INFO] [stderr]     Finished `dev` profile [unoptimized + debuginfo] target(s) in 21.70s
[INFO] running `Command { std: "docker" "inspect" "ffa6eb53723cd3f1ed62cc17a867eaa37de1f95628d7f14e5189a9aaaf5af070", kill_on_drop: false }`
[INFO] running `Command { std: "docker" "rm" "-f" "ffa6eb53723cd3f1ed62cc17a867eaa37de1f95628d7f14e5189a9aaaf5af070", kill_on_drop: false }`
[INFO] [stdout] ffa6eb53723cd3f1ed62cc17a867eaa37de1f95628d7f14e5189a9aaaf5af070
[INFO] running `Command { std: "docker" "create" "-v" "/var/lib/crater-agent-workspace/builds/worker-0-tc1/target:/opt/rustwide/target:rw,Z" "-v" "/var/lib/crater-agent-workspace/builds/worker-0-tc1/source:/opt/rustwide/workdir:ro,Z" "-v" "/var/lib/crater-agent-workspace/cargo-home:/opt/rustwide/cargo-home:ro,Z" "-v" "/var/lib/crater-agent-workspace/rustup-home:/opt/rustwide/rustup-home:ro,Z" "-e" "SOURCE_DIR=/opt/rustwide/workdir" "-e" "CARGO_TARGET_DIR=/opt/rustwide/target" "-e" "CARGO_INCREMENTAL=0" "-e" "RUST_BACKTRACE=full" "-e" "RUSTFLAGS=--cap-lints=warn" "-e" "RUSTDOCFLAGS=--cap-lints=warn" "-e" "CARGO_HOME=/opt/rustwide/cargo-home" "-e" "RUSTUP_HOME=/opt/rustwide/rustup-home" "-w" "/opt/rustwide/workdir" "-m" "1610612736" "--user" "0:0" "--network" "none" "ghcr.io/rust-lang/crates-build-env/linux@sha256:f3a9d4ad9d972b27faf3965f35b62e55ba32bbce8f20bc8fe909558a86702fde" "/opt/rustwide/cargo-home/bin/cargo" "+1.83.0" "test" "--frozen" "--no-run" "--message-format=json", kill_on_drop: false }`
[INFO] [stdout] 8b0775d664cca6c9ad6d22660321d7d2a4e3a706b03902a2b8def07833c1616a
[INFO] running `Command { std: "docker" "start" "-a" "8b0775d664cca6c9ad6d22660321d7d2a4e3a706b03902a2b8def07833c1616a", kill_on_drop: false }`
[INFO] [stderr]    Compiling projector-rust v0.1.0 (/opt/rustwide/workdir)
[INFO] [stderr]     Finished `test` profile [unoptimized + debuginfo] target(s) in 1.24s
[INFO] running `Command { std: "docker" "inspect" "8b0775d664cca6c9ad6d22660321d7d2a4e3a706b03902a2b8def07833c1616a", kill_on_drop: false }`
[INFO] running `Command { std: "docker" "rm" "-f" "8b0775d664cca6c9ad6d22660321d7d2a4e3a706b03902a2b8def07833c1616a", kill_on_drop: false }`
[INFO] [stdout] 8b0775d664cca6c9ad6d22660321d7d2a4e3a706b03902a2b8def07833c1616a
[INFO] running `Command { std: "docker" "create" "-v" "/var/lib/crater-agent-workspace/builds/worker-0-tc1/target:/opt/rustwide/target:rw,Z" "-v" "/var/lib/crater-agent-workspace/builds/worker-0-tc1/source:/opt/rustwide/workdir:ro,Z" "-v" "/var/lib/crater-agent-workspace/cargo-home:/opt/rustwide/cargo-home:ro,Z" "-v" "/var/lib/crater-agent-workspace/rustup-home:/opt/rustwide/rustup-home:ro,Z" "-e" "SOURCE_DIR=/opt/rustwide/workdir" "-e" "CARGO_TARGET_DIR=/opt/rustwide/target" "-e" "CARGO_INCREMENTAL=0" "-e" "RUST_BACKTRACE=full" "-e" "RUSTFLAGS=--cap-lints=warn" "-e" "RUSTDOCFLAGS=--cap-lints=warn" "-e" "CARGO_HOME=/opt/rustwide/cargo-home" "-e" "RUSTUP_HOME=/opt/rustwide/rustup-home" "-w" "/opt/rustwide/workdir" "-m" "1610612736" "--user" "0:0" "--network" "none" "ghcr.io/rust-lang/crates-build-env/linux@sha256:f3a9d4ad9d972b27faf3965f35b62e55ba32bbce8f20bc8fe909558a86702fde" "/opt/rustwide/cargo-home/bin/cargo" "+1.83.0" "test" "--frozen", kill_on_drop: false }`
[INFO] [stdout] 4d0816e3f8211d5ecadade0185a55618cdfd0f70e9f8315a42f3009a72074644
[INFO] running `Command { std: "docker" "start" "-a" "4d0816e3f8211d5ecadade0185a55618cdfd0f70e9f8315a42f3009a72074644", kill_on_drop: false }`
[INFO] [stderr]     Finished `test` profile [unoptimized + debuginfo] target(s) in 0.07s
[INFO] [stderr]      Running unittests src/lib.rs (/opt/rustwide/target/debug/deps/projector_rust-111dacf5e7e839f7)
[INFO] [stdout] 
[INFO] [stdout] running 7 tests
[INFO] [stdout] test config::test::test_add_key ... FAILED
[INFO] [stdout] test config::test::test_print_all ... FAILED
[INFO] [stdout] test config::test::test_remove_key ... FAILED
[INFO] [stdout] test config::test::test_print_key ... FAILED
[INFO] [stdout] test projector::test::get_value ... ok
[INFO] [stdout] test projector::test::set_value ... ok
[INFO] [stdout] test projector::test::remove_value ... ok
[INFO] [stdout] 
[INFO] [stdout] failures:
[INFO] [stdout] 
[INFO] [stdout] ---- config::test::test_add_key stdout ----
[INFO] [stdout] Error: unable to get XDG_CONFIG_HOME
[INFO] [stdout] 
[INFO] [stdout] Caused by:
[INFO] [stdout]     environment variable not found
[INFO] [stdout] 
[INFO] [stdout] ---- config::test::test_print_all stdout ----
[INFO] [stdout] Error: unable to get XDG_CONFIG_HOME
[INFO] [stdout] 
[INFO] [stdout] Caused by:
[INFO] [stdout]     environment variable not found
[INFO] [stdout] 
[INFO] [stdout] ---- config::test::test_remove_key stdout ----
[INFO] [stdout] Error: unable to get XDG_CONFIG_HOME
[INFO] [stdout] 
[INFO] [stdout] Caused by:
[INFO] [stdout]     environment variable not found
[INFO] [stdout] 
[INFO] [stdout] ---- config::test::test_print_key stdout ----
[INFO] [stdout] Error: unable to get XDG_CONFIG_HOME
[INFO] [stdout] 
[INFO] [stdout] Caused by:
[INFO] [stdout]     environment variable not found
[INFO] [stdout] 
[INFO] [stdout] 
[INFO] [stdout] failures:
[INFO] [stdout]     config::test::test_add_key
[INFO] [stdout]     config::test::test_print_all
[INFO] [stdout]     config::test::test_print_key
[INFO] [stdout]     config::test::test_remove_key
[INFO] [stdout] 
[INFO] [stderr] error: test failed, to rerun pass `--lib`
[INFO] [stdout] test result: FAILED. 3 passed; 4 failed; 0 ignored; 0 measured; 0 filtered out; finished in 0.01s
[INFO] [stdout] 
[INFO] running `Command { std: "docker" "inspect" "4d0816e3f8211d5ecadade0185a55618cdfd0f70e9f8315a42f3009a72074644", kill_on_drop: false }`
[INFO] running `Command { std: "docker" "rm" "-f" "4d0816e3f8211d5ecadade0185a55618cdfd0f70e9f8315a42f3009a72074644", kill_on_drop: false }`
[INFO] [stdout] 4d0816e3f8211d5ecadade0185a55618cdfd0f70e9f8315a42f3009a72074644
