[INFO] cloning repository https://github.com/Migorithm/duva
[INFO] running `Command { std: "git" "-c" "credential.helper=" "-c" "credential.helper=/workspace/cargo-home/bin/git-credential-null" "clone" "--bare" "https://github.com/Migorithm/duva" "/workspace/cache/git-repos/https%3A%2F%2Fgithub.com%2FMigorithm%2Fduva", kill_on_drop: false }`
[INFO] [stderr] Cloning into bare repository '/workspace/cache/git-repos/https%3A%2F%2Fgithub.com%2FMigorithm%2Fduva'...
[INFO] running `Command { std: "git" "rev-parse" "HEAD", kill_on_drop: false }`
[INFO] [stdout] 13dd8139ede43553932b28274124b00e76b48963
[INFO] testing Migorithm/duva against 1.83.0 for beta-1.84.0-4-retry
[INFO] running `Command { std: "git" "clone" "/workspace/cache/git-repos/https%3A%2F%2Fgithub.com%2FMigorithm%2Fduva" "/workspace/builds/worker-2-tc1/source", kill_on_drop: false }`
[INFO] [stderr] Cloning into '/workspace/builds/worker-2-tc1/source'...
[INFO] [stderr] done.
[INFO] validating manifest of git repo https://github.com/Migorithm/duva on toolchain 1.83.0
[INFO] running `Command { std: CARGO_HOME="/workspace/cargo-home" RUSTUP_HOME="/workspace/rustup-home" "/workspace/cargo-home/bin/cargo" "+1.83.0" "metadata" "--manifest-path" "Cargo.toml" "--no-deps", kill_on_drop: false }`
[INFO] started tweaking git repo https://github.com/Migorithm/duva
[INFO] finished tweaking git repo https://github.com/Migorithm/duva
[INFO] tweaked toml for git repo https://github.com/Migorithm/duva written to /workspace/builds/worker-2-tc1/source/Cargo.toml
[INFO] crate git repo https://github.com/Migorithm/duva already has a lockfile, it will not be regenerated
[INFO] running `Command { std: CARGO_HOME="/workspace/cargo-home" RUSTUP_HOME="/workspace/rustup-home" "/workspace/cargo-home/bin/cargo" "+1.83.0" "fetch" "--manifest-path" "Cargo.toml", kill_on_drop: false }`
[INFO] running `Command { std: "docker" "create" "-v" "/var/lib/crater-agent-workspace/builds/worker-2-tc1/target:/opt/rustwide/target:rw,Z" "-v" "/var/lib/crater-agent-workspace/builds/worker-2-tc1/source:/opt/rustwide/workdir:ro,Z" "-v" "/var/lib/crater-agent-workspace/cargo-home:/opt/rustwide/cargo-home:ro,Z" "-v" "/var/lib/crater-agent-workspace/rustup-home:/opt/rustwide/rustup-home:ro,Z" "-e" "SOURCE_DIR=/opt/rustwide/workdir" "-e" "CARGO_TARGET_DIR=/opt/rustwide/target" "-e" "CARGO_HOME=/opt/rustwide/cargo-home" "-e" "RUSTUP_HOME=/opt/rustwide/rustup-home" "-w" "/opt/rustwide/workdir" "-m" "1610612736" "--user" "0:0" "--network" "none" "ghcr.io/rust-lang/crates-build-env/linux@sha256:f3a9d4ad9d972b27faf3965f35b62e55ba32bbce8f20bc8fe909558a86702fde" "/opt/rustwide/cargo-home/bin/cargo" "+1.83.0" "metadata" "--no-deps" "--format-version=1", kill_on_drop: false }`
[INFO] [stdout] 5f7ae7922c2da6b4d45c2dc0861d730e59f3c0c8caf778c6fdc38c1bc8abb258
[INFO] running `Command { std: "docker" "start" "-a" "5f7ae7922c2da6b4d45c2dc0861d730e59f3c0c8caf778c6fdc38c1bc8abb258", kill_on_drop: false }`
[INFO] running `Command { std: "docker" "inspect" "5f7ae7922c2da6b4d45c2dc0861d730e59f3c0c8caf778c6fdc38c1bc8abb258", kill_on_drop: false }`
[INFO] running `Command { std: "docker" "rm" "-f" "5f7ae7922c2da6b4d45c2dc0861d730e59f3c0c8caf778c6fdc38c1bc8abb258", kill_on_drop: false }`
[INFO] [stdout] 5f7ae7922c2da6b4d45c2dc0861d730e59f3c0c8caf778c6fdc38c1bc8abb258
[INFO] running `Command { std: "docker" "create" "-v" "/var/lib/crater-agent-workspace/builds/worker-2-tc1/target:/opt/rustwide/target:rw,Z" "-v" "/var/lib/crater-agent-workspace/builds/worker-2-tc1/source:/opt/rustwide/workdir:ro,Z" "-v" "/var/lib/crater-agent-workspace/cargo-home:/opt/rustwide/cargo-home:ro,Z" "-v" "/var/lib/crater-agent-workspace/rustup-home:/opt/rustwide/rustup-home:ro,Z" "-e" "SOURCE_DIR=/opt/rustwide/workdir" "-e" "CARGO_TARGET_DIR=/opt/rustwide/target" "-e" "CARGO_INCREMENTAL=0" "-e" "RUST_BACKTRACE=full" "-e" "RUSTFLAGS=--cap-lints=warn" "-e" "RUSTDOCFLAGS=--cap-lints=warn" "-e" "CARGO_HOME=/opt/rustwide/cargo-home" "-e" "RUSTUP_HOME=/opt/rustwide/rustup-home" "-w" "/opt/rustwide/workdir" "-m" "1610612736" "--user" "0:0" "--network" "none" "ghcr.io/rust-lang/crates-build-env/linux@sha256:f3a9d4ad9d972b27faf3965f35b62e55ba32bbce8f20bc8fe909558a86702fde" "/opt/rustwide/cargo-home/bin/cargo" "+1.83.0" "build" "--frozen" "--message-format=json", kill_on_drop: false }`
[INFO] [stdout] e3b28c59112f621cb91a0e0ad91b7e2d7db4616d3651ac572bbb959ed5edf2f7
[INFO] running `Command { std: "docker" "start" "-a" "e3b28c59112f621cb91a0e0ad91b7e2d7db4616d3651ac572bbb959ed5edf2f7", kill_on_drop: false }`
[INFO] [stderr]    Compiling libc v0.2.155
[INFO] [stderr]    Compiling proc-macro2 v1.0.86
[INFO] [stderr]    Compiling autocfg v1.3.0
[INFO] [stderr]    Compiling parking_lot_core v0.9.10
[INFO] [stderr]    Compiling smallvec v1.13.2
[INFO] [stderr]    Compiling scopeguard v1.2.0
[INFO] [stderr]    Compiling thiserror v1.0.61
[INFO] [stderr]    Compiling anyhow v1.0.86
[INFO] [stderr]    Compiling bytes v1.6.0
[INFO] [stderr]    Compiling pin-project-lite v0.2.14
[INFO] [stderr]    Compiling lock_api v0.4.12
[INFO] [stderr]    Compiling quote v1.0.36
[INFO] [stderr]    Compiling syn v2.0.69
[INFO] [stderr]    Compiling mio v0.8.11
[INFO] [stderr]    Compiling socket2 v0.5.7
[INFO] [stderr]    Compiling signal-hook-registry v1.4.2
[INFO] [stderr]    Compiling num_cpus v1.16.0
[INFO] [stderr]    Compiling parking_lot v0.12.3
[INFO] [stderr]    Compiling thiserror-impl v1.0.61
[INFO] [stderr]    Compiling tokio-macros v2.3.0
[INFO] [stderr]    Compiling tokio v1.38.0
[INFO] [stderr]    Compiling redis-starter-rust v0.1.0 (/opt/rustwide/workdir)
[INFO] [stdout] warning: unused variable: `out_stream`
[INFO] [stdout]    --> src/services/stream_manager/mod.rs:207:13
[INFO] [stdout]     |
[INFO] [stdout] 207 |         let out_stream = connect_stream_factory.connect(peer_addr).await?;
[INFO] [stdout]     |             ^^^^^^^^^^ help: if this is intentional, prefix it with an underscore: `_out_stream`
[INFO] [stdout]     |
[INFO] [stdout]     = note: `#[warn(unused_variables)]` on by default
[INFO] [stdout] 
[INFO] [stdout] 
[INFO] [stdout] warning: fields `header`, `metadata`, and `checksum` are never read
[INFO] [stdout]   --> src/services/statefuls/persist/mod.rs:10:16
[INFO] [stdout]    |
[INFO] [stdout] 9  | pub struct DumpFile {
[INFO] [stdout]    |            -------- fields in this struct
[INFO] [stdout] 10 |     pub(crate) header: String,
[INFO] [stdout]    |                ^^^^^^
[INFO] [stdout] 11 |     pub(crate) metadata: HashMap<String, String>,
[INFO] [stdout]    |                ^^^^^^^^
[INFO] [stdout] 12 |     pub(crate) database: Vec<DatabaseSection>,
[INFO] [stdout] 13 |     pub(crate) checksum: Vec<u8>,
[INFO] [stdout]    |                ^^^^^^^^
[INFO] [stdout]    |
[INFO] [stdout]    = note: `DumpFile` has a derived impl for the trait `Debug`, but this is intentionally ignored during dead code analysis
[INFO] [stdout]    = note: `#[warn(dead_code)]` on by default
[INFO] [stdout] 
[INFO] [stdout] 
[INFO] [stderr]     Finished `dev` profile [unoptimized + debuginfo] target(s) in 24.00s
[INFO] running `Command { std: "docker" "inspect" "e3b28c59112f621cb91a0e0ad91b7e2d7db4616d3651ac572bbb959ed5edf2f7", kill_on_drop: false }`
[INFO] running `Command { std: "docker" "rm" "-f" "e3b28c59112f621cb91a0e0ad91b7e2d7db4616d3651ac572bbb959ed5edf2f7", kill_on_drop: false }`
[INFO] [stdout] e3b28c59112f621cb91a0e0ad91b7e2d7db4616d3651ac572bbb959ed5edf2f7
[INFO] running `Command { std: "docker" "create" "-v" "/var/lib/crater-agent-workspace/builds/worker-2-tc1/target:/opt/rustwide/target:rw,Z" "-v" "/var/lib/crater-agent-workspace/builds/worker-2-tc1/source:/opt/rustwide/workdir:ro,Z" "-v" "/var/lib/crater-agent-workspace/cargo-home:/opt/rustwide/cargo-home:ro,Z" "-v" "/var/lib/crater-agent-workspace/rustup-home:/opt/rustwide/rustup-home:ro,Z" "-e" "SOURCE_DIR=/opt/rustwide/workdir" "-e" "CARGO_TARGET_DIR=/opt/rustwide/target" "-e" "CARGO_INCREMENTAL=0" "-e" "RUST_BACKTRACE=full" "-e" "RUSTFLAGS=--cap-lints=warn" "-e" "RUSTDOCFLAGS=--cap-lints=warn" "-e" "CARGO_HOME=/opt/rustwide/cargo-home" "-e" "RUSTUP_HOME=/opt/rustwide/rustup-home" "-w" "/opt/rustwide/workdir" "-m" "1610612736" "--user" "0:0" "--network" "none" "ghcr.io/rust-lang/crates-build-env/linux@sha256:f3a9d4ad9d972b27faf3965f35b62e55ba32bbce8f20bc8fe909558a86702fde" "/opt/rustwide/cargo-home/bin/cargo" "+1.83.0" "test" "--frozen" "--no-run" "--message-format=json", kill_on_drop: false }`
[INFO] [stdout] 30bed2d5025fef10f5a93f352940230ebb8b9c08da8f3ad2c8d575e5f4c151d7
[INFO] running `Command { std: "docker" "start" "-a" "30bed2d5025fef10f5a93f352940230ebb8b9c08da8f3ad2c8d575e5f4c151d7", kill_on_drop: false }`
[INFO] [stderr]    Compiling redis-starter-rust v0.1.0 (/opt/rustwide/workdir)
[INFO] [stdout] warning: unused variable: `out_stream`
[INFO] [stdout]    --> src/services/stream_manager/mod.rs:207:13
[INFO] [stdout]     |
[INFO] [stdout] 207 |         let out_stream = connect_stream_factory.connect(peer_addr).await?;
[INFO] [stdout]     |             ^^^^^^^^^^ help: if this is intentional, prefix it with an underscore: `_out_stream`
[INFO] [stdout]     |
[INFO] [stdout]     = note: `#[warn(unused_variables)]` on by default
[INFO] [stdout] 
[INFO] [stdout] 
[INFO] [stdout] warning: fields `header`, `metadata`, and `checksum` are never read
[INFO] [stdout]   --> src/services/statefuls/persist/mod.rs:10:16
[INFO] [stdout]    |
[INFO] [stdout] 9  | pub struct DumpFile {
[INFO] [stdout]    |            -------- fields in this struct
[INFO] [stdout] 10 |     pub(crate) header: String,
[INFO] [stdout]    |                ^^^^^^
[INFO] [stdout] 11 |     pub(crate) metadata: HashMap<String, String>,
[INFO] [stdout]    |                ^^^^^^^^
[INFO] [stdout] 12 |     pub(crate) database: Vec<DatabaseSection>,
[INFO] [stdout] 13 |     pub(crate) checksum: Vec<u8>,
[INFO] [stdout]    |                ^^^^^^^^
[INFO] [stdout]    |
[INFO] [stdout]    = note: `DumpFile` has a derived impl for the trait `Debug`, but this is intentionally ignored during dead code analysis
[INFO] [stdout]    = note: `#[warn(dead_code)]` on by default
[INFO] [stdout] 
[INFO] [stdout] 
[INFO] [stdout] warning: function `init_slave_config_with_free_port` is never used
[INFO] [stdout]   --> tests/common.rs:50:14
[INFO] [stdout]    |
[INFO] [stdout] 50 | pub async fn init_slave_config_with_free_port(master_port: u16) -> ConfigManager {
[INFO] [stdout]    |              ^^^^^^^^^^^^^^^^^^^^^^^^^^^^^^^^
[INFO] [stdout]    |
[INFO] [stdout]    = note: `#[warn(dead_code)]` on by default
[INFO] [stdout] 
[INFO] [stdout] 
[INFO] [stdout] warning: function `bulk_string` is never used
[INFO] [stdout]    --> tests/common.rs:113:8
[INFO] [stdout]     |
[INFO] [stdout] 113 | pub fn bulk_string(s: &str) -> String {
[INFO] [stdout]     |        ^^^^^^^^^^^
[INFO] [stdout] 
[INFO] [stdout] 
[INFO] [stdout] warning: function `ok_response` is never used
[INFO] [stdout]    --> tests/common.rs:117:8
[INFO] [stdout]     |
[INFO] [stdout] 117 | pub fn ok_response() -> String {
[INFO] [stdout]     |        ^^^^^^^^^^^
[INFO] [stdout] 
[INFO] [stdout] 
[INFO] [stdout] warning: function `null_response` is never used
[INFO] [stdout]    --> tests/common.rs:121:8
[INFO] [stdout]     |
[INFO] [stdout] 121 | pub fn null_response() -> String {
[INFO] [stdout]     |        ^^^^^^^^^^^^^
[INFO] [stdout] 
[INFO] [stdout] 
[INFO] [stdout] warning: function `keys_command` is never used
[INFO] [stdout]    --> tests/common.rs:125:8
[INFO] [stdout]     |
[INFO] [stdout] 125 | pub fn keys_command(pattern: &str) -> Vec<u8> {
[INFO] [stdout]     |        ^^^^^^^^^^^^
[INFO] [stdout] 
[INFO] [stdout] 
[INFO] [stdout] warning: function `info_command` is never used
[INFO] [stdout]    --> tests/common.rs:133:8
[INFO] [stdout]     |
[INFO] [stdout] 133 | pub fn info_command(key: &str) -> Vec<u8> {
[INFO] [stdout]     |        ^^^^^^^^^^^^
[INFO] [stdout] 
[INFO] [stdout] 
[INFO] [stdout] warning: function `set_command_with_expiry` is never used
[INFO] [stdout]    --> tests/common.rs:137:8
[INFO] [stdout]     |
[INFO] [stdout] 137 | pub fn set_command_with_expiry(key: &str, value: &str, expiry: i64) -> Vec<u8> {
[INFO] [stdout]     |        ^^^^^^^^^^^^^^^^^^^^^^^
[INFO] [stdout] 
[INFO] [stdout] 
[INFO] [stdout] warning: function `set_command` is never used
[INFO] [stdout]    --> tests/common.rs:141:8
[INFO] [stdout]     |
[INFO] [stdout] 141 | pub fn set_command(key: &str, value: &str) -> Vec<u8> {
[INFO] [stdout]     |        ^^^^^^^^^^^
[INFO] [stdout] 
[INFO] [stdout] 
[INFO] [stdout] warning: function `get_command` is never used
[INFO] [stdout]    --> tests/common.rs:145:8
[INFO] [stdout]     |
[INFO] [stdout] 145 | pub fn get_command(key: &str) -> Vec<u8> {
[INFO] [stdout]     |        ^^^^^^^^^^^
[INFO] [stdout] 
[INFO] [stdout] 
[INFO] [stdout] warning: function `save_command` is never used
[INFO] [stdout]    --> tests/common.rs:149:8
[INFO] [stdout]     |
[INFO] [stdout] 149 | pub fn save_command() -> Vec<u8> {
[INFO] [stdout]     |        ^^^^^^^^^^^^
[INFO] [stdout] 
[INFO] [stdout] 
[INFO] [stdout] warning: function `ok_response` is never used
[INFO] [stdout]    --> tests/common.rs:117:8
[INFO] [stdout]     |
[INFO] [stdout] 117 | pub fn ok_response() -> String {
[INFO] [stdout]     |        ^^^^^^^^^^^
[INFO] [stdout]     |
[INFO] [stdout]     = note: `#[warn(dead_code)]` on by default
[INFO] [stdout] 
[INFO] [stdout] 
[INFO] [stdout] warning: function `null_response` is never used
[INFO] [stdout]    --> tests/common.rs:121:8
[INFO] [stdout]     |
[INFO] [stdout] 121 | pub fn null_response() -> String {
[INFO] [stdout]     |        ^^^^^^^^^^^^^
[INFO] [stdout] 
[INFO] [stdout] 
[INFO] [stdout] warning: function `keys_command` is never used
[INFO] [stdout]    --> tests/common.rs:125:8
[INFO] [stdout]     |
[INFO] [stdout] 125 | pub fn keys_command(pattern: &str) -> Vec<u8> {
[INFO] [stdout]     |        ^^^^^^^^^^^^
[INFO] [stdout] 
[INFO] [stdout] 
[INFO] [stdout] warning: function `config_command` is never used
[INFO] [stdout]    --> tests/common.rs:129:8
[INFO] [stdout]     |
[INFO] [stdout] 129 | pub fn config_command(command: &str, key: &str) -> Vec<u8> {
[INFO] [stdout]     |        ^^^^^^^^^^^^^^
[INFO] [stdout] 
[INFO] [stdout] 
[INFO] [stdout] warning: function `set_command_with_expiry` is never used
[INFO] [stdout]    --> tests/common.rs:137:8
[INFO] [stdout]     |
[INFO] [stdout] 137 | pub fn set_command_with_expiry(key: &str, value: &str, expiry: i64) -> Vec<u8> {
[INFO] [stdout]     |        ^^^^^^^^^^^^^^^^^^^^^^^
[INFO] [stdout] 
[INFO] [stdout] 
[INFO] [stdout] warning: function `set_command` is never used
[INFO] [stdout]    --> tests/common.rs:141:8
[INFO] [stdout]     |
[INFO] [stdout] 141 | pub fn set_command(key: &str, value: &str) -> Vec<u8> {
[INFO] [stdout]     |        ^^^^^^^^^^^
[INFO] [stdout] 
[INFO] [stdout] 
[INFO] [stdout] warning: function `get_command` is never used
[INFO] [stdout]    --> tests/common.rs:145:8
[INFO] [stdout]     |
[INFO] [stdout] 145 | pub fn get_command(key: &str) -> Vec<u8> {
[INFO] [stdout]     |        ^^^^^^^^^^^
[INFO] [stdout] 
[INFO] [stdout] 
[INFO] [stdout] warning: function `save_command` is never used
[INFO] [stdout]    --> tests/common.rs:149:8
[INFO] [stdout]     |
[INFO] [stdout] 149 | pub fn save_command() -> Vec<u8> {
[INFO] [stdout]     |        ^^^^^^^^^^^^
[INFO] [stdout] 
[INFO] [stdout] 
[INFO] [stdout] warning: function `init_slave_config_with_free_port` is never used
[INFO] [stdout]   --> tests/common.rs:50:14
[INFO] [stdout]    |
[INFO] [stdout] 50 | pub async fn init_slave_config_with_free_port(master_port: u16) -> ConfigManager {
[INFO] [stdout]    |              ^^^^^^^^^^^^^^^^^^^^^^^^^^^^^^^^
[INFO] [stdout]    |
[INFO] [stdout]    = note: `#[warn(dead_code)]` on by default
[INFO] [stdout] 
[INFO] [stdout] 
[INFO] [stdout] warning: function `bulk_string` is never used
[INFO] [stdout]    --> tests/common.rs:113:8
[INFO] [stdout]     |
[INFO] [stdout] 113 | pub fn bulk_string(s: &str) -> String {
[INFO] [stdout]     |        ^^^^^^^^^^^
[INFO] [stdout] 
[INFO] [stdout] 
[INFO] [stdout] warning: function `null_response` is never used
[INFO] [stdout]    --> tests/common.rs:121:8
[INFO] [stdout]     |
[INFO] [stdout] 121 | pub fn null_response() -> String {
[INFO] [stdout]     |        ^^^^^^^^^^^^^
[INFO] [stdout] 
[INFO] [stdout] 
[INFO] [stdout] warning: function `config_command` is never used
[INFO] [stdout]    --> tests/common.rs:129:8
[INFO] [stdout]     |
[INFO] [stdout] 129 | pub fn config_command(command: &str, key: &str) -> Vec<u8> {
[INFO] [stdout]     |        ^^^^^^^^^^^^^^
[INFO] [stdout] 
[INFO] [stdout] 
[INFO] [stdout] warning: function `info_command` is never used
[INFO] [stdout]    --> tests/common.rs:133:8
[INFO] [stdout]     |
[INFO] [stdout] 133 | pub fn info_command(key: &str) -> Vec<u8> {
[INFO] [stdout]     |        ^^^^^^^^^^^^
[INFO] [stdout] 
[INFO] [stdout] 
[INFO] [stdout] warning: function `set_command_with_expiry` is never used
[INFO] [stdout]    --> tests/common.rs:137:8
[INFO] [stdout]     |
[INFO] [stdout] 137 | pub fn set_command_with_expiry(key: &str, value: &str, expiry: i64) -> Vec<u8> {
[INFO] [stdout]     |        ^^^^^^^^^^^^^^^^^^^^^^^
[INFO] [stdout] 
[INFO] [stdout] 
[INFO] [stdout] warning: function `get_command` is never used
[INFO] [stdout]    --> tests/common.rs:145:8
[INFO] [stdout]     |
[INFO] [stdout] 145 | pub fn get_command(key: &str) -> Vec<u8> {
[INFO] [stdout]     |        ^^^^^^^^^^^
[INFO] [stdout] 
[INFO] [stdout] 
[INFO] [stdout] warning: function `save_command` is never used
[INFO] [stdout]    --> tests/common.rs:149:8
[INFO] [stdout]     |
[INFO] [stdout] 149 | pub fn save_command() -> Vec<u8> {
[INFO] [stdout]     |        ^^^^^^^^^^^^
[INFO] [stdout] 
[INFO] [stdout] 
[INFO] [stdout] warning: function `init_slave_config_with_free_port` is never used
[INFO] [stdout]   --> tests/common.rs:50:14
[INFO] [stdout]    |
[INFO] [stdout] 50 | pub async fn init_slave_config_with_free_port(master_port: u16) -> ConfigManager {
[INFO] [stdout]    |              ^^^^^^^^^^^^^^^^^^^^^^^^^^^^^^^^
[INFO] [stdout]    |
[INFO] [stdout]    = note: `#[warn(dead_code)]` on by default
[INFO] [stdout] 
[INFO] [stdout] 
[INFO] [stdout] warning: function `array` is never used
[INFO] [stdout]    --> tests/common.rs:104:8
[INFO] [stdout]     |
[INFO] [stdout] 104 | pub fn array(arr: Vec<&str>) -> String {
[INFO] [stdout]     |        ^^^^^
[INFO] [stdout] 
[INFO] [stdout] 
[INFO] [stdout] warning: function `bulk_string` is never used
[INFO] [stdout]    --> tests/common.rs:113:8
[INFO] [stdout]     |
[INFO] [stdout] 113 | pub fn bulk_string(s: &str) -> String {
[INFO] [stdout]     |        ^^^^^^^^^^^
[INFO] [stdout] 
[INFO] [stdout] 
[INFO] [stdout] warning: function `ok_response` is never used
[INFO] [stdout]    --> tests/common.rs:117:8
[INFO] [stdout]     |
[INFO] [stdout] 117 | pub fn ok_response() -> String {
[INFO] [stdout]     |        ^^^^^^^^^^^
[INFO] [stdout] 
[INFO] [stdout] 
[INFO] [stdout] warning: function `null_response` is never used
[INFO] [stdout]    --> tests/common.rs:121:8
[INFO] [stdout]     |
[INFO] [stdout] 121 | pub fn null_response() -> String {
[INFO] [stdout]     |        ^^^^^^^^^^^^^
[INFO] [stdout] 
[INFO] [stdout] 
[INFO] [stdout] warning: function `keys_command` is never used
[INFO] [stdout]    --> tests/common.rs:125:8
[INFO] [stdout]     |
[INFO] [stdout] 125 | pub fn keys_command(pattern: &str) -> Vec<u8> {
[INFO] [stdout]     |        ^^^^^^^^^^^^
[INFO] [stdout] 
[INFO] [stdout] 
[INFO] [stdout] warning: function `config_command` is never used
[INFO] [stdout]    --> tests/common.rs:129:8
[INFO] [stdout]     |
[INFO] [stdout] 129 | pub fn config_command(command: &str, key: &str) -> Vec<u8> {
[INFO] [stdout]     |        ^^^^^^^^^^^^^^
[INFO] [stdout] 
[INFO] [stdout] 
[INFO] [stdout] warning: function `info_command` is never used
[INFO] [stdout]    --> tests/common.rs:133:8
[INFO] [stdout]     |
[INFO] [stdout] 133 | pub fn info_command(key: &str) -> Vec<u8> {
[INFO] [stdout]     |        ^^^^^^^^^^^^
[INFO] [stdout] 
[INFO] [stdout] 
[INFO] [stdout] warning: function `set_command_with_expiry` is never used
[INFO] [stdout]    --> tests/common.rs:137:8
[INFO] [stdout]     |
[INFO] [stdout] 137 | pub fn set_command_with_expiry(key: &str, value: &str, expiry: i64) -> Vec<u8> {
[INFO] [stdout]     |        ^^^^^^^^^^^^^^^^^^^^^^^
[INFO] [stdout] 
[INFO] [stdout] 
[INFO] [stdout] warning: function `set_command` is never used
[INFO] [stdout]    --> tests/common.rs:141:8
[INFO] [stdout]     |
[INFO] [stdout] 141 | pub fn set_command(key: &str, value: &str) -> Vec<u8> {
[INFO] [stdout]     |        ^^^^^^^^^^^
[INFO] [stdout] 
[INFO] [stdout] 
[INFO] [stdout] warning: function `get_command` is never used
[INFO] [stdout]    --> tests/common.rs:145:8
[INFO] [stdout]     |
[INFO] [stdout] 145 | pub fn get_command(key: &str) -> Vec<u8> {
[INFO] [stdout]     |        ^^^^^^^^^^^
[INFO] [stdout] 
[INFO] [stdout] 
[INFO] [stdout] warning: function `save_command` is never used
[INFO] [stdout]    --> tests/common.rs:149:8
[INFO] [stdout]     |
[INFO] [stdout] 149 | pub fn save_command() -> Vec<u8> {
[INFO] [stdout]     |        ^^^^^^^^^^^^
[INFO] [stdout] 
[INFO] [stdout] 
[INFO] [stdout] warning: function `init_slave_config_with_free_port` is never used
[INFO] [stdout]   --> tests/common.rs:50:14
[INFO] [stdout]    |
[INFO] [stdout] 50 | pub async fn init_slave_config_with_free_port(master_port: u16) -> ConfigManager {
[INFO] [stdout]    |              ^^^^^^^^^^^^^^^^^^^^^^^^^^^^^^^^
[INFO] [stdout]    |
[INFO] [stdout]    = note: `#[warn(dead_code)]` on by default
[INFO] [stdout] 
[INFO] [stdout] 
[INFO] [stdout] warning: function `ok_response` is never used
[INFO] [stdout]    --> tests/common.rs:117:8
[INFO] [stdout]     |
[INFO] [stdout] 117 | pub fn ok_response() -> String {
[INFO] [stdout]     |        ^^^^^^^^^^^
[INFO] [stdout] 
[INFO] [stdout] 
[INFO] [stdout] warning: function `null_response` is never used
[INFO] [stdout]    --> tests/common.rs:121:8
[INFO] [stdout]     |
[INFO] [stdout] 121 | pub fn null_response() -> String {
[INFO] [stdout]     |        ^^^^^^^^^^^^^
[INFO] [stdout] 
[INFO] [stdout] 
[INFO] [stdout] warning: function `keys_command` is never used
[INFO] [stdout]    --> tests/common.rs:125:8
[INFO] [stdout]     |
[INFO] [stdout] 125 | pub fn keys_command(pattern: &str) -> Vec<u8> {
[INFO] [stdout]     |        ^^^^^^^^^^^^
[INFO] [stdout] 
[INFO] [stdout] 
[INFO] [stdout] warning: function `config_command` is never used
[INFO] [stdout]    --> tests/common.rs:129:8
[INFO] [stdout]     |
[INFO] [stdout] 129 | pub fn config_command(command: &str, key: &str) -> Vec<u8> {
[INFO] [stdout]     |        ^^^^^^^^^^^^^^
[INFO] [stdout] 
[INFO] [stdout] 
[INFO] [stdout] warning: function `set_command_with_expiry` is never used
[INFO] [stdout]    --> tests/common.rs:137:8
[INFO] [stdout]     |
[INFO] [stdout] 137 | pub fn set_command_with_expiry(key: &str, value: &str, expiry: i64) -> Vec<u8> {
[INFO] [stdout]     |        ^^^^^^^^^^^^^^^^^^^^^^^
[INFO] [stdout] 
[INFO] [stdout] 
[INFO] [stdout] warning: function `set_command` is never used
[INFO] [stdout]    --> tests/common.rs:141:8
[INFO] [stdout]     |
[INFO] [stdout] 141 | pub fn set_command(key: &str, value: &str) -> Vec<u8> {
[INFO] [stdout]     |        ^^^^^^^^^^^
[INFO] [stdout] 
[INFO] [stdout] 
[INFO] [stdout] warning: function `get_command` is never used
[INFO] [stdout]    --> tests/common.rs:145:8
[INFO] [stdout]     |
[INFO] [stdout] 145 | pub fn get_command(key: &str) -> Vec<u8> {
[INFO] [stdout]     |        ^^^^^^^^^^^
[INFO] [stdout] 
[INFO] [stdout] 
[INFO] [stdout] warning: function `save_command` is never used
[INFO] [stdout]    --> tests/common.rs:149:8
[INFO] [stdout]     |
[INFO] [stdout] 149 | pub fn save_command() -> Vec<u8> {
[INFO] [stdout]     |        ^^^^^^^^^^^^
[INFO] [stdout] 
[INFO] [stdout] 
[INFO] [stdout] warning: unused variable: `out_stream`
[INFO] [stdout]    --> src/services/stream_manager/mod.rs:207:13
[INFO] [stdout]     |
[INFO] [stdout] 207 |         let out_stream = connect_stream_factory.connect(peer_addr).await?;
[INFO] [stdout]     |             ^^^^^^^^^^ help: if this is intentional, prefix it with an underscore: `_out_stream`
[INFO] [stdout]     |
[INFO] [stdout]     = note: `#[warn(unused_variables)]` on by default
[INFO] [stdout] 
[INFO] [stdout] 
[INFO] [stdout] warning: function `init_slave_config_with_free_port` is never used
[INFO] [stdout]   --> tests/common.rs:50:14
[INFO] [stdout]    |
[INFO] [stdout] 50 | pub async fn init_slave_config_with_free_port(master_port: u16) -> ConfigManager {
[INFO] [stdout]    |              ^^^^^^^^^^^^^^^^^^^^^^^^^^^^^^^^
[INFO] [stdout]    |
[INFO] [stdout]    = note: `#[warn(dead_code)]` on by default
[INFO] [stdout] 
[INFO] [stdout] 
[INFO] [stdout] warning: function `bulk_string` is never used
[INFO] [stdout]    --> tests/common.rs:113:8
[INFO] [stdout]     |
[INFO] [stdout] 113 | pub fn bulk_string(s: &str) -> String {
[INFO] [stdout]     |        ^^^^^^^^^^^
[INFO] [stdout] 
[INFO] [stdout] 
[INFO] [stdout] warning: function `config_command` is never used
[INFO] [stdout]    --> tests/common.rs:129:8
[INFO] [stdout]     |
[INFO] [stdout] 129 | pub fn config_command(command: &str, key: &str) -> Vec<u8> {
[INFO] [stdout]     |        ^^^^^^^^^^^^^^
[INFO] [stdout] 
[INFO] [stdout] 
[INFO] [stdout] warning: function `info_command` is never used
[INFO] [stdout]    --> tests/common.rs:133:8
[INFO] [stdout]     |
[INFO] [stdout] 133 | pub fn info_command(key: &str) -> Vec<u8> {
[INFO] [stdout]     |        ^^^^^^^^^^^^
[INFO] [stdout] 
[INFO] [stdout] 
[INFO] [stdout] warning: function `get_command` is never used
[INFO] [stdout]    --> tests/common.rs:145:8
[INFO] [stdout]     |
[INFO] [stdout] 145 | pub fn get_command(key: &str) -> Vec<u8> {
[INFO] [stdout]     |        ^^^^^^^^^^^
[INFO] [stdout] 
[INFO] [stdout] 
[INFO] [stdout] warning: function `init_slave_config_with_free_port` is never used
[INFO] [stdout]   --> tests/common.rs:50:14
[INFO] [stdout]    |
[INFO] [stdout] 50 | pub async fn init_slave_config_with_free_port(master_port: u16) -> ConfigManager {
[INFO] [stdout]    |              ^^^^^^^^^^^^^^^^^^^^^^^^^^^^^^^^
[INFO] [stdout]    |
[INFO] [stdout]    = note: `#[warn(dead_code)]` on by default
[INFO] [stdout] 
[INFO] [stdout] 
[INFO] [stdout] warning: function `keys_command` is never used
[INFO] [stdout]    --> tests/common.rs:125:8
[INFO] [stdout]     |
[INFO] [stdout] 125 | pub fn keys_command(pattern: &str) -> Vec<u8> {
[INFO] [stdout]     |        ^^^^^^^^^^^^
[INFO] [stdout] 
[INFO] [stdout] 
[INFO] [stdout] warning: function `config_command` is never used
[INFO] [stdout]    --> tests/common.rs:129:8
[INFO] [stdout]     |
[INFO] [stdout] 129 | pub fn config_command(command: &str, key: &str) -> Vec<u8> {
[INFO] [stdout]     |        ^^^^^^^^^^^^^^
[INFO] [stdout] 
[INFO] [stdout] 
[INFO] [stdout] warning: function `info_command` is never used
[INFO] [stdout]    --> tests/common.rs:133:8
[INFO] [stdout]     |
[INFO] [stdout] 133 | pub fn info_command(key: &str) -> Vec<u8> {
[INFO] [stdout]     |        ^^^^^^^^^^^^
[INFO] [stdout] 
[INFO] [stdout] 
[INFO] [stdout] warning: function `set_command` is never used
[INFO] [stdout]    --> tests/common.rs:141:8
[INFO] [stdout]     |
[INFO] [stdout] 141 | pub fn set_command(key: &str, value: &str) -> Vec<u8> {
[INFO] [stdout]     |        ^^^^^^^^^^^
[INFO] [stdout] 
[INFO] [stdout] 
[INFO] [stdout] warning: function `save_command` is never used
[INFO] [stdout]    --> tests/common.rs:149:8
[INFO] [stdout]     |
[INFO] [stdout] 149 | pub fn save_command() -> Vec<u8> {
[INFO] [stdout]     |        ^^^^^^^^^^^^
[INFO] [stdout] 
[INFO] [stdout] 
[INFO] [stdout] warning: field `metadata` is never read
[INFO] [stdout]   --> src/services/statefuls/persist/mod.rs:11:16
[INFO] [stdout]    |
[INFO] [stdout] 9  | pub struct DumpFile {
[INFO] [stdout]    |            -------- field in this struct
[INFO] [stdout] 10 |     pub(crate) header: String,
[INFO] [stdout] 11 |     pub(crate) metadata: HashMap<String, String>,
[INFO] [stdout]    |                ^^^^^^^^
[INFO] [stdout]    |
[INFO] [stdout]    = note: `DumpFile` has a derived impl for the trait `Debug`, but this is intentionally ignored during dead code analysis
[INFO] [stdout]    = note: `#[warn(dead_code)]` on by default
[INFO] [stdout] 
[INFO] [stdout] 
[INFO] [stderr]     Finished `test` profile [unoptimized + debuginfo] target(s) in 19.04s
[INFO] running `Command { std: "docker" "inspect" "30bed2d5025fef10f5a93f352940230ebb8b9c08da8f3ad2c8d575e5f4c151d7", kill_on_drop: false }`
[INFO] running `Command { std: "docker" "rm" "-f" "30bed2d5025fef10f5a93f352940230ebb8b9c08da8f3ad2c8d575e5f4c151d7", kill_on_drop: false }`
[INFO] [stdout] 30bed2d5025fef10f5a93f352940230ebb8b9c08da8f3ad2c8d575e5f4c151d7
[INFO] running `Command { std: "docker" "create" "-v" "/var/lib/crater-agent-workspace/builds/worker-2-tc1/target:/opt/rustwide/target:rw,Z" "-v" "/var/lib/crater-agent-workspace/builds/worker-2-tc1/source:/opt/rustwide/workdir:ro,Z" "-v" "/var/lib/crater-agent-workspace/cargo-home:/opt/rustwide/cargo-home:ro,Z" "-v" "/var/lib/crater-agent-workspace/rustup-home:/opt/rustwide/rustup-home:ro,Z" "-e" "SOURCE_DIR=/opt/rustwide/workdir" "-e" "CARGO_TARGET_DIR=/opt/rustwide/target" "-e" "CARGO_INCREMENTAL=0" "-e" "RUST_BACKTRACE=full" "-e" "RUSTFLAGS=--cap-lints=warn" "-e" "RUSTDOCFLAGS=--cap-lints=warn" "-e" "CARGO_HOME=/opt/rustwide/cargo-home" "-e" "RUSTUP_HOME=/opt/rustwide/rustup-home" "-w" "/opt/rustwide/workdir" "-m" "1610612736" "--user" "0:0" "--network" "none" "ghcr.io/rust-lang/crates-build-env/linux@sha256:f3a9d4ad9d972b27faf3965f35b62e55ba32bbce8f20bc8fe909558a86702fde" "/opt/rustwide/cargo-home/bin/cargo" "+1.83.0" "test" "--frozen", kill_on_drop: false }`
[INFO] [stdout] 4bb1de3a2c8d61e8d23f4c22cabe0d8addcb33e7428c076d3967c6087c3d159e
[INFO] running `Command { std: "docker" "start" "-a" "4bb1de3a2c8d61e8d23f4c22cabe0d8addcb33e7428c076d3967c6087c3d159e", kill_on_drop: false }`
[INFO] [stderr] warning: unused variable: `out_stream`
[INFO] [stderr]    --> src/services/stream_manager/mod.rs:207:13
[INFO] [stderr]     |
[INFO] [stderr] 207 |         let out_stream = connect_stream_factory.connect(peer_addr).await?;
[INFO] [stderr]     |             ^^^^^^^^^^ help: if this is intentional, prefix it with an underscore: `_out_stream`
[INFO] [stderr]     |
[INFO] [stderr]     = note: `#[warn(unused_variables)]` on by default
[INFO] [stderr] 
[INFO] [stderr] warning: fields `header`, `metadata`, and `checksum` are never read
[INFO] [stderr]   --> src/services/statefuls/persist/mod.rs:10:16
[INFO] [stderr]    |
[INFO] [stderr] 9  | pub struct DumpFile {
[INFO] [stderr]    |            -------- fields in this struct
[INFO] [stderr] 10 |     pub(crate) header: String,
[INFO] [stderr]    |                ^^^^^^
[INFO] [stderr] 11 |     pub(crate) metadata: HashMap<String, String>,
[INFO] [stderr]    |                ^^^^^^^^
[INFO] [stderr] 12 |     pub(crate) database: Vec<DatabaseSection>,
[INFO] [stderr] 13 |     pub(crate) checksum: Vec<u8>,
[INFO] [stderr]    |                ^^^^^^^^
[INFO] [stderr]    |
[INFO] [stderr]    = note: `DumpFile` has a derived impl for the trait `Debug`, but this is intentionally ignored during dead code analysis
[INFO] [stderr]    = note: `#[warn(dead_code)]` on by default
[INFO] [stderr] 
[INFO] [stderr] warning: `redis-starter-rust` (lib) generated 2 warnings
[INFO] [stderr] warning: function `init_slave_config_with_free_port` is never used
[INFO] [stderr]   --> tests/common.rs:50:14
[INFO] [stderr]    |
[INFO] [stderr] 50 | pub async fn init_slave_config_with_free_port(master_port: u16) -> ConfigManager {
[INFO] [stderr]    |              ^^^^^^^^^^^^^^^^^^^^^^^^^^^^^^^^
[INFO] [stderr]    |
[INFO] [stderr]    = note: `#[warn(dead_code)]` on by default
[INFO] [stderr] 
[INFO] [stderr] warning: function `keys_command` is never used
[INFO] [stderr]    --> tests/common.rs:125:8
[INFO] [stderr]     |
[INFO] [stderr] 125 | pub fn keys_command(pattern: &str) -> Vec<u8> {
[INFO] [stderr]     |        ^^^^^^^^^^^^
[INFO] [stderr] 
[INFO] [stderr] warning: function `config_command` is never used
[INFO] [stderr]    --> tests/common.rs:129:8
[INFO] [stderr]     |
[INFO] [stderr] 129 | pub fn config_command(command: &str, key: &str) -> Vec<u8> {
[INFO] [stderr]     |        ^^^^^^^^^^^^^^
[INFO] [stderr] 
[INFO] [stderr] warning: function `info_command` is never used
[INFO] [stderr]    --> tests/common.rs:133:8
[INFO] [stderr]     |
[INFO] [stderr] 133 | pub fn info_command(key: &str) -> Vec<u8> {
[INFO] [stderr]     |        ^^^^^^^^^^^^
[INFO] [stderr] 
[INFO] [stderr] warning: function `set_command` is never used
[INFO] [stderr]    --> tests/common.rs:141:8
[INFO] [stderr]     |
[INFO] [stderr] 141 | pub fn set_command(key: &str, value: &str) -> Vec<u8> {
[INFO] [stderr]     |        ^^^^^^^^^^^
[INFO] [stderr] 
[INFO] [stderr] warning: function `save_command` is never used
[INFO] [stderr]    --> tests/common.rs:149:8
[INFO] [stderr]     |
[INFO] [stderr] 149 | pub fn save_command() -> Vec<u8> {
[INFO] [stderr]     |        ^^^^^^^^^^^^
[INFO] [stderr] 
[INFO] [stderr] warning: `redis-starter-rust` (test "test_set_get") generated 6 warnings
[INFO] [stderr] warning: function `array` is never used
[INFO] [stderr]    --> tests/common.rs:104:8
[INFO] [stderr]     |
[INFO] [stderr] 104 | pub fn array(arr: Vec<&str>) -> String {
[INFO] [stderr]     |        ^^^^^
[INFO] [stderr] 
[INFO] [stderr] warning: function `bulk_string` is never used
[INFO] [stderr]    --> tests/common.rs:113:8
[INFO] [stderr]     |
[INFO] [stderr] 113 | pub fn bulk_string(s: &str) -> String {
[INFO] [stderr]     |        ^^^^^^^^^^^
[INFO] [stderr] 
[INFO] [stderr] warning: function `ok_response` is never used
[INFO] [stderr]    --> tests/common.rs:117:8
[INFO] [stderr]     |
[INFO] [stderr] 117 | pub fn ok_response() -> String {
[INFO] [stderr]     |        ^^^^^^^^^^^
[INFO] [stderr] 
[INFO] [stderr] warning: function `null_response` is never used
[INFO] [stderr]    --> tests/common.rs:121:8
[INFO] [stderr]     |
[INFO] [stderr] 121 | pub fn null_response() -> String {
[INFO] [stderr]     |        ^^^^^^^^^^^^^
[INFO] [stderr] 
[INFO] [stderr] warning: function `set_command_with_expiry` is never used
[INFO] [stderr]    --> tests/common.rs:137:8
[INFO] [stderr]     |
[INFO] [stderr] 137 | pub fn set_command_with_expiry(key: &str, value: &str, expiry: i64) -> Vec<u8> {
[INFO] [stderr]     |        ^^^^^^^^^^^^^^^^^^^^^^^
[INFO] [stderr] 
[INFO] [stderr] warning: function `get_command` is never used
[INFO] [stderr]    --> tests/common.rs:145:8
[INFO] [stderr]     |
[INFO] [stderr] 145 | pub fn get_command(key: &str) -> Vec<u8> {
[INFO] [stderr]     |        ^^^^^^^^^^^
[INFO] [stderr] 
[INFO] [stderr] warning: `redis-starter-rust` (test "test_cancellation_token") generated 12 warnings (6 duplicates)
[INFO] [stderr] warning: function `ok_response` is never used
[INFO] [stderr]    --> tests/common.rs:117:8
[INFO] [stderr]     |
[INFO] [stderr] 117 | pub fn ok_response() -> String {
[INFO] [stderr]     |        ^^^^^^^^^^^
[INFO] [stderr]     |
[INFO] [stderr]     = note: `#[warn(dead_code)]` on by default
[INFO] [stderr] 
[INFO] [stderr] warning: field `metadata` is never read
[INFO] [stderr]   --> src/services/statefuls/persist/mod.rs:11:16
[INFO] [stderr]    |
[INFO] [stderr] 9  | pub struct DumpFile {
[INFO] [stderr]    |            -------- field in this struct
[INFO] [stderr] 10 |     pub(crate) header: String,
[INFO] [stderr] 11 |     pub(crate) metadata: HashMap<String, String>,
[INFO] [stderr]    |                ^^^^^^^^
[INFO] [stderr]    |
[INFO] [stderr]    = note: `DumpFile` has a derived impl for the trait `Debug`, but this is intentionally ignored during dead code analysis
[INFO] [stderr]    = note: `#[warn(dead_code)]` on by default
[INFO] [stderr] 
[INFO] [stderr] warning: `redis-starter-rust` (test "test_save_read_dump") generated 5 warnings (5 duplicates)
[INFO] [stderr] warning: `redis-starter-rust` (test "test_handshake") generated 8 warnings (7 duplicates)
[INFO] [stderr] warning: `redis-starter-rust` (test "test_keys") generated 8 warnings (8 duplicates)
[INFO] [stderr] warning: `redis-starter-rust` (test "test_replication_info") generated 9 warnings (9 duplicates)
[INFO] [stderr] warning: `redis-starter-rust` (test "test_config_get_dir") generated 10 warnings (10 duplicates)
[INFO] [stderr] warning: `redis-starter-rust` (lib test) generated 2 warnings (1 duplicate)
[INFO] [stderr]     Finished `test` profile [unoptimized + debuginfo] target(s) in 0.12s
[INFO] [stderr]      Running unittests src/lib.rs (/opt/rustwide/target/debug/deps/redis_starter_rust-b43cd80af7042029)
[INFO] [stdout] 
[INFO] [stdout] running 43 tests
[INFO] [stdout] test adapters::io::tokio_stream::test_socket_to_string ... ok
[INFO] [stdout] test services::statefuls::persist::endec::decoder::byte_decoder::test_decoding ... ok
[INFO] [stdout] test services::statefuls::persist::endec::decoder::byte_decoder::test_database_section_extractor ... ok
[INFO] [stdout] test services::config::config_actor::test_set_dir ... ok
[INFO] [stdout] test services::statefuls::persist::endec::decoder::byte_decoder::test_header_loading ... ok
[INFO] [stdout] test services::statefuls::persist::endec::decoder::byte_decoder::test_database_loading ... ok
[INFO] [stdout] test services::statefuls::persist::endec::decoder::byte_decoder::test_integer_decoding ... ok
[INFO] [stdout] test services::statefuls::persist::endec::decoder::byte_decoder::test_non_expiry_key_value_pair ... ok
[INFO] [stdout] test services::statefuls::persist::endec::decoder::byte_decoder::test_metadata_loading ... ok
[INFO] [stdout] test services::statefuls::persist::endec::decoder::byte_decoder::test_loading_all ... ok
[INFO] [stdout] test services::statefuls::persist::endec::decoder::byte_decoder::test_with_milliseconds_expiry_key_value_pair ... ok
[INFO] [stdout] test services::statefuls::persist::endec::decoder::byte_decoder::test_decode_multiple_strings ... ok
[INFO] [stdout] test services::statefuls::persist::endec::decoder::byte_decoder::test_with_seconds_expiry_key_value_pair ... ok
[INFO] [stdout] test services::statefuls::persist::endec::encoder::byte_encoder::test::test_16_bit_integer_decode ... ok
[INFO] [stdout] test services::statefuls::persist::endec::decoder::byte_decoder::test_metadata_loading_multiple ... ok
[INFO] [stdout] test services::statefuls::persist::endec::encoder::byte_encoder::test::test_32_bit_integer_decode ... ok
[INFO] [stdout] test services::statefuls::persist::endec::encoder::byte_encoder::test::test_8_bit_integer_decode ... ok
[INFO] [stdout] test services::statefuls::persist::endec::encoder::byte_encoder::test::test_8_bit_integer_encode ... ok
[INFO] [stdout] test services::statefuls::persist::endec::encoder::byte_encoder::test::test_32_bit_integer ... ok
[INFO] [stdout] test services::statefuls::persist::endec::decoder::byte_decoder::test_header_loading_data_length_error ... ok
[INFO] [stdout] test services::statefuls::persist::endec::decoder::byte_decoder::test_invalid_expiry_key_value_pair ... ok
[INFO] [stdout] test services::statefuls::persist::endec::decoder::byte_decoder::test_string_decoding ... ok
[INFO] [stdout] test services::statefuls::persist::endec::decoder::byte_decoder::test_size_decoding ... ok
[INFO] [stdout] test services::statefuls::persist::endec::decoder::byte_decoder::test_metadata_loading_no_metadata ... ok
[INFO] [stdout] test services::statefuls::persist::endec::encoder::byte_encoder::test::test_cache_value_encode ... ok
[INFO] [stdout] test services::statefuls::persist::endec::encoder::byte_encoder::test::test_cache_value_with_expiry_milliseconds ... ok
[INFO] [stdout] test services::statefuls::persist::endec::encoder::byte_encoder::test::test_encode_header ... ok
[INFO] [stdout] test services::statefuls::persist::endec::encoder::byte_encoder::test::test_encode_metadata ... ok
[INFO] [stdout] test services::statefuls::persist::endec::encoder::byte_encoder::test::test_integer_decoding1 ... ok
[INFO] [stdout] test services::statefuls::persist::endec::encoder::byte_encoder::test::test_integer_decoding2 ... ok
[INFO] [stdout] test services::statefuls::persist::endec::encoder::byte_encoder::test::test_integer_decoding3 ... ok
[INFO] [stdout] test services::statefuls::persist::endec::encoder::byte_encoder::test::test_long_string ... ok
[INFO] [stdout] test services::statefuls::persist::endec::encoder::byte_encoder::test::test_size_encode_32_bit ... ok
[INFO] [stdout] test services::statefuls::persist::endec::encoder::byte_encoder::test::test_size_encode_6_bit ... ok
[INFO] [stdout] test services::statefuls::persist::endec::encoder::byte_encoder::test::test_size_encode_14_bit ... ok
[INFO] [stdout] test services::statefuls::persist::endec::encoder::byte_encoder::test::test_16_bit_integer ... ok
[INFO] [stdout] test services::statefuls::cache::cache_actor::test_set_and_delete_inc_dec_keys_with_expiry ... ok
[INFO] [stdout] test services::stream_manager::query_io::test_parse_bulk_string ... ok
[INFO] [stdout] test services::stream_manager::query_io::test_parse_bulk_string_empty ... ok
[INFO] [stdout] test services::stream_manager::query_io::test_parse_simple_string_ping ... ok
[INFO] [stdout] test services::statefuls::persist::endec::encoder::byte_encoder::test::test_size_encode_too_large ... ok
[INFO] [stdout] test services::stream_manager::query_io::test_parse_array ... ok
[INFO] [stdout] test services::stream_manager::query_io::test_parse_simple_string ... ok
[INFO] [stdout] 
[INFO] [stdout] test result: ok. 43 passed; 0 failed; 0 ignored; 0 measured; 0 filtered out; finished in 0.03s
[INFO] [stdout] 
[INFO] [stderr]      Running unittests src/main.rs (/opt/rustwide/target/debug/deps/redis_starter_rust-d4ed403b9e3c5826)
[INFO] [stdout] 
[INFO] [stderr]      Running tests/common.rs (/opt/rustwide/target/debug/deps/common-e5c4a38578c7c041)
[INFO] [stdout] running 0 tests
[INFO] [stdout] 
[INFO] [stdout] test result: ok. 0 passed; 0 failed; 0 ignored; 0 measured; 0 filtered out; finished in 0.00s
[INFO] [stdout] 
[INFO] [stdout] 
[INFO] [stdout] running 0 tests
[INFO] [stdout] 
[INFO] [stdout] test result: ok. 0 passed; 0 failed; 0 ignored; 0 measured; 0 filtered out; finished in 0.00s
[INFO] [stdout] 
[INFO] [stderr]      Running tests/test_cancellation_token.rs (/opt/rustwide/target/debug/deps/test_cancellation_token-df76822afcdca131)
[INFO] [stdout] 
[INFO] [stdout] running 1 test
[INFO] [stdout] test test_cancellation_token ... ok
[INFO] [stdout] 
[INFO] [stdout] test result: ok. 1 passed; 0 failed; 0 ignored; 0 measured; 0 filtered out; finished in 0.02s
[INFO] [stdout] 
[INFO] [stderr]      Running tests/test_config_get_dir.rs (/opt/rustwide/target/debug/deps/test_config_get_dir-6bc19063b820aa10)
[INFO] [stdout] 
[INFO] [stdout] running 1 test
[INFO] [stdout] test test_config_get_dir ... ok
[INFO] [stdout] 
[INFO] [stdout] test result: ok. 1 passed; 0 failed; 0 ignored; 0 measured; 0 filtered out; finished in 0.00s
[INFO] [stdout] 
[INFO] [stderr]      Running tests/test_handshake.rs (/opt/rustwide/target/debug/deps/test_handshake-93b52a4e6865f2ee)
[INFO] [stdout] 
[INFO] [stdout] running 1 test
[INFO] [stdout] test test_handshake ... ignored, not ready
[INFO] [stderr]      Running tests/test_keys.rs (/opt/rustwide/target/debug/deps/test_keys-2ac8a59453b92035)
[INFO] [stdout] 
[INFO] [stdout] test result: ok. 0 passed; 0 failed; 1 ignored; 0 measured; 0 filtered out; finished in 0.00s
[INFO] [stdout] 
[INFO] [stdout] 
[INFO] [stdout] running 1 test
[INFO] [stdout] test test_keys ... ok
[INFO] [stdout] 
[INFO] [stdout] test result: ok. 1 passed; 0 failed; 0 ignored; 0 measured; 0 filtered out; finished in 0.23s
[INFO] [stdout] 
[INFO] [stdout] 
[INFO] [stderr]      Running tests/test_replication_info.rs (/opt/rustwide/target/debug/deps/test_replication_info-6168f67d78b6d0c4)
[INFO] [stdout] running 1 test
[INFO] [stdout] test test_replication_info ... ok
[INFO] [stdout] 
[INFO] [stderr]      Running tests/test_save_read_dump.rs (/opt/rustwide/target/debug/deps/test_save_read_dump-7cfe67e4002b6272)
[INFO] [stdout] test result: ok. 1 passed; 0 failed; 0 ignored; 0 measured; 0 filtered out; finished in 0.01s
[INFO] [stdout] 
[INFO] [stdout] 
[INFO] [stdout] running 1 test
[INFO] [stderr] thread 'test_save_read_dump' panicked at core/src/panicking.rs:229:5:
[INFO] [stderr] panic in a destructor during cleanup
[INFO] [stderr] thread caused non-unwinding panic. aborting.
[INFO] [stdout] File does not exist
[INFO] [stdout] thread 'test_save_read_dump' panicked at tests/test_save_read_dump.rs:59:5:
[INFO] [stdout] assertion `left == right` failed
[INFO] [stdout]   left: "-Read-only file system (os error 30)\r\n"
[INFO] [stdout]  right: "$-1\r\n"
[INFO] [stdout] stack backtrace:
[INFO] [stdout]    0:     0x652216216b8a - std::backtrace_rs::backtrace::libunwind::trace::h5a5b8284f2d0c266
[INFO] [stdout]                                at /rustc/90b35a6239c3d8bdabc530a6a0816f7ff89a0aaf/library/std/src/../../backtrace/src/backtrace/libunwind.rs:116:5
[INFO] [stdout]    1:     0x652216216b8a - std::backtrace_rs::backtrace::trace_unsynchronized::h76d4f1c9b0b875e3
[INFO] [stdout]                                at /rustc/90b35a6239c3d8bdabc530a6a0816f7ff89a0aaf/library/std/src/../../backtrace/src/backtrace/mod.rs:66:5
[INFO] [stdout]    2:     0x652216216b8a - std::sys::backtrace::_print_fmt::hc4546b8364a537c6
[INFO] [stdout]                                at /rustc/90b35a6239c3d8bdabc530a6a0816f7ff89a0aaf/library/std/src/sys/backtrace.rs:66:9
[INFO] [stdout]    3:     0x652216216b8a - <std::sys::backtrace::BacktraceLock::print::DisplayBacktrace as core::fmt::Display>::fmt::h5b6bd5631a6d1f6b
[INFO] [stdout]                                at /rustc/90b35a6239c3d8bdabc530a6a0816f7ff89a0aaf/library/std/src/sys/backtrace.rs:39:26
[INFO] [stdout]    4:     0x65221623f613 - core::fmt::rt::Argument::fmt::h270f6602a2b96f62
[INFO] [stdout]                                at /rustc/90b35a6239c3d8bdabc530a6a0816f7ff89a0aaf/library/core/src/fmt/rt.rs:177:76
[INFO] [stdout]    5:     0x65221623f613 - core::fmt::write::h7550c97b06c86515
[INFO] [stdout]                                at /rustc/90b35a6239c3d8bdabc530a6a0816f7ff89a0aaf/library/core/src/fmt/mod.rs:1186:21
[INFO] [stdout]    6:     0x652216213253 - std::io::Write::write_fmt::h509ff860e5956e5e
[INFO] [stdout]                                at /rustc/90b35a6239c3d8bdabc530a6a0816f7ff89a0aaf/library/std/src/io/mod.rs:1839:15
[INFO] [stdout]    7:     0x6522162169d2 - std::sys::backtrace::BacktraceLock::print::h2395ccd2c84ba3aa
[INFO] [stdout]                                at /rustc/90b35a6239c3d8bdabc530a6a0816f7ff89a0aaf/library/std/src/sys/backtrace.rs:42:9
[INFO] [stdout]    8:     0x652216217fea - std::panicking::default_hook::{{closure}}::he19d4c7230e07961
[INFO] [stdout]                                at /rustc/90b35a6239c3d8bdabc530a6a0816f7ff89a0aaf/library/std/src/panicking.rs:268:22
[INFO] [stdout]    9:     0x652216217df4 - std::panicking::default_hook::hf614597d3c67bbdb
[INFO] [stdout]                                at /rustc/90b35a6239c3d8bdabc530a6a0816f7ff89a0aaf/library/std/src/panicking.rs:292:9
[INFO] [stdout]   10:     0x652216085969 - <alloc::boxed::Box<F,A> as core::ops::function::Fn<Args>>::call::h39b51ce4599c23d1
[INFO] [stdout]                                at /rustc/90b35a6239c3d8bdabc530a6a0816f7ff89a0aaf/library/alloc/src/boxed.rs:2468:9
[INFO] [stdout]   11:     0x652216085969 - test::test_main::{{closure}}::he977ae839a582784
[INFO] [stdout]                                at /rustc/90b35a6239c3d8bdabc530a6a0816f7ff89a0aaf/library/test/src/lib.rs:133:21
[INFO] [stdout]   12:     0x652216218688 - <alloc::boxed::Box<F,A> as core::ops::function::Fn<Args>>::call::h9455091b6b06f9fb
[INFO] [stdout]                                at /rustc/90b35a6239c3d8bdabc530a6a0816f7ff89a0aaf/library/alloc/src/boxed.rs:2468:9
[INFO] [stdout]   13:     0x652216218688 - std::panicking::rust_panic_with_hook::h8942133a8b252070
[INFO] [stdout]                                at /rustc/90b35a6239c3d8bdabc530a6a0816f7ff89a0aaf/library/std/src/panicking.rs:809:13
[INFO] [stdout]   14:     0x65221621844a - std::panicking::begin_panic_handler::{{closure}}::hb5f5963570096b29
[INFO] [stdout]                                at /rustc/90b35a6239c3d8bdabc530a6a0816f7ff89a0aaf/library/std/src/panicking.rs:674:13
[INFO] [stdout]   15:     0x652216217069 - std::sys::backtrace::__rust_end_short_backtrace::h6208cedc1922feda
[INFO] [stdout]                                at /rustc/90b35a6239c3d8bdabc530a6a0816f7ff89a0aaf/library/std/src/sys/backtrace.rs:170:18
[INFO] [stdout]   16:     0x6522162180dc - rust_begin_unwind
[INFO] [stdout]                                at /rustc/90b35a6239c3d8bdabc530a6a0816f7ff89a0aaf/library/std/src/panicking.rs:665:5
[INFO] [stdout]   17:     0x652215fa4cd0 - core::panicking::panic_fmt::h0c3082644d1bf418
[INFO] [stdout]                                at /rustc/90b35a6239c3d8bdabc530a6a0816f7ff89a0aaf/library/core/src/panicking.rs:74:14
[INFO] [stdout]   18:     0x652215fa50fc - core::panicking::assert_failed_inner::h2ddf1fcc067fa858
[INFO] [stdout]   19:     0x65221600e10e - core::panicking::assert_failed::h12f6733ec53b3a10
[INFO] [stdout]                                at /rustc/90b35a6239c3d8bdabc530a6a0816f7ff89a0aaf/library/core/src/panicking.rs:367:5
[INFO] [stdout]   20:     0x65221600c5fd - test_save_read_dump::test_save_read_dump::{{closure}}::ha79b47c1b060d7b2
[INFO] [stdout]                                at /opt/rustwide/workdir/tests/test_save_read_dump.rs:59:5
[INFO] [stdout]   21:     0x65221602f122 - <core::pin::Pin<P> as core::future::future::Future>::poll::h169598cec9c7f2dc
[INFO] [stdout]                                at /rustc/90b35a6239c3d8bdabc530a6a0816f7ff89a0aaf/library/core/src/future/future.rs:123:9
[INFO] [stdout]   22:     0x65221602f1fd - <core::pin::Pin<P> as core::future::future::Future>::poll::h465f6c233e8e47ec
[INFO] [stdout]                                at /rustc/90b35a6239c3d8bdabc530a6a0816f7ff89a0aaf/library/core/src/future/future.rs:123:9
[INFO] [stdout]   23:     0x65221601d0af - tokio::runtime::scheduler::current_thread::CoreGuard::block_on::{{closure}}::{{closure}}::{{closure}}::h135bd880c54cc77b
[INFO] [stdout]                                at /opt/rustwide/cargo-home/registry/src/index.crates.io-6f17d22bba15001f/tokio-1.38.0/src/runtime/scheduler/current_thread/mod.rs:659:57
[INFO] [stdout]   24:     0x65221601cfe5 - tokio::runtime::coop::with_budget::hf01ba91647a768e5
[INFO] [stdout]                                at /opt/rustwide/cargo-home/registry/src/index.crates.io-6f17d22bba15001f/tokio-1.38.0/src/runtime/coop.rs:107:5
[INFO] [stdout]   25:     0x65221601cfe5 - tokio::runtime::coop::budget::hf3c8e36e2f92b32b
[INFO] [stdout]                                at /opt/rustwide/cargo-home/registry/src/index.crates.io-6f17d22bba15001f/tokio-1.38.0/src/runtime/coop.rs:73:5
[INFO] [stdout]   26:     0x65221601cfe5 - tokio::runtime::scheduler::current_thread::CoreGuard::block_on::{{closure}}::{{closure}}::hbd6abe87dff1df2d
[INFO] [stdout]                                at /opt/rustwide/cargo-home/registry/src/index.crates.io-6f17d22bba15001f/tokio-1.38.0/src/runtime/scheduler/current_thread/mod.rs:659:25
[INFO] [stdout]   27:     0x65221601baa0 - tokio::runtime::scheduler::current_thread::Context::enter::h570137df8558c49a
[INFO] [stdout]                                at /opt/rustwide/cargo-home/registry/src/index.crates.io-6f17d22bba15001f/tokio-1.38.0/src/runtime/scheduler/current_thread/mod.rs:404:19
[INFO] [stdout]   28:     0x65221601c84e - tokio::runtime::scheduler::current_thread::CoreGuard::block_on::{{closure}}::hd758ebe76472e27b
[INFO] [stdout]                                at /opt/rustwide/cargo-home/registry/src/index.crates.io-6f17d22bba15001f/tokio-1.38.0/src/runtime/scheduler/current_thread/mod.rs:658:36
[INFO] [stdout]   29:     0x65221601c5c4 - tokio::runtime::scheduler::current_thread::CoreGuard::enter::{{closure}}::h096468f7f6b86b5f
[INFO] [stdout]                                at /opt/rustwide/cargo-home/registry/src/index.crates.io-6f17d22bba15001f/tokio-1.38.0/src/runtime/scheduler/current_thread/mod.rs:737:68
[INFO] [stdout]   30:     0x652216039beb - tokio::runtime::context::scoped::Scoped<T>::set::h6f146e01f45e118e
[INFO] [stdout]                                at /opt/rustwide/cargo-home/registry/src/index.crates.io-6f17d22bba15001f/tokio-1.38.0/src/runtime/context/scoped.rs:40:9
[INFO] [stdout]   31:     0x652216008209 - tokio::runtime::context::set_scheduler::{{closure}}::he6a3f4a865aaec97
[INFO] [stdout]                                at /opt/rustwide/cargo-home/registry/src/index.crates.io-6f17d22bba15001f/tokio-1.38.0/src/runtime/context.rs:180:26
[INFO] [stdout]   32:     0x65221602b5bd - std::thread::local::LocalKey<T>::try_with::h236c2a23df8c36f1
[INFO] [stdout]                                at /rustc/90b35a6239c3d8bdabc530a6a0816f7ff89a0aaf/library/std/src/thread/local.rs:283:12
[INFO] [stdout]   33:     0x65221602b02a - std::thread::local::LocalKey<T>::with::h1a413cd17f294ba1
[INFO] [stdout]                                at /rustc/90b35a6239c3d8bdabc530a6a0816f7ff89a0aaf/library/std/src/thread/local.rs:260:9
[INFO] [stdout]   34:     0x6522160081bd - tokio::runtime::context::set_scheduler::h9e14c41f131ba9fa
[INFO] [stdout]                                at /opt/rustwide/cargo-home/registry/src/index.crates.io-6f17d22bba15001f/tokio-1.38.0/src/runtime/context.rs:180:9
[INFO] [stdout]   35:     0x65221601c370 - tokio::runtime::scheduler::current_thread::CoreGuard::enter::h83b3c4b391b2163d
[INFO] [stdout]                                at /opt/rustwide/cargo-home/registry/src/index.crates.io-6f17d22bba15001f/tokio-1.38.0/src/runtime/scheduler/current_thread/mod.rs:737:27
[INFO] [stdout]   36:     0x65221601c5e3 - tokio::runtime::scheduler::current_thread::CoreGuard::block_on::h3ee30f4cb1ce876b
[INFO] [stdout]                                at /opt/rustwide/cargo-home/registry/src/index.crates.io-6f17d22bba15001f/tokio-1.38.0/src/runtime/scheduler/current_thread/mod.rs:646:19
[INFO] [stdout]   37:     0x652216018dad - tokio::runtime::scheduler::current_thread::CurrentThread::block_on::{{closure}}::hc6af57911eb22f11
[INFO] [stdout]                                at /opt/rustwide/cargo-home/registry/src/index.crates.io-6f17d22bba15001f/tokio-1.38.0/src/runtime/scheduler/current_thread/mod.rs:175:28
[INFO] [stdout]   38:     0x6522160187c6 - tokio::runtime::context::runtime::enter_runtime::h7cb1a3e733d6b6d2
[INFO] [stdout]                                at /opt/rustwide/cargo-home/registry/src/index.crates.io-6f17d22bba15001f/tokio-1.38.0/src/runtime/context/runtime.rs:65:16
[INFO] [stdout]   39:     0x652216018cc1 - tokio::runtime::scheduler::current_thread::CurrentThread::block_on::h80ea8dde2696207c
[INFO] [stdout]                                at /opt/rustwide/cargo-home/registry/src/index.crates.io-6f17d22bba15001f/tokio-1.38.0/src/runtime/scheduler/current_thread/mod.rs:167:9
[INFO] [stdout]   40:     0x65221600f9bd - tokio::runtime::runtime::Runtime::block_on::h5fa5013d89b7bcf1
[INFO] [stdout]                                at /opt/rustwide/cargo-home/registry/src/index.crates.io-6f17d22bba15001f/tokio-1.38.0/src/runtime/runtime.rs:347:47
[INFO] [stdout]   41:     0x65221600a861 - test_save_read_dump::test_save_read_dump::h6f57457aeda27144
[INFO] [stdout]                                at /opt/rustwide/workdir/tests/test_save_read_dump.rs:72:5
[INFO] [stdout]   42:     0x65221600a707 - test_save_read_dump::test_save_read_dump::{{closure}}::h02f0b2341f190ead
[INFO] [stdout]                                at /opt/rustwide/workdir/tests/test_save_read_dump.rs:28:31
[INFO] [stdout]   43:     0x652215fe15f6 - core::ops::function::FnOnce::call_once::hada7f90f09015129
[INFO] [stdout]                                at /rustc/90b35a6239c3d8bdabc530a6a0816f7ff89a0aaf/library/core/src/ops/function.rs:250:5
[INFO] [stdout]   44:     0x65221608a32b - core::ops::function::FnOnce::call_once::h109cf8051a59b34e
[INFO] [stdout]                                at /rustc/90b35a6239c3d8bdabc530a6a0816f7ff89a0aaf/library/core/src/ops/function.rs:250:5
[INFO] [stdout]   45:     0x65221608a32b - test::__rust_begin_short_backtrace::hf4fff89d377446ba
[INFO] [stdout]                                at /rustc/90b35a6239c3d8bdabc530a6a0816f7ff89a0aaf/library/test/src/lib.rs:621:18
[INFO] [stdout]   46:     0x652216089b67 - test::run_test_in_process::{{closure}}::h0e39181dd7ee5a43
[INFO] [stdout]                                at /rustc/90b35a6239c3d8bdabc530a6a0816f7ff89a0aaf/library/test/src/lib.rs:644:60
[INFO] [stdout]   47:     0x652216089b67 - <core::panic::unwind_safe::AssertUnwindSafe<F> as core::ops::function::FnOnce<()>>::call_once::hc5a66a30f0bdfd1f
[INFO] [stdout]                                at /rustc/90b35a6239c3d8bdabc530a6a0816f7ff89a0aaf/library/core/src/panic/unwind_safe.rs:272:9
[INFO] [stdout]   48:     0x652216089b67 - std::panicking::try::do_call::h873b7cf639554a5e
[INFO] [stdout]                                at /rustc/90b35a6239c3d8bdabc530a6a0816f7ff89a0aaf/library/std/src/panicking.rs:557:40
[INFO] [stdout]   49:     0x652216089b67 - std::panicking::try::hdb19862fad9c8bd1
[INFO] [stdout]                                at /rustc/90b35a6239c3d8bdabc530a6a0816f7ff89a0aaf/library/std/src/panicking.rs:520:19
[INFO] [stdout]   50:     0x652216089b67 - std::panic::catch_unwind::h281fe732d236d260
[INFO] [stdout]                                at /rustc/90b35a6239c3d8bdabc530a6a0816f7ff89a0aaf/library/std/src/panic.rs:358:14
[INFO] [stdout]   51:     0x652216089b67 - test::run_test_in_process::h949b6df8457ed338
[INFO] [stdout]                                at /rustc/90b35a6239c3d8bdabc530a6a0816f7ff89a0aaf/library/test/src/lib.rs:644:27
[INFO] [stdout]   52:     0x652216089b67 - test::run_test::{{closure}}::h52c556a6d4740e10
[INFO] [stdout]                                at /rustc/90b35a6239c3d8bdabc530a6a0816f7ff89a0aaf/library/test/src/lib.rs:565:43
[INFO] [stdout]   53:     0x65221604ee44 - test::run_test::{{closure}}::h4237f6381c45ccb9
[INFO] [stdout]                                at /rustc/90b35a6239c3d8bdabc530a6a0816f7ff89a0aaf/library/test/src/lib.rs:595:41
[INFO] [stdout]   54:     0x65221604ee44 - std::sys::backtrace::__rust_begin_short_backtrace::h505c97a579eca628
[INFO] [stdout]                                at /rustc/90b35a6239c3d8bdabc530a6a0816f7ff89a0aaf/library/std/src/sys/backtrace.rs:154:18
[INFO] [stdout]   55:     0x65221605250e - std::thread::Builder::spawn_unchecked_::{{closure}}::{{closure}}::h9e86b2e2bc107ea3
[INFO] [stdout]                                at /rustc/90b35a6239c3d8bdabc530a6a0816f7ff89a0aaf/library/std/src/thread/mod.rs:538:17
[INFO] [stdout]   56:     0x65221605250e - <core::panic::unwind_safe::AssertUnwindSafe<F> as core::ops::function::FnOnce<()>>::call_once::h8b06ddb275ff4a25
[INFO] [stdout]                                at /rustc/90b35a6239c3d8bdabc530a6a0816f7ff89a0aaf/library/core/src/panic/unwind_safe.rs:272:9
[INFO] [stdout]   57:     0x65221605250e - std::panicking::try::do_call::hb26ecd7cd9a9355d
[INFO] [stdout]                                at /rustc/90b35a6239c3d8bdabc530a6a0816f7ff89a0aaf/library/std/src/panicking.rs:557:40
[INFO] [stdout]   58:     0x65221605250e - std::panicking::try::h8ddeca9d705f9069
[INFO] [stdout]                                at /rustc/90b35a6239c3d8bdabc530a6a0816f7ff89a0aaf/library/std/src/panicking.rs:520:19
[INFO] [stdout]   59:     0x65221605250e - std::panic::catch_unwind::h49e1c33078844c46
[INFO] [stdout]                                at /rustc/90b35a6239c3d8bdabc530a6a0816f7ff89a0aaf/library/std/src/panic.rs:358:14
[INFO] [stdout]   60:     0x65221605250e - std::thread::Builder::spawn_unchecked_::{{closure}}::h6073db6ff56ad35d
[INFO] [stdout]                                at /rustc/90b35a6239c3d8bdabc530a6a0816f7ff89a0aaf/library/std/src/thread/mod.rs:537:30
[INFO] [stdout]   61:     0x65221605250e - core::ops::function::FnOnce::call_once{{vtable.shim}}::h2c5a5f3779c774f1
[INFO] [stdout]                                at /rustc/90b35a6239c3d8bdabc530a6a0816f7ff89a0aaf/library/core/src/ops/function.rs:250:5
[INFO] [stdout]   62:     0x65221621c7cb - <alloc::boxed::Box<F,A> as core::ops::function::FnOnce<Args>>::call_once::hf75717d9f28faebf
[INFO] [stdout]                                at /rustc/90b35a6239c3d8bdabc530a6a0816f7ff89a0aaf/library/alloc/src/boxed.rs:2454:9
[INFO] [stdout]   63:     0x65221621c7cb - <alloc::boxed::Box<F,A> as core::ops::function::FnOnce<Args>>::call_once::h7bd883a5f3c5f3c1
[INFO] [stdout]                                at /rustc/90b35a6239c3d8bdabc530a6a0816f7ff89a0aaf/library/alloc/src/boxed.rs:2454:9
[INFO] [stdout]   64:     0x65221621c7cb - std::sys::pal::unix::thread::Thread::new::thread_start::hcc78f3943333fa94
[INFO] [stdout]                                at /rustc/90b35a6239c3d8bdabc530a6a0816f7ff89a0aaf/library/std/src/sys/pal/unix/thread.rs:105:17
[INFO] [stdout]   65:     0x7a8f37cd9ac3 - <unknown>
[INFO] [stdout]   66:     0x7a8f37d6aa04 - clone
[INFO] [stdout]   67:                0x0 - <unknown>
[INFO] [stdout] thread 'test_save_read_dump' panicked at tests/test_save_read_dump.rs:22:39:
[INFO] [stdout] called `Result::unwrap()` on an `Err` value: Os { code: 30, kind: ReadOnlyFilesystem, message: "Read-only file system" }
[INFO] [stdout] stack backtrace:
[INFO] [stdout]    0:     0x652216216b8a - std::backtrace_rs::backtrace::libunwind::trace::h5a5b8284f2d0c266
[INFO] [stdout]                                at /rustc/90b35a6239c3d8bdabc530a6a0816f7ff89a0aaf/library/std/src/../../backtrace/src/backtrace/libunwind.rs:116:5
[INFO] [stdout]    1:     0x652216216b8a - std::backtrace_rs::backtrace::trace_unsynchronized::h76d4f1c9b0b875e3
[INFO] [stdout]                                at /rustc/90b35a6239c3d8bdabc530a6a0816f7ff89a0aaf/library/std/src/../../backtrace/src/backtrace/mod.rs:66:5
[INFO] [stdout]    2:     0x652216216b8a - std::sys::backtrace::_print_fmt::hc4546b8364a537c6
[INFO] [stdout]                                at /rustc/90b35a6239c3d8bdabc530a6a0816f7ff89a0aaf/library/std/src/sys/backtrace.rs:66:9
[INFO] [stdout]    3:     0x652216216b8a - <std::sys::backtrace::BacktraceLock::print::DisplayBacktrace as core::fmt::Display>::fmt::h5b6bd5631a6d1f6b
[INFO] [stdout]                                at /rustc/90b35a6239c3d8bdabc530a6a0816f7ff89a0aaf/library/std/src/sys/backtrace.rs:39:26
[INFO] [stdout]    4:     0x65221623f613 - core::fmt::rt::Argument::fmt::h270f6602a2b96f62
[INFO] [stdout]                                at /rustc/90b35a6239c3d8bdabc530a6a0816f7ff89a0aaf/library/core/src/fmt/rt.rs:177:76
[INFO] [stdout]    5:     0x65221623f613 - core::fmt::write::h7550c97b06c86515
[INFO] [stdout]                                at /rustc/90b35a6239c3d8bdabc530a6a0816f7ff89a0aaf/library/core/src/fmt/mod.rs:1186:21
[INFO] [stdout]    6:     0x652216213253 - std::io::Write::write_fmt::h509ff860e5956e5e
[INFO] [stdout]                                at /rustc/90b35a6239c3d8bdabc530a6a0816f7ff89a0aaf/library/std/src/io/mod.rs:1839:15
[INFO] [stdout]    7:     0x6522162169d2 - std::sys::backtrace::BacktraceLock::print::h2395ccd2c84ba3aa
[INFO] [stdout]                                at /rustc/90b35a6239c3d8bdabc530a6a0816f7ff89a0aaf/library/std/src/sys/backtrace.rs:42:9
[INFO] [stdout]    8:     0x652216217fea - std::panicking::default_hook::{{closure}}::he19d4c7230e07961
[INFO] [stdout]                                at /rustc/90b35a6239c3d8bdabc530a6a0816f7ff89a0aaf/library/std/src/panicking.rs:268:22
[INFO] [stdout]    9:     0x652216217df4 - std::panicking::default_hook::hf614597d3c67bbdb
[INFO] [stdout]                                at /rustc/90b35a6239c3d8bdabc530a6a0816f7ff89a0aaf/library/std/src/panicking.rs:292:9
[INFO] [stdout]   10:     0x652216085969 - <alloc::boxed::Box<F,A> as core::ops::function::Fn<Args>>::call::h39b51ce4599c23d1
[INFO] [stdout]                                at /rustc/90b35a6239c3d8bdabc530a6a0816f7ff89a0aaf/library/alloc/src/boxed.rs:2468:9
[INFO] [stdout]   11:     0x652216085969 - test::test_main::{{closure}}::he977ae839a582784
[INFO] [stdout]                                at /rustc/90b35a6239c3d8bdabc530a6a0816f7ff89a0aaf/library/test/src/lib.rs:133:21
[INFO] [stdout]   12:     0x652216218688 - <alloc::boxed::Box<F,A> as core::ops::function::Fn<Args>>::call::h9455091b6b06f9fb
[INFO] [stdout]                                at /rustc/90b35a6239c3d8bdabc530a6a0816f7ff89a0aaf/library/alloc/src/boxed.rs:2468:9
[INFO] [stdout]   13:     0x652216218688 - std::panicking::rust_panic_with_hook::h8942133a8b252070
[INFO] [stdout]                                at /rustc/90b35a6239c3d8bdabc530a6a0816f7ff89a0aaf/library/std/src/panicking.rs:809:13
[INFO] [stdout]   14:     0x65221621844a - std::panicking::begin_panic_handler::{{closure}}::hb5f5963570096b29
[INFO] [stdout]                                at /rustc/90b35a6239c3d8bdabc530a6a0816f7ff89a0aaf/library/std/src/panicking.rs:674:13
[INFO] [stdout]   15:     0x652216217069 - std::sys::backtrace::__rust_end_short_backtrace::h6208cedc1922feda
[INFO] [stdout]                                at /rustc/90b35a6239c3d8bdabc530a6a0816f7ff89a0aaf/library/std/src/sys/backtrace.rs:170:18
[INFO] [stdout]   16:     0x6522162180dc - rust_begin_unwind
[INFO] [stdout]                                at /rustc/90b35a6239c3d8bdabc530a6a0816f7ff89a0aaf/library/std/src/panicking.rs:665:5
[INFO] [stdout]   17:     0x652215fa4cd0 - core::panicking::panic_fmt::h0c3082644d1bf418
[INFO] [stdout]                                at /rustc/90b35a6239c3d8bdabc530a6a0816f7ff89a0aaf/library/core/src/panicking.rs:74:14
[INFO] [stdout]   18:     0x652215fa5176 - core::result::unwrap_failed::hd20b4aa073bda1e2
[INFO] [stdout]                                at /rustc/90b35a6239c3d8bdabc530a6a0816f7ff89a0aaf/library/core/src/result.rs:1700:5
[INFO] [stdout]   19:     0x65221600a464 - core::result::Result<T,E>::unwrap::h8bd2490e87cf871f
[INFO] [stdout]                                at /rustc/90b35a6239c3d8bdabc530a6a0816f7ff89a0aaf/library/core/src/result.rs:1104:23
[INFO] [stdout]   20:     0x65221600a464 - <test_save_read_dump::FileName as core::ops::drop::Drop>::drop::h94f81bf5186c5e4b
[INFO] [stdout]                                at /opt/rustwide/workdir/tests/test_save_read_dump.rs:22:9
[INFO] [stdout]   21:     0x652215fea7d3 - core::ptr::drop_in_place<test_save_read_dump::FileName>::h5f961b32673bb662
[INFO] [stdout]                                at /rustc/90b35a6239c3d8bdabc530a6a0816f7ff89a0aaf/library/core/src/ptr/mod.rs:574:1
[INFO] [stdout]   22:     0x65221600ab73 - test_save_read_dump::test_save_read_dump::{{closure}}::ha79b47c1b060d7b2
[INFO] [stdout]                                at /opt/rustwide/workdir/tests/test_save_read_dump.rs:73:1
[INFO] [stdout]   23:     0x65221602f122 - <core::pin::Pin<P> as core::future::future::Future>::poll::h169598cec9c7f2dc
[INFO] [stdout]                                at /rustc/90b35a6239c3d8bdabc530a6a0816f7ff89a0aaf/library/core/src/future/future.rs:123:9
[INFO] [stdout]   24:     0x65221602f1fd - <core::pin::Pin<P> as core::future::future::Future>::poll::h465f6c233e8e47ec
[INFO] [stdout]                                at /rustc/90b35a6239c3d8bdabc530a6a0816f7ff89a0aaf/library/core/src/future/future.rs:123:9
[INFO] [stdout]   25:     0x65221601d0af - tokio::runtime::scheduler::current_thread::CoreGuard::block_on::{{closure}}::{{closure}}::{{closure}}::h135bd880c54cc77b
[INFO] [stdout]                                at /opt/rustwide/cargo-home/registry/src/index.crates.io-6f17d22bba15001f/tokio-1.38.0/src/runtime/scheduler/current_thread/mod.rs:659:57
[INFO] [stdout]   26:     0x65221601cfe5 - tokio::runtime::coop::with_budget::hf01ba91647a768e5
[INFO] [stdout]                                at /opt/rustwide/cargo-home/registry/src/index.crates.io-6f17d22bba15001f/tokio-1.38.0/src/runtime/coop.rs:107:5
[INFO] [stdout]   27:     0x65221601cfe5 - tokio::runtime::coop::budget::hf3c8e36e2f92b32b
[INFO] [stdout]                                at /opt/rustwide/cargo-home/registry/src/index.crates.io-6f17d22bba15001f/tokio-1.38.0/src/runtime/coop.rs:73:5
[INFO] [stdout]   28:     0x65221601cfe5 - tokio::runtime::scheduler::current_thread::CoreGuard::block_on::{{closure}}::{{closure}}::hbd6abe87dff1df2d
[INFO] [stdout]                                at /opt/rustwide/cargo-home/registry/src/index.crates.io-6f17d22bba15001f/tokio-1.38.0/src/runtime/scheduler/current_thread/mod.rs:659:25
[INFO] [stdout]   29:     0x65221601baa0 - tokio::runtime::scheduler::current_thread::Context::enter::h570137df8558c49a
[INFO] [stdout]                                at /opt/rustwide/cargo-home/registry/src/index.crates.io-6f17d22bba15001f/tokio-1.38.0/src/runtime/scheduler/current_thread/mod.rs:404:19
[INFO] [stdout]   30:     0x65221601c84e - tokio::runtime::scheduler::current_thread::CoreGuard::block_on::{{closure}}::hd758ebe76472e27b
[INFO] [stdout]                                at /opt/rustwide/cargo-home/registry/src/index.crates.io-6f17d22bba15001f/tokio-1.38.0/src/runtime/scheduler/current_thread/mod.rs:658:36
[INFO] [stdout]   31:     0x65221601c5c4 - tokio::runtime::scheduler::current_thread::CoreGuard::enter::{{closure}}::h096468f7f6b86b5f
[INFO] [stdout]                                at /opt/rustwide/cargo-home/registry/src/index.crates.io-6f17d22bba15001f/tokio-1.38.0/src/runtime/scheduler/current_thread/mod.rs:737:68
[INFO] [stdout]   32:     0x652216039beb - tokio::runtime::context::scoped::Scoped<T>::set::h6f146e01f45e118e
[INFO] [stdout]                                at /opt/rustwide/cargo-home/registry/src/index.crates.io-6f17d22bba15001f/tokio-1.38.0/src/runtime/context/scoped.rs:40:9
[INFO] [stdout]   33:     0x652216008209 - tokio::runtime::context::set_scheduler::{{closure}}::he6a3f4a865aaec97
[INFO] [stdout]                                at /opt/rustwide/cargo-home/registry/src/index.crates.io-6f17d22bba15001f/tokio-1.38.0/src/runtime/context.rs:180:26
[INFO] [stdout]   34:     0x65221602b5bd - std::thread::local::LocalKey<T>::try_with::h236c2a23df8c36f1
[INFO] [stdout]                                at /rustc/90b35a6239c3d8bdabc530a6a0816f7ff89a0aaf/library/std/src/thread/local.rs:283:12
[INFO] [stdout]   35:     0x65221602b02a - std::thread::local::LocalKey<T>::with::h1a413cd17f294ba1
[INFO] [stdout]                                at /rustc/90b35a6239c3d8bdabc530a6a0816f7ff89a0aaf/library/std/src/thread/local.rs:260:9
[INFO] [stdout]   36:     0x6522160081bd - tokio::runtime::context::set_scheduler::h9e14c41f131ba9fa
[INFO] [stdout]                                at /opt/rustwide/cargo-home/registry/src/index.crates.io-6f17d22bba15001f/tokio-1.38.0/src/runtime/context.rs:180:9
[INFO] [stdout]   37:     0x65221601c370 - tokio::runtime::scheduler::current_thread::CoreGuard::enter::h83b3c4b391b2163d
[INFO] [stdout]                                at /opt/rustwide/cargo-home/registry/src/index.crates.io-6f17d22bba15001f/tokio-1.38.0/src/runtime/scheduler/current_thread/mod.rs:737:27
[INFO] [stdout]   38:     0x65221601c5e3 - tokio::runtime::scheduler::current_thread::CoreGuard::block_on::h3ee30f4cb1ce876b
[INFO] [stdout]                                at /opt/rustwide/cargo-home/registry/src/index.crates.io-6f17d22bba15001f/tokio-1.38.0/src/runtime/scheduler/current_thread/mod.rs:646:19
[INFO] [stdout]   39:     0x652216018dad - tokio::runtime::scheduler::current_thread::CurrentThread::block_on::{{closure}}::hc6af57911eb22f11
[INFO] [stdout]                                at /opt/rustwide/cargo-home/registry/src/index.crates.io-6f17d22bba15001f/tokio-1.38.0/src/runtime/scheduler/current_thread/mod.rs:175:28
[INFO] [stdout]   40:     0x6522160187c6 - tokio::runtime::context::runtime::enter_runtime::h7cb1a3e733d6b6d2
[INFO] [stdout]                                at /opt/rustwide/cargo-home/registry/src/index.crates.io-6f17d22bba15001f/tokio-1.38.0/src/runtime/context/runtime.rs:65:16
[INFO] [stdout]   41:     0x652216018cc1 - tokio::runtime::scheduler::current_thread::CurrentThread::block_on::h80ea8dde2696207c
[INFO] [stdout]                                at /opt/rustwide/cargo-home/registry/src/index.crates.io-6f17d22bba15001f/tokio-1.38.0/src/runtime/scheduler/current_thread/mod.rs:167:9
[INFO] [stdout]   42:     0x65221600f9bd - tokio::runtime::runtime::Runtime::block_on::h5fa5013d89b7bcf1
[INFO] [stdout]                                at /opt/rustwide/cargo-home/registry/src/index.crates.io-6f17d22bba15001f/tokio-1.38.0/src/runtime/runtime.rs:347:47
[INFO] [stdout]   43:     0x65221600a861 - test_save_read_dump::test_save_read_dump::h6f57457aeda27144
[INFO] [stdout]                                at /opt/rustwide/workdir/tests/test_save_read_dump.rs:72:5
[INFO] [stdout]   44:     0x65221600a707 - test_save_read_dump::test_save_read_dump::{{closure}}::h02f0b2341f190ead
[INFO] [stdout]                                at /opt/rustwide/workdir/tests/test_save_read_dump.rs:28:31
[INFO] [stdout]   45:     0x652215fe15f6 - core::ops::function::FnOnce::call_once::hada7f90f09015129
[INFO] [stdout]                                at /rustc/90b35a6239c3d8bdabc530a6a0816f7ff89a0aaf/library/core/src/ops/function.rs:250:5
[INFO] [stdout]   46:     0x65221608a32b - core::ops::function::FnOnce::call_once::h109cf8051a59b34e
[INFO] [stdout]                                at /rustc/90b35a6239c3d8bdabc530a6a0816f7ff89a0aaf/library/core/src/ops/function.rs:250:5
[INFO] [stdout]   47:     0x65221608a32b - test::__rust_begin_short_backtrace::hf4fff89d377446ba
[INFO] [stdout]                                at /rustc/90b35a6239c3d8bdabc530a6a0816f7ff89a0aaf/library/test/src/lib.rs:621:18
[INFO] [stdout]   48:     0x652216089b67 - test::run_test_in_process::{{closure}}::h0e39181dd7ee5a43
[INFO] [stdout]                                at /rustc/90b35a6239c3d8bdabc530a6a0816f7ff89a0aaf/library/test/src/lib.rs:644:60
[INFO] [stdout]   49:     0x652216089b67 - <core::panic::unwind_safe::AssertUnwindSafe<F> as core::ops::function::FnOnce<()>>::call_once::hc5a66a30f0bdfd1f
[INFO] [stdout]                                at /rustc/90b35a6239c3d8bdabc530a6a0816f7ff89a0aaf/library/core/src/panic/unwind_safe.rs:272:9
[INFO] [stdout]   50:     0x652216089b67 - std::panicking::try::do_call::h873b7cf639554a5e
[INFO] [stdout]                                at /rustc/90b35a6239c3d8bdabc530a6a0816f7ff89a0aaf/library/std/src/panicking.rs:557:40
[INFO] [stdout]   51:     0x652216089b67 - std::panicking::try::hdb19862fad9c8bd1
[INFO] [stdout]                                at /rustc/90b35a6239c3d8bdabc530a6a0816f7ff89a0aaf/library/std/src/panicking.rs:520:19
[INFO] [stdout]   52:     0x652216089b67 - std::panic::catch_unwind::h281fe732d236d260
[INFO] [stdout]                                at /rustc/90b35a6239c3d8bdabc530a6a0816f7ff89a0aaf/library/std/src/panic.rs:358:14
[INFO] [stdout]   53:     0x652216089b67 - test::run_test_in_process::h949b6df8457ed338
[INFO] [stdout]                                at /rustc/90b35a6239c3d8bdabc530a6a0816f7ff89a0aaf/library/test/src/lib.rs:644:27
[INFO] [stdout]   54:     0x652216089b67 - test::run_test::{{closure}}::h52c556a6d4740e10
[INFO] [stdout]                                at /rustc/90b35a6239c3d8bdabc530a6a0816f7ff89a0aaf/library/test/src/lib.rs:565:43
[INFO] [stdout]   55:     0x65221604ee44 - test::run_test::{{closure}}::h4237f6381c45ccb9
[INFO] [stdout]                                at /rustc/90b35a6239c3d8bdabc530a6a0816f7ff89a0aaf/library/test/src/lib.rs:595:41
[INFO] [stdout]   56:     0x65221604ee44 - std::sys::backtrace::__rust_begin_short_backtrace::h505c97a579eca628
[INFO] [stdout]                                at /rustc/90b35a6239c3d8bdabc530a6a0816f7ff89a0aaf/library/std/src/sys/backtrace.rs:154:18
[INFO] [stdout]   57:     0x65221605250e - std::thread::Builder::spawn_unchecked_::{{closure}}::{{closure}}::h9e86b2e2bc107ea3
[INFO] [stdout]                                at /rustc/90b35a6239c3d8bdabc530a6a0816f7ff89a0aaf/library/std/src/thread/mod.rs:538:17
[INFO] [stdout]   58:     0x65221605250e - <core::panic::unwind_safe::AssertUnwindSafe<F> as core::ops::function::FnOnce<()>>::call_once::h8b06ddb275ff4a25
[INFO] [stdout]                                at /rustc/90b35a6239c3d8bdabc530a6a0816f7ff89a0aaf/library/core/src/panic/unwind_safe.rs:272:9
[INFO] [stdout]   59:     0x65221605250e - std::panicking::try::do_call::hb26ecd7cd9a9355d
[INFO] [stdout]                                at /rustc/90b35a6239c3d8bdabc530a6a0816f7ff89a0aaf/library/std/src/panicking.rs:557:40
[INFO] [stdout]   60:     0x65221605250e - std::panicking::try::h8ddeca9d705f9069
[INFO] [stdout]                                at /rustc/90b35a6239c3d8bdabc530a6a0816f7ff89a0aaf/library/std/src/panicking.rs:520:19
[INFO] [stdout]   61:     0x65221605250e - std::panic::catch_unwind::h49e1c33078844c46
[INFO] [stdout]                                at /rustc/90b35a6239c3d8bdabc530a6a0816f7ff89a0aaf/library/std/src/panic.rs:358:14
[INFO] [stdout]   62:     0x65221605250e - std::thread::Builder::spawn_unchecked_::{{closure}}::h6073db6ff56ad35d
[INFO] [stdout]                                at /rustc/90b35a6239c3d8bdabc530a6a0816f7ff89a0aaf/library/std/src/thread/mod.rs:537:30
[INFO] [stdout]   63:     0x65221605250e - core::ops::function::FnOnce::call_once{{vtable.shim}}::h2c5a5f3779c774f1
[INFO] [stdout]                                at /rustc/90b35a6239c3d8bdabc530a6a0816f7ff89a0aaf/library/core/src/ops/function.rs:250:5
[INFO] [stdout]   64:     0x65221621c7cb - <alloc::boxed::Box<F,A> as core::ops::function::FnOnce<Args>>::call_once::hf75717d9f28faebf
[INFO] [stdout]                                at /rustc/90b35a6239c3d8bdabc530a6a0816f7ff89a0aaf/library/alloc/src/boxed.rs:2454:9
[INFO] [stdout]   65:     0x65221621c7cb - <alloc::boxed::Box<F,A> as core::ops::function::FnOnce<Args>>::call_once::h7bd883a5f3c5f3c1
[INFO] [stdout]                                at /rustc/90b35a6239c3d8bdabc530a6a0816f7ff89a0aaf/library/alloc/src/boxed.rs:2454:9
[INFO] [stdout]   66:     0x65221621c7cb - std::sys::pal::unix::thread::Thread::new::thread_start::hcc78f3943333fa94
[INFO] [stdout]                                at /rustc/90b35a6239c3d8bdabc530a6a0816f7ff89a0aaf/library/std/src/sys/pal/unix/thread.rs:105:17
[INFO] [stdout]   67:     0x7a8f37cd9ac3 - <unknown>
[INFO] [stdout]   68:     0x7a8f37d6aa04 - clone
[INFO] [stdout]   69:                0x0 - <unknown>
[INFO] [stderr] error: test failed, to rerun pass `--test test_save_read_dump`
[INFO] [stderr] 
[INFO] [stderr] Caused by:
[INFO] [stderr]   process didn't exit successfully: `/opt/rustwide/target/debug/deps/test_save_read_dump-7cfe67e4002b6272` (signal: 6, SIGABRT: process abort signal)
[INFO] running `Command { std: "docker" "inspect" "4bb1de3a2c8d61e8d23f4c22cabe0d8addcb33e7428c076d3967c6087c3d159e", kill_on_drop: false }`
[INFO] running `Command { std: "docker" "rm" "-f" "4bb1de3a2c8d61e8d23f4c22cabe0d8addcb33e7428c076d3967c6087c3d159e", kill_on_drop: false }`
[INFO] [stdout] 4bb1de3a2c8d61e8d23f4c22cabe0d8addcb33e7428c076d3967c6087c3d159e
