[INFO] cloning repository https://github.com/Michael-F-Bryan/mdbook-linkcheck
[INFO] running `Command { std: "git" "-c" "credential.helper=" "-c" "credential.helper=/workspace/cargo-home/bin/git-credential-null" "clone" "--bare" "https://github.com/Michael-F-Bryan/mdbook-linkcheck" "/workspace/cache/git-repos/https%3A%2F%2Fgithub.com%2FMichael-F-Bryan%2Fmdbook-linkcheck", kill_on_drop: false }`
[INFO] [stderr] Cloning into bare repository '/workspace/cache/git-repos/https%3A%2F%2Fgithub.com%2FMichael-F-Bryan%2Fmdbook-linkcheck'...
[INFO] running `Command { std: "git" "rev-parse" "HEAD", kill_on_drop: false }`
[INFO] [stdout] bffff60e6de6f755fab9dfd6ecc3f6cf872c633d
[INFO] testing Michael-F-Bryan/mdbook-linkcheck against 1.83.0 for beta-1.84.0-4-retry
[INFO] running `Command { std: "git" "clone" "/workspace/cache/git-repos/https%3A%2F%2Fgithub.com%2FMichael-F-Bryan%2Fmdbook-linkcheck" "/workspace/builds/worker-1-tc1/source", kill_on_drop: false }`
[INFO] [stderr] Cloning into '/workspace/builds/worker-1-tc1/source'...
[INFO] [stderr] done.
[INFO] validating manifest of git repo https://github.com/Michael-F-Bryan/mdbook-linkcheck on toolchain 1.83.0
[INFO] running `Command { std: CARGO_HOME="/workspace/cargo-home" RUSTUP_HOME="/workspace/rustup-home" "/workspace/cargo-home/bin/cargo" "+1.83.0" "metadata" "--manifest-path" "Cargo.toml" "--no-deps", kill_on_drop: false }`
[INFO] removed /workspace/builds/worker-1-tc1/source/.cargo/config
[INFO] started tweaking git repo https://github.com/Michael-F-Bryan/mdbook-linkcheck
[INFO] finished tweaking git repo https://github.com/Michael-F-Bryan/mdbook-linkcheck
[INFO] tweaked toml for git repo https://github.com/Michael-F-Bryan/mdbook-linkcheck written to /workspace/builds/worker-1-tc1/source/Cargo.toml
[INFO] crate git repo https://github.com/Michael-F-Bryan/mdbook-linkcheck already has a lockfile, it will not be regenerated
[INFO] running `Command { std: CARGO_HOME="/workspace/cargo-home" RUSTUP_HOME="/workspace/rustup-home" "/workspace/cargo-home/bin/cargo" "+1.83.0" "fetch" "--manifest-path" "Cargo.toml", kill_on_drop: false }`
[INFO] [stderr]     Updating crates.io index
[INFO] [stderr]  Downloading crates ...
[INFO] [stderr]   Downloaded build-info-build v0.0.21
[INFO] [stderr]   Downloaded linkify v0.7.0
[INFO] [stderr]   Downloaded build-info-common v0.0.21
[INFO] [stderr]   Downloaded linkcheck v0.4.1
[INFO] [stderr]   Downloaded build-info v0.0.21
[INFO] [stderr]   Downloaded clap_complete v3.2.5
[INFO] [stderr]   Downloaded pulldown-cmark v0.9.2
[INFO] [stderr]   Downloaded lzma-sys v0.1.19
[INFO] [stderr]   Downloaded mdbook v0.4.21
[INFO] [stderr]   Downloaded build-info-proc v0.0.21
[INFO] [stderr]   Downloaded format-buf v1.0.0
[INFO] running `Command { std: "docker" "create" "-v" "/var/lib/crater-agent-workspace/builds/worker-1-tc1/target:/opt/rustwide/target:rw,Z" "-v" "/var/lib/crater-agent-workspace/builds/worker-1-tc1/source:/opt/rustwide/workdir:ro,Z" "-v" "/var/lib/crater-agent-workspace/cargo-home:/opt/rustwide/cargo-home:ro,Z" "-v" "/var/lib/crater-agent-workspace/rustup-home:/opt/rustwide/rustup-home:ro,Z" "-e" "SOURCE_DIR=/opt/rustwide/workdir" "-e" "CARGO_TARGET_DIR=/opt/rustwide/target" "-e" "CARGO_HOME=/opt/rustwide/cargo-home" "-e" "RUSTUP_HOME=/opt/rustwide/rustup-home" "-w" "/opt/rustwide/workdir" "-m" "1610612736" "--user" "0:0" "--network" "none" "ghcr.io/rust-lang/crates-build-env/linux@sha256:f3a9d4ad9d972b27faf3965f35b62e55ba32bbce8f20bc8fe909558a86702fde" "/opt/rustwide/cargo-home/bin/cargo" "+1.83.0" "metadata" "--no-deps" "--format-version=1", kill_on_drop: false }`
[INFO] [stdout] de6e598c0f7063f2e086893e91657f726c9fbbfecc0b87fdfa03df602c047a66
[INFO] running `Command { std: "docker" "start" "-a" "de6e598c0f7063f2e086893e91657f726c9fbbfecc0b87fdfa03df602c047a66", kill_on_drop: false }`
[INFO] running `Command { std: "docker" "inspect" "de6e598c0f7063f2e086893e91657f726c9fbbfecc0b87fdfa03df602c047a66", kill_on_drop: false }`
[INFO] running `Command { std: "docker" "rm" "-f" "de6e598c0f7063f2e086893e91657f726c9fbbfecc0b87fdfa03df602c047a66", kill_on_drop: false }`
[INFO] [stdout] de6e598c0f7063f2e086893e91657f726c9fbbfecc0b87fdfa03df602c047a66
[INFO] running `Command { std: "docker" "create" "-v" "/var/lib/crater-agent-workspace/builds/worker-1-tc1/target:/opt/rustwide/target:rw,Z" "-v" "/var/lib/crater-agent-workspace/builds/worker-1-tc1/source:/opt/rustwide/workdir:ro,Z" "-v" "/var/lib/crater-agent-workspace/cargo-home:/opt/rustwide/cargo-home:ro,Z" "-v" "/var/lib/crater-agent-workspace/rustup-home:/opt/rustwide/rustup-home:ro,Z" "-e" "SOURCE_DIR=/opt/rustwide/workdir" "-e" "CARGO_TARGET_DIR=/opt/rustwide/target" "-e" "CARGO_INCREMENTAL=0" "-e" "RUST_BACKTRACE=full" "-e" "RUSTFLAGS=--cap-lints=warn" "-e" "RUSTDOCFLAGS=--cap-lints=warn" "-e" "CARGO_HOME=/opt/rustwide/cargo-home" "-e" "RUSTUP_HOME=/opt/rustwide/rustup-home" "-w" "/opt/rustwide/workdir" "-m" "1610612736" "--user" "0:0" "--network" "none" "ghcr.io/rust-lang/crates-build-env/linux@sha256:f3a9d4ad9d972b27faf3965f35b62e55ba32bbce8f20bc8fe909558a86702fde" "/opt/rustwide/cargo-home/bin/cargo" "+1.83.0" "build" "--frozen" "--message-format=json", kill_on_drop: false }`
[INFO] [stdout] fd81608624675b3100c1e0b80da71813d9b61c094f94c84f2dec0b74227c41f5
[INFO] running `Command { std: "docker" "start" "-a" "fd81608624675b3100c1e0b80da71813d9b61c094f94c84f2dec0b74227c41f5", kill_on_drop: false }`
[INFO] [stderr]    Compiling proc-macro2 v1.0.46
[INFO] [stderr]    Compiling unicode-ident v1.0.4
[INFO] [stderr]    Compiling autocfg v1.1.0
[INFO] [stderr]    Compiling quote v1.0.21
[INFO] [stderr]    Compiling syn v1.0.101
[INFO] [stderr]    Compiling libc v0.2.134
[INFO] [stderr]    Compiling memchr v2.5.0
[INFO] [stderr]    Compiling once_cell v1.15.0
[INFO] [stderr]    Compiling log v0.4.17
[INFO] [stderr]    Compiling version_check v0.9.4
[INFO] [stderr]    Compiling pin-project-lite v0.2.9
[INFO] [stderr]    Compiling bitflags v1.3.2
[INFO] [stderr]    Compiling serde_derive v1.0.145
[INFO] [stderr]    Compiling cc v1.0.73
[INFO] [stderr]    Compiling serde v1.0.145
[INFO] [stderr]    Compiling futures-core v0.3.24
[INFO] [stderr]    Compiling pkg-config v0.3.25
[INFO] [stderr]    Compiling itoa v1.0.3
[INFO] [stderr]    Compiling futures-sink v0.3.24
[INFO] [stderr]    Compiling bytes v1.2.1
[INFO] [stderr]    Compiling futures-task v0.3.24
[INFO] [stderr]    Compiling futures-channel v0.3.24
[INFO] [stderr]    Compiling thiserror v1.0.37
[INFO] [stderr]    Compiling hashbrown v0.12.3
[INFO] [stderr]    Compiling futures-util v0.3.24
[INFO] [stderr]    Compiling futures-io v0.3.24
[INFO] [stderr]    Compiling indexmap v1.9.1
[INFO] [stderr]    Compiling slab v0.4.7
[INFO] [stderr]    Compiling openssl-src v111.22.0+1.1.1q
[INFO] [stderr]    Compiling tokio v1.21.2
[INFO] [stderr]    Compiling unicode-width v0.1.10
[INFO] [stderr]    Compiling tracing-core v0.1.29
[INFO] [stderr]    Compiling foreign-types-shared v0.1.1
[INFO] [stderr]    Compiling openssl v0.10.42
[INFO] [stderr]    Compiling termcolor v1.1.3
[INFO] [stderr]    Compiling foreign-types v0.3.2
[INFO] [stderr]    Compiling http v0.2.8
[INFO] [stderr]    Compiling unicase v2.6.0
[INFO] [stderr]    Compiling ryu v1.0.11
[INFO] [stderr]    Compiling ucd-trie v0.1.5
[INFO] [stderr]    Compiling tracing v0.1.36
[INFO] [stderr]    Compiling httparse v1.8.0
[INFO] [stderr]    Compiling num_cpus v1.13.1
[INFO] [stderr]    Compiling socket2 v0.4.7
[INFO] [stderr]    Compiling mio v0.8.4
[INFO] [stderr]    Compiling atty v0.2.14
[INFO] [stderr]    Compiling native-tls v0.2.10
[INFO] [stderr]    Compiling tinyvec v1.6.0
[INFO] [stderr]    Compiling proc-macro-error-attr v1.0.4
[INFO] [stderr]    Compiling num-traits v0.2.15
[INFO] [stderr]    Compiling percent-encoding v2.2.0
[INFO] [stderr]    Compiling openssl-probe v0.1.5
[INFO] [stderr]    Compiling want v0.3.0
[INFO] [stderr]    Compiling openssl-sys v0.9.76
[INFO] [stderr]    Compiling proc-macro-error v1.0.4
[INFO] [stderr]    Compiling form_urlencoded v1.1.0
[INFO] [stderr]    Compiling http-body v0.4.5
[INFO] [stderr]    Compiling num-integer v0.1.45
[INFO] [stderr]    Compiling serde_json v1.0.85
[INFO] [stderr]    Compiling unicode-bidi v0.3.8
[INFO] [stderr]    Compiling tower-service v0.3.2
[INFO] [stderr]    Compiling encoding_rs v0.8.31
[INFO] [stderr]    Compiling httpdate v1.0.2
[INFO] [stderr]    Compiling os_str_bytes v6.3.0
[INFO] [stderr]    Compiling aho-corasick v0.7.19
[INFO] [stderr]    Compiling pulldown-cmark v0.9.2
[INFO] [stderr]    Compiling clap_lex v0.2.4
[INFO] [stderr]    Compiling unicode-segmentation v1.10.0
[INFO] [stderr]    Compiling textwrap v0.15.1
[INFO] [stderr]    Compiling anyhow v1.0.65
[INFO] [stderr]    Compiling regex-syntax v0.6.27
[INFO] [stderr]    Compiling strsim v0.10.0
[INFO] [stderr]    Compiling unicode-normalization v0.1.22
[INFO] [stderr]    Compiling pulldown-cmark v0.8.0
[INFO] [stderr]    Compiling regex-automata v0.1.10
[INFO] [stderr]    Compiling time v0.1.44
[INFO] [stderr]    Compiling getopts v0.2.21
[INFO] [stderr]    Compiling heck v0.3.3
[INFO] [stderr]    Compiling clap v3.2.22
[INFO] [stderr]    Compiling bstr v0.2.17
[INFO] [stderr]    Compiling textwrap v0.11.0
[INFO] [stderr]    Compiling ipnet v2.5.0
[INFO] [stderr]    Compiling idna v0.3.0
[INFO] [stderr]    Compiling remove_dir_all v0.5.3
[INFO] [stderr]    Compiling strsim v0.8.0
[INFO] [stderr]    Compiling ansi_term v0.12.1
[INFO] [stderr]    Compiling vec_map v0.8.2
[INFO] [stderr]    Compiling humantime v2.1.0
[INFO] [stderr]    Compiling fastrand v1.8.0
[INFO] [stderr]    Compiling semver v1.0.14
[INFO] [stderr]    Compiling iana-time-zone v0.1.50
[INFO] [stderr]    Compiling clap v2.34.0
[INFO] [stderr]    Compiling tempfile v3.3.0
[INFO] [stderr]    Compiling chrono v0.4.22
[INFO] [stderr]    Compiling opener v0.5.0
[INFO] [stderr]    Compiling linkify v0.7.0
[INFO] [stderr]    Compiling shlex v1.1.0
[INFO] [stderr]    Compiling dunce v1.0.2
[INFO] [stderr]    Compiling topological-sort v0.1.0
[INFO] [stderr]    Compiling regex v1.6.0
[INFO] [stderr]    Compiling tokio-util v0.7.4
[INFO] [stderr]    Compiling clap_complete v3.2.5
[INFO] [stderr]    Compiling env_logger v0.9.1
[INFO] [stderr]    Compiling thiserror-impl v1.0.37
[INFO] [stderr]    Compiling futures-macro v0.3.24
[INFO] [stderr]    Compiling openssl-macros v0.1.0
[INFO] [stderr]    Compiling structopt-derive v0.4.18
[INFO] [stderr]    Compiling structopt v0.3.26
[INFO] [stderr]    Compiling pest v2.4.0
[INFO] [stderr]    Compiling pest_meta v2.4.0
[INFO] [stderr]    Compiling pest_generator v2.4.0
[INFO] [stderr]    Compiling pest_derive v2.4.0
[INFO] [stderr]    Compiling h2 v0.3.14
[INFO] [stderr]    Compiling futures-executor v0.3.24
[INFO] [stderr]    Compiling futures v0.3.24
[INFO] [stderr]    Compiling url v2.3.1
[INFO] [stderr]    Compiling codespan-reporting v0.11.1
[INFO] [stderr]    Compiling serde_urlencoded v0.7.1
[INFO] [stderr]    Compiling toml v0.5.9
[INFO] [stderr]    Compiling hyper v0.14.20
[INFO] [stderr]    Compiling codespan v0.11.1
[INFO] [stderr]    Compiling handlebars v4.3.4
[INFO] [stderr]    Compiling mdbook v0.4.21
[INFO] [stderr]    Compiling tokio-native-tls v0.3.0
[INFO] [stderr]    Compiling hyper-tls v0.5.0
[INFO] [stderr]    Compiling reqwest v0.11.12
[INFO] [stderr]    Compiling linkcheck v0.4.1
[INFO] [stderr]    Compiling mdbook-linkcheck v0.7.7 (/opt/rustwide/workdir)
[INFO] [stdout] warning: fields `src_dir` and `files` are never read
[INFO] [stdout]   --> src/context.rs:18:16
[INFO] [stdout]    |
[INFO] [stdout] 16 | pub struct Context<'a> {
[INFO] [stdout]    |            ------- fields in this struct
[INFO] [stdout] 17 |     pub(crate) cfg: &'a Config,
[INFO] [stdout] 18 |     pub(crate) src_dir: &'a Path,
[INFO] [stdout]    |                ^^^^^^^
[INFO] [stdout] 19 |     pub(crate) cache: Mutex<Cache>,
[INFO] [stdout] 20 |     pub(crate) files: &'a Files<String>,
[INFO] [stdout]    |                ^^^^^
[INFO] [stdout]    |
[INFO] [stdout]    = note: `Context` has a derived impl for the trait `Debug`, but this is intentionally ignored during dead code analysis
[INFO] [stdout]    = note: `#[warn(dead_code)]` on by default
[INFO] [stdout] 
[INFO] [stdout] 
[INFO] [stderr]     Finished `dev` profile [unoptimized + debuginfo] target(s) in 1m 33s
[INFO] running `Command { std: "docker" "inspect" "fd81608624675b3100c1e0b80da71813d9b61c094f94c84f2dec0b74227c41f5", kill_on_drop: false }`
[INFO] running `Command { std: "docker" "rm" "-f" "fd81608624675b3100c1e0b80da71813d9b61c094f94c84f2dec0b74227c41f5", kill_on_drop: false }`
[INFO] [stdout] fd81608624675b3100c1e0b80da71813d9b61c094f94c84f2dec0b74227c41f5
[INFO] running `Command { std: "docker" "create" "-v" "/var/lib/crater-agent-workspace/builds/worker-1-tc1/target:/opt/rustwide/target:rw,Z" "-v" "/var/lib/crater-agent-workspace/builds/worker-1-tc1/source:/opt/rustwide/workdir:ro,Z" "-v" "/var/lib/crater-agent-workspace/cargo-home:/opt/rustwide/cargo-home:ro,Z" "-v" "/var/lib/crater-agent-workspace/rustup-home:/opt/rustwide/rustup-home:ro,Z" "-e" "SOURCE_DIR=/opt/rustwide/workdir" "-e" "CARGO_TARGET_DIR=/opt/rustwide/target" "-e" "CARGO_INCREMENTAL=0" "-e" "RUST_BACKTRACE=full" "-e" "RUSTFLAGS=--cap-lints=warn" "-e" "RUSTDOCFLAGS=--cap-lints=warn" "-e" "CARGO_HOME=/opt/rustwide/cargo-home" "-e" "RUSTUP_HOME=/opt/rustwide/rustup-home" "-w" "/opt/rustwide/workdir" "-m" "1610612736" "--user" "0:0" "--network" "none" "ghcr.io/rust-lang/crates-build-env/linux@sha256:f3a9d4ad9d972b27faf3965f35b62e55ba32bbce8f20bc8fe909558a86702fde" "/opt/rustwide/cargo-home/bin/cargo" "+1.83.0" "test" "--frozen" "--no-run" "--message-format=json", kill_on_drop: false }`
[INFO] [stdout] 72a2b98c2eea24c10587744973fcd89013e92d2a47b12d8640a5a8d1725ea79b
[INFO] running `Command { std: "docker" "start" "-a" "72a2b98c2eea24c10587744973fcd89013e92d2a47b12d8640a5a8d1725ea79b", kill_on_drop: false }`
[INFO] [stderr]    Compiling diff v0.1.13
[INFO] [stderr]    Compiling yansi v0.5.1
[INFO] [stdout] warning: fields `src_dir` and `files` are never read
[INFO] [stdout]   --> src/context.rs:18:16
[INFO] [stdout]    |
[INFO] [stdout] 16 | pub struct Context<'a> {
[INFO] [stdout]    |            ------- fields in this struct
[INFO] [stdout] 17 |     pub(crate) cfg: &'a Config,
[INFO] [stdout] 18 |     pub(crate) src_dir: &'a Path,
[INFO] [stdout]    |                ^^^^^^^
[INFO] [stdout] 19 |     pub(crate) cache: Mutex<Cache>,
[INFO] [stdout] 20 |     pub(crate) files: &'a Files<String>,
[INFO] [stdout]    |                ^^^^^
[INFO] [stdout]    |
[INFO] [stdout]    = note: `Context` has a derived impl for the trait `Debug`, but this is intentionally ignored during dead code analysis
[INFO] [stdout]    = note: `#[warn(dead_code)]` on by default
[INFO] [stdout] 
[INFO] [stdout] 
[INFO] [stderr]    Compiling pretty_assertions v1.3.0
[INFO] [stderr]    Compiling mdbook-linkcheck v0.7.7 (/opt/rustwide/workdir)
[INFO] [stdout] warning: fields `src_dir` and `files` are never read
[INFO] [stdout]   --> src/context.rs:18:16
[INFO] [stdout]    |
[INFO] [stdout] 16 | pub struct Context<'a> {
[INFO] [stdout]    |            ------- fields in this struct
[INFO] [stdout] 17 |     pub(crate) cfg: &'a Config,
[INFO] [stdout] 18 |     pub(crate) src_dir: &'a Path,
[INFO] [stdout]    |                ^^^^^^^
[INFO] [stdout] 19 |     pub(crate) cache: Mutex<Cache>,
[INFO] [stdout] 20 |     pub(crate) files: &'a Files<String>,
[INFO] [stdout]    |                ^^^^^
[INFO] [stdout]    |
[INFO] [stdout]    = note: `Context` has a derived impl for the trait `Debug`, but this is intentionally ignored during dead code analysis
[INFO] [stdout]    = note: `#[warn(dead_code)]` on by default
[INFO] [stdout] 
[INFO] [stdout] 
[INFO] [stderr]     Finished `test` profile [unoptimized + debuginfo] target(s) in 6.76s
[INFO] running `Command { std: "docker" "inspect" "72a2b98c2eea24c10587744973fcd89013e92d2a47b12d8640a5a8d1725ea79b", kill_on_drop: false }`
[INFO] running `Command { std: "docker" "rm" "-f" "72a2b98c2eea24c10587744973fcd89013e92d2a47b12d8640a5a8d1725ea79b", kill_on_drop: false }`
[INFO] [stdout] 72a2b98c2eea24c10587744973fcd89013e92d2a47b12d8640a5a8d1725ea79b
[INFO] running `Command { std: "docker" "create" "-v" "/var/lib/crater-agent-workspace/builds/worker-1-tc1/target:/opt/rustwide/target:rw,Z" "-v" "/var/lib/crater-agent-workspace/builds/worker-1-tc1/source:/opt/rustwide/workdir:ro,Z" "-v" "/var/lib/crater-agent-workspace/cargo-home:/opt/rustwide/cargo-home:ro,Z" "-v" "/var/lib/crater-agent-workspace/rustup-home:/opt/rustwide/rustup-home:ro,Z" "-e" "SOURCE_DIR=/opt/rustwide/workdir" "-e" "CARGO_TARGET_DIR=/opt/rustwide/target" "-e" "CARGO_INCREMENTAL=0" "-e" "RUST_BACKTRACE=full" "-e" "RUSTFLAGS=--cap-lints=warn" "-e" "RUSTDOCFLAGS=--cap-lints=warn" "-e" "CARGO_HOME=/opt/rustwide/cargo-home" "-e" "RUSTUP_HOME=/opt/rustwide/rustup-home" "-w" "/opt/rustwide/workdir" "-m" "1610612736" "--user" "0:0" "--network" "none" "ghcr.io/rust-lang/crates-build-env/linux@sha256:f3a9d4ad9d972b27faf3965f35b62e55ba32bbce8f20bc8fe909558a86702fde" "/opt/rustwide/cargo-home/bin/cargo" "+1.83.0" "test" "--frozen", kill_on_drop: false }`
[INFO] [stdout] 5d2f59e673af68d8c92b767f99ac16a0a6eab59e6357df086076cfea84745cf2
[INFO] running `Command { std: "docker" "start" "-a" "5d2f59e673af68d8c92b767f99ac16a0a6eab59e6357df086076cfea84745cf2", kill_on_drop: false }`
[INFO] [stderr] warning: fields `src_dir` and `files` are never read
[INFO] [stderr]   --> src/context.rs:18:16
[INFO] [stderr]    |
[INFO] [stderr] 16 | pub struct Context<'a> {
[INFO] [stderr]    |            ------- fields in this struct
[INFO] [stderr] 17 |     pub(crate) cfg: &'a Config,
[INFO] [stderr] 18 |     pub(crate) src_dir: &'a Path,
[INFO] [stderr]    |                ^^^^^^^
[INFO] [stderr] 19 |     pub(crate) cache: Mutex<Cache>,
[INFO] [stderr] 20 |     pub(crate) files: &'a Files<String>,
[INFO] [stderr]    |                ^^^^^
[INFO] [stderr]    |
[INFO] [stderr]    = note: `Context` has a derived impl for the trait `Debug`, but this is intentionally ignored during dead code analysis
[INFO] [stderr]    = note: `#[warn(dead_code)]` on by default
[INFO] [stderr] 
[INFO] [stderr] warning: `mdbook-linkcheck` (lib) generated 1 warning
[INFO] [stderr] warning: `mdbook-linkcheck` (lib test) generated 1 warning (1 duplicate)
[INFO] [stderr]     Finished `test` profile [unoptimized + debuginfo] target(s) in 0.28s
[INFO] [stderr]      Running unittests src/lib.rs (/opt/rustwide/target/debug/deps/mdbook_linkcheck-9ac0bc45d1be1055)
[INFO] [stdout] 
[INFO] [stdout] running 5 tests
[INFO] [stderr]      Running unittests src/bin/mdbook-linkcheck.rs (/opt/rustwide/target/debug/deps/mdbook_linkcheck-432f44f7f4f5cfa5)
[INFO] [stdout] test config::tests::round_trip_config ... ok
[INFO] [stdout] test config::tests::deserialize_a_config ... ok
[INFO] [stdout] test config::tests::interpolation ... ok
[INFO] [stdout] test tests::always_stay_compatible_with_mdbook_dependency ... ok
[INFO] [stdout] test validate::tests::check_some_simple_relative_paths ... ok
[INFO] [stdout] 
[INFO] [stdout] test result: ok. 5 passed; 0 failed; 0 ignored; 0 measured; 0 filtered out; finished in 0.01s
[INFO] [stdout] 
[INFO] [stdout] 
[INFO] [stdout] running 0 tests
[INFO] [stdout] 
[INFO] [stdout] test result: ok. 0 passed; 0 failed; 0 ignored; 0 measured; 0 filtered out; finished in 0.00s
[INFO] [stdout] 
[INFO] [stderr]      Running tests/smoke_tests.rs (/opt/rustwide/target/debug/deps/smoke_tests-a169c73d339073e1)
[INFO] [stdout] 
[INFO] [stdout] running 6 tests
[INFO] [stdout] test emit_valid_suggestions_on_absolute_links ... ok
[INFO] [stdout] test skip_web_links ... ok
[INFO] [stdout] test correctly_find_links_with_latex ... ok
[INFO] [stdout] test detect_when_a_linked_file_isnt_in_summary_md ... ok
[INFO] [stdout] test correctly_find_broken_links ... FAILED
[INFO] [stdout] test check_all_links_in_a_valid_book ... FAILED
[INFO] [stdout] 
[INFO] [stdout] failures:
[INFO] [stdout] 
[INFO] [stdout] ---- correctly_find_broken_links stdout ----
[INFO] [stdout] [2024-12-14T06:06:17Z DEBUG mdbook_linkcheck::links] Scanning chapter_1.md
[INFO] [stdout] [2024-12-14T06:06:17Z DEBUG mdbook_linkcheck::links] Found a (possibly) broken link to [incomplete link] at 268..285
[INFO] [stdout] [2024-12-14T06:06:17Z DEBUG mdbook_linkcheck::links] Found a (possibly) broken link to [math_var] at 356..366
[INFO] [stdout] [2024-12-14T06:06:17Z DEBUG mdbook_linkcheck::links] Scanning deeply/nested/index.md
[INFO] [stdout] [2024-12-14T06:06:17Z DEBUG mdbook_linkcheck::links] Scanning second/directory.md
[INFO] [stdout] [2024-12-14T06:06:17Z DEBUG linkcheck::validation::filesystem] Checking "sibling.md" in the context of "/opt/rustwide/workdir/tests/broken-links/src/second"
[INFO] [stdout] [2024-12-14T06:06:17Z DEBUG linkcheck::validation::filesystem] "sibling.md" resolved to "/opt/rustwide/workdir/tests/broken-links/src/second/sibling.md"
[INFO] [stdout] [2024-12-14T06:06:17Z DEBUG linkcheck::validation::filesystem] Custom validation reported "/opt/rustwide/workdir/tests/broken-links/src/second/sibling.md" as invalid because An OS-level error occurred
[INFO] [stdout] [2024-12-14T06:06:17Z DEBUG linkcheck::validation::filesystem] Checking "./chapter_1.md" in the context of "/opt/rustwide/workdir/tests/broken-links/src"
[INFO] [stdout] [2024-12-14T06:06:17Z DEBUG linkcheck::validation::filesystem] "./chapter_1.md" resolved to "/opt/rustwide/workdir/tests/broken-links/src/chapter_1.md"
[INFO] [stdout] [2024-12-14T06:06:17Z DEBUG linkcheck::validation::web] Checking "http://this-doesnt-exist.com.au.nz.us/" on the web
[INFO] [stdout] [2024-12-14T06:06:17Z DEBUG linkcheck::validation::filesystem] Checking "./foo/bar/baz.html" in the context of "/opt/rustwide/workdir/tests/broken-links/src"
[INFO] [stdout] [2024-12-14T06:06:17Z DEBUG linkcheck::validation::filesystem] Checking "../../../../../../../../../../../../etc/shadow" in the context of "/opt/rustwide/workdir/tests/broken-links/src"
[INFO] [stdout] [2024-12-14T06:06:17Z DEBUG linkcheck::validation::filesystem] Checking "latex_with_latex_support_disabled" in the context of "/opt/rustwide/workdir/tests/broken-links/src"
[INFO] [stdout] [2024-12-14T06:06:17Z DEBUG linkcheck::validation::filesystem] Checking "./asdf.png" in the context of "/opt/rustwide/workdir/tests/broken-links/src"
[INFO] [stdout] [2024-12-14T06:06:17Z DEBUG linkcheck::validation::filesystem] Checking "../../chapter_1.md" in the context of "/opt/rustwide/workdir/tests/broken-links/src/deeply/nested"
[INFO] [stdout] [2024-12-14T06:06:17Z DEBUG linkcheck::validation::filesystem] "../../chapter_1.md" resolved to "/opt/rustwide/workdir/tests/broken-links/src/chapter_1.md"
[INFO] [stdout] [2024-12-14T06:06:17Z DEBUG linkcheck::validation::filesystem] Checking "./chapter_1.md" in the context of "/opt/rustwide/workdir/tests/broken-links/src/deeply/nested"
[INFO] [stdout] [2024-12-14T06:06:17Z DEBUG linkcheck::validation::filesystem] Checking "./second/directory.md" in the context of "/opt/rustwide/workdir/tests/broken-links/src/deeply/nested"
[INFO] [stdout] [2024-12-14T06:06:17Z DEBUG linkcheck::validation::filesystem] Checking "../../second/directory.md" in the context of "/opt/rustwide/workdir/tests/broken-links/src/deeply/nested"
[INFO] [stdout] [2024-12-14T06:06:17Z DEBUG linkcheck::validation::filesystem] "../../second/directory.md" resolved to "/opt/rustwide/workdir/tests/broken-links/src/second/directory.md"
[INFO] [stdout] [2024-12-14T06:06:17Z DEBUG linkcheck::validation::web] Checking "https://github.com/Michael-F-Bryan/mdbook-linkcheck/issues/3#issuecomment-417400242" on the web
[INFO] [stdout] [2024-12-14T06:06:17Z WARN  linkcheck::validation::web] Fragment checking isn't implemented, not checking if there is a "issuecomment-417400242" header in "https://github.com/Michael-F-Bryan/mdbook-linkcheck/issues/3#issuecomment-417400242"
[INFO] [stdout] thread 'correctly_find_broken_links' panicked at tests/smoke_tests.rs:78:5:
[INFO] [stdout] assertion failed: `(left == right)`
[INFO] [stdout] 
[INFO] [stdout] [1mDiff[0m [31m< left[0m / [32mright >[0m :
[INFO] [stdout]  [
[INFO] [stdout]      "../../../../../../../../../../../../etc/shadow",
[INFO] [stdout]      "./asdf.png",
[INFO] [stdout]      "./chapter_1.md",
[INFO] [stdout]      "./foo/bar/baz.html",
[INFO] [stdout]      "./second/directory.md",
[INFO] [stdout]      "http://this-doesnt-exist.com.au.nz.us/",
[INFO] [stdout] [31m<    "https://github.com/Michael-F-Bryan/mdbook-linkcheck/issues/3#issuecomment-417400242",[0m
[INFO] [stdout]      "latex_with_latex_support_disabled",
[INFO] [stdout]      "sibling.md",
[INFO] [stdout]  ]
[INFO] [stdout] 
[INFO] [stdout] 
[INFO] [stdout] stack backtrace:
[INFO] [stdout]    0:     0x63cb1618375a - std::backtrace_rs::backtrace::libunwind::trace::h5a5b8284f2d0c266
[INFO] [stdout]                                at /rustc/90b35a6239c3d8bdabc530a6a0816f7ff89a0aaf/library/std/src/../../backtrace/src/backtrace/libunwind.rs:116:5
[INFO] [stdout]    1:     0x63cb1618375a - std::backtrace_rs::backtrace::trace_unsynchronized::h76d4f1c9b0b875e3
[INFO] [stdout]                                at /rustc/90b35a6239c3d8bdabc530a6a0816f7ff89a0aaf/library/std/src/../../backtrace/src/backtrace/mod.rs:66:5
[INFO] [stdout]    2:     0x63cb1618375a - std::sys::backtrace::_print_fmt::hc4546b8364a537c6
[INFO] [stdout]                                at /rustc/90b35a6239c3d8bdabc530a6a0816f7ff89a0aaf/library/std/src/sys/backtrace.rs:66:9
[INFO] [stdout]    3:     0x63cb1618375a - <std::sys::backtrace::BacktraceLock::print::DisplayBacktrace as core::fmt::Display>::fmt::h5b6bd5631a6d1f6b
[INFO] [stdout]                                at /rustc/90b35a6239c3d8bdabc530a6a0816f7ff89a0aaf/library/std/src/sys/backtrace.rs:39:26
[INFO] [stdout]    4:     0x63cb161af8b3 - core::fmt::rt::Argument::fmt::h270f6602a2b96f62
[INFO] [stdout]                                at /rustc/90b35a6239c3d8bdabc530a6a0816f7ff89a0aaf/library/core/src/fmt/rt.rs:177:76
[INFO] [stdout]    5:     0x63cb161af8b3 - core::fmt::write::h7550c97b06c86515
[INFO] [stdout]                                at /rustc/90b35a6239c3d8bdabc530a6a0816f7ff89a0aaf/library/core/src/fmt/mod.rs:1186:21
[INFO] [stdout]    6:     0x63cb1617f0f3 - std::io::Write::write_fmt::h509ff860e5956e5e
[INFO] [stdout]                                at /rustc/90b35a6239c3d8bdabc530a6a0816f7ff89a0aaf/library/std/src/io/mod.rs:1839:15
[INFO] [stdout]    7:     0x63cb161835a2 - std::sys::backtrace::BacktraceLock::print::h2395ccd2c84ba3aa
[INFO] [stdout]                                at /rustc/90b35a6239c3d8bdabc530a6a0816f7ff89a0aaf/library/std/src/sys/backtrace.rs:42:9
[INFO] [stdout]    8:     0x63cb16184bba - std::panicking::default_hook::{{closure}}::he19d4c7230e07961
[INFO] [stdout]                                at /rustc/90b35a6239c3d8bdabc530a6a0816f7ff89a0aaf/library/std/src/panicking.rs:268:22
[INFO] [stdout]    9:     0x63cb161849c4 - std::panicking::default_hook::hf614597d3c67bbdb
[INFO] [stdout]                                at /rustc/90b35a6239c3d8bdabc530a6a0816f7ff89a0aaf/library/std/src/panicking.rs:292:9
[INFO] [stdout]   10:     0x63cb15730279 - <alloc::boxed::Box<F,A> as core::ops::function::Fn<Args>>::call::h39b51ce4599c23d1
[INFO] [stdout]                                at /rustc/90b35a6239c3d8bdabc530a6a0816f7ff89a0aaf/library/alloc/src/boxed.rs:2468:9
[INFO] [stdout]   11:     0x63cb15730279 - test::test_main::{{closure}}::he977ae839a582784
[INFO] [stdout]                                at /rustc/90b35a6239c3d8bdabc530a6a0816f7ff89a0aaf/library/test/src/lib.rs:133:21
[INFO] [stdout]   12:     0x63cb16185258 - <alloc::boxed::Box<F,A> as core::ops::function::Fn<Args>>::call::h9455091b6b06f9fb
[INFO] [stdout]                                at /rustc/90b35a6239c3d8bdabc530a6a0816f7ff89a0aaf/library/alloc/src/boxed.rs:2468:9
[INFO] [stdout]   13:     0x63cb16185258 - std::panicking::rust_panic_with_hook::h8942133a8b252070
[INFO] [stdout]                                at /rustc/90b35a6239c3d8bdabc530a6a0816f7ff89a0aaf/library/std/src/panicking.rs:809:13
[INFO] [stdout]   14:     0x63cb1618501a - std::panicking::begin_panic_handler::{{closure}}::hb5f5963570096b29
[INFO] [stdout]                                at /rustc/90b35a6239c3d8bdabc530a6a0816f7ff89a0aaf/library/std/src/panicking.rs:674:13
[INFO] [stdout]   15:     0x63cb16183c39 - std::sys::backtrace::__rust_end_short_backtrace::h6208cedc1922feda
[INFO] [stdout]                                at /rustc/90b35a6239c3d8bdabc530a6a0816f7ff89a0aaf/library/std/src/sys/backtrace.rs:170:18
[INFO] [stdout]   16:     0x63cb16184cac - rust_begin_unwind
[INFO] [stdout]                                at /rustc/90b35a6239c3d8bdabc530a6a0816f7ff89a0aaf/library/std/src/panicking.rs:665:5
[INFO] [stdout]   17:     0x63cb156b9340 - core::panicking::panic_fmt::h0c3082644d1bf418
[INFO] [stdout]                                at /rustc/90b35a6239c3d8bdabc530a6a0816f7ff89a0aaf/library/core/src/panicking.rs:74:14
[INFO] [stdout]   18:     0x63cb156cabc9 - smoke_tests::assert_same_links::hee72046c27215927
[INFO] [stdout]                                at /opt/rustwide/workdir/tests/smoke_tests.rs:247:5
[INFO] [stdout]   19:     0x63cb156ce02b - smoke_tests::correctly_find_broken_links::h74f2f0ba002ba04e
[INFO] [stdout]                                at /opt/rustwide/workdir/tests/smoke_tests.rs:78:5
[INFO] [stdout]   20:     0x63cb156cdd47 - smoke_tests::correctly_find_broken_links::{{closure}}::h3f0c60cd391b8400
[INFO] [stdout]                                at /opt/rustwide/workdir/tests/smoke_tests.rs:58:33
[INFO] [stdout]   21:     0x63cb156c5486 - core::ops::function::FnOnce::call_once::h27b5ba167273ced2
[INFO] [stdout]                                at /rustc/90b35a6239c3d8bdabc530a6a0816f7ff89a0aaf/library/core/src/ops/function.rs:250:5
[INFO] [stdout]   22:     0x63cb15734c3b - core::ops::function::FnOnce::call_once::h109cf8051a59b34e
[INFO] [stdout]                                at /rustc/90b35a6239c3d8bdabc530a6a0816f7ff89a0aaf/library/core/src/ops/function.rs:250:5
[INFO] [stdout]   23:     0x63cb15734c3b - test::__rust_begin_short_backtrace::hf4fff89d377446ba
[INFO] [stdout]                                at /rustc/90b35a6239c3d8bdabc530a6a0816f7ff89a0aaf/library/test/src/lib.rs:621:18
[INFO] [stdout]   24:     0x63cb15734477 - test::run_test_in_process::{{closure}}::h0e39181dd7ee5a43
[INFO] [stdout]                                at /rustc/90b35a6239c3d8bdabc530a6a0816f7ff89a0aaf/library/test/src/lib.rs:644:60
[INFO] [stdout]   25:     0x63cb15734477 - <core::panic::unwind_safe::AssertUnwindSafe<F> as core::ops::function::FnOnce<()>>::call_once::hc5a66a30f0bdfd1f
[INFO] [stdout]                                at /rustc/90b35a6239c3d8bdabc530a6a0816f7ff89a0aaf/library/core/src/panic/unwind_safe.rs:272:9
[INFO] [stdout]   26:     0x63cb15734477 - std::panicking::try::do_call::h873b7cf639554a5e
[INFO] [stdout]                                at /rustc/90b35a6239c3d8bdabc530a6a0816f7ff89a0aaf/library/std/src/panicking.rs:557:40
[INFO] [stdout]   27:     0x63cb15734477 - std::panicking::try::hdb19862fad9c8bd1
[INFO] [stdout]                                at /rustc/90b35a6239c3d8bdabc530a6a0816f7ff89a0aaf/library/std/src/panicking.rs:520:19
[INFO] [stdout]   28:     0x63cb15734477 - std::panic::catch_unwind::h281fe732d236d260
[INFO] [stdout]                                at /rustc/90b35a6239c3d8bdabc530a6a0816f7ff89a0aaf/library/std/src/panic.rs:358:14
[INFO] [stdout]   29:     0x63cb15734477 - test::run_test_in_process::h949b6df8457ed338
[INFO] [stdout]                                at /rustc/90b35a6239c3d8bdabc530a6a0816f7ff89a0aaf/library/test/src/lib.rs:644:27
[INFO] [stdout]   30:     0x63cb15734477 - test::run_test::{{closure}}::h52c556a6d4740e10
[INFO] [stdout]                                at /rustc/90b35a6239c3d8bdabc530a6a0816f7ff89a0aaf/library/test/src/lib.rs:565:43
[INFO] [stdout]   31:     0x63cb156f9754 - test::run_test::{{closure}}::h4237f6381c45ccb9
[INFO] [stdout]                                at /rustc/90b35a6239c3d8bdabc530a6a0816f7ff89a0aaf/library/test/src/lib.rs:595:41
[INFO] [stdout]   32:     0x63cb156f9754 - std::sys::backtrace::__rust_begin_short_backtrace::h505c97a579eca628
[INFO] [stdout]                                at /rustc/90b35a6239c3d8bdabc530a6a0816f7ff89a0aaf/library/std/src/sys/backtrace.rs:154:18
[INFO] [stdout]   33:     0x63cb156fce1e - std::thread::Builder::spawn_unchecked_::{{closure}}::{{closure}}::h9e86b2e2bc107ea3
[INFO] [stdout]                                at /rustc/90b35a6239c3d8bdabc530a6a0816f7ff89a0aaf/library/std/src/thread/mod.rs:538:17
[INFO] [stdout]   34:     0x63cb156fce1e - <core::panic::unwind_safe::AssertUnwindSafe<F> as core::ops::function::FnOnce<()>>::call_once::h8b06ddb275ff4a25
[INFO] [stdout]                                at /rustc/90b35a6239c3d8bdabc530a6a0816f7ff89a0aaf/library/core/src/panic/unwind_safe.rs:272:9
[INFO] [stdout]   35:     0x63cb156fce1e - std::panicking::try::do_call::hb26ecd7cd9a9355d
[INFO] [stdout]                                at /rustc/90b35a6239c3d8bdabc530a6a0816f7ff89a0aaf/library/std/src/panicking.rs:557:40
[INFO] [stdout]   36:     0x63cb156fce1e - std::panicking::try::h8ddeca9d705f9069
[INFO] [stdout]                                at /rustc/90b35a6239c3d8bdabc530a6a0816f7ff89a0aaf/library/std/src/panicking.rs:520:19
[INFO] [stdout]   37:     0x63cb156fce1e - std::panic::catch_unwind::h49e1c33078844c46
[INFO] [stdout]                                at /rustc/90b35a6239c3d8bdabc530a6a0816f7ff89a0aaf/library/std/src/panic.rs:358:14
[INFO] [stdout]   38:     0x63cb156fce1e - std::thread::Builder::spawn_unchecked_::{{closure}}::h6073db6ff56ad35d
[INFO] [stdout]                                at /rustc/90b35a6239c3d8bdabc530a6a0816f7ff89a0aaf/library/std/src/thread/mod.rs:537:30
[INFO] [stdout]   39:     0x63cb156fce1e - core::ops::function::FnOnce::call_once{{vtable.shim}}::h2c5a5f3779c774f1
[INFO] [stdout]                                at /rustc/90b35a6239c3d8bdabc530a6a0816f7ff89a0aaf/library/core/src/ops/function.rs:250:5
[INFO] [stdout]   40:     0x63cb1618ab4b - <alloc::boxed::Box<F,A> as core::ops::function::FnOnce<Args>>::call_once::hf75717d9f28faebf
[INFO] [stdout]                                at /rustc/90b35a6239c3d8bdabc530a6a0816f7ff89a0aaf/library/alloc/src/boxed.rs:2454:9
[INFO] [stdout]   41:     0x63cb1618ab4b - <alloc::boxed::Box<F,A> as core::ops::function::FnOnce<Args>>::call_once::h7bd883a5f3c5f3c1
[INFO] [stdout]                                at /rustc/90b35a6239c3d8bdabc530a6a0816f7ff89a0aaf/library/alloc/src/boxed.rs:2454:9
[INFO] [stdout]   42:     0x63cb1618ab4b - std::sys::pal::unix::thread::Thread::new::thread_start::hcc78f3943333fa94
[INFO] [stdout]                                at /rustc/90b35a6239c3d8bdabc530a6a0816f7ff89a0aaf/library/std/src/sys/pal/unix/thread.rs:105:17
[INFO] [stdout]   43:     0x71a447482ac3 - <unknown>
[INFO] [stdout]   44:     0x71a447513a04 - clone
[INFO] [stdout]   45:                0x0 - <unknown>
[INFO] [stdout] 
[INFO] [stdout] ---- check_all_links_in_a_valid_book stdout ----
[INFO] [stdout] [2024-12-14T06:06:17Z DEBUG mdbook_linkcheck::links] Scanning chapter_1.md
[INFO] [stdout] [2024-12-14T06:06:17Z DEBUG mdbook_linkcheck::links] Scanning nested/index.md
[INFO] [stdout] [2024-12-14T06:06:17Z DEBUG mdbook_linkcheck::links] Scanning nested/sibling.md
[INFO] [stdout] [2024-12-14T06:06:17Z DEBUG linkcheck::validation::filesystem] Checking "./chapter_1.md" in the context of "/opt/rustwide/workdir/tests/all-green/src"
[INFO] [stdout] [2024-12-14T06:06:17Z DEBUG linkcheck::validation::filesystem] "./chapter_1.md" resolved to "/opt/rustwide/workdir/tests/all-green/src/chapter_1.md"
[INFO] [stdout] [2024-12-14T06:06:17Z DEBUG linkcheck::validation::filesystem] Checking "./chapter_1.html" in the context of "/opt/rustwide/workdir/tests/all-green/src"
[INFO] [stdout] [2024-12-14T06:06:17Z DEBUG linkcheck::validation::filesystem] "./chapter_1.html" resolved to "/opt/rustwide/workdir/tests/all-green/src/chapter_1.md"
[INFO] [stdout] [2024-12-14T06:06:17Z DEBUG linkcheck::validation::filesystem] Checking "nested/README.md" in the context of "/opt/rustwide/workdir/tests/all-green/src"
[INFO] [stdout] [2024-12-14T06:06:17Z DEBUG linkcheck::validation::filesystem] "nested/README.md" resolved to "/opt/rustwide/workdir/tests/all-green/src/nested/README.md"
[INFO] [stdout] [2024-12-14T06:06:17Z DEBUG linkcheck::validation::filesystem] Checking "nested/" in the context of "/opt/rustwide/workdir/tests/all-green/src"
[INFO] [stdout] [2024-12-14T06:06:17Z DEBUG linkcheck::validation::filesystem] "nested/" resolved to "/opt/rustwide/workdir/tests/all-green/src/nested/README.md"
[INFO] [stdout] [2024-12-14T06:06:17Z DEBUG linkcheck::validation::web] Checking "https://www.google.com/" on the web
[INFO] [stdout] [2024-12-14T06:06:17Z DEBUG linkcheck::validation::web] Checking "https://crates.io/crates/mdbook-linkcheck" on the web
[INFO] [stdout] [2024-12-14T06:06:17Z DEBUG linkcheck::validation] Ignoring "https://nonexistent.forbidden.com/"
[INFO] [stdout] [2024-12-14T06:06:17Z DEBUG linkcheck::validation::filesystem] Checking "../chapter_1.md" in the context of "/opt/rustwide/workdir/tests/all-green/src/nested"
[INFO] [stdout] [2024-12-14T06:06:17Z DEBUG linkcheck::validation::filesystem] "../chapter_1.md" resolved to "/opt/rustwide/workdir/tests/all-green/src/chapter_1.md"
[INFO] [stdout] [2024-12-14T06:06:17Z DEBUG linkcheck::validation::filesystem] Checking "/chapter_1.md" in the context of "/opt/rustwide/workdir/tests/all-green/src/nested"
[INFO] [stdout] [2024-12-14T06:06:17Z DEBUG linkcheck::validation::filesystem] "/chapter_1.md" resolved to "/opt/rustwide/workdir/tests/all-green/src/chapter_1.md"
[INFO] [stdout] [2024-12-14T06:06:17Z DEBUG linkcheck::validation::filesystem] Checking "../chapter_1.md" in the context of "/opt/rustwide/workdir/tests/all-green/src/nested"
[INFO] [stdout] [2024-12-14T06:06:17Z DEBUG linkcheck::validation::filesystem] "../chapter_1.md" resolved to "/opt/rustwide/workdir/tests/all-green/src/chapter_1.md"
[INFO] [stdout] [2024-12-14T06:06:17Z WARN  linkcheck::validation::filesystem] Not checking that the "Subheading" section exists in "/opt/rustwide/workdir/tests/all-green/src/chapter_1.md" because fragment resolution isn't implemented
[INFO] [stdout] [2024-12-14T06:06:17Z DEBUG linkcheck::validation::filesystem] Checking "/chapter_1.md" in the context of "/opt/rustwide/workdir/tests/all-green/src/nested"
[INFO] [stdout] [2024-12-14T06:06:17Z DEBUG linkcheck::validation::filesystem] "/chapter_1.md" resolved to "/opt/rustwide/workdir/tests/all-green/src/chapter_1.md"
[INFO] [stdout] [2024-12-14T06:06:17Z WARN  linkcheck::validation::filesystem] Not checking that the "Subheading" section exists in "/opt/rustwide/workdir/tests/all-green/src/chapter_1.md" because fragment resolution isn't implemented
[INFO] [stdout] [2024-12-14T06:06:17Z DEBUG linkcheck::validation::filesystem] Checking "sibling.md" in the context of "/opt/rustwide/workdir/tests/all-green/src/nested"
[INFO] [stdout] [2024-12-14T06:06:17Z DEBUG linkcheck::validation::filesystem] "sibling.md" resolved to "/opt/rustwide/workdir/tests/all-green/src/nested/sibling.md"
[INFO] [stdout] [2024-12-14T06:06:17Z DEBUG linkcheck::validation::filesystem] Checking "./sibling.md" in the context of "/opt/rustwide/workdir/tests/all-green/src/nested"
[INFO] [stdout] [2024-12-14T06:06:17Z DEBUG linkcheck::validation::filesystem] "./sibling.md" resolved to "/opt/rustwide/workdir/tests/all-green/src/nested/sibling.md"
[INFO] [stdout] thread 'check_all_links_in_a_valid_book' panicked at tests/smoke_tests.rs:49:5:
[INFO] [stdout] assertion failed: `(left == right)`
[INFO] [stdout] 
[INFO] [stdout] [1mDiff[0m [31m< left[0m / [32mright >[0m :
[INFO] [stdout]  [
[INFO] [stdout]      "../chapter_1.md",
[INFO] [stdout]      "../chapter_1.md#Subheading",
[INFO] [stdout]      "./chapter_1.html",
[INFO] [stdout]      "./chapter_1.md",
[INFO] [stdout]      "./sibling.md",
[INFO] [stdout]      "/chapter_1.md",
[INFO] [stdout]      "/chapter_1.md#Subheading",
[INFO] [stdout] [31m<    "https://crates.io/crates/mdbook-linkcheck",[0m
[INFO] [stdout] [31m<    "https://www.google.com/",[0m
[INFO] [stdout]      "nested/",
[INFO] [stdout]      "nested/README.md",
[INFO] [stdout]      "sibling.md",
[INFO] [stdout]  ]
[INFO] [stdout] 
[INFO] [stdout] 
[INFO] [stdout] stack backtrace:
[INFO] [stdout]    0:     0x63cb1618375a - std::backtrace_rs::backtrace::libunwind::trace::h5a5b8284f2d0c266
[INFO] [stdout]                                at /rustc/90b35a6239c3d8bdabc530a6a0816f7ff89a0aaf/library/std/src/../../backtrace/src/backtrace/libunwind.rs:116:5
[INFO] [stdout]    1:     0x63cb1618375a - std::backtrace_rs::backtrace::trace_unsynchronized::h76d4f1c9b0b875e3
[INFO] [stdout]                                at /rustc/90b35a6239c3d8bdabc530a6a0816f7ff89a0aaf/library/std/src/../../backtrace/src/backtrace/mod.rs:66:5
[INFO] [stdout]    2:     0x63cb1618375a - std::sys::backtrace::_print_fmt::hc4546b8364a537c6
[INFO] [stdout]                                at /rustc/90b35a6239c3d8bdabc530a6a0816f7ff89a0aaf/library/std/src/sys/backtrace.rs:66:9
[INFO] [stdout]    3:     0x63cb1618375a - <std::sys::backtrace::BacktraceLock::print::DisplayBacktrace as core::fmt::Display>::fmt::h5b6bd5631a6d1f6b
[INFO] [stdout]                                at /rustc/90b35a6239c3d8bdabc530a6a0816f7ff89a0aaf/library/std/src/sys/backtrace.rs:39:26
[INFO] [stdout]    4:     0x63cb161af8b3 - core::fmt::rt::Argument::fmt::h270f6602a2b96f62
[INFO] [stdout]                                at /rustc/90b35a6239c3d8bdabc530a6a0816f7ff89a0aaf/library/core/src/fmt/rt.rs:177:76
[INFO] [stdout]    5:     0x63cb161af8b3 - core::fmt::write::h7550c97b06c86515
[INFO] [stdout]                                at /rustc/90b35a6239c3d8bdabc530a6a0816f7ff89a0aaf/library/core/src/fmt/mod.rs:1186:21
[INFO] [stdout]    6:     0x63cb1617f0f3 - std::io::Write::write_fmt::h509ff860e5956e5e
[INFO] [stdout]                                at /rustc/90b35a6239c3d8bdabc530a6a0816f7ff89a0aaf/library/std/src/io/mod.rs:1839:15
[INFO] [stdout]    7:     0x63cb161835a2 - std::sys::backtrace::BacktraceLock::print::h2395ccd2c84ba3aa
[INFO] [stdout]                                at /rustc/90b35a6239c3d8bdabc530a6a0816f7ff89a0aaf/library/std/src/sys/backtrace.rs:42:9
[INFO] [stdout]    8:     0x63cb16184bba - std::panicking::default_hook::{{closure}}::he19d4c7230e07961
[INFO] [stdout]                                at /rustc/90b35a6239c3d8bdabc530a6a0816f7ff89a0aaf/library/std/src/panicking.rs:268:22
[INFO] [stdout]    9:     0x63cb161849c4 - std::panicking::default_hook::hf614597d3c67bbdb
[INFO] [stdout]                                at /rustc/90b35a6239c3d8bdabc530a6a0816f7ff89a0aaf/library/std/src/panicking.rs:292:9
[INFO] [stdout]   10:     0x63cb15730279 - <alloc::boxed::Box<F,A> as core::ops::function::Fn<Args>>::call::h39b51ce4599c23d1
[INFO] [stdout]                                at /rustc/90b35a6239c3d8bdabc530a6a0816f7ff89a0aaf/library/alloc/src/boxed.rs:2468:9
[INFO] [stdout]   11:     0x63cb15730279 - test::test_main::{{closure}}::he977ae839a582784
[INFO] [stdout]                                at /rustc/90b35a6239c3d8bdabc530a6a0816f7ff89a0aaf/library/test/src/lib.rs:133:21
[INFO] [stdout]   12:     0x63cb16185258 - <alloc::boxed::Box<F,A> as core::ops::function::Fn<Args>>::call::h9455091b6b06f9fb
[INFO] [stdout]                                at /rustc/90b35a6239c3d8bdabc530a6a0816f7ff89a0aaf/library/alloc/src/boxed.rs:2468:9
[INFO] [stdout]   13:     0x63cb16185258 - std::panicking::rust_panic_with_hook::h8942133a8b252070
[INFO] [stdout]                                at /rustc/90b35a6239c3d8bdabc530a6a0816f7ff89a0aaf/library/std/src/panicking.rs:809:13
[INFO] [stdout]   14:     0x63cb1618501a - std::panicking::begin_panic_handler::{{closure}}::hb5f5963570096b29
[INFO] [stdout]                                at /rustc/90b35a6239c3d8bdabc530a6a0816f7ff89a0aaf/library/std/src/panicking.rs:674:13
[INFO] [stdout]   15:     0x63cb16183c39 - std::sys::backtrace::__rust_end_short_backtrace::h6208cedc1922feda
[INFO] [stdout]                                at /rustc/90b35a6239c3d8bdabc530a6a0816f7ff89a0aaf/library/std/src/sys/backtrace.rs:170:18
[INFO] [stdout]   16:     0x63cb16184cac - rust_begin_unwind
[INFO] [stdout]                                at /rustc/90b35a6239c3d8bdabc530a6a0816f7ff89a0aaf/library/std/src/panicking.rs:665:5
[INFO] [stdout]   17:     0x63cb156b9340 - core::panicking::panic_fmt::h0c3082644d1bf418
[INFO] [stdout]                                at /rustc/90b35a6239c3d8bdabc530a6a0816f7ff89a0aaf/library/core/src/panicking.rs:74:14
[INFO] [stdout]   18:     0x63cb156ca895 - smoke_tests::assert_same_links::ha2d5e5880dee611c
[INFO] [stdout]                                at /opt/rustwide/workdir/tests/smoke_tests.rs:247:5
[INFO] [stdout]   19:     0x63cb156cdbd4 - smoke_tests::check_all_links_in_a_valid_book::h5eb1417803e3a1d8
[INFO] [stdout]                                at /opt/rustwide/workdir/tests/smoke_tests.rs:49:5
[INFO] [stdout]   20:     0x63cb156cd927 - smoke_tests::check_all_links_in_a_valid_book::{{closure}}::hf75ae583027ebea6
[INFO] [stdout]                                at /opt/rustwide/workdir/tests/smoke_tests.rs:25:37
[INFO] [stdout]   21:     0x63cb156c54d6 - core::ops::function::FnOnce::call_once::h3db9b7a5a89e0710
[INFO] [stdout]                                at /rustc/90b35a6239c3d8bdabc530a6a0816f7ff89a0aaf/library/core/src/ops/function.rs:250:5
[INFO] [stdout]   22:     0x63cb15734c3b - core::ops::function::FnOnce::call_once::h109cf8051a59b34e
[INFO] [stdout]                                at /rustc/90b35a6239c3d8bdabc530a6a0816f7ff89a0aaf/library/core/src/ops/function.rs:250:5
[INFO] [stdout]   23:     0x63cb15734c3b - test::__rust_begin_short_backtrace::hf4fff89d377446ba
[INFO] [stdout]                                at /rustc/90b35a6239c3d8bdabc530a6a0816f7ff89a0aaf/library/test/src/lib.rs:621:18
[INFO] [stdout]   24:     0x63cb15734477 - test::run_test_in_process::{{closure}}::h0e39181dd7ee5a43
[INFO] [stdout]                                at /rustc/90b35a6239c3d8bdabc530a6a0816f7ff89a0aaf/library/test/src/lib.rs:644:60
[INFO] [stdout]   25:     0x63cb15734477 - <core::panic::unwind_safe::AssertUnwindSafe<F> as core::ops::function::FnOnce<()>>::call_once::hc5a66a30f0bdfd1f
[INFO] [stdout]                                at /rustc/90b35a6239c3d8bdabc530a6a0816f7ff89a0aaf/library/core/src/panic/unwind_safe.rs:272:9
[INFO] [stdout]   26:     0x63cb15734477 - std::panicking::try::do_call::h873b7cf639554a5e
[INFO] [stdout]                                at /rustc/90b35a6239c3d8bdabc530a6a0816f7ff89a0aaf/library/std/src/panicking.rs:557:40
[INFO] [stdout]   27:     0x63cb15734477 - std::panicking::try::hdb19862fad9c8bd1
[INFO] [stdout]                                at /rustc/90b35a6239c3d8bdabc530a6a0816f7ff89a0aaf/library/std/src/panicking.rs:520:19
[INFO] [stdout]   28:     0x63cb15734477 - std::panic::catch_unwind::h281fe732d236d260
[INFO] [stdout]                                at /rustc/90b35a6239c3d8bdabc530a6a0816f7ff89a0aaf/library/std/src/panic.rs:358:14
[INFO] [stdout]   29:     0x63cb15734477 - test::run_test_in_process::h949b6df8457ed338
[INFO] [stdout]                                at /rustc/90b35a6239c3d8bdabc530a6a0816f7ff89a0aaf/library/test/src/lib.rs:644:27
[INFO] [stdout]   30:     0x63cb15734477 - test::run_test::{{closure}}::h52c556a6d4740e10
[INFO] [stdout]                                at /rustc/90b35a6239c3d8bdabc530a6a0816f7ff89a0aaf/library/test/src/lib.rs:565:43
[INFO] [stdout]   31:     0x63cb156f9754 - test::run_test::{{closure}}::h4237f6381c45ccb9
[INFO] [stdout]                                at /rustc/90b35a6239c3d8bdabc530a6a0816f7ff89a0aaf/library/test/src/lib.rs:595:41
[INFO] [stdout]   32:     0x63cb156f9754 - std::sys::backtrace::__rust_begin_short_backtrace::h505c97a579eca628
[INFO] [stdout]                                at /rustc/90b35a6239c3d8bdabc530a6a0816f7ff89a0aaf/library/std/src/sys/backtrace.rs:154:18
[INFO] [stdout]   33:     0x63cb156fce1e - std::thread::Builder::spawn_unchecked_::{{closure}}::{{closure}}::h9e86b2e2bc107ea3
[INFO] [stdout]                                at /rustc/90b35a6239c3d8bdabc530a6a0816f7ff89a0aaf/library/std/src/thread/mod.rs:538:17
[INFO] [stdout]   34:     0x63cb156fce1e - <core::panic::unwind_safe::AssertUnwindSafe<F> as core::ops::function::FnOnce<()>>::call_once::h8b06ddb275ff4a25
[INFO] [stdout]                                at /rustc/90b35a6239c3d8bdabc530a6a0816f7ff89a0aaf/library/core/src/panic/unwind_safe.rs:272:9
[INFO] [stdout]   35:     0x63cb156fce1e - std::panicking::try::do_call::hb26ecd7cd9a9355d
[INFO] [stdout]                                at /rustc/90b35a6239c3d8bdabc530a6a0816f7ff89a0aaf/library/std/src/panicking.rs:557:40
[INFO] [stdout]   36:     0x63cb156fce1e - std::panicking::try::h8ddeca9d705f9069
[INFO] [stdout]                                at /rustc/90b35a6239c3d8bdabc530a6a0816f7ff89a0aaf/library/std/src/panicking.rs:520:19
[INFO] [stdout]   37:     0x63cb156fce1e - std::panic::catch_unwind::h49e1c33078844c46
[INFO] [stdout]                                at /rustc/90b35a6239c3d8bdabc530a6a0816f7ff89a0aaf/library/std/src/panic.rs:358:14
[INFO] [stdout]   38:     0x63cb156fce1e - std::thread::Builder::spawn_unchecked_::{{closure}}::h6073db6ff56ad35d
[INFO] [stdout]                                at /rustc/90b35a6239c3d8bdabc530a6a0816f7ff89a0aaf/library/std/src/thread/mod.rs:537:30
[INFO] [stdout]   39:     0x63cb156fce1e - core::ops::function::FnOnce::call_once{{vtable.shim}}::h2c5a5f3779c774f1
[INFO] [stdout]                                at /rustc/90b35a6239c3d8bdabc530a6a0816f7ff89a0aaf/library/core/src/ops/function.rs:250:5
[INFO] [stdout]   40:     0x63cb1618ab4b - <alloc::boxed::Box<F,A> as core::ops::function::FnOnce<Args>>::call_once::hf75717d9f28faebf
[INFO] [stdout]                                at /rustc/90b35a6239c3d8bdabc530a6a0816f7ff89a0aaf/library/alloc/src/boxed.rs:2454:9
[INFO] [stdout]   41:     0x63cb1618ab4b - <alloc::boxed::Box<F,A> as core::ops::function::FnOnce<Args>>::call_once::h7bd883a5f3c5f3c1
[INFO] [stdout]                                at /rustc/90b35a6239c3d8bdabc530a6a0816f7ff89a0aaf/library/alloc/src/boxed.rs:2454:9
[INFO] [stdout]   42:     0x63cb1618ab4b - std::sys::pal::unix::thread::Thread::new::thread_start::hcc78f3943333fa94
[INFO] [stdout]                                at /rustc/90b35a6239c3d8bdabc530a6a0816f7ff89a0aaf/library/std/src/sys/pal/unix/thread.rs:105:17
[INFO] [stdout]   43:     0x71a447482ac3 - <unknown>
[INFO] [stdout]   44:     0x71a447513a04 - clone
[INFO] [stdout]   45:                0x0 - <unknown>
[INFO] [stdout] 
[INFO] [stdout] 
[INFO] [stdout] failures:
[INFO] [stdout]     check_all_links_in_a_valid_book
[INFO] [stdout]     correctly_find_broken_links
[INFO] [stdout] 
[INFO] [stdout] test result: FAILED. 4 passed; 2 failed; 0 ignored; 0 measured; 0 filtered out; finished in 0.21s
[INFO] [stdout] 
[INFO] [stderr] error: test failed, to rerun pass `--test smoke_tests`
[INFO] running `Command { std: "docker" "inspect" "5d2f59e673af68d8c92b767f99ac16a0a6eab59e6357df086076cfea84745cf2", kill_on_drop: false }`
[INFO] running `Command { std: "docker" "rm" "-f" "5d2f59e673af68d8c92b767f99ac16a0a6eab59e6357df086076cfea84745cf2", kill_on_drop: false }`
[INFO] [stdout] 5d2f59e673af68d8c92b767f99ac16a0a6eab59e6357df086076cfea84745cf2
