[INFO] cloning repository https://github.com/McArthur-Alford/PL0
[INFO] running `Command { std: "git" "-c" "credential.helper=" "-c" "credential.helper=/workspace/cargo-home/bin/git-credential-null" "clone" "--bare" "https://github.com/McArthur-Alford/PL0" "/workspace/cache/git-repos/https%3A%2F%2Fgithub.com%2FMcArthur-Alford%2FPL0", kill_on_drop: false }`
[INFO] [stderr] Cloning into bare repository '/workspace/cache/git-repos/https%3A%2F%2Fgithub.com%2FMcArthur-Alford%2FPL0'...
[INFO] running `Command { std: "git" "rev-parse" "HEAD", kill_on_drop: false }`
[INFO] [stdout] 901d09061a260ebaaeee854653258e952295b87f
[INFO] testing McArthur-Alford/PL0 against 1.83.0 for beta-1.84.0-4-retry
[INFO] running `Command { std: "git" "clone" "/workspace/cache/git-repos/https%3A%2F%2Fgithub.com%2FMcArthur-Alford%2FPL0" "/workspace/builds/worker-4-tc1/source", kill_on_drop: false }`
[INFO] [stderr] Cloning into '/workspace/builds/worker-4-tc1/source'...
[INFO] [stderr] done.
[INFO] validating manifest of git repo https://github.com/McArthur-Alford/PL0 on toolchain 1.83.0
[INFO] running `Command { std: CARGO_HOME="/workspace/cargo-home" RUSTUP_HOME="/workspace/rustup-home" "/workspace/cargo-home/bin/cargo" "+1.83.0" "metadata" "--manifest-path" "Cargo.toml" "--no-deps", kill_on_drop: false }`
[INFO] started tweaking git repo https://github.com/McArthur-Alford/PL0
[INFO] finished tweaking git repo https://github.com/McArthur-Alford/PL0
[INFO] tweaked toml for git repo https://github.com/McArthur-Alford/PL0 written to /workspace/builds/worker-4-tc1/source/Cargo.toml
[INFO] crate git repo https://github.com/McArthur-Alford/PL0 already has a lockfile, it will not be regenerated
[INFO] running `Command { std: CARGO_HOME="/workspace/cargo-home" RUSTUP_HOME="/workspace/rustup-home" "/workspace/cargo-home/bin/cargo" "+1.83.0" "fetch" "--manifest-path" "Cargo.toml", kill_on_drop: false }`
[INFO] running `Command { std: "docker" "create" "-v" "/var/lib/crater-agent-workspace/builds/worker-4-tc1/target:/opt/rustwide/target:rw,Z" "-v" "/var/lib/crater-agent-workspace/builds/worker-4-tc1/source:/opt/rustwide/workdir:ro,Z" "-v" "/var/lib/crater-agent-workspace/cargo-home:/opt/rustwide/cargo-home:ro,Z" "-v" "/var/lib/crater-agent-workspace/rustup-home:/opt/rustwide/rustup-home:ro,Z" "-e" "SOURCE_DIR=/opt/rustwide/workdir" "-e" "CARGO_TARGET_DIR=/opt/rustwide/target" "-e" "CARGO_HOME=/opt/rustwide/cargo-home" "-e" "RUSTUP_HOME=/opt/rustwide/rustup-home" "-w" "/opt/rustwide/workdir" "-m" "1610612736" "--user" "0:0" "--network" "none" "ghcr.io/rust-lang/crates-build-env/linux@sha256:f3a9d4ad9d972b27faf3965f35b62e55ba32bbce8f20bc8fe909558a86702fde" "/opt/rustwide/cargo-home/bin/cargo" "+1.83.0" "metadata" "--no-deps" "--format-version=1", kill_on_drop: false }`
[INFO] [stdout] 99d864727f4be5ac9b417d050a8c49c8c6ed480448691d7816a3801a4b630c6e
[INFO] running `Command { std: "docker" "start" "-a" "99d864727f4be5ac9b417d050a8c49c8c6ed480448691d7816a3801a4b630c6e", kill_on_drop: false }`
[INFO] running `Command { std: "docker" "inspect" "99d864727f4be5ac9b417d050a8c49c8c6ed480448691d7816a3801a4b630c6e", kill_on_drop: false }`
[INFO] running `Command { std: "docker" "rm" "-f" "99d864727f4be5ac9b417d050a8c49c8c6ed480448691d7816a3801a4b630c6e", kill_on_drop: false }`
[INFO] [stdout] 99d864727f4be5ac9b417d050a8c49c8c6ed480448691d7816a3801a4b630c6e
[INFO] running `Command { std: "docker" "create" "-v" "/var/lib/crater-agent-workspace/builds/worker-4-tc1/target:/opt/rustwide/target:rw,Z" "-v" "/var/lib/crater-agent-workspace/builds/worker-4-tc1/source:/opt/rustwide/workdir:ro,Z" "-v" "/var/lib/crater-agent-workspace/cargo-home:/opt/rustwide/cargo-home:ro,Z" "-v" "/var/lib/crater-agent-workspace/rustup-home:/opt/rustwide/rustup-home:ro,Z" "-e" "SOURCE_DIR=/opt/rustwide/workdir" "-e" "CARGO_TARGET_DIR=/opt/rustwide/target" "-e" "CARGO_INCREMENTAL=0" "-e" "RUST_BACKTRACE=full" "-e" "RUSTFLAGS=--cap-lints=warn" "-e" "RUSTDOCFLAGS=--cap-lints=warn" "-e" "CARGO_HOME=/opt/rustwide/cargo-home" "-e" "RUSTUP_HOME=/opt/rustwide/rustup-home" "-w" "/opt/rustwide/workdir" "-m" "1610612736" "--user" "0:0" "--network" "none" "ghcr.io/rust-lang/crates-build-env/linux@sha256:f3a9d4ad9d972b27faf3965f35b62e55ba32bbce8f20bc8fe909558a86702fde" "/opt/rustwide/cargo-home/bin/cargo" "+1.83.0" "build" "--frozen" "--message-format=json", kill_on_drop: false }`
[INFO] [stdout] 92596a9254b092c5485e583720fc0b96dfe4b290f1da95088ae997e2d699f67c
[INFO] running `Command { std: "docker" "start" "-a" "92596a9254b092c5485e583720fc0b96dfe4b290f1da95088ae997e2d699f67c", kill_on_drop: false }`
[INFO] [stderr]    Compiling PL0 v0.1.0 (/opt/rustwide/workdir)
[INFO] [stdout] warning: unnecessary parentheses around assigned value
[INFO] [stdout]   --> src/main.rs:82:29
[INFO] [stdout]    |
[INFO] [stdout] 82 |                 let newPC = (self.PC as i32 + offset);
[INFO] [stdout]    |                             ^                       ^
[INFO] [stdout]    |
[INFO] [stdout]    = note: `#[warn(unused_parens)]` on by default
[INFO] [stdout] help: remove these parentheses
[INFO] [stdout]    |
[INFO] [stdout] 82 -                 let newPC = (self.PC as i32 + offset);
[INFO] [stdout] 82 +                 let newPC = self.PC as i32 + offset;
[INFO] [stdout]    |
[INFO] [stdout] 
[INFO] [stdout] 
[INFO] [stdout] warning: unnecessary parentheses around assigned value
[INFO] [stdout]    --> src/main.rs:112:33
[INFO] [stdout]     |
[INFO] [stdout] 112 |                     let newPC = (self.PC as i32 + offset);
[INFO] [stdout]     |                                 ^                       ^
[INFO] [stdout]     |
[INFO] [stdout] help: remove these parentheses
[INFO] [stdout]     |
[INFO] [stdout] 112 -                     let newPC = (self.PC as i32 + offset);
[INFO] [stdout] 112 +                     let newPC = self.PC as i32 + offset;
[INFO] [stdout]     |
[INFO] [stdout] 
[INFO] [stdout] 
[INFO] [stdout] warning: unnecessary parentheses around assigned value
[INFO] [stdout]    --> src/main.rs:126:33
[INFO] [stdout]     |
[INFO] [stdout] 126 |                     let newPC = (self.PC as i32 + offset);
[INFO] [stdout]     |                                 ^                       ^
[INFO] [stdout]     |
[INFO] [stdout] help: remove these parentheses
[INFO] [stdout]     |
[INFO] [stdout] 126 -                     let newPC = (self.PC as i32 + offset);
[INFO] [stdout] 126 +                     let newPC = self.PC as i32 + offset;
[INFO] [stdout]     |
[INFO] [stdout] 
[INFO] [stdout] 
[INFO] [stdout] warning: enum `OPCODE` is never used
[INFO] [stdout]  --> src/main.rs:7:6
[INFO] [stdout]   |
[INFO] [stdout] 7 | enum OPCODE {
[INFO] [stdout]   |      ^^^^^^
[INFO] [stdout]   |
[INFO] [stdout]   = note: `#[warn(dead_code)]` on by default
[INFO] [stdout] 
[INFO] [stdout] 
[INFO] [stdout] warning: struct `StackMachine` is never constructed
[INFO] [stdout]   --> src/main.rs:22:8
[INFO] [stdout]    |
[INFO] [stdout] 22 | struct StackMachine {
[INFO] [stdout]    |        ^^^^^^^^^^^^
[INFO] [stdout] 
[INFO] [stdout] 
[INFO] [stdout] warning: struct `StepResult` is never constructed
[INFO] [stdout]   --> src/main.rs:30:8
[INFO] [stdout]    |
[INFO] [stdout] 30 | struct StepResult {
[INFO] [stdout]    |        ^^^^^^^^^^
[INFO] [stdout] 
[INFO] [stdout] 
[INFO] [stdout] warning: associated items `new`, `load`, `step`, and `run` are never used
[INFO] [stdout]    --> src/main.rs:37:8
[INFO] [stdout]     |
[INFO] [stdout] 36  | impl StackMachine {
[INFO] [stdout]     | ----------------- associated items in this implementation
[INFO] [stdout] 37  |     fn new() -> Self {
[INFO] [stdout]     |        ^^^
[INFO] [stdout] ...
[INFO] [stdout] 46  |     fn load(&mut self, program: Vec<OPCODE>) {
[INFO] [stdout]     |        ^^^^
[INFO] [stdout] ...
[INFO] [stdout] 52  |     fn step(&mut self) -> Result<Option<i32>, String> {
[INFO] [stdout]     |        ^^^^
[INFO] [stdout] ...
[INFO] [stdout] 148 |     fn run(&mut self) -> Vec<StepResult> {
[INFO] [stdout]     |        ^^^
[INFO] [stdout] 
[INFO] [stdout] 
[INFO] [stdout] warning: function `print_results` is never used
[INFO] [stdout]    --> src/main.rs:168:4
[INFO] [stdout]     |
[INFO] [stdout] 168 | fn print_results(results: Vec<StepResult>) {
[INFO] [stdout]     |    ^^^^^^^^^^^^^
[INFO] [stdout] 
[INFO] [stdout] 
[INFO] [stdout] warning: enum `Token` is never used
[INFO] [stdout]  --> src/token.rs:2:6
[INFO] [stdout]   |
[INFO] [stdout] 2 | enum Token {
[INFO] [stdout]   |      ^^^^^
[INFO] [stdout] 
[INFO] [stdout] 
[INFO] [stdout] warning: associated function `read_token` is never used
[INFO] [stdout]   --> src/token.rs:31:8
[INFO] [stdout]    |
[INFO] [stdout] 30 | impl Token {
[INFO] [stdout]    | ---------- associated function in this implementation
[INFO] [stdout] 31 |     fn read_token(text: &String, a: usize, b: usize) -> (Token, usize) {
[INFO] [stdout]    |        ^^^^^^^^^^
[INFO] [stdout] 
[INFO] [stdout] 
[INFO] [stdout] warning: function `read` is never used
[INFO] [stdout]   --> src/token.rs:87:4
[INFO] [stdout]    |
[INFO] [stdout] 87 | fn read(text: String) -> Vec<Token> {
[INFO] [stdout]    |    ^^^^
[INFO] [stdout] 
[INFO] [stdout] 
[INFO] [stdout] warning: structure field `Stack` should have a snake case name
[INFO] [stdout]   --> src/main.rs:23:5
[INFO] [stdout]    |
[INFO] [stdout] 23 |     Stack: Vec<i32>,
[INFO] [stdout]    |     ^^^^^ help: convert the identifier to snake case (notice the capitalization): `stack`
[INFO] [stdout]    |
[INFO] [stdout]    = note: `#[warn(non_snake_case)]` on by default
[INFO] [stdout] 
[INFO] [stdout] 
[INFO] [stdout] warning: structure field `Variables` should have a snake case name
[INFO] [stdout]   --> src/main.rs:24:5
[INFO] [stdout]    |
[INFO] [stdout] 24 |     Variables: HashMap<i32, i32>,
[INFO] [stdout]    |     ^^^^^^^^^ help: convert the identifier to snake case (notice the capitalization): `variables`
[INFO] [stdout] 
[INFO] [stdout] 
[INFO] [stdout] warning: structure field `Program` should have a snake case name
[INFO] [stdout]   --> src/main.rs:25:5
[INFO] [stdout]    |
[INFO] [stdout] 25 |     Program: Vec<OPCODE>,
[INFO] [stdout]    |     ^^^^^^^ help: convert the identifier to snake case: `program`
[INFO] [stdout] 
[INFO] [stdout] 
[INFO] [stdout] warning: structure field `PC` should have a snake case name
[INFO] [stdout]   --> src/main.rs:26:5
[INFO] [stdout]    |
[INFO] [stdout] 26 |     PC: usize
[INFO] [stdout]    |     ^^ help: convert the identifier to snake case: `pc`
[INFO] [stdout] 
[INFO] [stdout] 
[INFO] [stdout] warning: structure field `Location` should have a snake case name
[INFO] [stdout]   --> src/main.rs:31:5
[INFO] [stdout]    |
[INFO] [stdout] 31 |     Location: usize,
[INFO] [stdout]    |     ^^^^^^^^ help: convert the identifier to snake case: `location`
[INFO] [stdout] 
[INFO] [stdout] 
[INFO] [stdout] warning: structure field `OpCode` should have a snake case name
[INFO] [stdout]   --> src/main.rs:32:5
[INFO] [stdout]    |
[INFO] [stdout] 32 |     OpCode: OPCODE,
[INFO] [stdout]    |     ^^^^^^ help: convert the identifier to snake case: `op_code`
[INFO] [stdout] 
[INFO] [stdout] 
[INFO] [stdout] warning: structure field `Result` should have a snake case name
[INFO] [stdout]   --> src/main.rs:33:5
[INFO] [stdout]    |
[INFO] [stdout] 33 |     Result: Result<Option<i32>, String>
[INFO] [stdout]    |     ^^^^^^ help: convert the identifier to snake case: `result`
[INFO] [stdout] 
[INFO] [stdout] 
[INFO] [stdout] warning: variable `newPC` should have a snake case name
[INFO] [stdout]   --> src/main.rs:82:21
[INFO] [stdout]    |
[INFO] [stdout] 82 |                 let newPC = (self.PC as i32 + offset);
[INFO] [stdout]    |                     ^^^^^ help: convert the identifier to snake case: `new_pc`
[INFO] [stdout] 
[INFO] [stdout] 
[INFO] [stdout] warning: variable `newPC` should have a snake case name
[INFO] [stdout]    --> src/main.rs:112:25
[INFO] [stdout]     |
[INFO] [stdout] 112 |                     let newPC = (self.PC as i32 + offset);
[INFO] [stdout]     |                         ^^^^^ help: convert the identifier to snake case: `new_pc`
[INFO] [stdout] 
[INFO] [stdout] 
[INFO] [stdout] warning: variable `newPC` should have a snake case name
[INFO] [stdout]    --> src/main.rs:126:25
[INFO] [stdout]     |
[INFO] [stdout] 126 |                     let newPC = (self.PC as i32 + offset);
[INFO] [stdout]     |                         ^^^^^ help: convert the identifier to snake case: `new_pc`
[INFO] [stdout] 
[INFO] [stdout] 
[INFO] [stderr]     Finished `dev` profile [unoptimized + debuginfo] target(s) in 0.43s
[INFO] running `Command { std: "docker" "inspect" "92596a9254b092c5485e583720fc0b96dfe4b290f1da95088ae997e2d699f67c", kill_on_drop: false }`
[INFO] running `Command { std: "docker" "rm" "-f" "92596a9254b092c5485e583720fc0b96dfe4b290f1da95088ae997e2d699f67c", kill_on_drop: false }`
[INFO] [stdout] 92596a9254b092c5485e583720fc0b96dfe4b290f1da95088ae997e2d699f67c
[INFO] running `Command { std: "docker" "create" "-v" "/var/lib/crater-agent-workspace/builds/worker-4-tc1/target:/opt/rustwide/target:rw,Z" "-v" "/var/lib/crater-agent-workspace/builds/worker-4-tc1/source:/opt/rustwide/workdir:ro,Z" "-v" "/var/lib/crater-agent-workspace/cargo-home:/opt/rustwide/cargo-home:ro,Z" "-v" "/var/lib/crater-agent-workspace/rustup-home:/opt/rustwide/rustup-home:ro,Z" "-e" "SOURCE_DIR=/opt/rustwide/workdir" "-e" "CARGO_TARGET_DIR=/opt/rustwide/target" "-e" "CARGO_INCREMENTAL=0" "-e" "RUST_BACKTRACE=full" "-e" "RUSTFLAGS=--cap-lints=warn" "-e" "RUSTDOCFLAGS=--cap-lints=warn" "-e" "CARGO_HOME=/opt/rustwide/cargo-home" "-e" "RUSTUP_HOME=/opt/rustwide/rustup-home" "-w" "/opt/rustwide/workdir" "-m" "1610612736" "--user" "0:0" "--network" "none" "ghcr.io/rust-lang/crates-build-env/linux@sha256:f3a9d4ad9d972b27faf3965f35b62e55ba32bbce8f20bc8fe909558a86702fde" "/opt/rustwide/cargo-home/bin/cargo" "+1.83.0" "test" "--frozen" "--no-run" "--message-format=json", kill_on_drop: false }`
[INFO] [stdout] 1fd754bbca620b086b99751c8b92908a172fa5b435ddcd6bfd6668f8b476fbcc
[INFO] running `Command { std: "docker" "start" "-a" "1fd754bbca620b086b99751c8b92908a172fa5b435ddcd6bfd6668f8b476fbcc", kill_on_drop: false }`
[INFO] [stderr]    Compiling PL0 v0.1.0 (/opt/rustwide/workdir)
[INFO] [stdout] warning: unnecessary parentheses around assigned value
[INFO] [stdout]   --> src/main.rs:82:29
[INFO] [stdout]    |
[INFO] [stdout] 82 |                 let newPC = (self.PC as i32 + offset);
[INFO] [stdout]    |                             ^                       ^
[INFO] [stdout]    |
[INFO] [stdout]    = note: `#[warn(unused_parens)]` on by default
[INFO] [stdout] help: remove these parentheses
[INFO] [stdout]    |
[INFO] [stdout] 82 -                 let newPC = (self.PC as i32 + offset);
[INFO] [stdout] 82 +                 let newPC = self.PC as i32 + offset;
[INFO] [stdout]    |
[INFO] [stdout] 
[INFO] [stdout] 
[INFO] [stdout] warning: unnecessary parentheses around assigned value
[INFO] [stdout]    --> src/main.rs:112:33
[INFO] [stdout]     |
[INFO] [stdout] 112 |                     let newPC = (self.PC as i32 + offset);
[INFO] [stdout]     |                                 ^                       ^
[INFO] [stdout]     |
[INFO] [stdout] help: remove these parentheses
[INFO] [stdout]     |
[INFO] [stdout] 112 -                     let newPC = (self.PC as i32 + offset);
[INFO] [stdout] 112 +                     let newPC = self.PC as i32 + offset;
[INFO] [stdout]     |
[INFO] [stdout] 
[INFO] [stdout] 
[INFO] [stdout] warning: unnecessary parentheses around assigned value
[INFO] [stdout]    --> src/main.rs:126:33
[INFO] [stdout]     |
[INFO] [stdout] 126 |                     let newPC = (self.PC as i32 + offset);
[INFO] [stdout]     |                                 ^                       ^
[INFO] [stdout]     |
[INFO] [stdout] help: remove these parentheses
[INFO] [stdout]     |
[INFO] [stdout] 126 -                     let newPC = (self.PC as i32 + offset);
[INFO] [stdout] 126 +                     let newPC = self.PC as i32 + offset;
[INFO] [stdout]     |
[INFO] [stdout] 
[INFO] [stdout] 
[INFO] [stdout] warning: unused doc comment
[INFO] [stdout]    --> src/main.rs:231:9
[INFO] [stdout]     |
[INFO] [stdout] 231 | /         /**
[INFO] [stdout] 232 | |          * var
[INFO] [stdout] 233 | |          *  x: int; i: int;
[INFO] [stdout] 234 | |          * begin
[INFO] [stdout] ...   |
[INFO] [stdout] 242 | |          * end
[INFO] [stdout] 243 | |          */
[INFO] [stdout]     | |___________^
[INFO] [stdout] 244 |           let mut machine = StackMachine::new();
[INFO] [stdout]     |           -------------------------------------- rustdoc does not generate documentation for statements
[INFO] [stdout]     |
[INFO] [stdout]     = help: use `/* */` for a plain comment
[INFO] [stdout]     = note: `#[warn(unused_doc_comments)]` on by default
[INFO] [stdout] 
[INFO] [stdout] 
[INFO] [stdout] warning: variants `JMP`, `LDF`, `BRT`, `BRF`, and `WRT` are never constructed
[INFO] [stdout]   --> src/main.rs:12:5
[INFO] [stdout]    |
[INFO] [stdout] 7  | enum OPCODE {
[INFO] [stdout]    |      ------ variants in this enum
[INFO] [stdout] ...
[INFO] [stdout] 12 |     JMP,
[INFO] [stdout]    |     ^^^
[INFO] [stdout] ...
[INFO] [stdout] 15 |     LDF, // Load Frame
[INFO] [stdout]    |     ^^^
[INFO] [stdout] 16 |     BRT, // Branch True
[INFO] [stdout]    |     ^^^
[INFO] [stdout] 17 |     BRF, // Branch False
[INFO] [stdout]    |     ^^^
[INFO] [stdout] 18 |     WRT, // Write
[INFO] [stdout]    |     ^^^
[INFO] [stdout]    |
[INFO] [stdout]    = note: `OPCODE` has derived impls for the traits `Clone` and `Debug`, but these are intentionally ignored during dead code analysis
[INFO] [stdout]    = note: `#[warn(dead_code)]` on by default
[INFO] [stdout] 
[INFO] [stdout] 
[INFO] [stdout] warning: structure field `Stack` should have a snake case name
[INFO] [stdout]   --> src/main.rs:23:5
[INFO] [stdout]    |
[INFO] [stdout] 23 |     Stack: Vec<i32>,
[INFO] [stdout]    |     ^^^^^ help: convert the identifier to snake case (notice the capitalization): `stack`
[INFO] [stdout]    |
[INFO] [stdout]    = note: `#[warn(non_snake_case)]` on by default
[INFO] [stdout] 
[INFO] [stdout] 
[INFO] [stdout] warning: structure field `Variables` should have a snake case name
[INFO] [stdout]   --> src/main.rs:24:5
[INFO] [stdout]    |
[INFO] [stdout] 24 |     Variables: HashMap<i32, i32>,
[INFO] [stdout]    |     ^^^^^^^^^ help: convert the identifier to snake case (notice the capitalization): `variables`
[INFO] [stdout] 
[INFO] [stdout] 
[INFO] [stdout] warning: structure field `Program` should have a snake case name
[INFO] [stdout]   --> src/main.rs:25:5
[INFO] [stdout]    |
[INFO] [stdout] 25 |     Program: Vec<OPCODE>,
[INFO] [stdout]    |     ^^^^^^^ help: convert the identifier to snake case: `program`
[INFO] [stdout] 
[INFO] [stdout] 
[INFO] [stdout] warning: structure field `PC` should have a snake case name
[INFO] [stdout]   --> src/main.rs:26:5
[INFO] [stdout]    |
[INFO] [stdout] 26 |     PC: usize
[INFO] [stdout]    |     ^^ help: convert the identifier to snake case: `pc`
[INFO] [stdout] 
[INFO] [stdout] 
[INFO] [stdout] warning: structure field `Location` should have a snake case name
[INFO] [stdout]   --> src/main.rs:31:5
[INFO] [stdout]    |
[INFO] [stdout] 31 |     Location: usize,
[INFO] [stdout]    |     ^^^^^^^^ help: convert the identifier to snake case: `location`
[INFO] [stdout] 
[INFO] [stdout] 
[INFO] [stdout] warning: structure field `OpCode` should have a snake case name
[INFO] [stdout]   --> src/main.rs:32:5
[INFO] [stdout]    |
[INFO] [stdout] 32 |     OpCode: OPCODE,
[INFO] [stdout]    |     ^^^^^^ help: convert the identifier to snake case: `op_code`
[INFO] [stdout] 
[INFO] [stdout] 
[INFO] [stdout] warning: structure field `Result` should have a snake case name
[INFO] [stdout]   --> src/main.rs:33:5
[INFO] [stdout]    |
[INFO] [stdout] 33 |     Result: Result<Option<i32>, String>
[INFO] [stdout]    |     ^^^^^^ help: convert the identifier to snake case: `result`
[INFO] [stdout] 
[INFO] [stdout] 
[INFO] [stdout] warning: variable `newPC` should have a snake case name
[INFO] [stdout]   --> src/main.rs:82:21
[INFO] [stdout]    |
[INFO] [stdout] 82 |                 let newPC = (self.PC as i32 + offset);
[INFO] [stdout]    |                     ^^^^^ help: convert the identifier to snake case: `new_pc`
[INFO] [stdout] 
[INFO] [stdout] 
[INFO] [stdout] warning: variable `newPC` should have a snake case name
[INFO] [stdout]    --> src/main.rs:112:25
[INFO] [stdout]     |
[INFO] [stdout] 112 |                     let newPC = (self.PC as i32 + offset);
[INFO] [stdout]     |                         ^^^^^ help: convert the identifier to snake case: `new_pc`
[INFO] [stdout] 
[INFO] [stdout] 
[INFO] [stdout] warning: variable `newPC` should have a snake case name
[INFO] [stdout]    --> src/main.rs:126:25
[INFO] [stdout]     |
[INFO] [stdout] 126 |                     let newPC = (self.PC as i32 + offset);
[INFO] [stdout]     |                         ^^^^^ help: convert the identifier to snake case: `new_pc`
[INFO] [stdout] 
[INFO] [stdout] 
[INFO] [stdout] warning: module `Tests` should have a snake case name
[INFO] [stdout]    --> src/token.rs:104:5
[INFO] [stdout]     |
[INFO] [stdout] 104 | mod Tests {
[INFO] [stdout]     |     ^^^^^ help: convert the identifier to snake case: `tests`
[INFO] [stdout] 
[INFO] [stdout] 
[INFO] [stderr]     Finished `test` profile [unoptimized + debuginfo] target(s) in 0.93s
[INFO] running `Command { std: "docker" "inspect" "1fd754bbca620b086b99751c8b92908a172fa5b435ddcd6bfd6668f8b476fbcc", kill_on_drop: false }`
[INFO] running `Command { std: "docker" "rm" "-f" "1fd754bbca620b086b99751c8b92908a172fa5b435ddcd6bfd6668f8b476fbcc", kill_on_drop: false }`
[INFO] [stdout] 1fd754bbca620b086b99751c8b92908a172fa5b435ddcd6bfd6668f8b476fbcc
[INFO] running `Command { std: "docker" "create" "-v" "/var/lib/crater-agent-workspace/builds/worker-4-tc1/target:/opt/rustwide/target:rw,Z" "-v" "/var/lib/crater-agent-workspace/builds/worker-4-tc1/source:/opt/rustwide/workdir:ro,Z" "-v" "/var/lib/crater-agent-workspace/cargo-home:/opt/rustwide/cargo-home:ro,Z" "-v" "/var/lib/crater-agent-workspace/rustup-home:/opt/rustwide/rustup-home:ro,Z" "-e" "SOURCE_DIR=/opt/rustwide/workdir" "-e" "CARGO_TARGET_DIR=/opt/rustwide/target" "-e" "CARGO_INCREMENTAL=0" "-e" "RUST_BACKTRACE=full" "-e" "RUSTFLAGS=--cap-lints=warn" "-e" "RUSTDOCFLAGS=--cap-lints=warn" "-e" "CARGO_HOME=/opt/rustwide/cargo-home" "-e" "RUSTUP_HOME=/opt/rustwide/rustup-home" "-w" "/opt/rustwide/workdir" "-m" "1610612736" "--user" "0:0" "--network" "none" "ghcr.io/rust-lang/crates-build-env/linux@sha256:f3a9d4ad9d972b27faf3965f35b62e55ba32bbce8f20bc8fe909558a86702fde" "/opt/rustwide/cargo-home/bin/cargo" "+1.83.0" "test" "--frozen", kill_on_drop: false }`
[INFO] [stdout] cf2e3d04a6c54dfdcd8c601aebed63e0fa4326102249257e7ec9b069f1b29a08
[INFO] running `Command { std: "docker" "start" "-a" "cf2e3d04a6c54dfdcd8c601aebed63e0fa4326102249257e7ec9b069f1b29a08", kill_on_drop: false }`
[INFO] [stderr] warning: unnecessary parentheses around assigned value
[INFO] [stderr]   --> src/main.rs:82:29
[INFO] [stderr]    |
[INFO] [stderr] 82 |                 let newPC = (self.PC as i32 + offset);
[INFO] [stderr]    |                             ^                       ^
[INFO] [stderr]    |
[INFO] [stderr]    = note: `#[warn(unused_parens)]` on by default
[INFO] [stderr] help: remove these parentheses
[INFO] [stderr]    |
[INFO] [stderr] 82 -                 let newPC = (self.PC as i32 + offset);
[INFO] [stderr] 82 +                 let newPC = self.PC as i32 + offset;
[INFO] [stderr]    |
[INFO] [stderr] 
[INFO] [stderr] warning: unnecessary parentheses around assigned value
[INFO] [stderr]    --> src/main.rs:112:33
[INFO] [stderr]     |
[INFO] [stderr] 112 |                     let newPC = (self.PC as i32 + offset);
[INFO] [stderr]     |                                 ^                       ^
[INFO] [stderr]     |
[INFO] [stderr] help: remove these parentheses
[INFO] [stderr]     |
[INFO] [stderr] 112 -                     let newPC = (self.PC as i32 + offset);
[INFO] [stderr] 112 +                     let newPC = self.PC as i32 + offset;
[INFO] [stderr]     |
[INFO] [stderr] 
[INFO] [stderr] warning: unnecessary parentheses around assigned value
[INFO] [stderr]    --> src/main.rs:126:33
[INFO] [stderr]     |
[INFO] [stderr] 126 |                     let newPC = (self.PC as i32 + offset);
[INFO] [stderr]     |                                 ^                       ^
[INFO] [stderr]     |
[INFO] [stderr] help: remove these parentheses
[INFO] [stderr]     |
[INFO] [stderr] 126 -                     let newPC = (self.PC as i32 + offset);
[INFO] [stderr] 126 +                     let newPC = self.PC as i32 + offset;
[INFO] [stderr]     |
[INFO] [stderr] 
[INFO] [stderr] warning: unused doc comment
[INFO] [stderr]    --> src/main.rs:231:9
[INFO] [stderr]     |
[INFO] [stderr] 231 | /         /**
[INFO] [stderr] 232 | |          * var
[INFO] [stderr] 233 | |          *  x: int; i: int;
[INFO] [stderr] 234 | |          * begin
[INFO] [stderr] ...   |
[INFO] [stderr] 242 | |          * end
[INFO] [stderr] 243 | |          */
[INFO] [stderr]     | |___________^
[INFO] [stderr] 244 |           let mut machine = StackMachine::new();
[INFO] [stderr]     |           -------------------------------------- rustdoc does not generate documentation for statements
[INFO] [stderr]     |
[INFO] [stderr]     = help: use `/* */` for a plain comment
[INFO] [stderr]     = note: `#[warn(unused_doc_comments)]` on by default
[INFO] [stderr] 
[INFO] [stderr] warning: variants `JMP`, `LDF`, `BRT`, `BRF`, and `WRT` are never constructed
[INFO] [stderr]   --> src/main.rs:12:5
[INFO] [stderr]    |
[INFO] [stderr] 7  | enum OPCODE {
[INFO] [stderr]    |      ------ variants in this enum
[INFO] [stderr] ...
[INFO] [stderr] 12 |     JMP,
[INFO] [stderr]    |     ^^^
[INFO] [stderr] ...
[INFO] [stderr] 15 |     LDF, // Load Frame
[INFO] [stderr]    |     ^^^
[INFO] [stderr] 16 |     BRT, // Branch True
[INFO] [stderr]    |     ^^^
[INFO] [stderr] 17 |     BRF, // Branch False
[INFO] [stderr]    |     ^^^
[INFO] [stderr] 18 |     WRT, // Write
[INFO] [stderr]    |     ^^^
[INFO] [stderr]    |
[INFO] [stderr]    = note: `OPCODE` has derived impls for the traits `Clone` and `Debug`, but these are intentionally ignored during dead code analysis
[INFO] [stderr]    = note: `#[warn(dead_code)]` on by default
[INFO] [stderr] 
[INFO] [stderr] warning: structure field `Stack` should have a snake case name
[INFO] [stderr]   --> src/main.rs:23:5
[INFO] [stderr]    |
[INFO] [stderr] 23 |     Stack: Vec<i32>,
[INFO] [stderr]    |     ^^^^^ help: convert the identifier to snake case (notice the capitalization): `stack`
[INFO] [stderr]    |
[INFO] [stderr]    = note: `#[warn(non_snake_case)]` on by default
[INFO] [stderr] 
[INFO] [stderr] warning: structure field `Variables` should have a snake case name
[INFO] [stderr]   --> src/main.rs:24:5
[INFO] [stderr]    |
[INFO] [stderr] 24 |     Variables: HashMap<i32, i32>,
[INFO] [stderr]    |     ^^^^^^^^^ help: convert the identifier to snake case (notice the capitalization): `variables`
[INFO] [stderr] 
[INFO] [stderr] warning: structure field `Program` should have a snake case name
[INFO] [stderr]   --> src/main.rs:25:5
[INFO] [stderr]    |
[INFO] [stderr] 25 |     Program: Vec<OPCODE>,
[INFO] [stderr]    |     ^^^^^^^ help: convert the identifier to snake case: `program`
[INFO] [stderr] 
[INFO] [stderr] warning: structure field `PC` should have a snake case name
[INFO] [stderr]   --> src/main.rs:26:5
[INFO] [stderr]    |
[INFO] [stderr] 26 |     PC: usize
[INFO] [stderr]    |     ^^ help: convert the identifier to snake case: `pc`
[INFO] [stderr] 
[INFO] [stderr] warning: structure field `Location` should have a snake case name
[INFO] [stderr]   --> src/main.rs:31:5
[INFO] [stderr]    |
[INFO] [stderr] 31 |     Location: usize,
[INFO] [stderr]    |     ^^^^^^^^ help: convert the identifier to snake case: `location`
[INFO] [stderr] 
[INFO] [stderr] warning: structure field `OpCode` should have a snake case name
[INFO] [stderr]   --> src/main.rs:32:5
[INFO] [stderr]    |
[INFO] [stderr] 32 |     OpCode: OPCODE,
[INFO] [stderr]    |     ^^^^^^ help: convert the identifier to snake case: `op_code`
[INFO] [stderr] 
[INFO] [stderr] warning: structure field `Result` should have a snake case name
[INFO] [stderr]   --> src/main.rs:33:5
[INFO] [stderr]    |
[INFO] [stderr] 33 |     Result: Result<Option<i32>, String>
[INFO] [stderr]    |     ^^^^^^ help: convert the identifier to snake case: `result`
[INFO] [stderr] 
[INFO] [stderr] warning: variable `newPC` should have a snake case name
[INFO] [stderr]   --> src/main.rs:82:21
[INFO] [stderr]    |
[INFO] [stderr] 82 |                 let newPC = (self.PC as i32 + offset);
[INFO] [stderr]    |                     ^^^^^ help: convert the identifier to snake case: `new_pc`
[INFO] [stderr] 
[INFO] [stderr] warning: variable `newPC` should have a snake case name
[INFO] [stderr]    --> src/main.rs:112:25
[INFO] [stderr]     |
[INFO] [stderr] 112 |                     let newPC = (self.PC as i32 + offset);
[INFO] [stderr]     |                         ^^^^^ help: convert the identifier to snake case: `new_pc`
[INFO] [stderr] 
[INFO] [stderr] warning: variable `newPC` should have a snake case name
[INFO] [stderr]    --> src/main.rs:126:25
[INFO] [stderr]     |
[INFO] [stderr] 126 |                     let newPC = (self.PC as i32 + offset);
[INFO] [stderr]     |                         ^^^^^ help: convert the identifier to snake case: `new_pc`
[INFO] [stderr] 
[INFO] [stderr] warning: module `Tests` should have a snake case name
[INFO] [stderr]    --> src/token.rs:104:5
[INFO] [stderr]     |
[INFO] [stderr] 104 | mod Tests {
[INFO] [stderr]     |     ^^^^^ help: convert the identifier to snake case: `tests`
[INFO] [stderr] 
[INFO] [stderr] warning: `PL0` (bin "PL0" test) generated 16 warnings (run `cargo fix --bin "PL0" --tests` to apply 3 suggestions)
[INFO] [stderr]     Finished `test` profile [unoptimized + debuginfo] target(s) in 0.03s
[INFO] [stderr]      Running unittests src/main.rs (/opt/rustwide/target/debug/deps/PL0-02c09fec645921df)
[INFO] [stdout] 
[INFO] [stdout] running 7 tests
[INFO] [stdout] test tests::test_add ... ok
[INFO] [stdout] test tests::test_mul ... ok
[INFO] [stdout] test tests::test_sub ... ok
[INFO] [stdout] test token::Tests::test_read_token ... ok
[INFO] [stdout] test token::Tests::test_read_token_2 ... ok
[INFO] [stdout] test token::Tests::test_read_program ... FAILED
[INFO] [stdout] test tests::test_q2 ... FAILED
[INFO] [stdout] 
[INFO] [stdout] failures:
[INFO] [stdout] 
[INFO] [stdout] ---- token::Tests::test_read_program stdout ----
[INFO] [stdout] IF =?= IF
[INFO] [stdout] IDENTIFIER("x") =?= IDENTIFIER("x")
[INFO] [stdout] EQUIV =?= IDENTIFIER("x")
[INFO] [stdout] thread 'token::Tests::test_read_program' panicked at src/token.rs:159:9:
[INFO] [stdout] assertion `left == right` failed
[INFO] [stdout]   left: [IF, IDENTIFIER("x"), EQUIV, NUMBER(1), THEN, IDENTIFIER("x"), ASSIGN, IDENTIFIER("y"), PLUS, NUMBER(2), ELSE, IDENTIFIER("x"), ASSIGN, NUMBER(0), END, IDENTIFIER("x"), ASSIGN, IDENTIFIER("x"), PLUS, NUMBER(1), SEMICOLON]
[INFO] [stdout]  right: [IF, IDENTIFIER("x"), IDENTIFIER("x")]
[INFO] [stdout] stack backtrace:
[INFO] [stdout]    0:     0x602cfc29b7ba - std::backtrace_rs::backtrace::libunwind::trace::h5a5b8284f2d0c266
[INFO] [stdout]                                at /rustc/90b35a6239c3d8bdabc530a6a0816f7ff89a0aaf/library/std/src/../../backtrace/src/backtrace/libunwind.rs:116:5
[INFO] [stdout]    1:     0x602cfc29b7ba - std::backtrace_rs::backtrace::trace_unsynchronized::h76d4f1c9b0b875e3
[INFO] [stdout]                                at /rustc/90b35a6239c3d8bdabc530a6a0816f7ff89a0aaf/library/std/src/../../backtrace/src/backtrace/mod.rs:66:5
[INFO] [stdout]    2:     0x602cfc29b7ba - std::sys::backtrace::_print_fmt::hc4546b8364a537c6
[INFO] [stdout]                                at /rustc/90b35a6239c3d8bdabc530a6a0816f7ff89a0aaf/library/std/src/sys/backtrace.rs:66:9
[INFO] [stdout]    3:     0x602cfc29b7ba - <std::sys::backtrace::BacktraceLock::print::DisplayBacktrace as core::fmt::Display>::fmt::h5b6bd5631a6d1f6b
[INFO] [stdout]                                at /rustc/90b35a6239c3d8bdabc530a6a0816f7ff89a0aaf/library/std/src/sys/backtrace.rs:39:26
[INFO] [stdout]    4:     0x602cfc2c0bd3 - core::fmt::rt::Argument::fmt::h270f6602a2b96f62
[INFO] [stdout]                                at /rustc/90b35a6239c3d8bdabc530a6a0816f7ff89a0aaf/library/core/src/fmt/rt.rs:177:76
[INFO] [stdout]    5:     0x602cfc2c0bd3 - core::fmt::write::h7550c97b06c86515
[INFO] [stdout]                                at /rustc/90b35a6239c3d8bdabc530a6a0816f7ff89a0aaf/library/core/src/fmt/mod.rs:1186:21
[INFO] [stdout]    6:     0x602cfc298983 - std::io::Write::write_fmt::h509ff860e5956e5e
[INFO] [stdout]                                at /rustc/90b35a6239c3d8bdabc530a6a0816f7ff89a0aaf/library/std/src/io/mod.rs:1839:15
[INFO] [stdout]    7:     0x602cfc29b602 - std::sys::backtrace::BacktraceLock::print::h2395ccd2c84ba3aa
[INFO] [stdout]                                at /rustc/90b35a6239c3d8bdabc530a6a0816f7ff89a0aaf/library/std/src/sys/backtrace.rs:42:9
[INFO] [stdout]    8:     0x602cfc29cc1a - std::panicking::default_hook::{{closure}}::he19d4c7230e07961
[INFO] [stdout]                                at /rustc/90b35a6239c3d8bdabc530a6a0816f7ff89a0aaf/library/std/src/panicking.rs:268:22
[INFO] [stdout]    9:     0x602cfc29ca24 - std::panicking::default_hook::hf614597d3c67bbdb
[INFO] [stdout]                                at /rustc/90b35a6239c3d8bdabc530a6a0816f7ff89a0aaf/library/std/src/panicking.rs:292:9
[INFO] [stdout]   10:     0x602cfc268309 - <alloc::boxed::Box<F,A> as core::ops::function::Fn<Args>>::call::h39b51ce4599c23d1
[INFO] [stdout]                                at /rustc/90b35a6239c3d8bdabc530a6a0816f7ff89a0aaf/library/alloc/src/boxed.rs:2468:9
[INFO] [stdout]   11:     0x602cfc268309 - test::test_main::{{closure}}::he977ae839a582784
[INFO] [stdout]                                at /rustc/90b35a6239c3d8bdabc530a6a0816f7ff89a0aaf/library/test/src/lib.rs:133:21
[INFO] [stdout]   12:     0x602cfc29d2b8 - <alloc::boxed::Box<F,A> as core::ops::function::Fn<Args>>::call::h9455091b6b06f9fb
[INFO] [stdout]                                at /rustc/90b35a6239c3d8bdabc530a6a0816f7ff89a0aaf/library/alloc/src/boxed.rs:2468:9
[INFO] [stdout]   13:     0x602cfc29d2b8 - std::panicking::rust_panic_with_hook::h8942133a8b252070
[INFO] [stdout]                                at /rustc/90b35a6239c3d8bdabc530a6a0816f7ff89a0aaf/library/std/src/panicking.rs:809:13
[INFO] [stdout]   14:     0x602cfc29d07a - std::panicking::begin_panic_handler::{{closure}}::hb5f5963570096b29
[INFO] [stdout]                                at /rustc/90b35a6239c3d8bdabc530a6a0816f7ff89a0aaf/library/std/src/panicking.rs:674:13
[INFO] [stdout]   15:     0x602cfc29bc99 - std::sys::backtrace::__rust_end_short_backtrace::h6208cedc1922feda
[INFO] [stdout]                                at /rustc/90b35a6239c3d8bdabc530a6a0816f7ff89a0aaf/library/std/src/sys/backtrace.rs:170:18
[INFO] [stdout]   16:     0x602cfc29cd0c - rust_begin_unwind
[INFO] [stdout]                                at /rustc/90b35a6239c3d8bdabc530a6a0816f7ff89a0aaf/library/std/src/panicking.rs:665:5
[INFO] [stdout]   17:     0x602cfc218a60 - core::panicking::panic_fmt::h0c3082644d1bf418
[INFO] [stdout]                                at /rustc/90b35a6239c3d8bdabc530a6a0816f7ff89a0aaf/library/core/src/panicking.rs:74:14
[INFO] [stdout]   18:     0x602cfc218e2b - core::panicking::assert_failed_inner::h2ddf1fcc067fa858
[INFO] [stdout]   19:     0x602cfc22449e - core::panicking::assert_failed::h2334a138d915eedf
[INFO] [stdout]                                at /rustc/90b35a6239c3d8bdabc530a6a0816f7ff89a0aaf/library/core/src/panicking.rs:367:5
[INFO] [stdout]   20:     0x602cfc226983 - PL0::token::Tests::test_read_program::h88dd7ce44f94762d
[INFO] [stdout]                                at /opt/rustwide/workdir/src/token.rs:159:9
[INFO] [stdout]   21:     0x602cfc225e97 - PL0::token::Tests::test_read_program::{{closure}}::ha1e642a42cc5100c
[INFO] [stdout]                                at /opt/rustwide/workdir/src/token.rs:126:27
[INFO] [stdout]   22:     0x602cfc228256 - core::ops::function::FnOnce::call_once::h45c5b271a46f2f10
[INFO] [stdout]                                at /rustc/90b35a6239c3d8bdabc530a6a0816f7ff89a0aaf/library/core/src/ops/function.rs:250:5
[INFO] [stdout]   23:     0x602cfc26cccb - core::ops::function::FnOnce::call_once::h109cf8051a59b34e
[INFO] [stdout]                                at /rustc/90b35a6239c3d8bdabc530a6a0816f7ff89a0aaf/library/core/src/ops/function.rs:250:5
[INFO] [stdout]   24:     0x602cfc26cccb - test::__rust_begin_short_backtrace::hf4fff89d377446ba
[INFO] [stdout]                                at /rustc/90b35a6239c3d8bdabc530a6a0816f7ff89a0aaf/library/test/src/lib.rs:621:18
[INFO] [stdout]   25:     0x602cfc26c507 - test::run_test_in_process::{{closure}}::h0e39181dd7ee5a43
[INFO] [stdout]                                at /rustc/90b35a6239c3d8bdabc530a6a0816f7ff89a0aaf/library/test/src/lib.rs:644:60
[INFO] [stdout]   26:     0x602cfc26c507 - <core::panic::unwind_safe::AssertUnwindSafe<F> as core::ops::function::FnOnce<()>>::call_once::hc5a66a30f0bdfd1f
[INFO] [stdout]                                at /rustc/90b35a6239c3d8bdabc530a6a0816f7ff89a0aaf/library/core/src/panic/unwind_safe.rs:272:9
[INFO] [stdout]   27:     0x602cfc26c507 - std::panicking::try::do_call::h873b7cf639554a5e
[INFO] [stdout]                                at /rustc/90b35a6239c3d8bdabc530a6a0816f7ff89a0aaf/library/std/src/panicking.rs:557:40
[INFO] [stdout]   28:     0x602cfc26c507 - std::panicking::try::hdb19862fad9c8bd1
[INFO] [stdout]                                at /rustc/90b35a6239c3d8bdabc530a6a0816f7ff89a0aaf/library/std/src/panicking.rs:520:19
[INFO] [stdout]   29:     0x602cfc26c507 - std::panic::catch_unwind::h281fe732d236d260
[INFO] [stdout]                                at /rustc/90b35a6239c3d8bdabc530a6a0816f7ff89a0aaf/library/std/src/panic.rs:358:14
[INFO] [stdout]   30:     0x602cfc26c507 - test::run_test_in_process::h949b6df8457ed338
[INFO] [stdout]                                at /rustc/90b35a6239c3d8bdabc530a6a0816f7ff89a0aaf/library/test/src/lib.rs:644:27
[INFO] [stdout]   31:     0x602cfc26c507 - test::run_test::{{closure}}::h52c556a6d4740e10
[INFO] [stdout]                                at /rustc/90b35a6239c3d8bdabc530a6a0816f7ff89a0aaf/library/test/src/lib.rs:565:43
[INFO] [stdout]   32:     0x602cfc2317e4 - test::run_test::{{closure}}::h4237f6381c45ccb9
[INFO] [stdout]                                at /rustc/90b35a6239c3d8bdabc530a6a0816f7ff89a0aaf/library/test/src/lib.rs:595:41
[INFO] [stdout]   33:     0x602cfc2317e4 - std::sys::backtrace::__rust_begin_short_backtrace::h505c97a579eca628
[INFO] [stdout]                                at /rustc/90b35a6239c3d8bdabc530a6a0816f7ff89a0aaf/library/std/src/sys/backtrace.rs:154:18
[INFO] [stdout]   34:     0x602cfc234eae - std::thread::Builder::spawn_unchecked_::{{closure}}::{{closure}}::h9e86b2e2bc107ea3
[INFO] [stdout]                                at /rustc/90b35a6239c3d8bdabc530a6a0816f7ff89a0aaf/library/std/src/thread/mod.rs:538:17
[INFO] [stdout]   35:     0x602cfc234eae - <core::panic::unwind_safe::AssertUnwindSafe<F> as core::ops::function::FnOnce<()>>::call_once::h8b06ddb275ff4a25
[INFO] [stdout]                                at /rustc/90b35a6239c3d8bdabc530a6a0816f7ff89a0aaf/library/core/src/panic/unwind_safe.rs:272:9
[INFO] [stdout]   36:     0x602cfc234eae - std::panicking::try::do_call::hb26ecd7cd9a9355d
[INFO] [stdout]                                at /rustc/90b35a6239c3d8bdabc530a6a0816f7ff89a0aaf/library/std/src/panicking.rs:557:40
[INFO] [stdout]   37:     0x602cfc234eae - std::panicking::try::h8ddeca9d705f9069
[INFO] [stdout]                                at /rustc/90b35a6239c3d8bdabc530a6a0816f7ff89a0aaf/library/std/src/panicking.rs:520:19
[INFO] [stdout]   38:     0x602cfc234eae - std::panic::catch_unwind::h49e1c33078844c46
[INFO] [stdout]                                at /rustc/90b35a6239c3d8bdabc530a6a0816f7ff89a0aaf/library/std/src/panic.rs:358:14
[INFO] [stdout]   39:     0x602cfc234eae - std::thread::Builder::spawn_unchecked_::{{closure}}::h6073db6ff56ad35d
[INFO] [stdout]                                at /rustc/90b35a6239c3d8bdabc530a6a0816f7ff89a0aaf/library/std/src/thread/mod.rs:537:30
[INFO] [stdout]   40:     0x602cfc234eae - core::ops::function::FnOnce::call_once{{vtable.shim}}::h2c5a5f3779c774f1
[INFO] [stdout]                                at /rustc/90b35a6239c3d8bdabc530a6a0816f7ff89a0aaf/library/core/src/ops/function.rs:250:5
[INFO] [stdout]   41:     0x602cfc2a100b - <alloc::boxed::Box<F,A> as core::ops::function::FnOnce<Args>>::call_once::hf75717d9f28faebf
[INFO] [stdout]                                at /rustc/90b35a6239c3d8bdabc530a6a0816f7ff89a0aaf/library/alloc/src/boxed.rs:2454:9
[INFO] [stdout]   42:     0x602cfc2a100b - <alloc::boxed::Box<F,A> as core::ops::function::FnOnce<Args>>::call_once::h7bd883a5f3c5f3c1
[INFO] [stdout]                                at /rustc/90b35a6239c3d8bdabc530a6a0816f7ff89a0aaf/library/alloc/src/boxed.rs:2454:9
[INFO] [stdout]   43:     0x602cfc2a100b - std::sys::pal::unix::thread::Thread::new::thread_start::hcc78f3943333fa94
[INFO] [stdout]                                at /rustc/90b35a6239c3d8bdabc530a6a0816f7ff89a0aaf/library/std/src/sys/pal/unix/thread.rs:105:17
[INFO] [stdout]   44:     0x7f8446b90ac3 - <unknown>
[INFO] [stdout]   45:     0x7f8446c21a04 - clone
[INFO] [stdout]   46:                0x0 - <unknown>
[INFO] [stdout] 
[INFO] [stdout] ---- tests::test_q2 stdout ----
[INFO] [stdout] thread 'tests::test_q2' panicked at src/main.rs:153:38:
[INFO] [stdout] index out of bounds: the len is 6 but the index is 6
[INFO] [stdout] stack backtrace:
[INFO] [stdout]    0:     0x602cfc29b7ba - std::backtrace_rs::backtrace::libunwind::trace::h5a5b8284f2d0c266
[INFO] [stdout]                                at /rustc/90b35a6239c3d8bdabc530a6a0816f7ff89a0aaf/library/std/src/../../backtrace/src/backtrace/libunwind.rs:116:5
[INFO] [stdout]    1:     0x602cfc29b7ba - std::backtrace_rs::backtrace::trace_unsynchronized::h76d4f1c9b0b875e3
[INFO] [stdout]                                at /rustc/90b35a6239c3d8bdabc530a6a0816f7ff89a0aaf/library/std/src/../../backtrace/src/backtrace/mod.rs:66:5
[INFO] [stdout]    2:     0x602cfc29b7ba - std::sys::backtrace::_print_fmt::hc4546b8364a537c6
[INFO] [stdout]                                at /rustc/90b35a6239c3d8bdabc530a6a0816f7ff89a0aaf/library/std/src/sys/backtrace.rs:66:9
[INFO] [stdout]    3:     0x602cfc29b7ba - <std::sys::backtrace::BacktraceLock::print::DisplayBacktrace as core::fmt::Display>::fmt::h5b6bd5631a6d1f6b
[INFO] [stdout]                                at /rustc/90b35a6239c3d8bdabc530a6a0816f7ff89a0aaf/library/std/src/sys/backtrace.rs:39:26
[INFO] [stdout]    4:     0x602cfc2c0bd3 - core::fmt::rt::Argument::fmt::h270f6602a2b96f62
[INFO] [stdout]                                at /rustc/90b35a6239c3d8bdabc530a6a0816f7ff89a0aaf/library/core/src/fmt/rt.rs:177:76
[INFO] [stdout]    5:     0x602cfc2c0bd3 - core::fmt::write::h7550c97b06c86515
[INFO] [stdout]                                at /rustc/90b35a6239c3d8bdabc530a6a0816f7ff89a0aaf/library/core/src/fmt/mod.rs:1186:21
[INFO] [stdout]    6:     0x602cfc298983 - std::io::Write::write_fmt::h509ff860e5956e5e
[INFO] [stdout]                                at /rustc/90b35a6239c3d8bdabc530a6a0816f7ff89a0aaf/library/std/src/io/mod.rs:1839:15
[INFO] [stdout]    7:     0x602cfc29b602 - std::sys::backtrace::BacktraceLock::print::h2395ccd2c84ba3aa
[INFO] [stdout]                                at /rustc/90b35a6239c3d8bdabc530a6a0816f7ff89a0aaf/library/std/src/sys/backtrace.rs:42:9
[INFO] [stdout]    8:     0x602cfc29cc1a - std::panicking::default_hook::{{closure}}::he19d4c7230e07961
[INFO] [stdout]                                at /rustc/90b35a6239c3d8bdabc530a6a0816f7ff89a0aaf/library/std/src/panicking.rs:268:22
[INFO] [stdout]    9:     0x602cfc29ca24 - std::panicking::default_hook::hf614597d3c67bbdb
[INFO] [stdout]                                at /rustc/90b35a6239c3d8bdabc530a6a0816f7ff89a0aaf/library/std/src/panicking.rs:292:9
[INFO] [stdout]   10:     0x602cfc268309 - <alloc::boxed::Box<F,A> as core::ops::function::Fn<Args>>::call::h39b51ce4599c23d1
[INFO] [stdout]                                at /rustc/90b35a6239c3d8bdabc530a6a0816f7ff89a0aaf/library/alloc/src/boxed.rs:2468:9
[INFO] [stdout]   11:     0x602cfc268309 - test::test_main::{{closure}}::he977ae839a582784
[INFO] [stdout]                                at /rustc/90b35a6239c3d8bdabc530a6a0816f7ff89a0aaf/library/test/src/lib.rs:133:21
[INFO] [stdout]   12:     0x602cfc29d2b8 - <alloc::boxed::Box<F,A> as core::ops::function::Fn<Args>>::call::h9455091b6b06f9fb
[INFO] [stdout]                                at /rustc/90b35a6239c3d8bdabc530a6a0816f7ff89a0aaf/library/alloc/src/boxed.rs:2468:9
[INFO] [stdout]   13:     0x602cfc29d2b8 - std::panicking::rust_panic_with_hook::h8942133a8b252070
[INFO] [stdout]                                at /rustc/90b35a6239c3d8bdabc530a6a0816f7ff89a0aaf/library/std/src/panicking.rs:809:13
[INFO] [stdout]   14:     0x602cfc29d07a - std::panicking::begin_panic_handler::{{closure}}::hb5f5963570096b29
[INFO] [stdout]                                at /rustc/90b35a6239c3d8bdabc530a6a0816f7ff89a0aaf/library/std/src/panicking.rs:674:13
[INFO] [stdout]   15:     0x602cfc29bc99 - std::sys::backtrace::__rust_end_short_backtrace::h6208cedc1922feda
[INFO] [stdout]                                at /rustc/90b35a6239c3d8bdabc530a6a0816f7ff89a0aaf/library/std/src/sys/backtrace.rs:170:18
[INFO] [stdout]   16:     0x602cfc29cd0c - rust_begin_unwind
[INFO] [stdout]                                at /rustc/90b35a6239c3d8bdabc530a6a0816f7ff89a0aaf/library/std/src/panicking.rs:665:5
[INFO] [stdout]   17:     0x602cfc218a60 - core::panicking::panic_fmt::h0c3082644d1bf418
[INFO] [stdout]                                at /rustc/90b35a6239c3d8bdabc530a6a0816f7ff89a0aaf/library/core/src/panicking.rs:74:14
[INFO] [stdout]   18:     0x602cfc218be1 - core::panicking::panic_bounds_check::h8307ccead484a122
[INFO] [stdout]                                at /rustc/90b35a6239c3d8bdabc530a6a0816f7ff89a0aaf/library/core/src/panicking.rs:276:5
[INFO] [stdout]   19:     0x602cfc22e077 - <usize as core::slice::index::SliceIndex<[T]>>::index::h253ae5d9a79f7fdc
[INFO] [stdout]                                at /rustc/90b35a6239c3d8bdabc530a6a0816f7ff89a0aaf/library/core/src/slice/index.rs:301:10
[INFO] [stdout]   20:     0x602cfc22e164 - core::slice::index::<impl core::ops::index::Index<I> for [T]>::index::hc3f94434542fe251
[INFO] [stdout]                                at /rustc/90b35a6239c3d8bdabc530a6a0816f7ff89a0aaf/library/core/src/slice/index.rs:16:9
[INFO] [stdout]   21:     0x602cfc22e164 - <alloc::vec::Vec<T,A> as core::ops::index::Index<I>>::index::h3ce1ef5d4c289c2f
[INFO] [stdout]                                at /rustc/90b35a6239c3d8bdabc530a6a0816f7ff89a0aaf/library/alloc/src/vec/mod.rs:3323:9
[INFO] [stdout]   22:     0x602cfc221d1e - PL0::StackMachine::run::h074b84cca9bde079
[INFO] [stdout]                                at /opt/rustwide/workdir/src/main.rs:153:38
[INFO] [stdout]   23:     0x602cfc22bf13 - PL0::tests::test_q2::h19a584dd923141bd
[INFO] [stdout]                                at /opt/rustwide/workdir/src/main.rs:250:23
[INFO] [stdout]   24:     0x602cfc22bd67 - PL0::tests::test_q2::{{closure}}::hbbda6bb7cf66b073
[INFO] [stdout]                                at /opt/rustwide/workdir/src/main.rs:230:17
[INFO] [stdout]   25:     0x602cfc228376 - core::ops::function::FnOnce::call_once::hb6814fb17596e4e4
[INFO] [stdout]                                at /rustc/90b35a6239c3d8bdabc530a6a0816f7ff89a0aaf/library/core/src/ops/function.rs:250:5
[INFO] [stdout]   26:     0x602cfc26cccb - core::ops::function::FnOnce::call_once::h109cf8051a59b34e
[INFO] [stdout]                                at /rustc/90b35a6239c3d8bdabc530a6a0816f7ff89a0aaf/library/core/src/ops/function.rs:250:5
[INFO] [stdout]   27:     0x602cfc26cccb - test::__rust_begin_short_backtrace::hf4fff89d377446ba
[INFO] [stdout]                                at /rustc/90b35a6239c3d8bdabc530a6a0816f7ff89a0aaf/library/test/src/lib.rs:621:18
[INFO] [stdout]   28:     0x602cfc26c507 - test::run_test_in_process::{{closure}}::h0e39181dd7ee5a43
[INFO] [stdout]                                at /rustc/90b35a6239c3d8bdabc530a6a0816f7ff89a0aaf/library/test/src/lib.rs:644:60
[INFO] [stdout]   29:     0x602cfc26c507 - <core::panic::unwind_safe::AssertUnwindSafe<F> as core::ops::function::FnOnce<()>>::call_once::hc5a66a30f0bdfd1f
[INFO] [stdout]                                at /rustc/90b35a6239c3d8bdabc530a6a0816f7ff89a0aaf/library/core/src/panic/unwind_safe.rs:272:9
[INFO] [stdout]   30:     0x602cfc26c507 - std::panicking::try::do_call::h873b7cf639554a5e
[INFO] [stdout]                                at /rustc/90b35a6239c3d8bdabc530a6a0816f7ff89a0aaf/library/std/src/panicking.rs:557:40
[INFO] [stdout]   31:     0x602cfc26c507 - std::panicking::try::hdb19862fad9c8bd1
[INFO] [stdout]                                at /rustc/90b35a6239c3d8bdabc530a6a0816f7ff89a0aaf/library/std/src/panicking.rs:520:19
[INFO] [stdout]   32:     0x602cfc26c507 - std::panic::catch_unwind::h281fe732d236d260
[INFO] [stdout]                                at /rustc/90b35a6239c3d8bdabc530a6a0816f7ff89a0aaf/library/std/src/panic.rs:358:14
[INFO] [stdout]   33:     0x602cfc26c507 - test::run_test_in_process::h949b6df8457ed338
[INFO] [stdout]                                at /rustc/90b35a6239c3d8bdabc530a6a0816f7ff89a0aaf/library/test/src/lib.rs:644:27
[INFO] [stdout]   34:     0x602cfc26c507 - test::run_test::{{closure}}::h52c556a6d4740e10
[INFO] [stdout]                                at /rustc/90b35a6239c3d8bdabc530a6a0816f7ff89a0aaf/library/test/src/lib.rs:565:43
[INFO] [stdout]   35:     0x602cfc2317e4 - test::run_test::{{closure}}::h4237f6381c45ccb9
[INFO] [stdout]                                at /rustc/90b35a6239c3d8bdabc530a6a0816f7ff89a0aaf/library/test/src/lib.rs:595:41
[INFO] [stdout]   36:     0x602cfc2317e4 - std::sys::backtrace::__rust_begin_short_backtrace::h505c97a579eca628
[INFO] [stdout]                                at /rustc/90b35a6239c3d8bdabc530a6a0816f7ff89a0aaf/library/std/src/sys/backtrace.rs:154:18
[INFO] [stdout]   37:     0x602cfc234eae - std::thread::Builder::spawn_unchecked_::{{closure}}::{{closure}}::h9e86b2e2bc107ea3
[INFO] [stdout]                                at /rustc/90b35a6239c3d8bdabc530a6a0816f7ff89a0aaf/library/std/src/thread/mod.rs:538:17
[INFO] [stdout]   38:     0x602cfc234eae - <core::panic::unwind_safe::AssertUnwindSafe<F> as core::ops::function::FnOnce<()>>::call_once::h8b06ddb275ff4a25
[INFO] [stdout]                                at /rustc/90b35a6239c3d8bdabc530a6a0816f7ff89a0aaf/library/core/src/panic/unwind_safe.rs:272:9
[INFO] [stdout]   39:     0x602cfc234eae - std::panicking::try::do_call::hb26ecd7cd9a9355d
[INFO] [stdout]                                at /rustc/90b35a6239c3d8bdabc530a6a0816f7ff89a0aaf/library/std/src/panicking.rs:557:40
[INFO] [stdout]   40:     0x602cfc234eae - std::panicking::try::h8ddeca9d705f9069
[INFO] [stdout]                                at /rustc/90b35a6239c3d8bdabc530a6a0816f7ff89a0aaf/library/std/src/panicking.rs:520:19
[INFO] [stdout]   41:     0x602cfc234eae - std::panic::catch_unwind::h49e1c33078844c46
[INFO] [stdout]                                at /rustc/90b35a6239c3d8bdabc530a6a0816f7ff89a0aaf/library/std/src/panic.rs:358:14
[INFO] [stdout]   42:     0x602cfc234eae - std::thread::Builder::spawn_unchecked_::{{closure}}::h6073db6ff56ad35d
[INFO] [stdout]                                at /rustc/90b35a6239c3d8bdabc530a6a0816f7ff89a0aaf/library/std/src/thread/mod.rs:537:30
[INFO] [stdout]   43:     0x602cfc234eae - core::ops::function::FnOnce::call_once{{vtable.shim}}::h2c5a5f3779c774f1
[INFO] [stdout]                                at /rustc/90b35a6239c3d8bdabc530a6a0816f7ff89a0aaf/library/core/src/ops/function.rs:250:5
[INFO] [stdout]   44:     0x602cfc2a100b - <alloc::boxed::Box<F,A> as core::ops::function::FnOnce<Args>>::call_once::hf75717d9f28faebf
[INFO] [stdout]                                at /rustc/90b35a6239c3d8bdabc530a6a0816f7ff89a0aaf/library/alloc/src/boxed.rs:2454:9
[INFO] [stdout]   45:     0x602cfc2a100b - <alloc::boxed::Box<F,A> as core::ops::function::FnOnce<Args>>::call_once::h7bd883a5f3c5f3c1
[INFO] [stdout]                                at /rustc/90b35a6239c3d8bdabc530a6a0816f7ff89a0aaf/library/alloc/src/boxed.rs:2454:9
[INFO] [stdout]   46:     0x602cfc2a100b - std::sys::pal::unix::thread::Thread::new::thread_start::hcc78f3943333fa94
[INFO] [stdout]                                at /rustc/90b35a6239c3d8bdabc530a6a0816f7ff89a0aaf/library/std/src/sys/pal/unix/thread.rs:105:17
[INFO] [stdout]   47:     0x7f8446b90ac3 - <unknown>
[INFO] [stdout]   48:     0x7f8446c21a04 - clone
[INFO] [stdout]   49:                0x0 - <unknown>
[INFO] [stdout] 
[INFO] [stdout] 
[INFO] [stdout] failures:
[INFO] [stdout]     tests::test_q2
[INFO] [stdout]     token::Tests::test_read_program
[INFO] [stdout] 
[INFO] [stdout] test result: FAILED. 5 passed; 2 failed; 0 ignored; 0 measured; 0 filtered out; finished in 0.03s
[INFO] [stdout] 
[INFO] [stderr] error: test failed, to rerun pass `--bin PL0`
[INFO] running `Command { std: "docker" "inspect" "cf2e3d04a6c54dfdcd8c601aebed63e0fa4326102249257e7ec9b069f1b29a08", kill_on_drop: false }`
[INFO] running `Command { std: "docker" "rm" "-f" "cf2e3d04a6c54dfdcd8c601aebed63e0fa4326102249257e7ec9b069f1b29a08", kill_on_drop: false }`
[INFO] [stdout] cf2e3d04a6c54dfdcd8c601aebed63e0fa4326102249257e7ec9b069f1b29a08
