[INFO] cloning repository https://github.com/Maxeonyx/kal-lang
[INFO] running `Command { std: "git" "-c" "credential.helper=" "-c" "credential.helper=/workspace/cargo-home/bin/git-credential-null" "clone" "--bare" "https://github.com/Maxeonyx/kal-lang" "/workspace/cache/git-repos/https%3A%2F%2Fgithub.com%2FMaxeonyx%2Fkal-lang", kill_on_drop: false }`
[INFO] [stderr] Cloning into bare repository '/workspace/cache/git-repos/https%3A%2F%2Fgithub.com%2FMaxeonyx%2Fkal-lang'...
[INFO] running `Command { std: "git" "rev-parse" "HEAD", kill_on_drop: false }`
[INFO] [stdout] 6660d26a3e79fc5021f05690887a0a6987101dde
[INFO] testing Maxeonyx/kal-lang against 1.83.0 for beta-1.84.0-4-retry
[INFO] running `Command { std: "git" "clone" "/workspace/cache/git-repos/https%3A%2F%2Fgithub.com%2FMaxeonyx%2Fkal-lang" "/workspace/builds/worker-2-tc1/source", kill_on_drop: false }`
[INFO] [stderr] Cloning into '/workspace/builds/worker-2-tc1/source'...
[INFO] [stderr] done.
[INFO] validating manifest of git repo https://github.com/Maxeonyx/kal-lang on toolchain 1.83.0
[INFO] running `Command { std: CARGO_HOME="/workspace/cargo-home" RUSTUP_HOME="/workspace/rustup-home" "/workspace/cargo-home/bin/cargo" "+1.83.0" "metadata" "--manifest-path" "Cargo.toml" "--no-deps", kill_on_drop: false }`
[INFO] started tweaking git repo https://github.com/Maxeonyx/kal-lang
[INFO] finished tweaking git repo https://github.com/Maxeonyx/kal-lang
[INFO] tweaked toml for git repo https://github.com/Maxeonyx/kal-lang written to /workspace/builds/worker-2-tc1/source/Cargo.toml
[INFO] crate git repo https://github.com/Maxeonyx/kal-lang already has a lockfile, it will not be regenerated
[INFO] running `Command { std: CARGO_HOME="/workspace/cargo-home" RUSTUP_HOME="/workspace/rustup-home" "/workspace/cargo-home/bin/cargo" "+1.83.0" "fetch" "--manifest-path" "Cargo.toml", kill_on_drop: false }`
[INFO] [stderr]     Blocking waiting for file lock on package cache
[INFO] [stderr]  Downloading crates ...
[INFO] [stderr]   Downloaded string_cache v0.8.2
[INFO] [stderr]   Downloaded new_debug_unreachable v1.0.1
[INFO] [stderr]   Downloaded lalrpop-util v0.19.6
[INFO] [stderr]   Downloaded lalrpop v0.19.6
[INFO] running `Command { std: "docker" "create" "-v" "/var/lib/crater-agent-workspace/builds/worker-2-tc1/target:/opt/rustwide/target:rw,Z" "-v" "/var/lib/crater-agent-workspace/builds/worker-2-tc1/source:/opt/rustwide/workdir:ro,Z" "-v" "/var/lib/crater-agent-workspace/cargo-home:/opt/rustwide/cargo-home:ro,Z" "-v" "/var/lib/crater-agent-workspace/rustup-home:/opt/rustwide/rustup-home:ro,Z" "-e" "SOURCE_DIR=/opt/rustwide/workdir" "-e" "CARGO_TARGET_DIR=/opt/rustwide/target" "-e" "CARGO_HOME=/opt/rustwide/cargo-home" "-e" "RUSTUP_HOME=/opt/rustwide/rustup-home" "-w" "/opt/rustwide/workdir" "-m" "1610612736" "--user" "0:0" "--network" "none" "ghcr.io/rust-lang/crates-build-env/linux@sha256:f3a9d4ad9d972b27faf3965f35b62e55ba32bbce8f20bc8fe909558a86702fde" "/opt/rustwide/cargo-home/bin/cargo" "+1.83.0" "metadata" "--no-deps" "--format-version=1", kill_on_drop: false }`
[INFO] [stdout] 7b03df26bc0343a9bd04cb2e86cb1a9607ef212e0e46e7b9e41698967011f7c3
[INFO] running `Command { std: "docker" "start" "-a" "7b03df26bc0343a9bd04cb2e86cb1a9607ef212e0e46e7b9e41698967011f7c3", kill_on_drop: false }`
[INFO] running `Command { std: "docker" "inspect" "7b03df26bc0343a9bd04cb2e86cb1a9607ef212e0e46e7b9e41698967011f7c3", kill_on_drop: false }`
[INFO] running `Command { std: "docker" "rm" "-f" "7b03df26bc0343a9bd04cb2e86cb1a9607ef212e0e46e7b9e41698967011f7c3", kill_on_drop: false }`
[INFO] [stdout] 7b03df26bc0343a9bd04cb2e86cb1a9607ef212e0e46e7b9e41698967011f7c3
[INFO] running `Command { std: "docker" "create" "-v" "/var/lib/crater-agent-workspace/builds/worker-2-tc1/target:/opt/rustwide/target:rw,Z" "-v" "/var/lib/crater-agent-workspace/builds/worker-2-tc1/source:/opt/rustwide/workdir:ro,Z" "-v" "/var/lib/crater-agent-workspace/cargo-home:/opt/rustwide/cargo-home:ro,Z" "-v" "/var/lib/crater-agent-workspace/rustup-home:/opt/rustwide/rustup-home:ro,Z" "-e" "SOURCE_DIR=/opt/rustwide/workdir" "-e" "CARGO_TARGET_DIR=/opt/rustwide/target" "-e" "CARGO_INCREMENTAL=0" "-e" "RUST_BACKTRACE=full" "-e" "RUSTFLAGS=--cap-lints=warn" "-e" "RUSTDOCFLAGS=--cap-lints=warn" "-e" "CARGO_HOME=/opt/rustwide/cargo-home" "-e" "RUSTUP_HOME=/opt/rustwide/rustup-home" "-w" "/opt/rustwide/workdir" "-m" "1610612736" "--user" "0:0" "--network" "none" "ghcr.io/rust-lang/crates-build-env/linux@sha256:f3a9d4ad9d972b27faf3965f35b62e55ba32bbce8f20bc8fe909558a86702fde" "/opt/rustwide/cargo-home/bin/cargo" "+1.83.0" "build" "--frozen" "--message-format=json", kill_on_drop: false }`
[INFO] [stdout] 50b74a1d707df966b638bad29d17b6aff2fe909acc9668ea4a2d70e1bae66985
[INFO] running `Command { std: "docker" "start" "-a" "50b74a1d707df966b638bad29d17b6aff2fe909acc9668ea4a2d70e1bae66985", kill_on_drop: false }`
[INFO] [stderr]    Compiling libc v0.2.112
[INFO] [stderr]    Compiling cfg-if v1.0.0
[INFO] [stderr]    Compiling memchr v2.4.1
[INFO] [stderr]    Compiling autocfg v1.0.0
[INFO] [stderr]    Compiling parking_lot_core v0.8.5
[INFO] [stderr]    Compiling proc-macro2 v1.0.66
[INFO] [stderr]    Compiling void v1.0.2
[INFO] [stderr]    Compiling scopeguard v1.1.0
[INFO] [stderr]    Compiling lazy_static v1.2.0
[INFO] [stderr]    Compiling smallvec v1.7.0
[INFO] [stderr]    Compiling crunchy v0.2.2
[INFO] [stderr]    Compiling hashbrown v0.11.2
[INFO] [stderr]    Compiling regex-syntax v0.6.25
[INFO] [stderr]    Compiling tiny-keccak v2.0.2
[INFO] [stderr]    Compiling unicode-ident v1.0.11
[INFO] [stderr]    Compiling cfg-if v0.1.6
[INFO] [stderr]    Compiling instant v0.1.12
[INFO] [stderr]    Compiling unreachable v1.0.0
[INFO] [stderr]    Compiling lock_api v0.4.5
[INFO] [stderr]    Compiling siphasher v0.3.7
[INFO] [stderr]    Compiling new_debug_unreachable v1.0.1
[INFO] [stderr]    Compiling log v0.4.6
[INFO] [stderr]    Compiling precomputed-hash v0.1.1
[INFO] [stderr]    Compiling fixedbitset v0.2.0
[INFO] [stderr]    Compiling utf8parse v0.2.1
[INFO] [stderr]    Compiling bit-vec v0.6.3
[INFO] [stderr]    Compiling either v1.5.0
[INFO] [stderr]    Compiling anstyle-parse v0.2.1
[INFO] [stderr]    Compiling phf_shared v0.8.0
[INFO] [stderr]    Compiling ena v0.14.0
[INFO] [stderr]    Compiling colorchoice v1.0.0
[INFO] [stderr]    Compiling anstyle-query v1.0.0
[INFO] [stderr]    Compiling itertools v0.10.3
[INFO] [stderr]    Compiling anstyle v1.0.3
[INFO] [stderr]    Compiling bit-set v0.5.2
[INFO] [stderr]    Compiling indexmap v1.7.0
[INFO] [stderr]    Compiling diff v0.1.12
[INFO] [stderr]    Compiling unicode-xid v0.2.0
[INFO] [stderr]    Compiling pico-args v0.4.2
[INFO] [stderr]    Compiling clap_lex v0.5.1
[INFO] [stderr]    Compiling ucd-util v0.1.3
[INFO] [stderr]    Compiling regex v0.2.11
[INFO] [stderr]    Compiling heck v0.4.1
[INFO] [stderr]    Compiling strsim v0.10.0
[INFO] [stderr]    Compiling thread_local v0.3.6
[INFO] [stderr]    Compiling anstream v0.5.0
[INFO] [stderr]    Compiling regex-syntax v0.5.6
[INFO] [stderr]    Compiling utf8-ranges v1.0.2
[INFO] [stderr]    Compiling clap_builder v4.4.2
[INFO] [stderr]    Compiling aho-corasick v0.7.18
[INFO] [stderr]    Compiling aho-corasick v0.6.9
[INFO] [stderr]    Compiling quote v1.0.31
[INFO] [stderr]    Compiling syn v2.0.26
[INFO] [stderr]    Compiling dirs-sys-next v0.1.2
[INFO] [stderr]    Compiling atty v0.2.11
[INFO] [stderr]    Compiling petgraph v0.5.1
[INFO] [stderr]    Compiling dirs-next v2.0.0
[INFO] [stderr]    Compiling term v0.7.0
[INFO] [stderr]    Compiling parking_lot v0.11.2
[INFO] [stderr]    Compiling string_cache v0.8.2
[INFO] [stderr]    Compiling ascii-canvas v3.0.0
[INFO] [stderr]    Compiling regex v1.5.4
[INFO] [stderr]    Compiling lalrpop-util v0.19.6
[INFO] [stderr]    Compiling lalrpop v0.19.6
[INFO] [stderr]    Compiling clap_derive v4.4.2
[INFO] [stderr]    Compiling clap v4.4.3
[INFO] [stderr]    Compiling kal v0.1.0 (/opt/rustwide/workdir)
[INFO] [stdout] warning: variable does not need to be mutable
[INFO] [stdout]      --> /opt/rustwide/target/debug/build/kal-e19043d5ea0b07f2/out/kal_grammar.rs:14791:13
[INFO] [stdout]       |
[INFO] [stdout] 14791 |         let mut v = v;
[INFO] [stdout]       |             ----^
[INFO] [stdout]       |             |
[INFO] [stdout]       |             help: remove this `mut`
[INFO] [stdout]       |
[INFO] [stdout]       = note: `#[warn(unused_mut)]` on by default
[INFO] [stdout] 
[INFO] [stdout] 
[INFO] [stderr]     Finished `dev` profile [unoptimized + debuginfo] target(s) in 35.97s
[INFO] [stderr] warning: the following packages contain code that will be rejected by a future version of Rust: lalrpop v0.19.6
[INFO] [stderr] note: to see what the problems were, use the option `--future-incompat-report`, or run `cargo report future-incompatibilities --id 1`
[INFO] running `Command { std: "docker" "inspect" "50b74a1d707df966b638bad29d17b6aff2fe909acc9668ea4a2d70e1bae66985", kill_on_drop: false }`
[INFO] running `Command { std: "docker" "rm" "-f" "50b74a1d707df966b638bad29d17b6aff2fe909acc9668ea4a2d70e1bae66985", kill_on_drop: false }`
[INFO] [stdout] 50b74a1d707df966b638bad29d17b6aff2fe909acc9668ea4a2d70e1bae66985
[INFO] running `Command { std: "docker" "create" "-v" "/var/lib/crater-agent-workspace/builds/worker-2-tc1/target:/opt/rustwide/target:rw,Z" "-v" "/var/lib/crater-agent-workspace/builds/worker-2-tc1/source:/opt/rustwide/workdir:ro,Z" "-v" "/var/lib/crater-agent-workspace/cargo-home:/opt/rustwide/cargo-home:ro,Z" "-v" "/var/lib/crater-agent-workspace/rustup-home:/opt/rustwide/rustup-home:ro,Z" "-e" "SOURCE_DIR=/opt/rustwide/workdir" "-e" "CARGO_TARGET_DIR=/opt/rustwide/target" "-e" "CARGO_INCREMENTAL=0" "-e" "RUST_BACKTRACE=full" "-e" "RUSTFLAGS=--cap-lints=warn" "-e" "RUSTDOCFLAGS=--cap-lints=warn" "-e" "CARGO_HOME=/opt/rustwide/cargo-home" "-e" "RUSTUP_HOME=/opt/rustwide/rustup-home" "-w" "/opt/rustwide/workdir" "-m" "1610612736" "--user" "0:0" "--network" "none" "ghcr.io/rust-lang/crates-build-env/linux@sha256:f3a9d4ad9d972b27faf3965f35b62e55ba32bbce8f20bc8fe909558a86702fde" "/opt/rustwide/cargo-home/bin/cargo" "+1.83.0" "test" "--frozen" "--no-run" "--message-format=json", kill_on_drop: false }`
[INFO] [stdout] b74ef3d5cc706a47df2c29b0e62142c36bfd20f5575f2a7ad1099e44ad0b890b
[INFO] running `Command { std: "docker" "start" "-a" "b74ef3d5cc706a47df2c29b0e62142c36bfd20f5575f2a7ad1099e44ad0b890b", kill_on_drop: false }`
[INFO] [stderr]    Compiling kal v0.1.0 (/opt/rustwide/workdir)
[INFO] [stdout] warning: unused variable: `val`
[INFO] [stdout]    --> src/tests.rs:41:17
[INFO] [stdout]     |
[INFO] [stdout] 41  |             let val = eval_file(&format!("tests/{}.error.kal", stringify!($test_name)));
[INFO] [stdout]     |                 ^^^ help: if this is intentional, prefix it with an underscore: `_val`
[INFO] [stdout] ...
[INFO] [stdout] 252 | test_error! { pattern_let_list_spread_too_many }
[INFO] [stdout]     | ------------------------------------------------ in this macro invocation
[INFO] [stdout]     |
[INFO] [stdout]     = note: `#[warn(unused_variables)]` on by default
[INFO] [stdout]     = note: this warning originates in the macro `test_error` (in Nightly builds, run with -Z macro-backtrace for more info)
[INFO] [stdout] 
[INFO] [stdout] 
[INFO] [stdout] warning: unused variable: `val`
[INFO] [stdout]    --> src/tests.rs:41:17
[INFO] [stdout]     |
[INFO] [stdout] 41  |             let val = eval_file(&format!("tests/{}.error.kal", stringify!($test_name)));
[INFO] [stdout]     |                 ^^^ help: if this is intentional, prefix it with an underscore: `_val`
[INFO] [stdout] ...
[INFO] [stdout] 253 | test_error! { pattern_let_list_spread_not_enough }
[INFO] [stdout]     | -------------------------------------------------- in this macro invocation
[INFO] [stdout]     |
[INFO] [stdout]     = note: this warning originates in the macro `test_error` (in Nightly builds, run with -Z macro-backtrace for more info)
[INFO] [stdout] 
[INFO] [stdout] 
[INFO] [stdout] warning: unused variable: `val`
[INFO] [stdout]    --> src/tests.rs:41:17
[INFO] [stdout]     |
[INFO] [stdout] 41  |             let val = eval_file(&format!("tests/{}.error.kal", stringify!($test_name)));
[INFO] [stdout]     |                 ^^^ help: if this is intentional, prefix it with an underscore: `_val`
[INFO] [stdout] ...
[INFO] [stdout] 254 | test_error! { pattern_let_list_spread_not_enough_spread }
[INFO] [stdout]     | --------------------------------------------------------- in this macro invocation
[INFO] [stdout]     |
[INFO] [stdout]     = note: this warning originates in the macro `test_error` (in Nightly builds, run with -Z macro-backtrace for more info)
[INFO] [stdout] 
[INFO] [stdout] 
[INFO] [stdout] warning: variable does not need to be mutable
[INFO] [stdout]      --> /opt/rustwide/target/debug/build/kal-e19043d5ea0b07f2/out/kal_grammar.rs:14791:13
[INFO] [stdout]       |
[INFO] [stdout] 14791 |         let mut v = v;
[INFO] [stdout]       |             ----^
[INFO] [stdout]       |             |
[INFO] [stdout]       |             help: remove this `mut`
[INFO] [stdout]       |
[INFO] [stdout]       = note: `#[warn(unused_mut)]` on by default
[INFO] [stdout] 
[INFO] [stdout] 
[INFO] [stderr]     Finished `test` profile [unoptimized + debuginfo] target(s) in 4.41s
[INFO] [stderr] warning: the following packages contain code that will be rejected by a future version of Rust: lalrpop v0.19.6
[INFO] [stderr] note: to see what the problems were, use the option `--future-incompat-report`, or run `cargo report future-incompatibilities --id 1`
[INFO] running `Command { std: "docker" "inspect" "b74ef3d5cc706a47df2c29b0e62142c36bfd20f5575f2a7ad1099e44ad0b890b", kill_on_drop: false }`
[INFO] running `Command { std: "docker" "rm" "-f" "b74ef3d5cc706a47df2c29b0e62142c36bfd20f5575f2a7ad1099e44ad0b890b", kill_on_drop: false }`
[INFO] [stdout] b74ef3d5cc706a47df2c29b0e62142c36bfd20f5575f2a7ad1099e44ad0b890b
[INFO] running `Command { std: "docker" "create" "-v" "/var/lib/crater-agent-workspace/builds/worker-2-tc1/target:/opt/rustwide/target:rw,Z" "-v" "/var/lib/crater-agent-workspace/builds/worker-2-tc1/source:/opt/rustwide/workdir:ro,Z" "-v" "/var/lib/crater-agent-workspace/cargo-home:/opt/rustwide/cargo-home:ro,Z" "-v" "/var/lib/crater-agent-workspace/rustup-home:/opt/rustwide/rustup-home:ro,Z" "-e" "SOURCE_DIR=/opt/rustwide/workdir" "-e" "CARGO_TARGET_DIR=/opt/rustwide/target" "-e" "CARGO_INCREMENTAL=0" "-e" "RUST_BACKTRACE=full" "-e" "RUSTFLAGS=--cap-lints=warn" "-e" "RUSTDOCFLAGS=--cap-lints=warn" "-e" "CARGO_HOME=/opt/rustwide/cargo-home" "-e" "RUSTUP_HOME=/opt/rustwide/rustup-home" "-w" "/opt/rustwide/workdir" "-m" "1610612736" "--user" "0:0" "--network" "none" "ghcr.io/rust-lang/crates-build-env/linux@sha256:f3a9d4ad9d972b27faf3965f35b62e55ba32bbce8f20bc8fe909558a86702fde" "/opt/rustwide/cargo-home/bin/cargo" "+1.83.0" "test" "--frozen", kill_on_drop: false }`
[INFO] [stdout] 9be980324ba44445cdca4f30c07760e783d39da3876d9b481505b03eaa8aee97
[INFO] running `Command { std: "docker" "start" "-a" "9be980324ba44445cdca4f30c07760e783d39da3876d9b481505b03eaa8aee97", kill_on_drop: false }`
[INFO] [stderr] warning: unused variable: `val`
[INFO] [stderr]    --> src/tests.rs:41:17
[INFO] [stderr]     |
[INFO] [stderr] 41  |             let val = eval_file(&format!("tests/{}.error.kal", stringify!($test_name)));
[INFO] [stderr]     |                 ^^^ help: if this is intentional, prefix it with an underscore: `_val`
[INFO] [stderr] ...
[INFO] [stderr] 252 | test_error! { pattern_let_list_spread_too_many }
[INFO] [stderr]     | ------------------------------------------------ in this macro invocation
[INFO] [stderr]     |
[INFO] [stderr]     = note: `#[warn(unused_variables)]` on by default
[INFO] [stderr]     = note: this warning originates in the macro `test_error` (in Nightly builds, run with -Z macro-backtrace for more info)
[INFO] [stderr] 
[INFO] [stderr] warning: unused variable: `val`
[INFO] [stderr]    --> src/tests.rs:41:17
[INFO] [stderr]     |
[INFO] [stderr] 41  |             let val = eval_file(&format!("tests/{}.error.kal", stringify!($test_name)));
[INFO] [stderr]     |                 ^^^ help: if this is intentional, prefix it with an underscore: `_val`
[INFO] [stderr] ...
[INFO] [stderr] 253 | test_error! { pattern_let_list_spread_not_enough }
[INFO] [stderr]     | -------------------------------------------------- in this macro invocation
[INFO] [stderr]     |
[INFO] [stderr]     = note: this warning originates in the macro `test_error` (in Nightly builds, run with -Z macro-backtrace for more info)
[INFO] [stderr] 
[INFO] [stderr] warning: unused variable: `val`
[INFO] [stderr]    --> src/tests.rs:41:17
[INFO] [stderr]     |
[INFO] [stderr] 41  |             let val = eval_file(&format!("tests/{}.error.kal", stringify!($test_name)));
[INFO] [stderr]     |                 ^^^ help: if this is intentional, prefix it with an underscore: `_val`
[INFO] [stderr] ...
[INFO] [stderr] 254 | test_error! { pattern_let_list_spread_not_enough_spread }
[INFO] [stderr]     | --------------------------------------------------------- in this macro invocation
[INFO] [stderr]     |
[INFO] [stderr]     = note: this warning originates in the macro `test_error` (in Nightly builds, run with -Z macro-backtrace for more info)
[INFO] [stderr] 
[INFO] [stderr] warning: variable does not need to be mutable
[INFO] [stderr]      --> /opt/rustwide/target/debug/build/kal-e19043d5ea0b07f2/out/kal_grammar.rs:14791:13
[INFO] [stderr]       |
[INFO] [stderr] 14791 |         let mut v = v;
[INFO] [stderr]       |             ----^
[INFO] [stderr]       |             |
[INFO] [stderr]       |             help: remove this `mut`
[INFO] [stderr]       |
[INFO] [stderr]       = note: `#[warn(unused_mut)]` on by default
[INFO] [stderr] 
[INFO] [stderr] warning: `kal` (bin "kal" test) generated 4 warnings (run `cargo fix --bin "kal" --tests` to apply 1 suggestion)
[INFO] [stderr]     Finished `test` profile [unoptimized + debuginfo] target(s) in 0.08s
[INFO] [stderr] warning: the following packages contain code that will be rejected by a future version of Rust: lalrpop v0.19.6
[INFO] [stderr] note: to see what the problems were, use the option `--future-incompat-report`, or run `cargo report future-incompatibilities --id 1`
[INFO] [stderr]      Running unittests src/main.rs (/opt/rustwide/target/debug/deps/kal-75385dc502342999)
[INFO] [stdout] 
[INFO] [stdout] running 90 tests
[INFO] [stdout] test tests::boolean_and ... ok
[INFO] [stdout] test tests::fn_add_one ... ok
[INFO] [stdout] test tests::empty_file ... ok
[INFO] [stdout] test tests::comparison_false ... ok
[INFO] [stdout] test tests::boolean_or ... ok
[INFO] [stdout] test tests::fn_nameless ... ok
[INFO] [stdout] test tests::boolean_xor ... ok
[INFO] [stdout] test tests::comparison_true ... ok
[INFO] [stdout] test tests::fn_named ... ok
[INFO] [stdout] test tests::fn_recursive_factorial ... ok
[INFO] [stdout] test tests::fn_null ... ok
[INFO] [stdout] test tests::fn_chained ... ok
[INFO] [stdout] test tests::fn_object_empty ... ok
[INFO] [stdout] test tests::handle_continue ... ok
[INFO] [stdout] test tests::fn_object ... ok
[INFO] [stdout] test tests::fibonacci ... ok
[INFO] [stdout] test tests::comments ... ok
[INFO] [stdout] test tests::fn_nested ... ok
[INFO] [stdout] test tests::handle_implicit ... ok
[INFO] [stdout] test tests::handle_nested_continue ... ok
[INFO] [stdout] test tests::fn_multiple_statements ... ok
[INFO] [stdout] test tests::boolean_precedence ... ok
[INFO] [stdout] test tests::expression_as_statement ... ok
[INFO] [stdout] test tests::handle_empty ... ok
[INFO] [stdout] test tests::handle_nested ... ok
[INFO] [stdout] test tests::handle_no_continue ... ok
[INFO] [stdout] test tests::handle_multiple_continue ... ok
[INFO] [stdout] test tests::if_false ... ok
[INFO] [stdout] test tests::if_else_if ... ok
[INFO] [stdout] test tests::loop_break ... ok
[INFO] [stdout] test tests::if_true ... ok
[INFO] [stdout] test tests::let_expr_basic ... ok
[INFO] [stdout] test tests::int_negative ... ok
[INFO] [stdout] test tests::if_without_else ... ok
[INFO] [stdout] test tests::handle_two_effect_types ... ok
[INFO] [stdout] test tests::if_comparison ... ok
[INFO] [stdout] test tests::list ... ok
[INFO] [stdout] test tests::loop_break_value ... ok
[INFO] [stdout] test tests::list_negative_index ... ok
[INFO] [stdout] test tests::list_index ... ok
[INFO] [stdout] test tests::int ... ok
[INFO] [stdout] test tests::list_index_expression ... ok
[INFO] [stdout] test tests::list_spread ... ok
[INFO] [stdout] test tests::mut_multi ... ok
[INFO] [stdout] test tests::mut_deep ... ok
[INFO] [stdout] test tests::loop_collect ... ok
[INFO] [stdout] test tests::mut_increment ... ok
[INFO] [stdout] test tests::loop_continue ... ok
[INFO] [stdout] test tests::num_multiplication ... ok
[INFO] [stdout] test tests::num_division ... ok
[INFO] [stdout] test tests::num_addition ... ok
[INFO] [stdout] test tests::loop_yield ... ok
[INFO] [stdout] test tests::object_access_fn ... ok
[INFO] [stdout] test tests::num_negative_subtraction ... ok
[INFO] [stdout] test tests::object_access_expression ... ok
[INFO] [stdout] test tests::mut_list_index ... ok
[INFO] [stdout] test tests::object_access ... ok
[INFO] [stdout] test tests::mut_multi_let ... ok
[INFO] [stdout] test tests::mut_num ... ok
[INFO] [stdout] test tests::num_subtraction ... ok
[INFO] [stdout] test tests::mut_object_access ... ok
[INFO] [stdout] test tests::equality_chaining ... FAILED
[INFO] [stdout] test tests::pattern_fn_spread_last ... ok
[INFO] [stdout] test tests::pattern_fn_spread_only ... ok
[INFO] [stdout] test tests::pattern_fn_spread_nameless ... ok
[INFO] [stdout] test tests::object_spread ... ok
[INFO] [stdout] test tests::object_simple ... ok
[INFO] [stdout] test tests::object_empty ... ok
[INFO] [stdout] test tests::pattern_let_list ... ok
[INFO] [stdout] test tests::pattern_let_list_nested ... ok
[INFO] [stdout] test tests::pattern_fn_spread_spread_both ... ok
[INFO] [stdout] test tests::size_of_value ... ok
[INFO] [stdout] test tests::pattern_let_object_nested ... ok
[INFO] [stdout] test tests::object_nested ... ok
[INFO] [stdout] test tests::pattern_let_list_empty ... ok
[INFO] [stdout] test tests::pattern_let_list_spread ... ok
[INFO] [stdout] test tests::pattern_let_list_spread_too_many - should panic ... ok
[INFO] [stdout] test tests::pattern_let_list_spread_nameless ... ok
[INFO] [stdout] test tests::pattern_let_list_spread_nameless_only ... ok
[INFO] [stdout] test tests::pattern_let_object ... ok
[INFO] [stdout] test tests::pattern_let_list_spread_not_enough_spread - should panic ... ok
[INFO] [stdout] test tests::pattern_let_object_wildcard ... ok
[INFO] [stdout] test tests::pattern_let_object_spread_nameless_only ... ok
[INFO] [stdout] test tests::pattern_let_object_property ... FAILED
[INFO] [stdout] test tests::pattern_let_list_spread_not_enough - should panic ... ok
[INFO] [stdout] test tests::pattern_let_object_spread_nameless ... ok
[INFO] [stdout] test tests::trailing_commas ... ok
[INFO] [stdout] test tests::symbol_equality ... ok
[INFO] [stdout] test tests::symbol ... ok
[INFO] [stdout] test tests::symbol_as_value ... ok
[INFO] [stdout] 
[INFO] [stdout] failures:
[INFO] [stdout] 
[INFO] [stdout] ---- tests::equality_chaining stdout ----
[INFO] [stdout] thread 'tests::equality_chaining' panicked at src/tests.rs:112:1:
[INFO] [stdout] Assertion failed: got List([Bool(true), Bool(true), Bool(true), Bool(false), Bool(true), Bool(true)]), expected List([Bool(true), Bool(true), Bool(true), Bool(true), Bool(true), Bool(true)]).
[INFO] [stdout] stack backtrace:
[INFO] [stdout]    0:     0x624f7a8bc0ba - std::backtrace_rs::backtrace::libunwind::trace::h5a5b8284f2d0c266
[INFO] [stdout]                                at /rustc/90b35a6239c3d8bdabc530a6a0816f7ff89a0aaf/library/std/src/../../backtrace/src/backtrace/libunwind.rs:116:5
[INFO] [stdout]    1:     0x624f7a8bc0ba - std::backtrace_rs::backtrace::trace_unsynchronized::h76d4f1c9b0b875e3
[INFO] [stdout]                                at /rustc/90b35a6239c3d8bdabc530a6a0816f7ff89a0aaf/library/std/src/../../backtrace/src/backtrace/mod.rs:66:5
[INFO] [stdout]    2:     0x624f7a8bc0ba - std::sys::backtrace::_print_fmt::hc4546b8364a537c6
[INFO] [stdout]                                at /rustc/90b35a6239c3d8bdabc530a6a0816f7ff89a0aaf/library/std/src/sys/backtrace.rs:66:9
[INFO] [stdout]    3:     0x624f7a8bc0ba - <std::sys::backtrace::BacktraceLock::print::DisplayBacktrace as core::fmt::Display>::fmt::h5b6bd5631a6d1f6b
[INFO] [stdout]                                at /rustc/90b35a6239c3d8bdabc530a6a0816f7ff89a0aaf/library/std/src/sys/backtrace.rs:39:26
[INFO] [stdout]    4:     0x624f7a8e19a3 - core::fmt::rt::Argument::fmt::h270f6602a2b96f62
[INFO] [stdout]                                at /rustc/90b35a6239c3d8bdabc530a6a0816f7ff89a0aaf/library/core/src/fmt/rt.rs:177:76
[INFO] [stdout]    5:     0x624f7a8e19a3 - core::fmt::write::h7550c97b06c86515
[INFO] [stdout]                                at /rustc/90b35a6239c3d8bdabc530a6a0816f7ff89a0aaf/library/core/src/fmt/mod.rs:1186:21
[INFO] [stdout]    6:     0x624f7a8b9283 - std::io::Write::write_fmt::h509ff860e5956e5e
[INFO] [stdout]                                at /rustc/90b35a6239c3d8bdabc530a6a0816f7ff89a0aaf/library/std/src/io/mod.rs:1839:15
[INFO] [stdout]    7:     0x624f7a8bbf02 - std::sys::backtrace::BacktraceLock::print::h2395ccd2c84ba3aa
[INFO] [stdout]                                at /rustc/90b35a6239c3d8bdabc530a6a0816f7ff89a0aaf/library/std/src/sys/backtrace.rs:42:9
[INFO] [stdout]    8:     0x624f7a8bd51a - std::panicking::default_hook::{{closure}}::he19d4c7230e07961
[INFO] [stdout]                                at /rustc/90b35a6239c3d8bdabc530a6a0816f7ff89a0aaf/library/std/src/panicking.rs:268:22
[INFO] [stdout]    9:     0x624f7a8bd324 - std::panicking::default_hook::hf614597d3c67bbdb
[INFO] [stdout]                                at /rustc/90b35a6239c3d8bdabc530a6a0816f7ff89a0aaf/library/std/src/panicking.rs:292:9
[INFO] [stdout]   10:     0x624f7a744019 - <alloc::boxed::Box<F,A> as core::ops::function::Fn<Args>>::call::h39b51ce4599c23d1
[INFO] [stdout]                                at /rustc/90b35a6239c3d8bdabc530a6a0816f7ff89a0aaf/library/alloc/src/boxed.rs:2468:9
[INFO] [stdout]   11:     0x624f7a744019 - test::test_main::{{closure}}::he977ae839a582784
[INFO] [stdout]                                at /rustc/90b35a6239c3d8bdabc530a6a0816f7ff89a0aaf/library/test/src/lib.rs:133:21
[INFO] [stdout]   12:     0x624f7a8bdbb8 - <alloc::boxed::Box<F,A> as core::ops::function::Fn<Args>>::call::h9455091b6b06f9fb
[INFO] [stdout]                                at /rustc/90b35a6239c3d8bdabc530a6a0816f7ff89a0aaf/library/alloc/src/boxed.rs:2468:9
[INFO] [stdout]   13:     0x624f7a8bdbb8 - std::panicking::rust_panic_with_hook::h8942133a8b252070
[INFO] [stdout]                                at /rustc/90b35a6239c3d8bdabc530a6a0816f7ff89a0aaf/library/std/src/panicking.rs:809:13
[INFO] [stdout]   14:     0x624f7a8bd97a - std::panicking::begin_panic_handler::{{closure}}::hb5f5963570096b29
[INFO] [stdout]                                at /rustc/90b35a6239c3d8bdabc530a6a0816f7ff89a0aaf/library/std/src/panicking.rs:674:13
[INFO] [stdout]   15:     0x624f7a8bc599 - std::sys::backtrace::__rust_end_short_backtrace::h6208cedc1922feda
[INFO] [stdout]                                at /rustc/90b35a6239c3d8bdabc530a6a0816f7ff89a0aaf/library/std/src/sys/backtrace.rs:170:18
[INFO] [stdout]   16:     0x624f7a8bd60c - rust_begin_unwind
[INFO] [stdout]                                at /rustc/90b35a6239c3d8bdabc530a6a0816f7ff89a0aaf/library/std/src/panicking.rs:665:5
[INFO] [stdout]   17:     0x624f7a6760d0 - core::panicking::panic_fmt::h0c3082644d1bf418
[INFO] [stdout]                                at /rustc/90b35a6239c3d8bdabc530a6a0816f7ff89a0aaf/library/core/src/panicking.rs:74:14
[INFO] [stdout]   18:     0x624f7a6d3ee9 - kal::tests::equality_chaining::h849876cb4b3ddc44
[INFO] [stdout]                                at /opt/rustwide/workdir/src/tests.rs:31:13
[INFO] [stdout]   19:     0x624f7a6d3b47 - kal::tests::equality_chaining::{{closure}}::h06de0d19788ccf9f
[INFO] [stdout]                                at /opt/rustwide/workdir/src/tests.rs:28:28
[INFO] [stdout]   20:     0x624f7a6f1fd6 - core::ops::function::FnOnce::call_once::h9af714438a6aa6ea
[INFO] [stdout]                                at /rustc/90b35a6239c3d8bdabc530a6a0816f7ff89a0aaf/library/core/src/ops/function.rs:250:5
[INFO] [stdout]   21:     0x624f7a7489db - core::ops::function::FnOnce::call_once::h109cf8051a59b34e
[INFO] [stdout]                                at /rustc/90b35a6239c3d8bdabc530a6a0816f7ff89a0aaf/library/core/src/ops/function.rs:250:5
[INFO] [stdout]   22:     0x624f7a7489db - test::__rust_begin_short_backtrace::hf4fff89d377446ba
[INFO] [stdout]                                at /rustc/90b35a6239c3d8bdabc530a6a0816f7ff89a0aaf/library/test/src/lib.rs:621:18
[INFO] [stdout]   23:     0x624f7a748217 - test::run_test_in_process::{{closure}}::h0e39181dd7ee5a43
[INFO] [stdout]                                at /rustc/90b35a6239c3d8bdabc530a6a0816f7ff89a0aaf/library/test/src/lib.rs:644:60
[INFO] [stdout]   24:     0x624f7a748217 - <core::panic::unwind_safe::AssertUnwindSafe<F> as core::ops::function::FnOnce<()>>::call_once::hc5a66a30f0bdfd1f
[INFO] [stdout]                                at /rustc/90b35a6239c3d8bdabc530a6a0816f7ff89a0aaf/library/core/src/panic/unwind_safe.rs:272:9
[INFO] [stdout]   25:     0x624f7a748217 - std::panicking::try::do_call::h873b7cf639554a5e
[INFO] [stdout]                                at /rustc/90b35a6239c3d8bdabc530a6a0816f7ff89a0aaf/library/std/src/panicking.rs:557:40
[INFO] [stdout]   26:     0x624f7a748217 - std::panicking::try::hdb19862fad9c8bd1
[INFO] [stdout]                                at /rustc/90b35a6239c3d8bdabc530a6a0816f7ff89a0aaf/library/std/src/panicking.rs:520:19
[INFO] [stdout]   27:     0x624f7a748217 - std::panic::catch_unwind::h281fe732d236d260
[INFO] [stdout]                                at /rustc/90b35a6239c3d8bdabc530a6a0816f7ff89a0aaf/library/std/src/panic.rs:358:14
[INFO] [stdout]   28:     0x624f7a748217 - test::run_test_in_process::h949b6df8457ed338
[INFO] [stdout]                                at /rustc/90b35a6239c3d8bdabc530a6a0816f7ff89a0aaf/library/test/src/lib.rs:644:27
[INFO] [stdout]   29:     0x624f7a748217 - test::run_test::{{closure}}::h52c556a6d4740e10
[INFO] [stdout]                                at /rustc/90b35a6239c3d8bdabc530a6a0816f7ff89a0aaf/library/test/src/lib.rs:565:43
[INFO] [stdout]   30:     0x624f7a70d4f4 - test::run_test::{{closure}}::h4237f6381c45ccb9
[INFO] [stdout]                                at /rustc/90b35a6239c3d8bdabc530a6a0816f7ff89a0aaf/library/test/src/lib.rs:595:41
[INFO] [stdout]   31:     0x624f7a70d4f4 - std::sys::backtrace::__rust_begin_short_backtrace::h505c97a579eca628
[INFO] [stdout]                                at /rustc/90b35a6239c3d8bdabc530a6a0816f7ff89a0aaf/library/std/src/sys/backtrace.rs:154:18
[INFO] [stdout]   32:     0x624f7a710bbe - std::thread::Builder::spawn_unchecked_::{{closure}}::{{closure}}::h9e86b2e2bc107ea3
[INFO] [stdout]                                at /rustc/90b35a6239c3d8bdabc530a6a0816f7ff89a0aaf/library/std/src/thread/mod.rs:538:17
[INFO] [stdout]   33:     0x624f7a710bbe - <core::panic::unwind_safe::AssertUnwindSafe<F> as core::ops::function::FnOnce<()>>::call_once::h8b06ddb275ff4a25
[INFO] [stdout]                                at /rustc/90b35a6239c3d8bdabc530a6a0816f7ff89a0aaf/library/core/src/panic/unwind_safe.rs:272:9
[INFO] [stdout]   34:     0x624f7a710bbe - std::panicking::try::do_call::hb26ecd7cd9a9355d
[INFO] [stdout]                                at /rustc/90b35a6239c3d8bdabc530a6a0816f7ff89a0aaf/library/std/src/panicking.rs:557:40
[INFO] [stdout]   35:     0x624f7a710bbe - std::panicking::try::h8ddeca9d705f9069
[INFO] [stdout]                                at /rustc/90b35a6239c3d8bdabc530a6a0816f7ff89a0aaf/library/std/src/panicking.rs:520:19
[INFO] [stdout]   36:     0x624f7a710bbe - std::panic::catch_unwind::h49e1c33078844c46
[INFO] [stdout]                                at /rustc/90b35a6239c3d8bdabc530a6a0816f7ff89a0aaf/library/std/src/panic.rs:358:14
[INFO] [stdout]   37:     0x624f7a710bbe - std::thread::Builder::spawn_unchecked_::{{closure}}::h6073db6ff56ad35d
[INFO] [stdout]                                at /rustc/90b35a6239c3d8bdabc530a6a0816f7ff89a0aaf/library/std/src/thread/mod.rs:537:30
[INFO] [stdout]   38:     0x624f7a710bbe - core::ops::function::FnOnce::call_once{{vtable.shim}}::h2c5a5f3779c774f1
[INFO] [stdout]                                at /rustc/90b35a6239c3d8bdabc530a6a0816f7ff89a0aaf/library/core/src/ops/function.rs:250:5
[INFO] [stdout]   39:     0x624f7a8c190b - <alloc::boxed::Box<F,A> as core::ops::function::FnOnce<Args>>::call_once::hf75717d9f28faebf
[INFO] [stdout]                                at /rustc/90b35a6239c3d8bdabc530a6a0816f7ff89a0aaf/library/alloc/src/boxed.rs:2454:9
[INFO] [stdout]   40:     0x624f7a8c190b - <alloc::boxed::Box<F,A> as core::ops::function::FnOnce<Args>>::call_once::h7bd883a5f3c5f3c1
[INFO] [stdout]                                at /rustc/90b35a6239c3d8bdabc530a6a0816f7ff89a0aaf/library/alloc/src/boxed.rs:2454:9
[INFO] [stdout]   41:     0x624f7a8c190b - std::sys::pal::unix::thread::Thread::new::thread_start::hcc78f3943333fa94
[INFO] [stdout]                                at /rustc/90b35a6239c3d8bdabc530a6a0816f7ff89a0aaf/library/std/src/sys/pal/unix/thread.rs:105:17
[INFO] [stdout]   42:     0x7e4fe6463ac3 - <unknown>
[INFO] [stdout]   43:     0x7e4fe64f4a04 - clone
[INFO] [stdout]   44:                0x0 - <unknown>
[INFO] [stdout] 
[INFO] [stdout] ---- tests::pattern_let_object_property stdout ----
[INFO] [stdout] thread 'tests::pattern_let_object_property' panicked at src/tests.rs:10:29:
[INFO] [stdout] Failed to parse file "tests/pattern_let_object_property.kal".
[INFO] [stdout] stack backtrace:
[INFO] [stdout]    0:     0x624f7a8bc0ba - std::backtrace_rs::backtrace::libunwind::trace::h5a5b8284f2d0c266
[INFO] [stdout]                                at /rustc/90b35a6239c3d8bdabc530a6a0816f7ff89a0aaf/library/std/src/../../backtrace/src/backtrace/libunwind.rs:116:5
[INFO] [stdout]    1:     0x624f7a8bc0ba - std::backtrace_rs::backtrace::trace_unsynchronized::h76d4f1c9b0b875e3
[INFO] [stdout]                                at /rustc/90b35a6239c3d8bdabc530a6a0816f7ff89a0aaf/library/std/src/../../backtrace/src/backtrace/mod.rs:66:5
[INFO] [stdout]    2:     0x624f7a8bc0ba - std::sys::backtrace::_print_fmt::hc4546b8364a537c6
[INFO] [stdout]                                at /rustc/90b35a6239c3d8bdabc530a6a0816f7ff89a0aaf/library/std/src/sys/backtrace.rs:66:9
[INFO] [stdout]    3:     0x624f7a8bc0ba - <std::sys::backtrace::BacktraceLock::print::DisplayBacktrace as core::fmt::Display>::fmt::h5b6bd5631a6d1f6b
[INFO] [stdout]                                at /rustc/90b35a6239c3d8bdabc530a6a0816f7ff89a0aaf/library/std/src/sys/backtrace.rs:39:26
[INFO] [stdout]    4:     0x624f7a8e19a3 - core::fmt::rt::Argument::fmt::h270f6602a2b96f62
[INFO] [stdout]                                at /rustc/90b35a6239c3d8bdabc530a6a0816f7ff89a0aaf/library/core/src/fmt/rt.rs:177:76
[INFO] [stdout]    5:     0x624f7a8e19a3 - core::fmt::write::h7550c97b06c86515
[INFO] [stdout]                                at /rustc/90b35a6239c3d8bdabc530a6a0816f7ff89a0aaf/library/core/src/fmt/mod.rs:1186:21
[INFO] [stdout]    6:     0x624f7a8b9283 - std::io::Write::write_fmt::h509ff860e5956e5e
[INFO] [stdout]                                at /rustc/90b35a6239c3d8bdabc530a6a0816f7ff89a0aaf/library/std/src/io/mod.rs:1839:15
[INFO] [stdout]    7:     0x624f7a8bbf02 - std::sys::backtrace::BacktraceLock::print::h2395ccd2c84ba3aa
[INFO] [stdout]                                at /rustc/90b35a6239c3d8bdabc530a6a0816f7ff89a0aaf/library/std/src/sys/backtrace.rs:42:9
[INFO] [stdout]    8:     0x624f7a8bd51a - std::panicking::default_hook::{{closure}}::he19d4c7230e07961
[INFO] [stdout]                                at /rustc/90b35a6239c3d8bdabc530a6a0816f7ff89a0aaf/library/std/src/panicking.rs:268:22
[INFO] [stdout]    9:     0x624f7a8bd324 - std::panicking::default_hook::hf614597d3c67bbdb
[INFO] [stdout]                                at /rustc/90b35a6239c3d8bdabc530a6a0816f7ff89a0aaf/library/std/src/panicking.rs:292:9
[INFO] [stdout]   10:     0x624f7a744019 - <alloc::boxed::Box<F,A> as core::ops::function::Fn<Args>>::call::h39b51ce4599c23d1
[INFO] [stdout]                                at /rustc/90b35a6239c3d8bdabc530a6a0816f7ff89a0aaf/library/alloc/src/boxed.rs:2468:9
[INFO] [stdout]   11:     0x624f7a744019 - test::test_main::{{closure}}::he977ae839a582784
[INFO] [stdout]                                at /rustc/90b35a6239c3d8bdabc530a6a0816f7ff89a0aaf/library/test/src/lib.rs:133:21
[INFO] [stdout]   12:     0x624f7a8bdbb8 - <alloc::boxed::Box<F,A> as core::ops::function::Fn<Args>>::call::h9455091b6b06f9fb
[INFO] [stdout]                                at /rustc/90b35a6239c3d8bdabc530a6a0816f7ff89a0aaf/library/alloc/src/boxed.rs:2468:9
[INFO] [stdout]   13:     0x624f7a8bdbb8 - std::panicking::rust_panic_with_hook::h8942133a8b252070
[INFO] [stdout]                                at /rustc/90b35a6239c3d8bdabc530a6a0816f7ff89a0aaf/library/std/src/panicking.rs:809:13
[INFO] [stdout]   14:     0x624f7a8bd97a - std::panicking::begin_panic_handler::{{closure}}::hb5f5963570096b29
[INFO] [stdout]                                at /rustc/90b35a6239c3d8bdabc530a6a0816f7ff89a0aaf/library/std/src/panicking.rs:674:13
[INFO] [stdout]   15:     0x624f7a8bc599 - std::sys::backtrace::__rust_end_short_backtrace::h6208cedc1922feda
[INFO] [stdout]                                at /rustc/90b35a6239c3d8bdabc530a6a0816f7ff89a0aaf/library/std/src/sys/backtrace.rs:170:18
[INFO] [stdout]   16:     0x624f7a8bd60c - rust_begin_unwind
[INFO] [stdout]                                at /rustc/90b35a6239c3d8bdabc530a6a0816f7ff89a0aaf/library/std/src/panicking.rs:665:5
[INFO] [stdout]   17:     0x624f7a6760d0 - core::panicking::panic_fmt::h0c3082644d1bf418
[INFO] [stdout]                                at /rustc/90b35a6239c3d8bdabc530a6a0816f7ff89a0aaf/library/core/src/panicking.rs:74:14
[INFO] [stdout]   18:     0x624f7a6d0011 - kal::tests::eval_file::{{closure}}::h5aab8768dcabf465
[INFO] [stdout]                                at /opt/rustwide/workdir/src/tests.rs:10:29
[INFO] [stdout]   19:     0x624f7a701653 - core::result::Result<T,E>::unwrap_or_else::h15cf1b7982f0d450
[INFO] [stdout]                                at /rustc/90b35a6239c3d8bdabc530a6a0816f7ff89a0aaf/library/core/src/result.rs:1458:23
[INFO] [stdout]   20:     0x624f7a6cfd8e - kal::tests::eval_file::he862427083f7dd93
[INFO] [stdout]                                at /opt/rustwide/workdir/src/tests.rs:8:15
[INFO] [stdout]   21:     0x624f7a6df00f - kal::tests::pattern_let_object_property::hc662a9e4d0a3d9c8
[INFO] [stdout]                                at /opt/rustwide/workdir/src/tests.rs:29:23
[INFO] [stdout]   22:     0x624f7a6def57 - kal::tests::pattern_let_object_property::{{closure}}::h865d2d3b1ded927c
[INFO] [stdout]                                at /opt/rustwide/workdir/src/tests.rs:28:28
[INFO] [stdout]   23:     0x624f7a6f1266 - core::ops::function::FnOnce::call_once::h06334b3479221fef
[INFO] [stdout]                                at /rustc/90b35a6239c3d8bdabc530a6a0816f7ff89a0aaf/library/core/src/ops/function.rs:250:5
[INFO] [stdout]   24:     0x624f7a7489db - core::ops::function::FnOnce::call_once::h109cf8051a59b34e
[INFO] [stdout]                                at /rustc/90b35a6239c3d8bdabc530a6a0816f7ff89a0aaf/library/core/src/ops/function.rs:250:5
[INFO] [stdout]   25:     0x624f7a7489db - test::__rust_begin_short_backtrace::hf4fff89d377446ba
[INFO] [stdout]                                at /rustc/90b35a6239c3d8bdabc530a6a0816f7ff89a0aaf/library/test/src/lib.rs:621:18
[INFO] [stdout]   26:     0x624f7a748217 - test::run_test_in_process::{{closure}}::h0e39181dd7ee5a43
[INFO] [stdout]                                at /rustc/90b35a6239c3d8bdabc530a6a0816f7ff89a0aaf/library/test/src/lib.rs:644:60
[INFO] [stdout]   27:     0x624f7a748217 - <core::panic::unwind_safe::AssertUnwindSafe<F> as core::ops::function::FnOnce<()>>::call_once::hc5a66a30f0bdfd1f
[INFO] [stdout]                                at /rustc/90b35a6239c3d8bdabc530a6a0816f7ff89a0aaf/library/core/src/panic/unwind_safe.rs:272:9
[INFO] [stdout]   28:     0x624f7a748217 - std::panicking::try::do_call::h873b7cf639554a5e
[INFO] [stdout]                                at /rustc/90b35a6239c3d8bdabc530a6a0816f7ff89a0aaf/library/std/src/panicking.rs:557:40
[INFO] [stdout]   29:     0x624f7a748217 - std::panicking::try::hdb19862fad9c8bd1
[INFO] [stdout]                                at /rustc/90b35a6239c3d8bdabc530a6a0816f7ff89a0aaf/library/std/src/panicking.rs:520:19
[INFO] [stdout]   30:     0x624f7a748217 - std::panic::catch_unwind::h281fe732d236d260
[INFO] [stdout]                                at /rustc/90b35a6239c3d8bdabc530a6a0816f7ff89a0aaf/library/std/src/panic.rs:358:14
[INFO] [stdout]   31:     0x624f7a748217 - test::run_test_in_process::h949b6df8457ed338
[INFO] [stdout]                                at /rustc/90b35a6239c3d8bdabc530a6a0816f7ff89a0aaf/library/test/src/lib.rs:644:27
[INFO] [stdout]   32:     0x624f7a748217 - test::run_test::{{closure}}::h52c556a6d4740e10
[INFO] [stdout]                                at /rustc/90b35a6239c3d8bdabc530a6a0816f7ff89a0aaf/library/test/src/lib.rs:565:43
[INFO] [stdout]   33:     0x624f7a70d4f4 - test::run_test::{{closure}}::h4237f6381c45ccb9
[INFO] [stdout]                                at /rustc/90b35a6239c3d8bdabc530a6a0816f7ff89a0aaf/library/test/src/lib.rs:595:41
[INFO] [stdout]   34:     0x624f7a70d4f4 - std::sys::backtrace::__rust_begin_short_backtrace::h505c97a579eca628
[INFO] [stdout]                                at /rustc/90b35a6239c3d8bdabc530a6a0816f7ff89a0aaf/library/std/src/sys/backtrace.rs:154:18
[INFO] [stdout]   35:     0x624f7a710bbe - std::thread::Builder::spawn_unchecked_::{{closure}}::{{closure}}::h9e86b2e2bc107ea3
[INFO] [stdout]                                at /rustc/90b35a6239c3d8bdabc530a6a0816f7ff89a0aaf/library/std/src/thread/mod.rs:538:17
[INFO] [stdout]   36:     0x624f7a710bbe - <core::panic::unwind_safe::AssertUnwindSafe<F> as core::ops::function::FnOnce<()>>::call_once::h8b06ddb275ff4a25
[INFO] [stdout]                                at /rustc/90b35a6239c3d8bdabc530a6a0816f7ff89a0aaf/library/core/src/panic/unwind_safe.rs:272:9
[INFO] [stdout]   37:     0x624f7a710bbe - std::panicking::try::do_call::hb26ecd7cd9a9355d
[INFO] [stdout]                                at /rustc/90b35a6239c3d8bdabc530a6a0816f7ff89a0aaf/library/std/src/panicking.rs:557:40
[INFO] [stdout]   38:     0x624f7a710bbe - std::panicking::try::h8ddeca9d705f9069
[INFO] [stdout]                                at /rustc/90b35a6239c3d8bdabc530a6a0816f7ff89a0aaf/library/std/src/panicking.rs:520:19
[INFO] [stdout]   39:     0x624f7a710bbe - std::panic::catch_unwind::h49e1c33078844c46
[INFO] [stdout]                                at /rustc/90b35a6239c3d8bdabc530a6a0816f7ff89a0aaf/library/std/src/panic.rs:358:14
[INFO] [stdout]   40:     0x624f7a710bbe - std::thread::Builder::spawn_unchecked_::{{closure}}::h6073db6ff56ad35d
[INFO] [stdout]                                at /rustc/90b35a6239c3d8bdabc530a6a0816f7ff89a0aaf/library/std/src/thread/mod.rs:537:30
[INFO] [stdout]   41:     0x624f7a710bbe - core::ops::function::FnOnce::call_once{{vtable.shim}}::h2c5a5f3779c774f1
[INFO] [stdout]                                at /rustc/90b35a6239c3d8bdabc530a6a0816f7ff89a0aaf/library/core/src/ops/function.rs:250:5
[INFO] [stdout]   42:     0x624f7a8c190b - <alloc::boxed::Box<F,A> as core::ops::function::FnOnce<Args>>::call_once::hf75717d9f28faebf
[INFO] [stdout]                                at /rustc/90b35a6239c3d8bdabc530a6a0816f7ff89a0aaf/library/alloc/src/boxed.rs:2454:9
[INFO] [stdout]   43:     0x624f7a8c190b - <alloc::boxed::Box<F,A> as core::ops::function::FnOnce<Args>>::call_once::h7bd883a5f3c5f3c1
[INFO] [stdout]                                at /rustc/90b35a6239c3d8bdabc530a6a0816f7ff89a0aaf/library/alloc/src/boxed.rs:2454:9
[INFO] [stdout]   44:     0x624f7a8c190b - std::sys::pal::unix::thread::Thread::new::thread_start::hcc78f3943333fa94
[INFO] [stdout]                                at /rustc/90b35a6239c3d8bdabc530a6a0816f7ff89a0aaf/library/std/src/sys/pal/unix/thread.rs:105:17
[INFO] [stdout]   45:     0x7e4fe6463ac3 - <unknown>
[INFO] [stdout]   46:     0x7e4fe64f4a04 - clone
[INFO] [stdout]   47:                0x0 - <unknown>
[INFO] [stdout] 
[INFO] [stdout] 
[INFO] [stdout] failures:
[INFO] [stdout]     tests::equality_chaining
[INFO] [stdout]     tests::pattern_let_object_property
[INFO] [stdout] 
[INFO] [stdout] test result: FAILED. 88 passed; 2 failed; 0 ignored; 0 measured; 0 filtered out; finished in 0.52s
[INFO] [stdout] 
[INFO] [stderr] error: test failed, to rerun pass `--bin kal`
[INFO] running `Command { std: "docker" "inspect" "9be980324ba44445cdca4f30c07760e783d39da3876d9b481505b03eaa8aee97", kill_on_drop: false }`
[INFO] running `Command { std: "docker" "rm" "-f" "9be980324ba44445cdca4f30c07760e783d39da3876d9b481505b03eaa8aee97", kill_on_drop: false }`
[INFO] [stdout] 9be980324ba44445cdca4f30c07760e783d39da3876d9b481505b03eaa8aee97
