[INFO] cloning repository https://github.com/MaxOhn/rosu-mods
[INFO] running `Command { std: "git" "-c" "credential.helper=" "-c" "credential.helper=/workspace/cargo-home/bin/git-credential-null" "clone" "--bare" "https://github.com/MaxOhn/rosu-mods" "/workspace/cache/git-repos/https%3A%2F%2Fgithub.com%2FMaxOhn%2Frosu-mods", kill_on_drop: false }`
[INFO] [stderr] Cloning into bare repository '/workspace/cache/git-repos/https%3A%2F%2Fgithub.com%2FMaxOhn%2Frosu-mods'...
[INFO] running `Command { std: "git" "rev-parse" "HEAD", kill_on_drop: false }`
[INFO] [stdout] a543ebe70bd4122cda1831e57ae84614489e1e45
[INFO] testing MaxOhn/rosu-mods against 1.83.0 for beta-1.84.0-4-retry
[INFO] running `Command { std: "git" "clone" "/workspace/cache/git-repos/https%3A%2F%2Fgithub.com%2FMaxOhn%2Frosu-mods" "/workspace/builds/worker-7-tc1/source", kill_on_drop: false }`
[INFO] [stderr] Cloning into '/workspace/builds/worker-7-tc1/source'...
[INFO] [stderr] done.
[INFO] validating manifest of git repo https://github.com/MaxOhn/rosu-mods on toolchain 1.83.0
[INFO] running `Command { std: CARGO_HOME="/workspace/cargo-home" RUSTUP_HOME="/workspace/rustup-home" "/workspace/cargo-home/bin/cargo" "+1.83.0" "metadata" "--manifest-path" "Cargo.toml" "--no-deps", kill_on_drop: false }`
[INFO] removed /workspace/builds/worker-7-tc1/source/.cargo/config.toml
[INFO] started tweaking git repo https://github.com/MaxOhn/rosu-mods
[INFO] finished tweaking git repo https://github.com/MaxOhn/rosu-mods
[INFO] tweaked toml for git repo https://github.com/MaxOhn/rosu-mods written to /workspace/builds/worker-7-tc1/source/Cargo.toml
[INFO] crate git repo https://github.com/MaxOhn/rosu-mods already has a lockfile, it will not be regenerated
[INFO] running `Command { std: CARGO_HOME="/workspace/cargo-home" RUSTUP_HOME="/workspace/rustup-home" "/workspace/cargo-home/bin/cargo" "+1.83.0" "fetch" "--manifest-path" "Cargo.toml", kill_on_drop: false }`
[INFO] [stderr]  Downloading crates ...
[INFO] [stderr]   Downloaded rend v0.5.0
[INFO] [stderr]   Downloaded bytecheck_derive v0.8.0
[INFO] [stderr]   Downloaded bytecheck v0.8.0
[INFO] running `Command { std: "docker" "create" "-v" "/var/lib/crater-agent-workspace/builds/worker-7-tc1/target:/opt/rustwide/target:rw,Z" "-v" "/var/lib/crater-agent-workspace/builds/worker-7-tc1/source:/opt/rustwide/workdir:ro,Z" "-v" "/var/lib/crater-agent-workspace/cargo-home:/opt/rustwide/cargo-home:ro,Z" "-v" "/var/lib/crater-agent-workspace/rustup-home:/opt/rustwide/rustup-home:ro,Z" "-e" "SOURCE_DIR=/opt/rustwide/workdir" "-e" "CARGO_TARGET_DIR=/opt/rustwide/target" "-e" "CARGO_HOME=/opt/rustwide/cargo-home" "-e" "RUSTUP_HOME=/opt/rustwide/rustup-home" "-w" "/opt/rustwide/workdir" "-m" "1610612736" "--user" "0:0" "--network" "none" "ghcr.io/rust-lang/crates-build-env/linux@sha256:f3a9d4ad9d972b27faf3965f35b62e55ba32bbce8f20bc8fe909558a86702fde" "/opt/rustwide/cargo-home/bin/cargo" "+1.83.0" "metadata" "--no-deps" "--format-version=1", kill_on_drop: false }`
[INFO] [stdout] b8091fad9a3da3c2955c9077e423584c249260d2d4fa5f9ef836768a010ed566
[INFO] running `Command { std: "docker" "start" "-a" "b8091fad9a3da3c2955c9077e423584c249260d2d4fa5f9ef836768a010ed566", kill_on_drop: false }`
[INFO] running `Command { std: "docker" "inspect" "b8091fad9a3da3c2955c9077e423584c249260d2d4fa5f9ef836768a010ed566", kill_on_drop: false }`
[INFO] running `Command { std: "docker" "rm" "-f" "b8091fad9a3da3c2955c9077e423584c249260d2d4fa5f9ef836768a010ed566", kill_on_drop: false }`
[INFO] [stdout] b8091fad9a3da3c2955c9077e423584c249260d2d4fa5f9ef836768a010ed566
[INFO] running `Command { std: "docker" "create" "-v" "/var/lib/crater-agent-workspace/builds/worker-7-tc1/target:/opt/rustwide/target:rw,Z" "-v" "/var/lib/crater-agent-workspace/builds/worker-7-tc1/source:/opt/rustwide/workdir:ro,Z" "-v" "/var/lib/crater-agent-workspace/cargo-home:/opt/rustwide/cargo-home:ro,Z" "-v" "/var/lib/crater-agent-workspace/rustup-home:/opt/rustwide/rustup-home:ro,Z" "-e" "SOURCE_DIR=/opt/rustwide/workdir" "-e" "CARGO_TARGET_DIR=/opt/rustwide/target" "-e" "CARGO_INCREMENTAL=0" "-e" "RUST_BACKTRACE=full" "-e" "RUSTFLAGS=--cap-lints=warn" "-e" "RUSTDOCFLAGS=--cap-lints=warn" "-e" "CARGO_HOME=/opt/rustwide/cargo-home" "-e" "RUSTUP_HOME=/opt/rustwide/rustup-home" "-w" "/opt/rustwide/workdir" "-m" "1610612736" "--user" "0:0" "--network" "none" "ghcr.io/rust-lang/crates-build-env/linux@sha256:f3a9d4ad9d972b27faf3965f35b62e55ba32bbce8f20bc8fe909558a86702fde" "/opt/rustwide/cargo-home/bin/cargo" "+1.83.0" "build" "--frozen" "--message-format=json", kill_on_drop: false }`
[INFO] [stdout] 66757b8dc1edc2b10dc27724057745d0fab263a2d360b04271e3c23bd18d403a
[INFO] running `Command { std: "docker" "start" "-a" "66757b8dc1edc2b10dc27724057745d0fab263a2d360b04271e3c23bd18d403a", kill_on_drop: false }`
[INFO] [stderr]    Compiling rosu-mods v0.2.1 (/opt/rustwide/workdir)
[INFO] [stderr]     Finished `dev` profile [unoptimized + debuginfo] target(s) in 1.92s
[INFO] running `Command { std: "docker" "inspect" "66757b8dc1edc2b10dc27724057745d0fab263a2d360b04271e3c23bd18d403a", kill_on_drop: false }`
[INFO] running `Command { std: "docker" "rm" "-f" "66757b8dc1edc2b10dc27724057745d0fab263a2d360b04271e3c23bd18d403a", kill_on_drop: false }`
[INFO] [stdout] 66757b8dc1edc2b10dc27724057745d0fab263a2d360b04271e3c23bd18d403a
[INFO] running `Command { std: "docker" "create" "-v" "/var/lib/crater-agent-workspace/builds/worker-7-tc1/target:/opt/rustwide/target:rw,Z" "-v" "/var/lib/crater-agent-workspace/builds/worker-7-tc1/source:/opt/rustwide/workdir:ro,Z" "-v" "/var/lib/crater-agent-workspace/cargo-home:/opt/rustwide/cargo-home:ro,Z" "-v" "/var/lib/crater-agent-workspace/rustup-home:/opt/rustwide/rustup-home:ro,Z" "-e" "SOURCE_DIR=/opt/rustwide/workdir" "-e" "CARGO_TARGET_DIR=/opt/rustwide/target" "-e" "CARGO_INCREMENTAL=0" "-e" "RUST_BACKTRACE=full" "-e" "RUSTFLAGS=--cap-lints=warn" "-e" "RUSTDOCFLAGS=--cap-lints=warn" "-e" "CARGO_HOME=/opt/rustwide/cargo-home" "-e" "RUSTUP_HOME=/opt/rustwide/rustup-home" "-w" "/opt/rustwide/workdir" "-m" "1610612736" "--user" "0:0" "--network" "none" "ghcr.io/rust-lang/crates-build-env/linux@sha256:f3a9d4ad9d972b27faf3965f35b62e55ba32bbce8f20bc8fe909558a86702fde" "/opt/rustwide/cargo-home/bin/cargo" "+1.83.0" "test" "--frozen" "--no-run" "--message-format=json", kill_on_drop: false }`
[INFO] [stdout] 596b3aca0d185fd87e16c21d53ed1219d0e21c6b79c1fbb58b9764f61dcafd8d
[INFO] running `Command { std: "docker" "start" "-a" "596b3aca0d185fd87e16c21d53ed1219d0e21c6b79c1fbb58b9764f61dcafd8d", kill_on_drop: false }`
[INFO] [stderr]    Compiling serde v1.0.203
[INFO] [stderr]    Compiling serde_json v1.0.118
[INFO] [stderr]    Compiling ryu v1.0.18
[INFO] [stderr]    Compiling itoa v1.0.11
[INFO] [stderr]    Compiling rosu-mods v0.2.1 (/opt/rustwide/workdir)
[INFO] [stderr]     Finished `test` profile [unoptimized + debuginfo] target(s) in 8.43s
[INFO] running `Command { std: "docker" "inspect" "596b3aca0d185fd87e16c21d53ed1219d0e21c6b79c1fbb58b9764f61dcafd8d", kill_on_drop: false }`
[INFO] running `Command { std: "docker" "rm" "-f" "596b3aca0d185fd87e16c21d53ed1219d0e21c6b79c1fbb58b9764f61dcafd8d", kill_on_drop: false }`
[INFO] [stdout] 596b3aca0d185fd87e16c21d53ed1219d0e21c6b79c1fbb58b9764f61dcafd8d
[INFO] running `Command { std: "docker" "create" "-v" "/var/lib/crater-agent-workspace/builds/worker-7-tc1/target:/opt/rustwide/target:rw,Z" "-v" "/var/lib/crater-agent-workspace/builds/worker-7-tc1/source:/opt/rustwide/workdir:ro,Z" "-v" "/var/lib/crater-agent-workspace/cargo-home:/opt/rustwide/cargo-home:ro,Z" "-v" "/var/lib/crater-agent-workspace/rustup-home:/opt/rustwide/rustup-home:ro,Z" "-e" "SOURCE_DIR=/opt/rustwide/workdir" "-e" "CARGO_TARGET_DIR=/opt/rustwide/target" "-e" "CARGO_INCREMENTAL=0" "-e" "RUST_BACKTRACE=full" "-e" "RUSTFLAGS=--cap-lints=warn" "-e" "RUSTDOCFLAGS=--cap-lints=warn" "-e" "CARGO_HOME=/opt/rustwide/cargo-home" "-e" "RUSTUP_HOME=/opt/rustwide/rustup-home" "-w" "/opt/rustwide/workdir" "-m" "1610612736" "--user" "0:0" "--network" "none" "ghcr.io/rust-lang/crates-build-env/linux@sha256:f3a9d4ad9d972b27faf3965f35b62e55ba32bbce8f20bc8fe909558a86702fde" "/opt/rustwide/cargo-home/bin/cargo" "+1.83.0" "test" "--frozen", kill_on_drop: false }`
[INFO] [stdout] ccaec0526426ced9ae9c6266b837069e66da11eb7f7e4ac88ccf9885263ef465
[INFO] running `Command { std: "docker" "start" "-a" "ccaec0526426ced9ae9c6266b837069e66da11eb7f7e4ac88ccf9885263ef465", kill_on_drop: false }`
[INFO] [stderr]     Finished `test` profile [unoptimized + debuginfo] target(s) in 0.02s
[INFO] [stderr]      Running unittests src/lib.rs (/opt/rustwide/target/debug/deps/rosu_mods-50892b9ed41f87ac)
[INFO] [stdout] 
[INFO] [stdout] running 24 tests
[INFO] [stdout] test intermode::tests::checked_bits ... ok
[INFO] [stdout] test intermode::tests::from_bits_nomod ... ok
[INFO] [stdout] test intermode::tests::contains ... ok
[INFO] [stdout] test intermode::tests::from_str_nonempty ... ok
[INFO] [stdout] test intermode::tests::intersection ... ok
[INFO] [stdout] test intermode::tests::from_str_unknown ... ok
[INFO] [stdout] test intermode::tests::from_bits_valid ... ok
[INFO] [stdout] test intermode::tests::from_bits_invalid_nightcore ... ok
[INFO] [stdout] test intermode::tests::unchecked_bits ... ok
[INFO] [stdout] test intermode::tests::push ... ok
[INFO] [stdout] test mods::tests::checked_bits ... ok
[INFO] [stdout] test mods::tests::clock_rate_speed_change ... ok
[INFO] [stdout] test legacy::tests::iter ... ok
[INFO] [stdout] test legacy::tests::try_from_str ... ok
[INFO] [stdout] test mods::tests::clock_rate_unaffected ... ok
[INFO] [stdout] test mods::tests::clock_rate_variable ... ok
[INFO] [stdout] test mods::tests::contains ... ok
[INFO] [stdout] test mods::tests::intersection ... ok
[INFO] [stdout] test mods::tests::unchecked_bits ... ok
[INFO] [stdout] test mods::tests::sanitize ... ok
[INFO] [stdout] test util::tests::cut ... ok
[INFO] [stdout] test util::tests::split_prefix ... ok
[INFO] [stdout] test util::tests::to_uppercase ... ok
[INFO] [stdout] test mods::tests::insert_valid ... ok
[INFO] [stdout] 
[INFO] [stdout] test result: ok. 24 passed; 0 failed; 0 ignored; 0 measured; 0 filtered out; finished in 0.02s
[INFO] [stdout] 
[INFO] [stderr]      Running tests/rkyv.rs (/opt/rustwide/target/debug/deps/rkyv-9a80f677d867f2ac)
[INFO] [stderr]      Running tests/serde.rs (/opt/rustwide/target/debug/deps/serde-c3c7e83ef7eee9e9)
[INFO] [stdout] 
[INFO] [stdout] running 0 tests
[INFO] [stdout] 
[INFO] [stdout] test result: ok. 0 passed; 0 failed; 0 ignored; 0 measured; 0 filtered out; finished in 0.00s
[INFO] [stdout] 
[INFO] [stdout] 
[INFO] [stdout] running 0 tests
[INFO] [stdout] 
[INFO] [stdout] test result: ok. 0 passed; 0 failed; 0 ignored; 0 measured; 0 filtered out; finished in 0.00s
[INFO] [stdout] 
[INFO] [stderr]    Doc-tests rosu_mods
[INFO] [stdout] 
[INFO] [stdout] running 46 tests
[INFO] [stdout] test src/acronym.rs - acronym::Acronym::from_str_unchecked (line 37) - compile ... ok
[INFO] [stdout] test src/intermode.rs - intermode::GameModsIntermode::legacy_clock_rate (line 490) ... FAILED
[INFO] [stdout] test src/intermode.rs - intermode::GameModsIntermode::bits (line 43) ... FAILED
[INFO] [stdout] test src/intermode.rs - intermode::GameModsIntermode::len (line 99) ... FAILED
[INFO] [stdout] test src/intermode.rs - intermode::GameModsIntermode::contains (line 135) ... FAILED
[INFO] [stdout] test src/intermode.rs - intermode::GameModsIntermode::remove (line 168) ... FAILED
[INFO] [stdout] test src/intermode.rs - intermode::GameModsIntermode::intersection (line 428) ... FAILED
[INFO] [stdout] test src/intermode.rs - intermode::GameModsIntermode::intersects (line 473) ... FAILED
[INFO] [stdout] test src/intermode.rs - intermode::GameModsIntermode::checked_bits (line 63) ... FAILED
[INFO] [stdout] test src/intermode.rs - intermode::GameModsIntermode::from_bits (line 211) ... FAILED
[INFO] [stdout] test src/intermode.rs - intermode::GameModsIntermode::contains_acronym (line 152) ... FAILED
[INFO] [stdout] test src/intermode.rs - intermode::GameModsIntermode::try_with_mode (line 523) ... FAILED
[INFO] [stdout] test src/intermode.rs - intermode::GameModsIntermode::remove_all (line 187) ... FAILED
[INFO] [stdout] test src/intermode.rs - intermode::GameModsIntermode::with_mode (line 558) ... FAILED
[INFO] [stdout] test src/lib.rs - (line 27) ... ok
[INFO] [stdout] test src/acronym.rs - acronym::Acronym::as_str (line 59) ... ok
[INFO] [stdout] test src/intermode.rs - intermode::GameModsIntermode::try_from_acronyms (line 300) ... ok
[INFO] [stdout] test src/intermode.rs - intermode::GameModsIntermode::from_acronyms (line 359) ... ok
[INFO] [stdout] test src/mods.rs - mods::GameMods::from_intermode (line 498) ... FAILED
[INFO] [stdout] test src/mods.rs - mods::GameMods::contains_any (line 194) ... FAILED
[INFO] [stdout] test src/intermode.rs - intermode::GameModsIntermode::is_empty (line 83) ... ok
[INFO] [stdout] test src/acronym.rs - acronym::Acronym::from_str_unchecked (line 29) ... ok
[INFO] [stdout] test src/legacy.rs - legacy::GameModsLegacy::len (line 102) ... ok
[INFO] [stdout] test src/intermode.rs - intermode::GameModsIntermode::insert (line 116) ... ok
[INFO] [stdout] test src/legacy.rs - legacy::GameModsLegacy (line 14) ... ok
[INFO] [stdout] test src/lib.rs - (line 66) ... ok
[INFO] [stdout] test src/legacy.rs - legacy::GameModsLegacy::iter (line 118) ... ok
[INFO] [stdout] test src/mods.rs - mods::GameMods::insert (line 135) ... ok
[INFO] [stdout] test src/mods.rs - mods::GameMods::remove_all_intermode (line 341) ... FAILED
[INFO] [stdout] test src/mods.rs - mods::GameMods::remove_all (line 303) ... FAILED
[INFO] [stdout] test src/mods.rs - mods::GameMods::contains (line 154) ... ok
[INFO] [stdout] test src/mods.rs - mods::GameMods::remove_intermode (line 276) ... FAILED
[INFO] [stdout] test src/mods.rs - mods::GameMods::try_from_intermode (line 479) ... FAILED
[INFO] [stdout] test src/lib.rs - (line 13) ... ok
[INFO] [stdout] test src/mods.rs - mods::GameMods::clock_rate (line 449) ... ok
[INFO] [stdout] test src/mods.rs - mods::GameMods::bits (line 36) ... ok
[INFO] [stdout] test src/mods.rs - mods::GameMods::checked_bits (line 62) ... ok
[INFO] [stdout] test src/mods.rs - mods::GameMods::contains_intermode (line 171) ... ok
[INFO] [stdout] test src/mods.rs - mods::GameMods::len (line 111) ... ok
[INFO] [stdout] test src/mods.rs - mods::GameMods::intersects (line 419) ... ok
[INFO] [stdout] test src/mods.rs - mods::GameMods::intersection (line 370) ... ok
[INFO] [stdout] test src/mods.rs - mods::GameMods::contains_acronym (line 224) ... ok
[INFO] [stdout] test src/mods.rs - mods::GameMods::is_valid (line 528) ... ok
[INFO] [stdout] test src/mods.rs - mods::GameMods::is_empty (line 95) ... ok
[INFO] [stdout] test src/mods.rs - mods::GameMods::sanitize (line 557) ... ok
[INFO] [stdout] test src/mods.rs - mods::GameMods::remove (line 252) ... ok
[INFO] [stdout] 
[INFO] [stdout] failures:
[INFO] [stdout] 
[INFO] [stdout] ---- src/intermode.rs - intermode::GameModsIntermode::legacy_clock_rate (line 490) stdout ----
[INFO] [stdout] error[E0603]: module `mods` is private
[INFO] [stdout]    --> src/intermode.rs:492:17
[INFO] [stdout]     |
[INFO] [stdout] 5   | use rosu_mods::{mods, GameModIntermode};
[INFO] [stdout]     |                 ^^^^ private module
[INFO] [stdout]     |
[INFO] [stdout] note: the module `mods` is defined here
[INFO] [stdout]    --> /opt/rustwide/workdir/src/lib.rs:150:1
[INFO] [stdout]     |
[INFO] [stdout] 150 | mod mods;
[INFO] [stdout]     | ^^^^^^^^
[INFO] [stdout] 
[INFO] [stdout] error: aborting due to 1 previous error
[INFO] [stdout] 
[INFO] [stdout] For more information about this error, try `rustc --explain E0603`.
[INFO] [stdout] Couldn't compile the test.
[INFO] [stdout] ---- src/intermode.rs - intermode::GameModsIntermode::bits (line 43) stdout ----
[INFO] [stdout] error[E0603]: module `mods` is private
[INFO] [stdout]    --> src/intermode.rs:45:16
[INFO] [stdout]     |
[INFO] [stdout] 5   | use rosu_mods::mods;
[INFO] [stdout]     |                ^^^^ private module
[INFO] [stdout]     |
[INFO] [stdout] note: the module `mods` is defined here
[INFO] [stdout]    --> /opt/rustwide/workdir/src/lib.rs:150:1
[INFO] [stdout]     |
[INFO] [stdout] 150 | mod mods;
[INFO] [stdout]     | ^^^^^^^^
[INFO] [stdout] 
[INFO] [stdout] error: aborting due to 1 previous error
[INFO] [stdout] 
[INFO] [stdout] For more information about this error, try `rustc --explain E0603`.
[INFO] [stdout] Couldn't compile the test.
[INFO] [stdout] ---- src/intermode.rs - intermode::GameModsIntermode::len (line 99) stdout ----
[INFO] [stdout] error[E0603]: module `mods` is private
[INFO] [stdout]    --> src/intermode.rs:101:17
[INFO] [stdout]     |
[INFO] [stdout] 5   | use rosu_mods::{mods, GameModIntermode, GameModsIntermode};
[INFO] [stdout]     |                 ^^^^ private module
[INFO] [stdout]     |
[INFO] [stdout] note: the module `mods` is defined here
[INFO] [stdout]    --> /opt/rustwide/workdir/src/lib.rs:150:1
[INFO] [stdout]     |
[INFO] [stdout] 150 | mod mods;
[INFO] [stdout]     | ^^^^^^^^
[INFO] [stdout] 
[INFO] [stdout] error: aborting due to 1 previous error
[INFO] [stdout] 
[INFO] [stdout] For more information about this error, try `rustc --explain E0603`.
[INFO] [stdout] Couldn't compile the test.
[INFO] [stdout] ---- src/intermode.rs - intermode::GameModsIntermode::contains (line 135) stdout ----
[INFO] [stdout] error[E0603]: module `mods` is private
[INFO] [stdout]    --> src/intermode.rs:137:17
[INFO] [stdout]     |
[INFO] [stdout] 5   | use rosu_mods::{mods, GameModIntermode};
[INFO] [stdout]     |                 ^^^^ private module
[INFO] [stdout]     |
[INFO] [stdout] note: the module `mods` is defined here
[INFO] [stdout]    --> /opt/rustwide/workdir/src/lib.rs:150:1
[INFO] [stdout]     |
[INFO] [stdout] 150 | mod mods;
[INFO] [stdout]     | ^^^^^^^^
[INFO] [stdout] 
[INFO] [stdout] error: aborting due to 1 previous error
[INFO] [stdout] 
[INFO] [stdout] For more information about this error, try `rustc --explain E0603`.
[INFO] [stdout] Couldn't compile the test.
[INFO] [stdout] ---- src/intermode.rs - intermode::GameModsIntermode::remove (line 168) stdout ----
[INFO] [stdout] error[E0603]: module `mods` is private
[INFO] [stdout]    --> src/intermode.rs:170:17
[INFO] [stdout]     |
[INFO] [stdout] 5   | use rosu_mods::{mods, GameModIntermode, GameModsIntermode};
[INFO] [stdout]     |                 ^^^^ private module
[INFO] [stdout]     |
[INFO] [stdout] note: the module `mods` is defined here
[INFO] [stdout]    --> /opt/rustwide/workdir/src/lib.rs:150:1
[INFO] [stdout]     |
[INFO] [stdout] 150 | mod mods;
[INFO] [stdout]     | ^^^^^^^^
[INFO] [stdout] 
[INFO] [stdout] error: aborting due to 1 previous error
[INFO] [stdout] 
[INFO] [stdout] For more information about this error, try `rustc --explain E0603`.
[INFO] [stdout] Couldn't compile the test.
[INFO] [stdout] ---- src/intermode.rs - intermode::GameModsIntermode::intersection (line 428) stdout ----
[INFO] [stdout] error[E0603]: module `mods` is private
[INFO] [stdout]    --> src/intermode.rs:430:17
[INFO] [stdout]     |
[INFO] [stdout] 5   | use rosu_mods::{mods, GameModIntermode};
[INFO] [stdout]     |                 ^^^^ private module
[INFO] [stdout]     |
[INFO] [stdout] note: the module `mods` is defined here
[INFO] [stdout]    --> /opt/rustwide/workdir/src/lib.rs:150:1
[INFO] [stdout]     |
[INFO] [stdout] 150 | mod mods;
[INFO] [stdout]     | ^^^^^^^^
[INFO] [stdout] 
[INFO] [stdout] error: aborting due to 1 previous error
[INFO] [stdout] 
[INFO] [stdout] For more information about this error, try `rustc --explain E0603`.
[INFO] [stdout] Couldn't compile the test.
[INFO] [stdout] ---- src/intermode.rs - intermode::GameModsIntermode::intersects (line 473) stdout ----
[INFO] [stdout] error[E0603]: module `mods` is private
[INFO] [stdout]    --> src/intermode.rs:475:16
[INFO] [stdout]     |
[INFO] [stdout] 5   | use rosu_mods::mods;
[INFO] [stdout]     |                ^^^^ private module
[INFO] [stdout]     |
[INFO] [stdout] note: the module `mods` is defined here
[INFO] [stdout]    --> /opt/rustwide/workdir/src/lib.rs:150:1
[INFO] [stdout]     |
[INFO] [stdout] 150 | mod mods;
[INFO] [stdout]     | ^^^^^^^^
[INFO] [stdout] 
[INFO] [stdout] error: aborting due to 1 previous error
[INFO] [stdout] 
[INFO] [stdout] For more information about this error, try `rustc --explain E0603`.
[INFO] [stdout] Couldn't compile the test.
[INFO] [stdout] ---- src/intermode.rs - intermode::GameModsIntermode::checked_bits (line 63) stdout ----
[INFO] [stdout] error[E0603]: module `mods` is private
[INFO] [stdout]    --> src/intermode.rs:65:16
[INFO] [stdout]     |
[INFO] [stdout] 5   | use rosu_mods::mods;
[INFO] [stdout]     |                ^^^^ private module
[INFO] [stdout]     |
[INFO] [stderr] error: doctest failed, to rerun pass `--doc`
[INFO] [stdout] note: the module `mods` is defined here
[INFO] [stdout]    --> /opt/rustwide/workdir/src/lib.rs:150:1
[INFO] [stdout]     |
[INFO] [stdout] 150 | mod mods;
[INFO] [stdout]     | ^^^^^^^^
[INFO] [stdout] 
[INFO] [stdout] error: aborting due to 1 previous error
[INFO] [stdout] 
[INFO] [stdout] For more information about this error, try `rustc --explain E0603`.
[INFO] [stdout] Couldn't compile the test.
[INFO] [stdout] ---- src/intermode.rs - intermode::GameModsIntermode::from_bits (line 211) stdout ----
[INFO] [stdout] error[E0603]: module `mods` is private
[INFO] [stdout]    --> src/intermode.rs:213:17
[INFO] [stdout]     |
[INFO] [stdout] 5   | use rosu_mods::{mods, GameModsIntermode};
[INFO] [stdout]     |                 ^^^^ private module
[INFO] [stdout]     |
[INFO] [stdout] note: the module `mods` is defined here
[INFO] [stdout]    --> /opt/rustwide/workdir/src/lib.rs:150:1
[INFO] [stdout]     |
[INFO] [stdout] 150 | mod mods;
[INFO] [stdout]     | ^^^^^^^^
[INFO] [stdout] 
[INFO] [stdout] error: aborting due to 1 previous error
[INFO] [stdout] 
[INFO] [stdout] For more information about this error, try `rustc --explain E0603`.
[INFO] [stdout] Couldn't compile the test.
[INFO] [stdout] ---- src/intermode.rs - intermode::GameModsIntermode::contains_acronym (line 152) stdout ----
[INFO] [stdout] error[E0603]: module `mods` is private
[INFO] [stdout]    --> src/intermode.rs:154:17
[INFO] [stdout]     |
[INFO] [stdout] 5   | use rosu_mods::{mods, Acronym};
[INFO] [stdout]     |                 ^^^^ private module
[INFO] [stdout]     |
[INFO] [stdout] note: the module `mods` is defined here
[INFO] [stdout]    --> /opt/rustwide/workdir/src/lib.rs:150:1
[INFO] [stdout]     |
[INFO] [stdout] 150 | mod mods;
[INFO] [stdout]     | ^^^^^^^^
[INFO] [stdout] 
[INFO] [stdout] error: aborting due to 1 previous error
[INFO] [stdout] 
[INFO] [stdout] For more information about this error, try `rustc --explain E0603`.
[INFO] [stdout] Couldn't compile the test.
[INFO] [stdout] ---- src/intermode.rs - intermode::GameModsIntermode::try_with_mode (line 523) stdout ----
[INFO] [stdout] error[E0603]: module `mods` is private
[INFO] [stdout]    --> src/intermode.rs:525:17
[INFO] [stdout]     |
[INFO] [stdout] 5   | use rosu_mods::{mods, GameMods, GameMode};
[INFO] [stdout]     |                 ^^^^ private module
[INFO] [stdout]     |
[INFO] [stdout] note: the module `mods` is defined here
[INFO] [stdout]    --> /opt/rustwide/workdir/src/lib.rs:150:1
[INFO] [stdout]     |
[INFO] [stdout] 150 | mod mods;
[INFO] [stdout]     | ^^^^^^^^
[INFO] [stdout] 
[INFO] [stdout] error: aborting due to 1 previous error
[INFO] [stdout] 
[INFO] [stdout] For more information about this error, try `rustc --explain E0603`.
[INFO] [stdout] Couldn't compile the test.
[INFO] [stdout] ---- src/intermode.rs - intermode::GameModsIntermode::remove_all (line 187) stdout ----
[INFO] [stdout] error[E0603]: module `mods` is private
[INFO] [stdout]    --> src/intermode.rs:189:17
[INFO] [stdout]     |
[INFO] [stdout] 5   | use rosu_mods::{mods, GameModIntermode, GameModsIntermode};
[INFO] [stdout]     |                 ^^^^ private module
[INFO] [stdout]     |
[INFO] [stdout] note: the module `mods` is defined here
[INFO] [stdout]    --> /opt/rustwide/workdir/src/lib.rs:150:1
[INFO] [stdout]     |
[INFO] [stdout] 150 | mod mods;
[INFO] [stdout]     | ^^^^^^^^
[INFO] [stdout] 
[INFO] [stdout] error: aborting due to 1 previous error
[INFO] [stdout] 
[INFO] [stdout] For more information about this error, try `rustc --explain E0603`.
[INFO] [stdout] Couldn't compile the test.
[INFO] [stdout] ---- src/intermode.rs - intermode::GameModsIntermode::with_mode (line 558) stdout ----
[INFO] [stdout] error[E0603]: module `mods` is private
[INFO] [stdout]    --> src/intermode.rs:560:17
[INFO] [stdout]     |
[INFO] [stdout] 5   | use rosu_mods::{mods, GameMods, GameMode};
[INFO] [stdout]     |                 ^^^^ private module
[INFO] [stdout]     |
[INFO] [stdout] note: the module `mods` is defined here
[INFO] [stdout]    --> /opt/rustwide/workdir/src/lib.rs:150:1
[INFO] [stdout]     |
[INFO] [stdout] 150 | mod mods;
[INFO] [stdout]     | ^^^^^^^^
[INFO] [stdout] 
[INFO] [stdout] error: aborting due to 1 previous error
[INFO] [stdout] 
[INFO] [stdout] For more information about this error, try `rustc --explain E0603`.
[INFO] [stdout] Couldn't compile the test.
[INFO] [stdout] ---- src/mods.rs - mods::GameMods::from_intermode (line 498) stdout ----
[INFO] [stdout] error[E0603]: module `mods` is private
[INFO] [stdout]    --> src/mods.rs:500:17
[INFO] [stdout]     |
[INFO] [stdout] 5   | use rosu_mods::{mods, GameMods, GameModsIntermode, GameMode};
[INFO] [stdout]     |                 ^^^^ private module
[INFO] [stdout]     |
[INFO] [stdout] note: the module `mods` is defined here
[INFO] [stdout]    --> /opt/rustwide/workdir/src/lib.rs:150:1
[INFO] [stdout]     |
[INFO] [stdout] 150 | mod mods;
[INFO] [stdout]     | ^^^^^^^^
[INFO] [stdout] 
[INFO] [stdout] error: aborting due to 1 previous error
[INFO] [stdout] 
[INFO] [stdout] For more information about this error, try `rustc --explain E0603`.
[INFO] [stdout] Couldn't compile the test.
[INFO] [stdout] ---- src/mods.rs - mods::GameMods::contains_any (line 194) stdout ----
[INFO] [stdout] error[E0603]: module `mods` is private
[INFO] [stdout]    --> src/mods.rs:196:16
[INFO] [stdout]     |
[INFO] [stdout] 5   | use rosu_mods::mods;
[INFO] [stdout]     |                ^^^^ private module
[INFO] [stdout]     |
[INFO] [stdout] note: the module `mods` is defined here
[INFO] [stdout]    --> /opt/rustwide/workdir/src/lib.rs:150:1
[INFO] [stdout]     |
[INFO] [stdout] 150 | mod mods;
[INFO] [stdout]     | ^^^^^^^^
[INFO] [stdout] 
[INFO] [stdout] error: aborting due to 1 previous error
[INFO] [stdout] 
[INFO] [stdout] For more information about this error, try `rustc --explain E0603`.
[INFO] [stdout] Couldn't compile the test.
[INFO] [stdout] ---- src/mods.rs - mods::GameMods::remove_all_intermode (line 341) stdout ----
[INFO] [stdout] error[E0603]: module `mods` is private
[INFO] [stdout]    --> src/mods.rs:343:17
[INFO] [stdout]     |
[INFO] [stdout] 5   | use rosu_mods::{mods, GameMod, GameMods};
[INFO] [stdout]     |                 ^^^^ private module
[INFO] [stdout]     |
[INFO] [stdout] note: the module `mods` is defined here
[INFO] [stdout]    --> /opt/rustwide/workdir/src/lib.rs:150:1
[INFO] [stdout]     |
[INFO] [stdout] 150 | mod mods;
[INFO] [stdout]     | ^^^^^^^^
[INFO] [stdout] 
[INFO] [stdout] error: aborting due to 1 previous error
[INFO] [stdout] 
[INFO] [stdout] For more information about this error, try `rustc --explain E0603`.
[INFO] [stdout] Couldn't compile the test.
[INFO] [stdout] ---- src/mods.rs - mods::GameMods::remove_all (line 303) stdout ----
[INFO] [stdout] error[E0603]: module `mods` is private
[INFO] [stdout]    --> src/mods.rs:305:17
[INFO] [stdout]     |
[INFO] [stdout] 5   | use rosu_mods::{mods, GameMod, GameMods};
[INFO] [stdout]     |                 ^^^^ private module
[INFO] [stdout]     |
[INFO] [stdout] note: the module `mods` is defined here
[INFO] [stdout]    --> /opt/rustwide/workdir/src/lib.rs:150:1
[INFO] [stdout]     |
[INFO] [stdout] 150 | mod mods;
[INFO] [stdout]     | ^^^^^^^^
[INFO] [stdout] 
[INFO] [stdout] error: aborting due to 1 previous error
[INFO] [stdout] 
[INFO] [stdout] For more information about this error, try `rustc --explain E0603`.
[INFO] [stdout] Couldn't compile the test.
[INFO] [stdout] ---- src/mods.rs - mods::GameMods::remove_intermode (line 276) stdout ----
[INFO] [stdout] error[E0603]: module `mods` is private
[INFO] [stdout]    --> src/mods.rs:278:17
[INFO] [stdout]     |
[INFO] [stdout] 5   | use rosu_mods::{mods, GameModIntermode, GameMod, GameMods};
[INFO] [stdout]     |                 ^^^^ private module
[INFO] [stdout]     |
[INFO] [stdout] note: the module `mods` is defined here
[INFO] [stdout]    --> /opt/rustwide/workdir/src/lib.rs:150:1
[INFO] [stdout]     |
[INFO] [stdout] 150 | mod mods;
[INFO] [stdout]     | ^^^^^^^^
[INFO] [stdout] 
[INFO] [stdout] error: aborting due to 1 previous error
[INFO] [stdout] 
[INFO] [stdout] For more information about this error, try `rustc --explain E0603`.
[INFO] [stdout] Couldn't compile the test.
[INFO] [stdout] ---- src/mods.rs - mods::GameMods::try_from_intermode (line 479) stdout ----
[INFO] [stdout] error[E0603]: module `mods` is private
[INFO] [stdout]    --> src/mods.rs:481:17
[INFO] [stdout]     |
[INFO] [stdout] 5   | use rosu_mods::{mods, GameMods, GameModsIntermode, GameMode};
[INFO] [stdout]     |                 ^^^^ private module
[INFO] [stdout]     |
[INFO] [stdout] note: the module `mods` is defined here
[INFO] [stdout]    --> /opt/rustwide/workdir/src/lib.rs:150:1
[INFO] [stdout]     |
[INFO] [stdout] 150 | mod mods;
[INFO] [stdout]     | ^^^^^^^^
[INFO] [stdout] 
[INFO] [stdout] error: aborting due to 1 previous error
[INFO] [stdout] 
[INFO] [stdout] For more information about this error, try `rustc --explain E0603`.
[INFO] [stdout] Couldn't compile the test.
[INFO] [stdout] 
[INFO] [stdout] failures:
[INFO] [stdout]     src/intermode.rs - intermode::GameModsIntermode::bits (line 43)
[INFO] [stdout]     src/intermode.rs - intermode::GameModsIntermode::checked_bits (line 63)
[INFO] [stdout]     src/intermode.rs - intermode::GameModsIntermode::contains (line 135)
[INFO] [stdout]     src/intermode.rs - intermode::GameModsIntermode::contains_acronym (line 152)
[INFO] [stdout]     src/intermode.rs - intermode::GameModsIntermode::from_bits (line 211)
[INFO] [stdout]     src/intermode.rs - intermode::GameModsIntermode::intersection (line 428)
[INFO] [stdout]     src/intermode.rs - intermode::GameModsIntermode::intersects (line 473)
[INFO] [stdout]     src/intermode.rs - intermode::GameModsIntermode::legacy_clock_rate (line 490)
[INFO] [stdout]     src/intermode.rs - intermode::GameModsIntermode::len (line 99)
[INFO] [stdout]     src/intermode.rs - intermode::GameModsIntermode::remove (line 168)
[INFO] [stdout]     src/intermode.rs - intermode::GameModsIntermode::remove_all (line 187)
[INFO] [stdout]     src/intermode.rs - intermode::GameModsIntermode::try_with_mode (line 523)
[INFO] [stdout]     src/intermode.rs - intermode::GameModsIntermode::with_mode (line 558)
[INFO] [stdout]     src/mods.rs - mods::GameMods::contains_any (line 194)
[INFO] [stdout]     src/mods.rs - mods::GameMods::from_intermode (line 498)
[INFO] [stdout]     src/mods.rs - mods::GameMods::remove_all (line 303)
[INFO] [stdout]     src/mods.rs - mods::GameMods::remove_all_intermode (line 341)
[INFO] [stdout]     src/mods.rs - mods::GameMods::remove_intermode (line 276)
[INFO] [stdout]     src/mods.rs - mods::GameMods::try_from_intermode (line 479)
[INFO] [stdout] 
[INFO] [stdout] test result: FAILED. 27 passed; 19 failed; 0 ignored; 0 measured; 0 filtered out; finished in 5.57s
[INFO] [stdout] 
[INFO] running `Command { std: "docker" "inspect" "ccaec0526426ced9ae9c6266b837069e66da11eb7f7e4ac88ccf9885263ef465", kill_on_drop: false }`
[INFO] running `Command { std: "docker" "rm" "-f" "ccaec0526426ced9ae9c6266b837069e66da11eb7f7e4ac88ccf9885263ef465", kill_on_drop: false }`
[INFO] [stdout] ccaec0526426ced9ae9c6266b837069e66da11eb7f7e4ac88ccf9885263ef465
