[INFO] cloning repository https://github.com/Maurdekye/space-search
[INFO] running `Command { std: "git" "-c" "credential.helper=" "-c" "credential.helper=/workspace/cargo-home/bin/git-credential-null" "clone" "--bare" "https://github.com/Maurdekye/space-search" "/workspace/cache/git-repos/https%3A%2F%2Fgithub.com%2FMaurdekye%2Fspace-search", kill_on_drop: false }`
[INFO] [stderr] Cloning into bare repository '/workspace/cache/git-repos/https%3A%2F%2Fgithub.com%2FMaurdekye%2Fspace-search'...
[INFO] running `Command { std: "git" "rev-parse" "HEAD", kill_on_drop: false }`
[INFO] [stdout] 351f2689cf9e340dbcc245ec85a1ae3c838b7c83
[INFO] testing Maurdekye/space-search against 1.83.0 for beta-1.84.0-4-retry
[INFO] running `Command { std: "git" "clone" "/workspace/cache/git-repos/https%3A%2F%2Fgithub.com%2FMaurdekye%2Fspace-search" "/workspace/builds/worker-0-tc1/source", kill_on_drop: false }`
[INFO] [stderr] Cloning into '/workspace/builds/worker-0-tc1/source'...
[INFO] [stderr] done.
[INFO] validating manifest of git repo https://github.com/Maurdekye/space-search on toolchain 1.83.0
[INFO] running `Command { std: CARGO_HOME="/workspace/cargo-home" RUSTUP_HOME="/workspace/rustup-home" "/workspace/cargo-home/bin/cargo" "+1.83.0" "metadata" "--manifest-path" "Cargo.toml" "--no-deps", kill_on_drop: false }`
[INFO] started tweaking git repo https://github.com/Maurdekye/space-search
[INFO] finished tweaking git repo https://github.com/Maurdekye/space-search
[INFO] tweaked toml for git repo https://github.com/Maurdekye/space-search written to /workspace/builds/worker-0-tc1/source/Cargo.toml
[INFO] crate git repo https://github.com/Maurdekye/space-search already has a lockfile, it will not be regenerated
[INFO] running `Command { std: CARGO_HOME="/workspace/cargo-home" RUSTUP_HOME="/workspace/rustup-home" "/workspace/cargo-home/bin/cargo" "+1.83.0" "fetch" "--manifest-path" "Cargo.toml", kill_on_drop: false }`
[INFO] [stderr]     Blocking waiting for file lock on package cache
[INFO] running `Command { std: "docker" "create" "-v" "/var/lib/crater-agent-workspace/builds/worker-0-tc1/target:/opt/rustwide/target:rw,Z" "-v" "/var/lib/crater-agent-workspace/builds/worker-0-tc1/source:/opt/rustwide/workdir:ro,Z" "-v" "/var/lib/crater-agent-workspace/cargo-home:/opt/rustwide/cargo-home:ro,Z" "-v" "/var/lib/crater-agent-workspace/rustup-home:/opt/rustwide/rustup-home:ro,Z" "-e" "SOURCE_DIR=/opt/rustwide/workdir" "-e" "CARGO_TARGET_DIR=/opt/rustwide/target" "-e" "CARGO_HOME=/opt/rustwide/cargo-home" "-e" "RUSTUP_HOME=/opt/rustwide/rustup-home" "-w" "/opt/rustwide/workdir" "-m" "1610612736" "--user" "0:0" "--network" "none" "ghcr.io/rust-lang/crates-build-env/linux@sha256:f3a9d4ad9d972b27faf3965f35b62e55ba32bbce8f20bc8fe909558a86702fde" "/opt/rustwide/cargo-home/bin/cargo" "+1.83.0" "metadata" "--no-deps" "--format-version=1", kill_on_drop: false }`
[INFO] [stdout] 6841a5236c39d59e1643a0bec28cd7e87bdace1a802085b4d6f25edc07f20bfb
[INFO] running `Command { std: "docker" "start" "-a" "6841a5236c39d59e1643a0bec28cd7e87bdace1a802085b4d6f25edc07f20bfb", kill_on_drop: false }`
[INFO] running `Command { std: "docker" "inspect" "6841a5236c39d59e1643a0bec28cd7e87bdace1a802085b4d6f25edc07f20bfb", kill_on_drop: false }`
[INFO] running `Command { std: "docker" "rm" "-f" "6841a5236c39d59e1643a0bec28cd7e87bdace1a802085b4d6f25edc07f20bfb", kill_on_drop: false }`
[INFO] [stdout] 6841a5236c39d59e1643a0bec28cd7e87bdace1a802085b4d6f25edc07f20bfb
[INFO] running `Command { std: "docker" "create" "-v" "/var/lib/crater-agent-workspace/builds/worker-0-tc1/target:/opt/rustwide/target:rw,Z" "-v" "/var/lib/crater-agent-workspace/builds/worker-0-tc1/source:/opt/rustwide/workdir:ro,Z" "-v" "/var/lib/crater-agent-workspace/cargo-home:/opt/rustwide/cargo-home:ro,Z" "-v" "/var/lib/crater-agent-workspace/rustup-home:/opt/rustwide/rustup-home:ro,Z" "-e" "SOURCE_DIR=/opt/rustwide/workdir" "-e" "CARGO_TARGET_DIR=/opt/rustwide/target" "-e" "CARGO_INCREMENTAL=0" "-e" "RUST_BACKTRACE=full" "-e" "RUSTFLAGS=--cap-lints=warn" "-e" "RUSTDOCFLAGS=--cap-lints=warn" "-e" "CARGO_HOME=/opt/rustwide/cargo-home" "-e" "RUSTUP_HOME=/opt/rustwide/rustup-home" "-w" "/opt/rustwide/workdir" "-m" "1610612736" "--user" "0:0" "--network" "none" "ghcr.io/rust-lang/crates-build-env/linux@sha256:f3a9d4ad9d972b27faf3965f35b62e55ba32bbce8f20bc8fe909558a86702fde" "/opt/rustwide/cargo-home/bin/cargo" "+1.83.0" "build" "--frozen" "--message-format=json", kill_on_drop: false }`
[INFO] [stdout] f72ccba5c4f866798152151957d957bfaa7487f49ad42f9c7b1be6a70bf71de4
[INFO] running `Command { std: "docker" "start" "-a" "f72ccba5c4f866798152151957d957bfaa7487f49ad42f9c7b1be6a70bf71de4", kill_on_drop: false }`
[INFO] [stderr]    Compiling autocfg v1.3.0
[INFO] [stderr]    Compiling num-traits v0.2.19
[INFO] [stderr]    Compiling num-integer v0.1.46
[INFO] [stderr]    Compiling num-complex v0.4.6
[INFO] [stderr]    Compiling num-bigint v0.4.6
[INFO] [stderr]    Compiling num-iter v0.1.45
[INFO] [stderr]    Compiling num-rational v0.4.2
[INFO] [stderr]    Compiling num v0.4.3
[INFO] [stderr]    Compiling space-search v7.0.0 (/opt/rustwide/workdir)
[INFO] [stderr]     Finished `dev` profile [unoptimized + debuginfo] target(s) in 4.90s
[INFO] running `Command { std: "docker" "inspect" "f72ccba5c4f866798152151957d957bfaa7487f49ad42f9c7b1be6a70bf71de4", kill_on_drop: false }`
[INFO] running `Command { std: "docker" "rm" "-f" "f72ccba5c4f866798152151957d957bfaa7487f49ad42f9c7b1be6a70bf71de4", kill_on_drop: false }`
[INFO] [stdout] f72ccba5c4f866798152151957d957bfaa7487f49ad42f9c7b1be6a70bf71de4
[INFO] running `Command { std: "docker" "create" "-v" "/var/lib/crater-agent-workspace/builds/worker-0-tc1/target:/opt/rustwide/target:rw,Z" "-v" "/var/lib/crater-agent-workspace/builds/worker-0-tc1/source:/opt/rustwide/workdir:ro,Z" "-v" "/var/lib/crater-agent-workspace/cargo-home:/opt/rustwide/cargo-home:ro,Z" "-v" "/var/lib/crater-agent-workspace/rustup-home:/opt/rustwide/rustup-home:ro,Z" "-e" "SOURCE_DIR=/opt/rustwide/workdir" "-e" "CARGO_TARGET_DIR=/opt/rustwide/target" "-e" "CARGO_INCREMENTAL=0" "-e" "RUST_BACKTRACE=full" "-e" "RUSTFLAGS=--cap-lints=warn" "-e" "RUSTDOCFLAGS=--cap-lints=warn" "-e" "CARGO_HOME=/opt/rustwide/cargo-home" "-e" "RUSTUP_HOME=/opt/rustwide/rustup-home" "-w" "/opt/rustwide/workdir" "-m" "1610612736" "--user" "0:0" "--network" "none" "ghcr.io/rust-lang/crates-build-env/linux@sha256:f3a9d4ad9d972b27faf3965f35b62e55ba32bbce8f20bc8fe909558a86702fde" "/opt/rustwide/cargo-home/bin/cargo" "+1.83.0" "test" "--frozen" "--no-run" "--message-format=json", kill_on_drop: false }`
[INFO] [stdout] 2d5a31b1772b58589b670e9978fc5d09ba088b605be0b449b617739d00f77f18
[INFO] running `Command { std: "docker" "start" "-a" "2d5a31b1772b58589b670e9978fc5d09ba088b605be0b449b617739d00f77f18", kill_on_drop: false }`
[INFO] [stderr]    Compiling space-search v7.0.0 (/opt/rustwide/workdir)
[INFO] [stderr]     Finished `test` profile [unoptimized + debuginfo] target(s) in 1.50s
[INFO] running `Command { std: "docker" "inspect" "2d5a31b1772b58589b670e9978fc5d09ba088b605be0b449b617739d00f77f18", kill_on_drop: false }`
[INFO] running `Command { std: "docker" "rm" "-f" "2d5a31b1772b58589b670e9978fc5d09ba088b605be0b449b617739d00f77f18", kill_on_drop: false }`
[INFO] [stdout] 2d5a31b1772b58589b670e9978fc5d09ba088b605be0b449b617739d00f77f18
[INFO] running `Command { std: "docker" "create" "-v" "/var/lib/crater-agent-workspace/builds/worker-0-tc1/target:/opt/rustwide/target:rw,Z" "-v" "/var/lib/crater-agent-workspace/builds/worker-0-tc1/source:/opt/rustwide/workdir:ro,Z" "-v" "/var/lib/crater-agent-workspace/cargo-home:/opt/rustwide/cargo-home:ro,Z" "-v" "/var/lib/crater-agent-workspace/rustup-home:/opt/rustwide/rustup-home:ro,Z" "-e" "SOURCE_DIR=/opt/rustwide/workdir" "-e" "CARGO_TARGET_DIR=/opt/rustwide/target" "-e" "CARGO_INCREMENTAL=0" "-e" "RUST_BACKTRACE=full" "-e" "RUSTFLAGS=--cap-lints=warn" "-e" "RUSTDOCFLAGS=--cap-lints=warn" "-e" "CARGO_HOME=/opt/rustwide/cargo-home" "-e" "RUSTUP_HOME=/opt/rustwide/rustup-home" "-w" "/opt/rustwide/workdir" "-m" "1610612736" "--user" "0:0" "--network" "none" "ghcr.io/rust-lang/crates-build-env/linux@sha256:f3a9d4ad9d972b27faf3965f35b62e55ba32bbce8f20bc8fe909558a86702fde" "/opt/rustwide/cargo-home/bin/cargo" "+1.83.0" "test" "--frozen", kill_on_drop: false }`
[INFO] [stdout] 3ed7f1d91f708cc23b88dfaeaa53e9c724e74d164283d28d2ef4ab1e1d6694fd
[INFO] running `Command { std: "docker" "start" "-a" "3ed7f1d91f708cc23b88dfaeaa53e9c724e74d164283d28d2ef4ab1e1d6694fd", kill_on_drop: false }`
[INFO] [stderr]     Finished `test` profile [unoptimized + debuginfo] target(s) in 0.03s
[INFO] [stderr]      Running unittests src/lib.rs (/opt/rustwide/target/debug/deps/space_search-1686066ff6194d0a)
[INFO] [stdout] 
[INFO] [stdout] running 12 tests
[INFO] [stdout] test search::a_star::no_route::hashable::test ... ok
[INFO] [stdout] test search::guided::no_route::hashable::test ... ok
[INFO] [stdout] test search::a_star::route::hashable::test ... ok
[INFO] [stdout] test search::a_star::route::unhashable::test ... ok
[INFO] [stdout] test search::guided::route::unhashable::test ... ok
[INFO] [stdout] test search::unguided::no_route::hashable::test ... ok
[INFO] [stdout] test search::a_star::no_route::unhashable::test ... ok
[INFO] [stdout] test search::unguided::route::hashable::test ... ok
[INFO] [stdout] test search::guided::no_route::unhashable::test ... ok
[INFO] [stdout] test search::guided::route::hashable::test ... ok
[INFO] [stdout] test search::unguided::no_route::unhashable::test ... ok
[INFO] [stdout] test search::unguided::route::unhashable::test ... ok
[INFO] [stdout] 
[INFO] [stdout] test result: ok. 12 passed; 0 failed; 0 ignored; 0 measured; 0 filtered out; finished in 0.55s
[INFO] [stdout] 
[INFO] [stderr]    Doc-tests space_search
[INFO] [stdout] 
[INFO] [stdout] running 1 test
[INFO] [stdout] test src/lib.rs - (line 15) ... FAILED
[INFO] [stdout] 
[INFO] [stdout] failures:
[INFO] [stdout] 
[INFO] [stdout] ---- src/lib.rs - (line 15) stdout ----
[INFO] [stdout] error[E0107]: struct takes 1 generic argument but 2 generic arguments were supplied
[INFO] [stdout]    --> src/lib.rs:42:19
[INFO] [stdout]     |
[INFO] [stdout] 30  | let mut searcher: Searcher<search::unguided::no_route::hashable::Manager<_>, _> = Searcher::new(Pos(0, 0));
[INFO] [stdout]     |                   ^^^^^^^^ expected 1 generic argument                     --- help: remove the unnecessary generic argument
[INFO] [stdout]     |
[INFO] [stdout] note: struct defined here, with 1 generic parameter: `M`
[INFO] [stdout]    --> /opt/rustwide/workdir/src/lib.rs:273:12
[INFO] [stdout]     |
[INFO] [stdout] 273 | pub struct Searcher<M> {
[INFO] [stdout]     |            ^^^^^^^^ -
[INFO] [stdout] 
[INFO] [stdout] error: aborting due to 1 previous error
[INFO] [stdout] 
[INFO] [stdout] For more information about this error, try `rustc --explain E0107`.
[INFO] [stdout] Couldn't compile the test.
[INFO] [stdout] 
[INFO] [stdout] failures:
[INFO] [stdout]     src/lib.rs - (line 15)
[INFO] [stdout] 
[INFO] [stdout] test result: FAILED. 0 passed; 1 failed; 0 ignored; 0 measured; 0 filtered out; finished in 0.10s
[INFO] [stdout] 
[INFO] [stderr] error: doctest failed, to rerun pass `--doc`
[INFO] running `Command { std: "docker" "inspect" "3ed7f1d91f708cc23b88dfaeaa53e9c724e74d164283d28d2ef4ab1e1d6694fd", kill_on_drop: false }`
[INFO] running `Command { std: "docker" "rm" "-f" "3ed7f1d91f708cc23b88dfaeaa53e9c724e74d164283d28d2ef4ab1e1d6694fd", kill_on_drop: false }`
[INFO] [stdout] 3ed7f1d91f708cc23b88dfaeaa53e9c724e74d164283d28d2ef4ab1e1d6694fd
