[INFO] cloning repository https://github.com/Manonox/intellectual_prikols_sezon1_seriya2
[INFO] running `Command { std: "git" "-c" "credential.helper=" "-c" "credential.helper=/workspace/cargo-home/bin/git-credential-null" "clone" "--bare" "https://github.com/Manonox/intellectual_prikols_sezon1_seriya2" "/workspace/cache/git-repos/https%3A%2F%2Fgithub.com%2FManonox%2Fintellectual_prikols_sezon1_seriya2", kill_on_drop: false }`
[INFO] [stderr] Cloning into bare repository '/workspace/cache/git-repos/https%3A%2F%2Fgithub.com%2FManonox%2Fintellectual_prikols_sezon1_seriya2'...
[INFO] running `Command { std: "git" "rev-parse" "HEAD", kill_on_drop: false }`
[INFO] [stdout] 401f00674917335d32b36bf692c79a20b3f4d6b7
[INFO] testing Manonox/intellectual_prikols_sezon1_seriya2 against 1.83.0 for beta-1.84.0-4-retry
[INFO] running `Command { std: "git" "clone" "/workspace/cache/git-repos/https%3A%2F%2Fgithub.com%2FManonox%2Fintellectual_prikols_sezon1_seriya2" "/workspace/builds/worker-0-tc1/source", kill_on_drop: false }`
[INFO] [stderr] Cloning into '/workspace/builds/worker-0-tc1/source'...
[INFO] [stderr] done.
[INFO] validating manifest of git repo https://github.com/Manonox/intellectual_prikols_sezon1_seriya2 on toolchain 1.83.0
[INFO] running `Command { std: CARGO_HOME="/workspace/cargo-home" RUSTUP_HOME="/workspace/rustup-home" "/workspace/cargo-home/bin/cargo" "+1.83.0" "metadata" "--manifest-path" "Cargo.toml" "--no-deps", kill_on_drop: false }`
[INFO] started tweaking git repo https://github.com/Manonox/intellectual_prikols_sezon1_seriya2
[INFO] finished tweaking git repo https://github.com/Manonox/intellectual_prikols_sezon1_seriya2
[INFO] tweaked toml for git repo https://github.com/Manonox/intellectual_prikols_sezon1_seriya2 written to /workspace/builds/worker-0-tc1/source/Cargo.toml
[INFO] crate git repo https://github.com/Manonox/intellectual_prikols_sezon1_seriya2 already has a lockfile, it will not be regenerated
[INFO] running `Command { std: CARGO_HOME="/workspace/cargo-home" RUSTUP_HOME="/workspace/rustup-home" "/workspace/cargo-home/bin/cargo" "+1.83.0" "fetch" "--manifest-path" "Cargo.toml", kill_on_drop: false }`
[INFO] [stderr]  Downloading crates ...
[INFO] [stderr]   Downloaded raylib v3.7.0
[INFO] [stderr]   Downloaded raylib-sys v3.7.0
[INFO] running `Command { std: "docker" "create" "-v" "/var/lib/crater-agent-workspace/builds/worker-0-tc1/target:/opt/rustwide/target:rw,Z" "-v" "/var/lib/crater-agent-workspace/builds/worker-0-tc1/source:/opt/rustwide/workdir:ro,Z" "-v" "/var/lib/crater-agent-workspace/cargo-home:/opt/rustwide/cargo-home:ro,Z" "-v" "/var/lib/crater-agent-workspace/rustup-home:/opt/rustwide/rustup-home:ro,Z" "-e" "SOURCE_DIR=/opt/rustwide/workdir" "-e" "CARGO_TARGET_DIR=/opt/rustwide/target" "-e" "CARGO_HOME=/opt/rustwide/cargo-home" "-e" "RUSTUP_HOME=/opt/rustwide/rustup-home" "-w" "/opt/rustwide/workdir" "-m" "1610612736" "--user" "0:0" "--network" "none" "ghcr.io/rust-lang/crates-build-env/linux@sha256:f3a9d4ad9d972b27faf3965f35b62e55ba32bbce8f20bc8fe909558a86702fde" "/opt/rustwide/cargo-home/bin/cargo" "+1.83.0" "metadata" "--no-deps" "--format-version=1", kill_on_drop: false }`
[INFO] [stdout] ec7ea4ff94916c6a9ebea02bb0be3260093d98b310c8b0eef505ad100ef66180
[INFO] running `Command { std: "docker" "start" "-a" "ec7ea4ff94916c6a9ebea02bb0be3260093d98b310c8b0eef505ad100ef66180", kill_on_drop: false }`
[INFO] running `Command { std: "docker" "inspect" "ec7ea4ff94916c6a9ebea02bb0be3260093d98b310c8b0eef505ad100ef66180", kill_on_drop: false }`
[INFO] running `Command { std: "docker" "rm" "-f" "ec7ea4ff94916c6a9ebea02bb0be3260093d98b310c8b0eef505ad100ef66180", kill_on_drop: false }`
[INFO] [stdout] ec7ea4ff94916c6a9ebea02bb0be3260093d98b310c8b0eef505ad100ef66180
[INFO] running `Command { std: "docker" "create" "-v" "/var/lib/crater-agent-workspace/builds/worker-0-tc1/target:/opt/rustwide/target:rw,Z" "-v" "/var/lib/crater-agent-workspace/builds/worker-0-tc1/source:/opt/rustwide/workdir:ro,Z" "-v" "/var/lib/crater-agent-workspace/cargo-home:/opt/rustwide/cargo-home:ro,Z" "-v" "/var/lib/crater-agent-workspace/rustup-home:/opt/rustwide/rustup-home:ro,Z" "-e" "SOURCE_DIR=/opt/rustwide/workdir" "-e" "CARGO_TARGET_DIR=/opt/rustwide/target" "-e" "CARGO_INCREMENTAL=0" "-e" "RUST_BACKTRACE=full" "-e" "RUSTFLAGS=--cap-lints=warn" "-e" "RUSTDOCFLAGS=--cap-lints=warn" "-e" "CARGO_HOME=/opt/rustwide/cargo-home" "-e" "RUSTUP_HOME=/opt/rustwide/rustup-home" "-w" "/opt/rustwide/workdir" "-m" "1610612736" "--user" "0:0" "--network" "none" "ghcr.io/rust-lang/crates-build-env/linux@sha256:f3a9d4ad9d972b27faf3965f35b62e55ba32bbce8f20bc8fe909558a86702fde" "/opt/rustwide/cargo-home/bin/cargo" "+1.83.0" "build" "--frozen" "--message-format=json", kill_on_drop: false }`
[INFO] [stdout] d19df58ccccc92cef245e16f951e264b040376025bc26a3aa21a12aac1c195bb
[INFO] running `Command { std: "docker" "start" "-a" "d19df58ccccc92cef245e16f951e264b040376025bc26a3aa21a12aac1c195bb", kill_on_drop: false }`
[INFO] [stderr]    Compiling libc v0.2.147
[INFO] [stderr]    Compiling fs_extra v1.3.0
[INFO] [stderr]    Compiling lazy_static v1.4.0
[INFO] [stderr]    Compiling cfg-if v1.0.0
[INFO] [stderr]    Compiling cc v1.0.83
[INFO] [stderr]    Compiling cmake v0.1.50
[INFO] [stderr]    Compiling raylib-sys v3.7.0
[INFO] [stderr]    Compiling raylib v3.7.0
[INFO] [stderr]    Compiling pyatnahi v0.1.0 (/opt/rustwide/workdir)
[INFO] [stdout] warning: function `init_solver` is never used
[INFO] [stdout]   --> src/main.rs:94:4
[INFO] [stdout]    |
[INFO] [stdout] 94 | fn init_solver(game: &mut Game) {
[INFO] [stdout]    |    ^^^^^^^^^^^
[INFO] [stdout]    |
[INFO] [stdout]    = note: `#[warn(dead_code)]` on by default
[INFO] [stdout] 
[INFO] [stdout] 
[INFO] [stdout] warning: field `states` is never read
[INFO] [stdout]    --> src/astar.rs:134:9
[INFO] [stdout]     |
[INFO] [stdout] 132 | pub struct AStarSolution {
[INFO] [stdout]     |            ------------- field in this struct
[INFO] [stdout] 133 |     pub moves: Vec<Move>,
[INFO] [stdout] 134 |     pub states: Vec<Field>,
[INFO] [stdout]     |         ^^^^^^
[INFO] [stdout] 
[INFO] [stdout] 
[INFO] [stdout] warning: field `closed` is never read
[INFO] [stdout]    --> src/astar.rs:234:5
[INFO] [stdout]     |
[INFO] [stdout] 232 | pub struct IDAStar {
[INFO] [stdout]     |            ------- field in this struct
[INFO] [stdout] 233 |     nodes: Vec<AStarNode>,
[INFO] [stdout] 234 |     closed: HashSet<u64>,
[INFO] [stdout]     |     ^^^^^^
[INFO] [stdout] 
[INFO] [stdout] 
[INFO] [stderr]     Finished `dev` profile [unoptimized + debuginfo] target(s) in 30.86s
[INFO] running `Command { std: "docker" "inspect" "d19df58ccccc92cef245e16f951e264b040376025bc26a3aa21a12aac1c195bb", kill_on_drop: false }`
[INFO] running `Command { std: "docker" "rm" "-f" "d19df58ccccc92cef245e16f951e264b040376025bc26a3aa21a12aac1c195bb", kill_on_drop: false }`
[INFO] [stdout] d19df58ccccc92cef245e16f951e264b040376025bc26a3aa21a12aac1c195bb
[INFO] running `Command { std: "docker" "create" "-v" "/var/lib/crater-agent-workspace/builds/worker-0-tc1/target:/opt/rustwide/target:rw,Z" "-v" "/var/lib/crater-agent-workspace/builds/worker-0-tc1/source:/opt/rustwide/workdir:ro,Z" "-v" "/var/lib/crater-agent-workspace/cargo-home:/opt/rustwide/cargo-home:ro,Z" "-v" "/var/lib/crater-agent-workspace/rustup-home:/opt/rustwide/rustup-home:ro,Z" "-e" "SOURCE_DIR=/opt/rustwide/workdir" "-e" "CARGO_TARGET_DIR=/opt/rustwide/target" "-e" "CARGO_INCREMENTAL=0" "-e" "RUST_BACKTRACE=full" "-e" "RUSTFLAGS=--cap-lints=warn" "-e" "RUSTDOCFLAGS=--cap-lints=warn" "-e" "CARGO_HOME=/opt/rustwide/cargo-home" "-e" "RUSTUP_HOME=/opt/rustwide/rustup-home" "-w" "/opt/rustwide/workdir" "-m" "1610612736" "--user" "0:0" "--network" "none" "ghcr.io/rust-lang/crates-build-env/linux@sha256:f3a9d4ad9d972b27faf3965f35b62e55ba32bbce8f20bc8fe909558a86702fde" "/opt/rustwide/cargo-home/bin/cargo" "+1.83.0" "test" "--frozen" "--no-run" "--message-format=json", kill_on_drop: false }`
[INFO] [stdout] 854e15c8af55de8882900e17d4d52cb32c36aff05e41d8e7794467a8d195ff30
[INFO] running `Command { std: "docker" "start" "-a" "854e15c8af55de8882900e17d4d52cb32c36aff05e41d8e7794467a8d195ff30", kill_on_drop: false }`
[INFO] [stderr]    Compiling pyatnahi v0.1.0 (/opt/rustwide/workdir)
[INFO] [stdout] warning: function `init_solver` is never used
[INFO] [stdout]   --> src/main.rs:94:4
[INFO] [stdout]    |
[INFO] [stdout] 94 | fn init_solver(game: &mut Game) {
[INFO] [stdout]    |    ^^^^^^^^^^^
[INFO] [stdout]    |
[INFO] [stdout]    = note: `#[warn(dead_code)]` on by default
[INFO] [stdout] 
[INFO] [stdout] 
[INFO] [stdout] warning: field `states` is never read
[INFO] [stdout]    --> src/astar.rs:134:9
[INFO] [stdout]     |
[INFO] [stdout] 132 | pub struct AStarSolution {
[INFO] [stdout]     |            ------------- field in this struct
[INFO] [stdout] 133 |     pub moves: Vec<Move>,
[INFO] [stdout] 134 |     pub states: Vec<Field>,
[INFO] [stdout]     |         ^^^^^^
[INFO] [stdout] 
[INFO] [stdout] 
[INFO] [stdout] warning: field `closed` is never read
[INFO] [stdout]    --> src/astar.rs:234:5
[INFO] [stdout]     |
[INFO] [stdout] 232 | pub struct IDAStar {
[INFO] [stdout]     |            ------- field in this struct
[INFO] [stdout] 233 |     nodes: Vec<AStarNode>,
[INFO] [stdout] 234 |     closed: HashSet<u64>,
[INFO] [stdout]     |     ^^^^^^
[INFO] [stdout] 
[INFO] [stdout] 
[INFO] [stdout] warning: literal out of range for `i32`
[INFO] [stdout]   --> src/tests.rs:20:33
[INFO] [stdout]    |
[INFO] [stdout] 20 |     assert_calculate_heuristic!(0x5134207896ACDEBF, 12);
[INFO] [stdout]    |                                 ^^^^^^^^^^^^^^^^^^
[INFO] [stdout]    |
[INFO] [stdout]    = note: the literal `0x5134207896ACDEBF` (decimal `5851337518157192895`) does not fit into the type `i32` and will become `-1767055681i32`
[INFO] [stdout]    = help: consider using the type `i64` instead
[INFO] [stdout]    = note: `#[warn(overflowing_literals)]` on by default
[INFO] [stdout] help: to use as a negative number (decimal `-1767055681`), consider using the type `u32` for the literal and cast it to `i32`
[INFO] [stdout]    |
[INFO] [stdout] 20 |     assert_calculate_heuristic!(0x5134207896ACDEBFu32 as i32, 12);
[INFO] [stdout]    |                                 ~~~~~~~~~~~~~~~~~~~~~~~~~~~~
[INFO] [stdout] 
[INFO] [stdout] 
[INFO] [stdout] warning: literal out of range for `i32`
[INFO] [stdout]   --> src/tests.rs:38:40
[INFO] [stdout]    |
[INFO] [stdout] 38 |     assert_calculate_heuristic_change!(0x5134207896ACDEBF, field::Move::Up, 2);
[INFO] [stdout]    |                                        ^^^^^^^^^^^^^^^^^^
[INFO] [stdout]    |
[INFO] [stdout]    = note: the literal `0x5134207896ACDEBF` (decimal `5851337518157192895`) does not fit into the type `i32` and will become `-1767055681i32`
[INFO] [stdout]    = help: consider using the type `i64` instead
[INFO] [stdout] help: to use as a negative number (decimal `-1767055681`), consider using the type `u32` for the literal and cast it to `i32`
[INFO] [stdout]    |
[INFO] [stdout] 38 |     assert_calculate_heuristic_change!(0x5134207896ACDEBFu32 as i32, field::Move::Up, 2);
[INFO] [stdout]    |                                        ~~~~~~~~~~~~~~~~~~~~~~~~~~~~
[INFO] [stdout] 
[INFO] [stdout] 
[INFO] [stdout] warning: literal out of range for `i32`
[INFO] [stdout]   --> src/tests.rs:39:40
[INFO] [stdout]    |
[INFO] [stdout] 39 |     assert_calculate_heuristic_change!(0x5134207896ACDEBF, field::Move::Down, -2);
[INFO] [stdout]    |                                        ^^^^^^^^^^^^^^^^^^
[INFO] [stdout]    |
[INFO] [stdout]    = note: the literal `0x5134207896ACDEBF` (decimal `5851337518157192895`) does not fit into the type `i32` and will become `-1767055681i32`
[INFO] [stdout]    = help: consider using the type `i64` instead
[INFO] [stdout] help: to use as a negative number (decimal `-1767055681`), consider using the type `u32` for the literal and cast it to `i32`
[INFO] [stdout]    |
[INFO] [stdout] 39 |     assert_calculate_heuristic_change!(0x5134207896ACDEBFu32 as i32, field::Move::Down, -2);
[INFO] [stdout]    |                                        ~~~~~~~~~~~~~~~~~~~~~~~~~~~~
[INFO] [stdout] 
[INFO] [stdout] 
[INFO] [stdout] warning: literal out of range for `i32`
[INFO] [stdout]   --> src/tests.rs:40:40
[INFO] [stdout]    |
[INFO] [stdout] 40 |     assert_calculate_heuristic_change!(0x5134207896ACDEBF, field::Move::Left, 0);
[INFO] [stdout]    |                                        ^^^^^^^^^^^^^^^^^^
[INFO] [stdout]    |
[INFO] [stdout]    = note: the literal `0x5134207896ACDEBF` (decimal `5851337518157192895`) does not fit into the type `i32` and will become `-1767055681i32`
[INFO] [stdout]    = help: consider using the type `i64` instead
[INFO] [stdout] help: to use as a negative number (decimal `-1767055681`), consider using the type `u32` for the literal and cast it to `i32`
[INFO] [stdout]    |
[INFO] [stdout] 40 |     assert_calculate_heuristic_change!(0x5134207896ACDEBFu32 as i32, field::Move::Left, 0);
[INFO] [stdout]    |                                        ~~~~~~~~~~~~~~~~~~~~~~~~~~~~
[INFO] [stdout] 
[INFO] [stdout] 
[INFO] [stdout] warning: literal out of range for `i32`
[INFO] [stdout]   --> src/tests.rs:41:40
[INFO] [stdout]    |
[INFO] [stdout] 41 |     assert_calculate_heuristic_change!(0x5134207896ACDEBF, field::Move::Right, 0);
[INFO] [stdout]    |                                        ^^^^^^^^^^^^^^^^^^
[INFO] [stdout]    |
[INFO] [stdout]    = note: the literal `0x5134207896ACDEBF` (decimal `5851337518157192895`) does not fit into the type `i32` and will become `-1767055681i32`
[INFO] [stdout]    = help: consider using the type `i64` instead
[INFO] [stdout] help: to use as a negative number (decimal `-1767055681`), consider using the type `u32` for the literal and cast it to `i32`
[INFO] [stdout]    |
[INFO] [stdout] 41 |     assert_calculate_heuristic_change!(0x5134207896ACDEBFu32 as i32, field::Move::Right, 0);
[INFO] [stdout]    |                                        ~~~~~~~~~~~~~~~~~~~~~~~~~~~~
[INFO] [stdout] 
[INFO] [stdout] 
[INFO] [stdout] warning: literal out of range for `i32`
[INFO] [stdout]   --> src/tests.rs:43:40
[INFO] [stdout]    |
[INFO] [stdout] 43 |     assert_calculate_heuristic_change!(0x1723068459ACDEBF, field::Move::Up, 2);
[INFO] [stdout]    |                                        ^^^^^^^^^^^^^^^^^^
[INFO] [stdout]    |
[INFO] [stdout]    = note: the literal `0x1723068459ACDEBF` (decimal `1667183452567166655`) does not fit into the type `i32` and will become `1504501439i32`
[INFO] [stdout]    = help: consider using the type `i64` instead
[INFO] [stdout] 
[INFO] [stdout] 
[INFO] [stdout] warning: literal out of range for `i32`
[INFO] [stdout]   --> src/tests.rs:44:40
[INFO] [stdout]    |
[INFO] [stdout] 44 |     assert_calculate_heuristic_change!(0x1723068459ACDEBF, field::Move::Down, -2);
[INFO] [stdout]    |                                        ^^^^^^^^^^^^^^^^^^
[INFO] [stdout]    |
[INFO] [stdout]    = note: the literal `0x1723068459ACDEBF` (decimal `1667183452567166655`) does not fit into the type `i32` and will become `1504501439i32`
[INFO] [stdout]    = help: consider using the type `i64` instead
[INFO] [stdout] 
[INFO] [stdout] 
[INFO] [stdout] warning: literal out of range for `i32`
[INFO] [stdout]   --> src/tests.rs:45:40
[INFO] [stdout]    |
[INFO] [stdout] 45 |     assert_calculate_heuristic_change!(0x1723068459ACDEBF, field::Move::Right, 0);
[INFO] [stdout]    |                                        ^^^^^^^^^^^^^^^^^^
[INFO] [stdout]    |
[INFO] [stdout]    = note: the literal `0x1723068459ACDEBF` (decimal `1667183452567166655`) does not fit into the type `i32` and will become `1504501439i32`
[INFO] [stdout]    = help: consider using the type `i64` instead
[INFO] [stdout] 
[INFO] [stdout] 
[INFO] [stdout] warning: literal out of range for `i32`
[INFO] [stdout]   --> src/tests.rs:47:40
[INFO] [stdout]    |
[INFO] [stdout] 47 |     assert_calculate_heuristic_change!(0x123456789ABCDEF0, field::Move::Up, 2);
[INFO] [stdout]    |                                        ^^^^^^^^^^^^^^^^^^
[INFO] [stdout]    |
[INFO] [stdout]    = note: the literal `0x123456789ABCDEF0` (decimal `1311768467463790320`) does not fit into the type `i32` and will become `-1698898192i32`
[INFO] [stdout]    = help: consider using the type `i64` instead
[INFO] [stdout] help: to use as a negative number (decimal `-1698898192`), consider using the type `u32` for the literal and cast it to `i32`
[INFO] [stdout]    |
[INFO] [stdout] 47 |     assert_calculate_heuristic_change!(0x123456789ABCDEF0u32 as i32, field::Move::Up, 2);
[INFO] [stdout]    |                                        ~~~~~~~~~~~~~~~~~~~~~~~~~~~~
[INFO] [stdout] 
[INFO] [stdout] 
[INFO] [stdout] warning: literal out of range for `i32`
[INFO] [stdout]   --> src/tests.rs:48:40
[INFO] [stdout]    |
[INFO] [stdout] 48 |     assert_calculate_heuristic_change!(0x123456789ABCDEF0, field::Move::Left, 2);
[INFO] [stdout]    |                                        ^^^^^^^^^^^^^^^^^^
[INFO] [stdout]    |
[INFO] [stdout]    = note: the literal `0x123456789ABCDEF0` (decimal `1311768467463790320`) does not fit into the type `i32` and will become `-1698898192i32`
[INFO] [stdout]    = help: consider using the type `i64` instead
[INFO] [stdout] help: to use as a negative number (decimal `-1698898192`), consider using the type `u32` for the literal and cast it to `i32`
[INFO] [stdout]    |
[INFO] [stdout] 48 |     assert_calculate_heuristic_change!(0x123456789ABCDEF0u32 as i32, field::Move::Left, 2);
[INFO] [stdout]    |                                        ~~~~~~~~~~~~~~~~~~~~~~~~~~~~
[INFO] [stdout] 
[INFO] [stdout] 
[INFO] [stdout] warning: literal out of range for `i32`
[INFO] [stdout]   --> src/tests.rs:50:40
[INFO] [stdout]    |
[INFO] [stdout] 50 |     assert_calculate_heuristic_change!(0x12345678EABC0D9F, field::Move::Up, 0);
[INFO] [stdout]    |                                        ^^^^^^^^^^^^^^^^^^
[INFO] [stdout]    |
[INFO] [stdout]    = note: the literal `0x12345678EABC0D9F` (decimal `1311768468805914015`) does not fit into the type `i32` and will become `-356774497i32`
[INFO] [stdout]    = help: consider using the type `i64` instead
[INFO] [stdout] help: to use as a negative number (decimal `-356774497`), consider using the type `u32` for the literal and cast it to `i32`
[INFO] [stdout]    |
[INFO] [stdout] 50 |     assert_calculate_heuristic_change!(0x12345678EABC0D9Fu32 as i32, field::Move::Up, 0);
[INFO] [stdout]    |                                        ~~~~~~~~~~~~~~~~~~~~~~~~~~~~
[INFO] [stdout] 
[INFO] [stdout] 
[INFO] [stdout] warning: literal out of range for `i32`
[INFO] [stdout]   --> src/tests.rs:51:40
[INFO] [stdout]    |
[INFO] [stdout] 51 |     assert_calculate_heuristic_change!(0x12345678EABC0D9F, field::Move::Right, -2);
[INFO] [stdout]    |                                        ^^^^^^^^^^^^^^^^^^
[INFO] [stdout]    |
[INFO] [stdout]    = note: the literal `0x12345678EABC0D9F` (decimal `1311768468805914015`) does not fit into the type `i32` and will become `-356774497i32`
[INFO] [stdout]    = help: consider using the type `i64` instead
[INFO] [stdout] help: to use as a negative number (decimal `-356774497`), consider using the type `u32` for the literal and cast it to `i32`
[INFO] [stdout]    |
[INFO] [stdout] 51 |     assert_calculate_heuristic_change!(0x12345678EABC0D9Fu32 as i32, field::Move::Right, -2);
[INFO] [stdout]    |                                        ~~~~~~~~~~~~~~~~~~~~~~~~~~~~
[INFO] [stdout] 
[INFO] [stdout] 
[INFO] [stdout] warning: literal out of range for `i32`
[INFO] [stdout]   --> src/tests.rs:70:18
[INFO] [stdout]    |
[INFO] [stdout] 70 |     is_solvable!(0x123456789AFB0EDC, false);
[INFO] [stdout]    |                  ^^^^^^^^^^^^^^^^^^
[INFO] [stdout]    |
[INFO] [stdout]    = note: the literal `0x123456789AFB0EDC` (decimal `1311768467467865820`) does not fit into the type `i32` and will become `-1694822692i32`
[INFO] [stdout]    = help: consider using the type `i64` instead
[INFO] [stdout] help: to use as a negative number (decimal `-1694822692`), consider using the type `u32` for the literal and cast it to `i32`
[INFO] [stdout]    |
[INFO] [stdout] 70 |     is_solvable!(0x123456789AFB0EDCu32 as i32, false);
[INFO] [stdout]    |                  ~~~~~~~~~~~~~~~~~~~~~~~~~~~~
[INFO] [stdout] 
[INFO] [stdout] 
[INFO] [stdout] warning: literal out of range for `i32`
[INFO] [stdout]   --> src/tests.rs:71:18
[INFO] [stdout]    |
[INFO] [stdout] 71 |     is_solvable!(0x123456789AFB0EDC, false);
[INFO] [stdout]    |                  ^^^^^^^^^^^^^^^^^^
[INFO] [stdout]    |
[INFO] [stdout]    = note: the literal `0x123456789AFB0EDC` (decimal `1311768467467865820`) does not fit into the type `i32` and will become `-1694822692i32`
[INFO] [stdout]    = help: consider using the type `i64` instead
[INFO] [stdout] help: to use as a negative number (decimal `-1694822692`), consider using the type `u32` for the literal and cast it to `i32`
[INFO] [stdout]    |
[INFO] [stdout] 71 |     is_solvable!(0x123456789AFB0EDCu32 as i32, false);
[INFO] [stdout]    |                  ~~~~~~~~~~~~~~~~~~~~~~~~~~~~
[INFO] [stdout] 
[INFO] [stdout] 
[INFO] [stdout] warning: literal out of range for `i32`
[INFO] [stdout]   --> src/tests.rs:72:18
[INFO] [stdout]    |
[INFO] [stdout] 72 |     is_solvable!(0xF2345678A0BE91CD, false);
[INFO] [stdout]    |                  ^^^^^^^^^^^^^^^^^^
[INFO] [stdout]    |
[INFO] [stdout]    = note: the literal `0xF2345678A0BE91CD` (decimal `17452669532060422605`) does not fit into the type `i32` and will become `-1598123571i32`
[INFO] [stdout]    = help: consider using the type `i128` instead
[INFO] [stdout] help: to use as a negative number (decimal `-1598123571`), consider using the type `u32` for the literal and cast it to `i32`
[INFO] [stdout]    |
[INFO] [stdout] 72 |     is_solvable!(0xF2345678A0BE91CDu32 as i32, false);
[INFO] [stdout]    |                  ~~~~~~~~~~~~~~~~~~~~~~~~~~~~
[INFO] [stdout] 
[INFO] [stdout] 
[INFO] [stdout] warning: literal out of range for `i32`
[INFO] [stdout]   --> src/tests.rs:73:18
[INFO] [stdout]    |
[INFO] [stdout] 73 |     is_solvable!(0x123456789ABCDEF0,  true);
[INFO] [stdout]    |                  ^^^^^^^^^^^^^^^^^^
[INFO] [stdout]    |
[INFO] [stdout]    = note: the literal `0x123456789ABCDEF0` (decimal `1311768467463790320`) does not fit into the type `i32` and will become `-1698898192i32`
[INFO] [stdout]    = help: consider using the type `i64` instead
[INFO] [stdout] help: to use as a negative number (decimal `-1698898192`), consider using the type `u32` for the literal and cast it to `i32`
[INFO] [stdout]    |
[INFO] [stdout] 73 |     is_solvable!(0x123456789ABCDEF0u32 as i32,  true);
[INFO] [stdout]    |                  ~~~~~~~~~~~~~~~~~~~~~~~~~~~~
[INFO] [stdout] 
[INFO] [stdout] 
[INFO] [stdout] warning: literal out of range for `i32`
[INFO] [stdout]   --> src/tests.rs:74:18
[INFO] [stdout]    |
[INFO] [stdout] 74 |     is_solvable!(0x1234067859ACDEBF,  true);
[INFO] [stdout]    |                  ^^^^^^^^^^^^^^^^^^
[INFO] [stdout]    |
[INFO] [stdout]    = note: the literal `0x1234067859ACDEBF` (decimal `1311680505442000575`) does not fit into the type `i32` and will become `1504501439i32`
[INFO] [stdout]    = help: consider using the type `i64` instead
[INFO] [stdout] 
[INFO] [stdout] 
[INFO] [stdout] warning: literal out of range for `i32`
[INFO] [stdout]   --> src/tests.rs:75:18
[INFO] [stdout]    |
[INFO] [stdout] 75 |     is_solvable!(0x5134207896ACDEBF,  true);
[INFO] [stdout]    |                  ^^^^^^^^^^^^^^^^^^
[INFO] [stdout]    |
[INFO] [stdout]    = note: the literal `0x5134207896ACDEBF` (decimal `5851337518157192895`) does not fit into the type `i32` and will become `-1767055681i32`
[INFO] [stdout]    = help: consider using the type `i64` instead
[INFO] [stdout] help: to use as a negative number (decimal `-1767055681`), consider using the type `u32` for the literal and cast it to `i32`
[INFO] [stdout]    |
[INFO] [stdout] 75 |     is_solvable!(0x5134207896ACDEBFu32 as i32,  true);
[INFO] [stdout]    |                  ~~~~~~~~~~~~~~~~~~~~~~~~~~~~
[INFO] [stdout] 
[INFO] [stdout] 
[INFO] [stdout] warning: literal out of range for `i32`
[INFO] [stdout]   --> src/tests.rs:76:18
[INFO] [stdout]    |
[INFO] [stdout] 76 |     is_solvable!(0x16245A3709C8DEBF,  true);
[INFO] [stdout]    |                  ^^^^^^^^^^^^^^^^^^
[INFO] [stdout]    |
[INFO] [stdout]    = note: the literal `0x16245A3709C8DEBF` (decimal `1595499360429858495`) does not fit into the type `i32` and will become `164159167i32`
[INFO] [stdout]    = help: consider using the type `i64` instead
[INFO] [stdout] 
[INFO] [stdout] 
[INFO] [stdout] warning: literal out of range for `i32`
[INFO] [stdout]   --> src/tests.rs:77:18
[INFO] [stdout]    |
[INFO] [stdout] 77 |     is_solvable!(0x1723068459ACDEBF,  true);
[INFO] [stdout]    |                  ^^^^^^^^^^^^^^^^^^
[INFO] [stdout]    |
[INFO] [stdout]    = note: the literal `0x1723068459ACDEBF` (decimal `1667183452567166655`) does not fit into the type `i32` and will become `1504501439i32`
[INFO] [stdout]    = help: consider using the type `i64` instead
[INFO] [stdout] 
[INFO] [stdout] 
[INFO] [stdout] warning: literal out of range for `i32`
[INFO] [stdout]   --> src/tests.rs:78:18
[INFO] [stdout]    |
[INFO] [stdout] 78 |     is_solvable!(0x12345678A0BE9FCD,  true);
[INFO] [stdout]    |                  ^^^^^^^^^^^^^^^^^^
[INFO] [stdout]    |
[INFO] [stdout]    = note: the literal `0x12345678A0BE9FCD` (decimal `1311768467564568525`) does not fit into the type `i32` and will become `-1598119987i32`
[INFO] [stdout]    = help: consider using the type `i64` instead
[INFO] [stdout] help: to use as a negative number (decimal `-1598119987`), consider using the type `u32` for the literal and cast it to `i32`
[INFO] [stdout]    |
[INFO] [stdout] 78 |     is_solvable!(0x12345678A0BE9FCDu32 as i32,  true);
[INFO] [stdout]    |                  ~~~~~~~~~~~~~~~~~~~~~~~~~~~~
[INFO] [stdout] 
[INFO] [stdout] 
[INFO] [stdout] warning: literal out of range for `i32`
[INFO] [stdout]   --> src/tests.rs:79:18
[INFO] [stdout]    |
[INFO] [stdout] 79 |     is_solvable!(0x51247308A6BE9FCD,  true);
[INFO] [stdout]    |                  ^^^^^^^^^^^^^^^^^^
[INFO] [stdout]    |
[INFO] [stdout]    = note: the literal `0x51247308A6BE9FCD` (decimal `5846924697228189645`) does not fit into the type `i32` and will become `-1497456691i32`
[INFO] [stdout]    = help: consider using the type `i64` instead
[INFO] [stdout] help: to use as a negative number (decimal `-1497456691`), consider using the type `u32` for the literal and cast it to `i32`
[INFO] [stdout]    |
[INFO] [stdout] 79 |     is_solvable!(0x51247308A6BE9FCDu32 as i32,  true);
[INFO] [stdout]    |                  ~~~~~~~~~~~~~~~~~~~~~~~~~~~~
[INFO] [stdout] 
[INFO] [stdout] 
[INFO] [stdout] warning: literal out of range for `i32`
[INFO] [stdout]   --> src/tests.rs:80:18
[INFO] [stdout]    |
[INFO] [stdout] 80 |     is_solvable!(0xF2345678A0BE91DC,  true);
[INFO] [stdout]    |                  ^^^^^^^^^^^^^^^^^^
[INFO] [stdout]    |
[INFO] [stdout]    = note: the literal `0xF2345678A0BE91DC` (decimal `17452669532060422620`) does not fit into the type `i32` and will become `-1598123556i32`
[INFO] [stdout]    = help: consider using the type `i128` instead
[INFO] [stdout] help: to use as a negative number (decimal `-1598123556`), consider using the type `u32` for the literal and cast it to `i32`
[INFO] [stdout]    |
[INFO] [stdout] 80 |     is_solvable!(0xF2345678A0BE91DCu32 as i32,  true);
[INFO] [stdout]    |                  ~~~~~~~~~~~~~~~~~~~~~~~~~~~~
[INFO] [stdout] 
[INFO] [stdout] 
[INFO] [stdout] warning: literal out of range for `i32`
[INFO] [stdout]   --> src/tests.rs:81:18
[INFO] [stdout]    |
[INFO] [stdout] 81 |     is_solvable!(0x75123804A6BE9FCD,  true);
[INFO] [stdout]    |                  ^^^^^^^^^^^^^^^^^^
[INFO] [stdout]    |
[INFO] [stdout]    = note: the literal `0x75123804A6BE9FCD` (decimal `8435866644646895565`) does not fit into the type `i32` and will become `-1497456691i32`
[INFO] [stdout]    = help: consider using the type `i64` instead
[INFO] [stdout] help: to use as a negative number (decimal `-1497456691`), consider using the type `u32` for the literal and cast it to `i32`
[INFO] [stdout]    |
[INFO] [stdout] 81 |     is_solvable!(0x75123804A6BE9FCDu32 as i32,  true);
[INFO] [stdout]    |                  ~~~~~~~~~~~~~~~~~~~~~~~~~~~~
[INFO] [stdout] 
[INFO] [stdout] 
[INFO] [stdout] warning: literal out of range for `i32`
[INFO] [stdout]   --> src/tests.rs:82:18
[INFO] [stdout]    |
[INFO] [stdout] 82 |     is_solvable!(0x75AB2C416D389F0E,  true);
[INFO] [stdout]    |                  ^^^^^^^^^^^^^^^^^^
[INFO] [stdout]    |
[INFO] [stdout]    = note: the literal `0x75AB2C416D389F0E` (decimal `8478919382972014350`) does not fit into the type `i32` and will become `1832427278i32`
[INFO] [stdout]    = help: consider using the type `i64` instead
[INFO] [stdout] 
[INFO] [stdout] 
[INFO] [stdout] warning: literal out of range for `i32`
[INFO] [stdout]   --> src/tests.rs:83:18
[INFO] [stdout]    |
[INFO] [stdout] 83 |     is_solvable!(0x04582E1DF79BCA36,  true);
[INFO] [stdout]    |                  ^^^^^^^^^^^^^^^^^^
[INFO] [stdout]    |
[INFO] [stdout]    = note: the literal `0x04582E1DF79BCA36` (decimal `313050880345360950`) does not fit into the type `i32` and will become `-140785098i32`
[INFO] [stdout]    = help: consider using the type `i64` instead
[INFO] [stdout] help: to use as a negative number (decimal `-140785098`), consider using the type `u32` for the literal and cast it to `i32`
[INFO] [stdout]    |
[INFO] [stdout] 83 |     is_solvable!(0x04582E1DF79BCA36u32 as i32,  true);
[INFO] [stdout]    |                  ~~~~~~~~~~~~~~~~~~~~~~~~~~~~
[INFO] [stdout] 
[INFO] [stdout] 
[INFO] [stdout] warning: literal out of range for `i32`
[INFO] [stdout]   --> src/tests.rs:84:18
[INFO] [stdout]    |
[INFO] [stdout] 84 |     is_solvable!(0xFE169B4C0A73D852,  true);
[INFO] [stdout]    |                  ^^^^^^^^^^^^^^^^^^
[INFO] [stdout]    |
[INFO] [stdout]    = note: the literal `0xFE169B4C0A73D852` (decimal `18308992086016514130`) does not fit into the type `i32` and will become `175364178i32`
[INFO] [stdout]    = help: consider using the type `i128` instead
[INFO] [stdout] 
[INFO] [stdout] 
[INFO] [stdout] warning: literal out of range for `i32`
[INFO] [stdout]   --> src/tests.rs:85:18
[INFO] [stdout]    |
[INFO] [stdout] 85 |     is_solvable!(0xD79F2E8A45106C3B,  true);
[INFO] [stdout]    |                  ^^^^^^^^^^^^^^^^^^
[INFO] [stdout]    |
[INFO] [stdout]    = note: the literal `0xD79F2E8A45106C3B` (decimal `15537188410850569275`) does not fit into the type `i32` and will become `1158704187i32`
[INFO] [stdout]    = help: consider using the type `i128` instead
[INFO] [stdout] 
[INFO] [stdout] 
[INFO] [stdout] warning: literal out of range for `i32`
[INFO] [stdout]   --> src/tests.rs:86:18
[INFO] [stdout]    |
[INFO] [stdout] 86 |     is_solvable!(0xDBE87A2C91F65034,  true);
[INFO] [stdout]    |                  ^^^^^^^^^^^^^^^^^^
[INFO] [stdout]    |
[INFO] [stdout]    = note: the literal `0xDBE87A2C91F65034` (decimal `15846049620749078580`) does not fit into the type `i32` and will become `-1846128588i32`
[INFO] [stdout]    = help: consider using the type `i128` instead
[INFO] [stdout] help: to use as a negative number (decimal `-1846128588`), consider using the type `u32` for the literal and cast it to `i32`
[INFO] [stdout]    |
[INFO] [stdout] 86 |     is_solvable!(0xDBE87A2C91F65034u32 as i32,  true);
[INFO] [stdout]    |                  ~~~~~~~~~~~~~~~~~~~~~~~~~~~~
[INFO] [stdout] 
[INFO] [stdout] 
[INFO] [stdout] warning: literal out of range for `i32`
[INFO] [stdout]   --> src/tests.rs:87:18
[INFO] [stdout]    |
[INFO] [stdout] 87 |     is_solvable!(0xBAC0F478E19623D5,  true);
[INFO] [stdout]    |                  ^^^^^^^^^^^^^^^^^^
[INFO] [stdout]    |
[INFO] [stdout]    = note: the literal `0xBAC0F478E19623D5` (decimal `13457024486601008085`) does not fit into the type `i32` and will become `-510254123i32`
[INFO] [stdout]    = help: consider using the type `i128` instead
[INFO] [stdout] help: to use as a negative number (decimal `-510254123`), consider using the type `u32` for the literal and cast it to `i32`
[INFO] [stdout]    |
[INFO] [stdout] 87 |     is_solvable!(0xBAC0F478E19623D5u32 as i32,  true);
[INFO] [stdout]    |                  ~~~~~~~~~~~~~~~~~~~~~~~~~~~~
[INFO] [stdout] 
[INFO] [stdout] 
[INFO] [stdout] warning: literal out of range for `i32`
[INFO] [stdout]    --> src/tests.rs:111:12
[INFO] [stdout]     |
[INFO] [stdout] 111 |     solve!(0x123456789ABCDEF0,  0);
[INFO] [stdout]     |            ^^^^^^^^^^^^^^^^^^
[INFO] [stdout]     |
[INFO] [stdout]     = note: the literal `0x123456789ABCDEF0` (decimal `1311768467463790320`) does not fit into the type `i32` and will become `-1698898192i32`
[INFO] [stdout]     = help: consider using the type `i64` instead
[INFO] [stdout] help: to use as a negative number (decimal `-1698898192`), consider using the type `u32` for the literal and cast it to `i32`
[INFO] [stdout]     |
[INFO] [stdout] 111 |     solve!(0x123456789ABCDEF0u32 as i32,  0);
[INFO] [stdout]     |            ~~~~~~~~~~~~~~~~~~~~~~~~~~~~
[INFO] [stdout] 
[INFO] [stdout] 
[INFO] [stdout] warning: literal out of range for `i32`
[INFO] [stdout]    --> src/tests.rs:112:12
[INFO] [stdout]     |
[INFO] [stdout] 112 |     solve!(0x1234067859ACDEBF,  5);
[INFO] [stdout]     |            ^^^^^^^^^^^^^^^^^^
[INFO] [stdout]     |
[INFO] [stdout]     = note: the literal `0x1234067859ACDEBF` (decimal `1311680505442000575`) does not fit into the type `i32` and will become `1504501439i32`
[INFO] [stdout]     = help: consider using the type `i64` instead
[INFO] [stdout] 
[INFO] [stdout] 
[INFO] [stdout] warning: literal out of range for `i32`
[INFO] [stdout]    --> src/tests.rs:113:12
[INFO] [stdout]     |
[INFO] [stdout] 113 |     solve!(0x5134207896ACDEBF,  8);
[INFO] [stdout]     |            ^^^^^^^^^^^^^^^^^^
[INFO] [stdout]     |
[INFO] [stdout]     = note: the literal `0x5134207896ACDEBF` (decimal `5851337518157192895`) does not fit into the type `i32` and will become `-1767055681i32`
[INFO] [stdout]     = help: consider using the type `i64` instead
[INFO] [stdout] help: to use as a negative number (decimal `-1767055681`), consider using the type `u32` for the literal and cast it to `i32`
[INFO] [stdout]     |
[INFO] [stdout] 113 |     solve!(0x5134207896ACDEBFu32 as i32,  8);
[INFO] [stdout]     |            ~~~~~~~~~~~~~~~~~~~~~~~~~~~~
[INFO] [stdout] 
[INFO] [stdout] 
[INFO] [stdout] warning: literal out of range for `i32`
[INFO] [stdout]    --> src/tests.rs:114:12
[INFO] [stdout]     |
[INFO] [stdout] 114 |     solve!(0x16245A3709C8DEBF, 10);
[INFO] [stdout]     |            ^^^^^^^^^^^^^^^^^^
[INFO] [stdout]     |
[INFO] [stdout]     = note: the literal `0x16245A3709C8DEBF` (decimal `1595499360429858495`) does not fit into the type `i32` and will become `164159167i32`
[INFO] [stdout]     = help: consider using the type `i64` instead
[INFO] [stdout] 
[INFO] [stdout] 
[INFO] [stdout] warning: literal out of range for `i32`
[INFO] [stdout]    --> src/tests.rs:115:12
[INFO] [stdout]     |
[INFO] [stdout] 115 |     solve!(0x1723068459ACDEBF, 13);
[INFO] [stdout]     |            ^^^^^^^^^^^^^^^^^^
[INFO] [stdout]     |
[INFO] [stdout]     = note: the literal `0x1723068459ACDEBF` (decimal `1667183452567166655`) does not fit into the type `i32` and will become `1504501439i32`
[INFO] [stdout]     = help: consider using the type `i64` instead
[INFO] [stdout] 
[INFO] [stdout] 
[INFO] [stdout] warning: literal out of range for `i32`
[INFO] [stdout]    --> src/tests.rs:116:12
[INFO] [stdout]     |
[INFO] [stdout] 116 |     solve!(0x12345678A0BE9FCD, 19);
[INFO] [stdout]     |            ^^^^^^^^^^^^^^^^^^
[INFO] [stdout]     |
[INFO] [stdout]     = note: the literal `0x12345678A0BE9FCD` (decimal `1311768467564568525`) does not fit into the type `i32` and will become `-1598119987i32`
[INFO] [stdout]     = help: consider using the type `i64` instead
[INFO] [stdout] help: to use as a negative number (decimal `-1598119987`), consider using the type `u32` for the literal and cast it to `i32`
[INFO] [stdout]     |
[INFO] [stdout] 116 |     solve!(0x12345678A0BE9FCDu32 as i32, 19);
[INFO] [stdout]     |            ~~~~~~~~~~~~~~~~~~~~~~~~~~~~
[INFO] [stdout] 
[INFO] [stdout] 
[INFO] [stdout] warning: literal out of range for `i32`
[INFO] [stdout]    --> src/tests.rs:117:12
[INFO] [stdout]     |
[INFO] [stdout] 117 |     solve!(0x51247308A6BE9FCD, 27);
[INFO] [stdout]     |            ^^^^^^^^^^^^^^^^^^
[INFO] [stdout]     |
[INFO] [stdout]     = note: the literal `0x51247308A6BE9FCD` (decimal `5846924697228189645`) does not fit into the type `i32` and will become `-1497456691i32`
[INFO] [stdout]     = help: consider using the type `i64` instead
[INFO] [stdout] help: to use as a negative number (decimal `-1497456691`), consider using the type `u32` for the literal and cast it to `i32`
[INFO] [stdout]     |
[INFO] [stdout] 117 |     solve!(0x51247308A6BE9FCDu32 as i32, 27);
[INFO] [stdout]     |            ~~~~~~~~~~~~~~~~~~~~~~~~~~~~
[INFO] [stdout] 
[INFO] [stdout] 
[INFO] [stdout] warning: literal out of range for `i32`
[INFO] [stdout]    --> src/tests.rs:118:12
[INFO] [stdout]     |
[INFO] [stdout] 118 |     solve!(0xF2345678A0BE91DC, 33);
[INFO] [stdout]     |            ^^^^^^^^^^^^^^^^^^
[INFO] [stdout]     |
[INFO] [stdout]     = note: the literal `0xF2345678A0BE91DC` (decimal `17452669532060422620`) does not fit into the type `i32` and will become `-1598123556i32`
[INFO] [stdout]     = help: consider using the type `i128` instead
[INFO] [stdout] help: to use as a negative number (decimal `-1598123556`), consider using the type `u32` for the literal and cast it to `i32`
[INFO] [stdout]     |
[INFO] [stdout] 118 |     solve!(0xF2345678A0BE91DCu32 as i32, 33);
[INFO] [stdout]     |            ~~~~~~~~~~~~~~~~~~~~~~~~~~~~
[INFO] [stdout] 
[INFO] [stdout] 
[INFO] [stdout] warning: literal out of range for `i32`
[INFO] [stdout]    --> src/tests.rs:119:12
[INFO] [stdout]     |
[INFO] [stdout] 119 |     solve!(0x75123804A6BE9FCD, 35);
[INFO] [stdout]     |            ^^^^^^^^^^^^^^^^^^
[INFO] [stdout]     |
[INFO] [stdout]     = note: the literal `0x75123804A6BE9FCD` (decimal `8435866644646895565`) does not fit into the type `i32` and will become `-1497456691i32`
[INFO] [stdout]     = help: consider using the type `i64` instead
[INFO] [stdout] help: to use as a negative number (decimal `-1497456691`), consider using the type `u32` for the literal and cast it to `i32`
[INFO] [stdout]     |
[INFO] [stdout] 119 |     solve!(0x75123804A6BE9FCDu32 as i32, 35);
[INFO] [stdout]     |            ~~~~~~~~~~~~~~~~~~~~~~~~~~~~
[INFO] [stdout] 
[INFO] [stdout] 
[INFO] [stdout] warning: literal out of range for `i32`
[INFO] [stdout]    --> src/tests.rs:120:12
[INFO] [stdout]     |
[INFO] [stdout] 120 |     solve!(0x75AB2C416D389F0E, 45);
[INFO] [stdout]     |            ^^^^^^^^^^^^^^^^^^
[INFO] [stdout]     |
[INFO] [stdout]     = note: the literal `0x75AB2C416D389F0E` (decimal `8478919382972014350`) does not fit into the type `i32` and will become `1832427278i32`
[INFO] [stdout]     = help: consider using the type `i64` instead
[INFO] [stdout] 
[INFO] [stdout] 
[INFO] [stderr]     Finished `test` profile [unoptimized + debuginfo] target(s) in 0.90s
[INFO] running `Command { std: "docker" "inspect" "854e15c8af55de8882900e17d4d52cb32c36aff05e41d8e7794467a8d195ff30", kill_on_drop: false }`
[INFO] running `Command { std: "docker" "rm" "-f" "854e15c8af55de8882900e17d4d52cb32c36aff05e41d8e7794467a8d195ff30", kill_on_drop: false }`
[INFO] [stdout] 854e15c8af55de8882900e17d4d52cb32c36aff05e41d8e7794467a8d195ff30
[INFO] running `Command { std: "docker" "create" "-v" "/var/lib/crater-agent-workspace/builds/worker-0-tc1/target:/opt/rustwide/target:rw,Z" "-v" "/var/lib/crater-agent-workspace/builds/worker-0-tc1/source:/opt/rustwide/workdir:ro,Z" "-v" "/var/lib/crater-agent-workspace/cargo-home:/opt/rustwide/cargo-home:ro,Z" "-v" "/var/lib/crater-agent-workspace/rustup-home:/opt/rustwide/rustup-home:ro,Z" "-e" "SOURCE_DIR=/opt/rustwide/workdir" "-e" "CARGO_TARGET_DIR=/opt/rustwide/target" "-e" "CARGO_INCREMENTAL=0" "-e" "RUST_BACKTRACE=full" "-e" "RUSTFLAGS=--cap-lints=warn" "-e" "RUSTDOCFLAGS=--cap-lints=warn" "-e" "CARGO_HOME=/opt/rustwide/cargo-home" "-e" "RUSTUP_HOME=/opt/rustwide/rustup-home" "-w" "/opt/rustwide/workdir" "-m" "1610612736" "--user" "0:0" "--network" "none" "ghcr.io/rust-lang/crates-build-env/linux@sha256:f3a9d4ad9d972b27faf3965f35b62e55ba32bbce8f20bc8fe909558a86702fde" "/opt/rustwide/cargo-home/bin/cargo" "+1.83.0" "test" "--frozen", kill_on_drop: false }`
[INFO] [stdout] ee1db0090a1c0cd879db02a54705a36dfa853f11b5afa473b850c95ae9984406
[INFO] running `Command { std: "docker" "start" "-a" "ee1db0090a1c0cd879db02a54705a36dfa853f11b5afa473b850c95ae9984406", kill_on_drop: false }`
[INFO] [stderr] warning: function `init_solver` is never used
[INFO] [stderr]   --> src/main.rs:94:4
[INFO] [stderr]    |
[INFO] [stderr] 94 | fn init_solver(game: &mut Game) {
[INFO] [stderr]    |    ^^^^^^^^^^^
[INFO] [stderr]    |
[INFO] [stderr]    = note: `#[warn(dead_code)]` on by default
[INFO] [stderr] 
[INFO] [stderr] warning: field `states` is never read
[INFO] [stderr]    --> src/astar.rs:134:9
[INFO] [stderr]     |
[INFO] [stderr] 132 | pub struct AStarSolution {
[INFO] [stderr]     |            ------------- field in this struct
[INFO] [stderr] 133 |     pub moves: Vec<Move>,
[INFO] [stderr] 134 |     pub states: Vec<Field>,
[INFO] [stderr]     |         ^^^^^^
[INFO] [stderr] 
[INFO] [stderr] warning: field `closed` is never read
[INFO] [stderr]    --> src/astar.rs:234:5
[INFO] [stderr]     |
[INFO] [stderr] 232 | pub struct IDAStar {
[INFO] [stderr]     |            ------- field in this struct
[INFO] [stderr] 233 |     nodes: Vec<AStarNode>,
[INFO] [stderr] 234 |     closed: HashSet<u64>,
[INFO] [stderr]     |     ^^^^^^
[INFO] [stderr] 
[INFO] [stderr] warning: literal out of range for `i32`
[INFO] [stderr]   --> src/tests.rs:20:33
[INFO] [stderr]    |
[INFO] [stderr] 20 |     assert_calculate_heuristic!(0x5134207896ACDEBF, 12);
[INFO] [stderr]    |                                 ^^^^^^^^^^^^^^^^^^
[INFO] [stderr]    |
[INFO] [stderr]    = note: the literal `0x5134207896ACDEBF` (decimal `5851337518157192895`) does not fit into the type `i32` and will become `-1767055681i32`
[INFO] [stderr]    = help: consider using the type `i64` instead
[INFO] [stderr]    = note: `#[warn(overflowing_literals)]` on by default
[INFO] [stderr] help: to use as a negative number (decimal `-1767055681`), consider using the type `u32` for the literal and cast it to `i32`
[INFO] [stderr]    |
[INFO] [stderr] 20 |     assert_calculate_heuristic!(0x5134207896ACDEBFu32 as i32, 12);
[INFO] [stderr]    |                                 ~~~~~~~~~~~~~~~~~~~~~~~~~~~~
[INFO] [stderr] 
[INFO] [stderr] warning: literal out of range for `i32`
[INFO] [stderr]   --> src/tests.rs:38:40
[INFO] [stderr]    |
[INFO] [stderr] 38 |     assert_calculate_heuristic_change!(0x5134207896ACDEBF, field::Move::Up, 2);
[INFO] [stderr]    |                                        ^^^^^^^^^^^^^^^^^^
[INFO] [stderr]    |
[INFO] [stderr]    = note: the literal `0x5134207896ACDEBF` (decimal `5851337518157192895`) does not fit into the type `i32` and will become `-1767055681i32`
[INFO] [stderr]    = help: consider using the type `i64` instead
[INFO] [stderr] help: to use as a negative number (decimal `-1767055681`), consider using the type `u32` for the literal and cast it to `i32`
[INFO] [stderr]    |
[INFO] [stderr] 38 |     assert_calculate_heuristic_change!(0x5134207896ACDEBFu32 as i32, field::Move::Up, 2);
[INFO] [stderr]    |                                        ~~~~~~~~~~~~~~~~~~~~~~~~~~~~
[INFO] [stderr] 
[INFO] [stderr] warning: literal out of range for `i32`
[INFO] [stderr]   --> src/tests.rs:39:40
[INFO] [stderr]    |
[INFO] [stderr] 39 |     assert_calculate_heuristic_change!(0x5134207896ACDEBF, field::Move::Down, -2);
[INFO] [stderr]    |                                        ^^^^^^^^^^^^^^^^^^
[INFO] [stderr]    |
[INFO] [stderr]    = note: the literal `0x5134207896ACDEBF` (decimal `5851337518157192895`) does not fit into the type `i32` and will become `-1767055681i32`
[INFO] [stderr]    = help: consider using the type `i64` instead
[INFO] [stderr] help: to use as a negative number (decimal `-1767055681`), consider using the type `u32` for the literal and cast it to `i32`
[INFO] [stderr]    |
[INFO] [stderr] 39 |     assert_calculate_heuristic_change!(0x5134207896ACDEBFu32 as i32, field::Move::Down, -2);
[INFO] [stderr]    |                                        ~~~~~~~~~~~~~~~~~~~~~~~~~~~~
[INFO] [stderr] 
[INFO] [stderr] warning: literal out of range for `i32`
[INFO] [stderr]   --> src/tests.rs:40:40
[INFO] [stderr]    |
[INFO] [stderr] 40 |     assert_calculate_heuristic_change!(0x5134207896ACDEBF, field::Move::Left, 0);
[INFO] [stderr]    |                                        ^^^^^^^^^^^^^^^^^^
[INFO] [stderr]    |
[INFO] [stderr]    = note: the literal `0x5134207896ACDEBF` (decimal `5851337518157192895`) does not fit into the type `i32` and will become `-1767055681i32`
[INFO] [stderr]    = help: consider using the type `i64` instead
[INFO] [stderr] help: to use as a negative number (decimal `-1767055681`), consider using the type `u32` for the literal and cast it to `i32`
[INFO] [stderr]    |
[INFO] [stderr] 40 |     assert_calculate_heuristic_change!(0x5134207896ACDEBFu32 as i32, field::Move::Left, 0);
[INFO] [stderr]    |                                        ~~~~~~~~~~~~~~~~~~~~~~~~~~~~
[INFO] [stderr] 
[INFO] [stderr] warning: literal out of range for `i32`
[INFO] [stderr]   --> src/tests.rs:41:40
[INFO] [stderr]    |
[INFO] [stderr] 41 |     assert_calculate_heuristic_change!(0x5134207896ACDEBF, field::Move::Right, 0);
[INFO] [stderr]    |                                        ^^^^^^^^^^^^^^^^^^
[INFO] [stdout] 
[INFO] [stderr]    |
[INFO] [stdout] running 4 tests
[INFO] [stderr]    = note: the literal `0x5134207896ACDEBF` (decimal `5851337518157192895`) does not fit into the type `i32` and will become `-1767055681i32`
[INFO] [stderr]    = help: consider using the type `i64` instead
[INFO] [stderr] help: to use as a negative number (decimal `-1767055681`), consider using the type `u32` for the literal and cast it to `i32`
[INFO] [stderr]    |
[INFO] [stderr] 41 |     assert_calculate_heuristic_change!(0x5134207896ACDEBFu32 as i32, field::Move::Right, 0);
[INFO] [stderr]    |                                        ~~~~~~~~~~~~~~~~~~~~~~~~~~~~
[INFO] [stderr] 
[INFO] [stderr] warning: literal out of range for `i32`
[INFO] [stderr]   --> src/tests.rs:43:40
[INFO] [stderr]    |
[INFO] [stderr] 43 |     assert_calculate_heuristic_change!(0x1723068459ACDEBF, field::Move::Up, 2);
[INFO] [stderr]    |                                        ^^^^^^^^^^^^^^^^^^
[INFO] [stderr]    |
[INFO] [stderr]    = note: the literal `0x1723068459ACDEBF` (decimal `1667183452567166655`) does not fit into the type `i32` and will become `1504501439i32`
[INFO] [stderr]    = help: consider using the type `i64` instead
[INFO] [stderr] 
[INFO] [stderr] warning: literal out of range for `i32`
[INFO] [stderr]   --> src/tests.rs:44:40
[INFO] [stderr]    |
[INFO] [stderr] 44 |     assert_calculate_heuristic_change!(0x1723068459ACDEBF, field::Move::Down, -2);
[INFO] [stderr]    |                                        ^^^^^^^^^^^^^^^^^^
[INFO] [stderr]    |
[INFO] [stderr]    = note: the literal `0x1723068459ACDEBF` (decimal `1667183452567166655`) does not fit into the type `i32` and will become `1504501439i32`
[INFO] [stderr]    = help: consider using the type `i64` instead
[INFO] [stderr] 
[INFO] [stderr] warning: literal out of range for `i32`
[INFO] [stderr]   --> src/tests.rs:45:40
[INFO] [stderr]    |
[INFO] [stderr] 45 |     assert_calculate_heuristic_change!(0x1723068459ACDEBF, field::Move::Right, 0);
[INFO] [stderr]    |                                        ^^^^^^^^^^^^^^^^^^
[INFO] [stderr]    |
[INFO] [stderr]    = note: the literal `0x1723068459ACDEBF` (decimal `1667183452567166655`) does not fit into the type `i32` and will become `1504501439i32`
[INFO] [stderr]    = help: consider using the type `i64` instead
[INFO] [stderr] 
[INFO] [stderr] warning: literal out of range for `i32`
[INFO] [stderr]   --> src/tests.rs:47:40
[INFO] [stderr]    |
[INFO] [stderr] 47 |     assert_calculate_heuristic_change!(0x123456789ABCDEF0, field::Move::Up, 2);
[INFO] [stderr]    |                                        ^^^^^^^^^^^^^^^^^^
[INFO] [stderr]    |
[INFO] [stderr]    = note: the literal `0x123456789ABCDEF0` (decimal `1311768467463790320`) does not fit into the type `i32` and will become `-1698898192i32`
[INFO] [stderr]    = help: consider using the type `i64` instead
[INFO] [stderr] help: to use as a negative number (decimal `-1698898192`), consider using the type `u32` for the literal and cast it to `i32`
[INFO] [stderr]    |
[INFO] [stderr] 47 |     assert_calculate_heuristic_change!(0x123456789ABCDEF0u32 as i32, field::Move::Up, 2);
[INFO] [stderr]    |                                        ~~~~~~~~~~~~~~~~~~~~~~~~~~~~
[INFO] [stderr] 
[INFO] [stderr] warning: literal out of range for `i32`
[INFO] [stderr]   --> src/tests.rs:48:40
[INFO] [stderr]    |
[INFO] [stderr] 48 |     assert_calculate_heuristic_change!(0x123456789ABCDEF0, field::Move::Left, 2);
[INFO] [stderr]    |                                        ^^^^^^^^^^^^^^^^^^
[INFO] [stderr]    |
[INFO] [stderr]    = note: the literal `0x123456789ABCDEF0` (decimal `1311768467463790320`) does not fit into the type `i32` and will become `-1698898192i32`
[INFO] [stderr]    = help: consider using the type `i64` instead
[INFO] [stderr] help: to use as a negative number (decimal `-1698898192`), consider using the type `u32` for the literal and cast it to `i32`
[INFO] [stderr]    |
[INFO] [stderr] 48 |     assert_calculate_heuristic_change!(0x123456789ABCDEF0u32 as i32, field::Move::Left, 2);
[INFO] [stderr]    |                                        ~~~~~~~~~~~~~~~~~~~~~~~~~~~~
[INFO] [stderr] 
[INFO] [stderr] warning: literal out of range for `i32`
[INFO] [stderr]   --> src/tests.rs:50:40
[INFO] [stderr]    |
[INFO] [stderr] 50 |     assert_calculate_heuristic_change!(0x12345678EABC0D9F, field::Move::Up, 0);
[INFO] [stderr]    |                                        ^^^^^^^^^^^^^^^^^^
[INFO] [stderr]    |
[INFO] [stderr]    = note: the literal `0x12345678EABC0D9F` (decimal `1311768468805914015`) does not fit into the type `i32` and will become `-356774497i32`
[INFO] [stderr]    = help: consider using the type `i64` instead
[INFO] [stderr] help: to use as a negative number (decimal `-356774497`), consider using the type `u32` for the literal and cast it to `i32`
[INFO] [stderr]    |
[INFO] [stderr] 50 |     assert_calculate_heuristic_change!(0x12345678EABC0D9Fu32 as i32, field::Move::Up, 0);
[INFO] [stderr]    |                                        ~~~~~~~~~~~~~~~~~~~~~~~~~~~~
[INFO] [stderr] 
[INFO] [stderr] warning: literal out of range for `i32`
[INFO] [stderr]   --> src/tests.rs:51:40
[INFO] [stderr]    |
[INFO] [stderr] 51 |     assert_calculate_heuristic_change!(0x12345678EABC0D9F, field::Move::Right, -2);
[INFO] [stderr]    |                                        ^^^^^^^^^^^^^^^^^^
[INFO] [stderr]    |
[INFO] [stderr]    = note: the literal `0x12345678EABC0D9F` (decimal `1311768468805914015`) does not fit into the type `i32` and will become `-356774497i32`
[INFO] [stderr]    = help: consider using the type `i64` instead
[INFO] [stderr] help: to use as a negative number (decimal `-356774497`), consider using the type `u32` for the literal and cast it to `i32`
[INFO] [stderr]    |
[INFO] [stderr] 51 |     assert_calculate_heuristic_change!(0x12345678EABC0D9Fu32 as i32, field::Move::Right, -2);
[INFO] [stderr]    |                                        ~~~~~~~~~~~~~~~~~~~~~~~~~~~~
[INFO] [stderr] 
[INFO] [stderr] warning: literal out of range for `i32`
[INFO] [stderr]   --> src/tests.rs:70:18
[INFO] [stderr]    |
[INFO] [stderr] 70 |     is_solvable!(0x123456789AFB0EDC, false);
[INFO] [stderr]    |                  ^^^^^^^^^^^^^^^^^^
[INFO] [stderr]    |
[INFO] [stderr]    = note: the literal `0x123456789AFB0EDC` (decimal `1311768467467865820`) does not fit into the type `i32` and will become `-1694822692i32`
[INFO] [stderr]    = help: consider using the type `i64` instead
[INFO] [stderr] help: to use as a negative number (decimal `-1694822692`), consider using the type `u32` for the literal and cast it to `i32`
[INFO] [stderr]    |
[INFO] [stderr] 70 |     is_solvable!(0x123456789AFB0EDCu32 as i32, false);
[INFO] [stderr]    |                  ~~~~~~~~~~~~~~~~~~~~~~~~~~~~
[INFO] [stderr] 
[INFO] [stderr] warning: literal out of range for `i32`
[INFO] [stderr]   --> src/tests.rs:71:18
[INFO] [stderr]    |
[INFO] [stderr] 71 |     is_solvable!(0x123456789AFB0EDC, false);
[INFO] [stderr]    |                  ^^^^^^^^^^^^^^^^^^
[INFO] [stderr]    |
[INFO] [stderr]    = note: the literal `0x123456789AFB0EDC` (decimal `1311768467467865820`) does not fit into the type `i32` and will become `-1694822692i32`
[INFO] [stderr]    = help: consider using the type `i64` instead
[INFO] [stderr] help: to use as a negative number (decimal `-1694822692`), consider using the type `u32` for the literal and cast it to `i32`
[INFO] [stderr]    |
[INFO] [stderr] 71 |     is_solvable!(0x123456789AFB0EDCu32 as i32, false);
[INFO] [stderr]    |                  ~~~~~~~~~~~~~~~~~~~~~~~~~~~~
[INFO] [stderr] 
[INFO] [stderr] warning: literal out of range for `i32`
[INFO] [stderr]   --> src/tests.rs:72:18
[INFO] [stderr]    |
[INFO] [stderr] 72 |     is_solvable!(0xF2345678A0BE91CD, false);
[INFO] [stderr]    |                  ^^^^^^^^^^^^^^^^^^
[INFO] [stderr]    |
[INFO] [stderr]    = note: the literal `0xF2345678A0BE91CD` (decimal `17452669532060422605`) does not fit into the type `i32` and will become `-1598123571i32`
[INFO] [stderr]    = help: consider using the type `i128` instead
[INFO] [stderr] help: to use as a negative number (decimal `-1598123571`), consider using the type `u32` for the literal and cast it to `i32`
[INFO] [stderr]    |
[INFO] [stderr] 72 |     is_solvable!(0xF2345678A0BE91CDu32 as i32, false);
[INFO] [stderr]    |                  ~~~~~~~~~~~~~~~~~~~~~~~~~~~~
[INFO] [stderr] 
[INFO] [stderr] warning: literal out of range for `i32`
[INFO] [stderr]   --> src/tests.rs:73:18
[INFO] [stderr]    |
[INFO] [stderr] 73 |     is_solvable!(0x123456789ABCDEF0,  true);
[INFO] [stderr]    |                  ^^^^^^^^^^^^^^^^^^
[INFO] [stderr]    |
[INFO] [stderr]    = note: the literal `0x123456789ABCDEF0` (decimal `1311768467463790320`) does not fit into the type `i32` and will become `-1698898192i32`
[INFO] [stderr]    = help: consider using the type `i64` instead
[INFO] [stderr] help: to use as a negative number (decimal `-1698898192`), consider using the type `u32` for the literal and cast it to `i32`
[INFO] [stderr]    |
[INFO] [stderr] 73 |     is_solvable!(0x123456789ABCDEF0u32 as i32,  true);
[INFO] [stderr]    |                  ~~~~~~~~~~~~~~~~~~~~~~~~~~~~
[INFO] [stderr] 
[INFO] [stderr] warning: literal out of range for `i32`
[INFO] [stderr]   --> src/tests.rs:74:18
[INFO] [stderr]    |
[INFO] [stderr] 74 |     is_solvable!(0x1234067859ACDEBF,  true);
[INFO] [stderr]    |                  ^^^^^^^^^^^^^^^^^^
[INFO] [stderr]    |
[INFO] [stderr]    = note: the literal `0x1234067859ACDEBF` (decimal `1311680505442000575`) does not fit into the type `i32` and will become `1504501439i32`
[INFO] [stderr]    = help: consider using the type `i64` instead
[INFO] [stderr] 
[INFO] [stderr] warning: literal out of range for `i32`
[INFO] [stderr]   --> src/tests.rs:75:18
[INFO] [stderr]    |
[INFO] [stderr] 75 |     is_solvable!(0x5134207896ACDEBF,  true);
[INFO] [stderr]    |                  ^^^^^^^^^^^^^^^^^^
[INFO] [stderr]    |
[INFO] [stderr]    = note: the literal `0x5134207896ACDEBF` (decimal `5851337518157192895`) does not fit into the type `i32` and will become `-1767055681i32`
[INFO] [stderr]    = help: consider using the type `i64` instead
[INFO] [stderr] help: to use as a negative number (decimal `-1767055681`), consider using the type `u32` for the literal and cast it to `i32`
[INFO] [stderr]    |
[INFO] [stderr] 75 |     is_solvable!(0x5134207896ACDEBFu32 as i32,  true);
[INFO] [stderr]    |                  ~~~~~~~~~~~~~~~~~~~~~~~~~~~~
[INFO] [stderr] 
[INFO] [stderr] warning: literal out of range for `i32`
[INFO] [stderr]   --> src/tests.rs:76:18
[INFO] [stderr]    |
[INFO] [stderr] 76 |     is_solvable!(0x16245A3709C8DEBF,  true);
[INFO] [stderr]    |                  ^^^^^^^^^^^^^^^^^^
[INFO] [stderr]    |
[INFO] [stderr]    = note: the literal `0x16245A3709C8DEBF` (decimal `1595499360429858495`) does not fit into the type `i32` and will become `164159167i32`
[INFO] [stderr]    = help: consider using the type `i64` instead
[INFO] [stderr] 
[INFO] [stderr] warning: literal out of range for `i32`
[INFO] [stderr]   --> src/tests.rs:77:18
[INFO] [stderr]    |
[INFO] [stderr] 77 |     is_solvable!(0x1723068459ACDEBF,  true);
[INFO] [stderr]    |                  ^^^^^^^^^^^^^^^^^^
[INFO] [stderr]    |
[INFO] [stderr]    = note: the literal `0x1723068459ACDEBF` (decimal `1667183452567166655`) does not fit into the type `i32` and will become `1504501439i32`
[INFO] [stderr]    = help: consider using the type `i64` instead
[INFO] [stderr] 
[INFO] [stderr] warning: literal out of range for `i32`
[INFO] [stderr]   --> src/tests.rs:78:18
[INFO] [stderr]    |
[INFO] [stderr] 78 |     is_solvable!(0x12345678A0BE9FCD,  true);
[INFO] [stderr]    |                  ^^^^^^^^^^^^^^^^^^
[INFO] [stderr]    |
[INFO] [stderr]    = note: the literal `0x12345678A0BE9FCD` (decimal `1311768467564568525`) does not fit into the type `i32` and will become `-1598119987i32`
[INFO] [stderr]    = help: consider using the type `i64` instead
[INFO] [stderr] help: to use as a negative number (decimal `-1598119987`), consider using the type `u32` for the literal and cast it to `i32`
[INFO] [stderr]    |
[INFO] [stderr] 78 |     is_solvable!(0x12345678A0BE9FCDu32 as i32,  true);
[INFO] [stderr]    |                  ~~~~~~~~~~~~~~~~~~~~~~~~~~~~
[INFO] [stderr] 
[INFO] [stderr] warning: literal out of range for `i32`
[INFO] [stderr]   --> src/tests.rs:79:18
[INFO] [stderr]    |
[INFO] [stderr] 79 |     is_solvable!(0x51247308A6BE9FCD,  true);
[INFO] [stderr]    |                  ^^^^^^^^^^^^^^^^^^
[INFO] [stderr]    |
[INFO] [stderr]    = note: the literal `0x51247308A6BE9FCD` (decimal `5846924697228189645`) does not fit into the type `i32` and will become `-1497456691i32`
[INFO] [stderr]    = help: consider using the type `i64` instead
[INFO] [stderr] help: to use as a negative number (decimal `-1497456691`), consider using the type `u32` for the literal and cast it to `i32`
[INFO] [stderr]    |
[INFO] [stderr] 79 |     is_solvable!(0x51247308A6BE9FCDu32 as i32,  true);
[INFO] [stderr]    |                  ~~~~~~~~~~~~~~~~~~~~~~~~~~~~
[INFO] [stderr] 
[INFO] [stderr] warning: literal out of range for `i32`
[INFO] [stderr]   --> src/tests.rs:80:18
[INFO] [stderr]    |
[INFO] [stderr] 80 |     is_solvable!(0xF2345678A0BE91DC,  true);
[INFO] [stderr]    |                  ^^^^^^^^^^^^^^^^^^
[INFO] [stderr]    |
[INFO] [stderr]    = note: the literal `0xF2345678A0BE91DC` (decimal `17452669532060422620`) does not fit into the type `i32` and will become `-1598123556i32`
[INFO] [stderr]    = help: consider using the type `i128` instead
[INFO] [stderr] help: to use as a negative number (decimal `-1598123556`), consider using the type `u32` for the literal and cast it to `i32`
[INFO] [stderr]    |
[INFO] [stderr] 80 |     is_solvable!(0xF2345678A0BE91DCu32 as i32,  true);
[INFO] [stderr]    |                  ~~~~~~~~~~~~~~~~~~~~~~~~~~~~
[INFO] [stderr] 
[INFO] [stderr] warning: literal out of range for `i32`
[INFO] [stderr]   --> src/tests.rs:81:18
[INFO] [stderr]    |
[INFO] [stderr] 81 |     is_solvable!(0x75123804A6BE9FCD,  true);
[INFO] [stderr]    |                  ^^^^^^^^^^^^^^^^^^
[INFO] [stderr]    |
[INFO] [stderr]    = note: the literal `0x75123804A6BE9FCD` (decimal `8435866644646895565`) does not fit into the type `i32` and will become `-1497456691i32`
[INFO] [stderr]    = help: consider using the type `i64` instead
[INFO] [stderr] help: to use as a negative number (decimal `-1497456691`), consider using the type `u32` for the literal and cast it to `i32`
[INFO] [stderr]    |
[INFO] [stderr] 81 |     is_solvable!(0x75123804A6BE9FCDu32 as i32,  true);
[INFO] [stderr]    |                  ~~~~~~~~~~~~~~~~~~~~~~~~~~~~
[INFO] [stderr] 
[INFO] [stderr] warning: literal out of range for `i32`
[INFO] [stderr]   --> src/tests.rs:82:18
[INFO] [stderr]    |
[INFO] [stderr] 82 |     is_solvable!(0x75AB2C416D389F0E,  true);
[INFO] [stderr]    |                  ^^^^^^^^^^^^^^^^^^
[INFO] [stderr]    |
[INFO] [stderr]    = note: the literal `0x75AB2C416D389F0E` (decimal `8478919382972014350`) does not fit into the type `i32` and will become `1832427278i32`
[INFO] [stderr]    = help: consider using the type `i64` instead
[INFO] [stderr] 
[INFO] [stderr] warning: literal out of range for `i32`
[INFO] [stderr]   --> src/tests.rs:83:18
[INFO] [stderr]    |
[INFO] [stderr] 83 |     is_solvable!(0x04582E1DF79BCA36,  true);
[INFO] [stderr]    |                  ^^^^^^^^^^^^^^^^^^
[INFO] [stderr]    |
[INFO] [stderr]    = note: the literal `0x04582E1DF79BCA36` (decimal `313050880345360950`) does not fit into the type `i32` and will become `-140785098i32`
[INFO] [stderr]    = help: consider using the type `i64` instead
[INFO] [stderr] help: to use as a negative number (decimal `-140785098`), consider using the type `u32` for the literal and cast it to `i32`
[INFO] [stderr]    |
[INFO] [stderr] 83 |     is_solvable!(0x04582E1DF79BCA36u32 as i32,  true);
[INFO] [stderr]    |                  ~~~~~~~~~~~~~~~~~~~~~~~~~~~~
[INFO] [stderr] 
[INFO] [stderr] warning: literal out of range for `i32`
[INFO] [stderr]   --> src/tests.rs:84:18
[INFO] [stderr]    |
[INFO] [stderr] 84 |     is_solvable!(0xFE169B4C0A73D852,  true);
[INFO] [stderr]    |                  ^^^^^^^^^^^^^^^^^^
[INFO] [stderr]    |
[INFO] [stderr]    = note: the literal `0xFE169B4C0A73D852` (decimal `18308992086016514130`) does not fit into the type `i32` and will become `175364178i32`
[INFO] [stderr]    = help: consider using the type `i128` instead
[INFO] [stderr] 
[INFO] [stderr] warning: literal out of range for `i32`
[INFO] [stderr]   --> src/tests.rs:85:18
[INFO] [stderr]    |
[INFO] [stderr] 85 |     is_solvable!(0xD79F2E8A45106C3B,  true);
[INFO] [stderr]    |                  ^^^^^^^^^^^^^^^^^^
[INFO] [stderr]    |
[INFO] [stderr]    = note: the literal `0xD79F2E8A45106C3B` (decimal `15537188410850569275`) does not fit into the type `i32` and will become `1158704187i32`
[INFO] [stderr]    = help: consider using the type `i128` instead
[INFO] [stderr] 
[INFO] [stderr] warning: literal out of range for `i32`
[INFO] [stderr]   --> src/tests.rs:86:18
[INFO] [stderr]    |
[INFO] [stderr] 86 |     is_solvable!(0xDBE87A2C91F65034,  true);
[INFO] [stderr]    |                  ^^^^^^^^^^^^^^^^^^
[INFO] [stderr]    |
[INFO] [stderr]    = note: the literal `0xDBE87A2C91F65034` (decimal `15846049620749078580`) does not fit into the type `i32` and will become `-1846128588i32`
[INFO] [stderr]    = help: consider using the type `i128` instead
[INFO] [stderr] help: to use as a negative number (decimal `-1846128588`), consider using the type `u32` for the literal and cast it to `i32`
[INFO] [stderr]    |
[INFO] [stderr] 86 |     is_solvable!(0xDBE87A2C91F65034u32 as i32,  true);
[INFO] [stderr]    |                  ~~~~~~~~~~~~~~~~~~~~~~~~~~~~
[INFO] [stderr] 
[INFO] [stderr] warning: literal out of range for `i32`
[INFO] [stderr]   --> src/tests.rs:87:18
[INFO] [stderr]    |
[INFO] [stderr] 87 |     is_solvable!(0xBAC0F478E19623D5,  true);
[INFO] [stderr]    |                  ^^^^^^^^^^^^^^^^^^
[INFO] [stderr]    |
[INFO] [stderr]    = note: the literal `0xBAC0F478E19623D5` (decimal `13457024486601008085`) does not fit into the type `i32` and will become `-510254123i32`
[INFO] [stderr]    = help: consider using the type `i128` instead
[INFO] [stderr] help: to use as a negative number (decimal `-510254123`), consider using the type `u32` for the literal and cast it to `i32`
[INFO] [stderr]    |
[INFO] [stderr] 87 |     is_solvable!(0xBAC0F478E19623D5u32 as i32,  true);
[INFO] [stderr]    |                  ~~~~~~~~~~~~~~~~~~~~~~~~~~~~
[INFO] [stderr] 
[INFO] [stderr] warning: literal out of range for `i32`
[INFO] [stderr]    --> src/tests.rs:111:12
[INFO] [stderr]     |
[INFO] [stderr] 111 |     solve!(0x123456789ABCDEF0,  0);
[INFO] [stderr]     |            ^^^^^^^^^^^^^^^^^^
[INFO] [stderr]     |
[INFO] [stderr]     = note: the literal `0x123456789ABCDEF0` (decimal `1311768467463790320`) does not fit into the type `i32` and will become `-1698898192i32`
[INFO] [stderr]     = help: consider using the type `i64` instead
[INFO] [stderr] help: to use as a negative number (decimal `-1698898192`), consider using the type `u32` for the literal and cast it to `i32`
[INFO] [stderr]     |
[INFO] [stderr] 111 |     solve!(0x123456789ABCDEF0u32 as i32,  0);
[INFO] [stderr]     |            ~~~~~~~~~~~~~~~~~~~~~~~~~~~~
[INFO] [stderr] 
[INFO] [stderr] warning: literal out of range for `i32`
[INFO] [stderr]    --> src/tests.rs:112:12
[INFO] [stderr]     |
[INFO] [stderr] 112 |     solve!(0x1234067859ACDEBF,  5);
[INFO] [stderr]     |            ^^^^^^^^^^^^^^^^^^
[INFO] [stderr]     |
[INFO] [stderr]     = note: the literal `0x1234067859ACDEBF` (decimal `1311680505442000575`) does not fit into the type `i32` and will become `1504501439i32`
[INFO] [stderr]     = help: consider using the type `i64` instead
[INFO] [stderr] 
[INFO] [stderr] warning: literal out of range for `i32`
[INFO] [stderr]    --> src/tests.rs:113:12
[INFO] [stderr]     |
[INFO] [stderr] 113 |     solve!(0x5134207896ACDEBF,  8);
[INFO] [stderr]     |            ^^^^^^^^^^^^^^^^^^
[INFO] [stderr]     |
[INFO] [stderr]     = note: the literal `0x5134207896ACDEBF` (decimal `5851337518157192895`) does not fit into the type `i32` and will become `-1767055681i32`
[INFO] [stderr]     = help: consider using the type `i64` instead
[INFO] [stderr] help: to use as a negative number (decimal `-1767055681`), consider using the type `u32` for the literal and cast it to `i32`
[INFO] [stderr]     |
[INFO] [stderr] 113 |     solve!(0x5134207896ACDEBFu32 as i32,  8);
[INFO] [stderr]     |            ~~~~~~~~~~~~~~~~~~~~~~~~~~~~
[INFO] [stderr] 
[INFO] [stderr] warning: literal out of range for `i32`
[INFO] [stderr]    --> src/tests.rs:114:12
[INFO] [stderr]     |
[INFO] [stderr] 114 |     solve!(0x16245A3709C8DEBF, 10);
[INFO] [stderr]     |            ^^^^^^^^^^^^^^^^^^
[INFO] [stderr]     |
[INFO] [stderr]     = note: the literal `0x16245A3709C8DEBF` (decimal `1595499360429858495`) does not fit into the type `i32` and will become `164159167i32`
[INFO] [stderr]     = help: consider using the type `i64` instead
[INFO] [stderr] 
[INFO] [stderr] warning: literal out of range for `i32`
[INFO] [stderr]    --> src/tests.rs:115:12
[INFO] [stderr]     |
[INFO] [stderr] 115 |     solve!(0x1723068459ACDEBF, 13);
[INFO] [stderr]     |            ^^^^^^^^^^^^^^^^^^
[INFO] [stderr]     |
[INFO] [stderr]     = note: the literal `0x1723068459ACDEBF` (decimal `1667183452567166655`) does not fit into the type `i32` and will become `1504501439i32`
[INFO] [stderr]     = help: consider using the type `i64` instead
[INFO] [stderr] 
[INFO] [stderr] warning: literal out of range for `i32`
[INFO] [stderr]    --> src/tests.rs:116:12
[INFO] [stderr]     |
[INFO] [stderr] 116 |     solve!(0x12345678A0BE9FCD, 19);
[INFO] [stderr]     |            ^^^^^^^^^^^^^^^^^^
[INFO] [stderr]     |
[INFO] [stderr]     = note: the literal `0x12345678A0BE9FCD` (decimal `1311768467564568525`) does not fit into the type `i32` and will become `-1598119987i32`
[INFO] [stderr]     = help: consider using the type `i64` instead
[INFO] [stderr] help: to use as a negative number (decimal `-1598119987`), consider using the type `u32` for the literal and cast it to `i32`
[INFO] [stderr]     |
[INFO] [stderr] 116 |     solve!(0x12345678A0BE9FCDu32 as i32, 19);
[INFO] [stderr]     |            ~~~~~~~~~~~~~~~~~~~~~~~~~~~~
[INFO] [stderr] 
[INFO] [stderr] warning: literal out of range for `i32`
[INFO] [stderr]    --> src/tests.rs:117:12
[INFO] [stderr]     |
[INFO] [stderr] 117 |     solve!(0x51247308A6BE9FCD, 27);
[INFO] [stderr]     |            ^^^^^^^^^^^^^^^^^^
[INFO] [stderr]     |
[INFO] [stderr]     = note: the literal `0x51247308A6BE9FCD` (decimal `5846924697228189645`) does not fit into the type `i32` and will become `-1497456691i32`
[INFO] [stderr]     = help: consider using the type `i64` instead
[INFO] [stderr] help: to use as a negative number (decimal `-1497456691`), consider using the type `u32` for the literal and cast it to `i32`
[INFO] [stderr]     |
[INFO] [stderr] 117 |     solve!(0x51247308A6BE9FCDu32 as i32, 27);
[INFO] [stderr]     |            ~~~~~~~~~~~~~~~~~~~~~~~~~~~~
[INFO] [stderr] 
[INFO] [stderr] warning: literal out of range for `i32`
[INFO] [stderr]    --> src/tests.rs:118:12
[INFO] [stderr]     |
[INFO] [stderr] 118 |     solve!(0xF2345678A0BE91DC, 33);
[INFO] [stderr]     |            ^^^^^^^^^^^^^^^^^^
[INFO] [stderr]     |
[INFO] [stderr]     = note: the literal `0xF2345678A0BE91DC` (decimal `17452669532060422620`) does not fit into the type `i32` and will become `-1598123556i32`
[INFO] [stderr]     = help: consider using the type `i128` instead
[INFO] [stderr] help: to use as a negative number (decimal `-1598123556`), consider using the type `u32` for the literal and cast it to `i32`
[INFO] [stderr]     |
[INFO] [stderr] 118 |     solve!(0xF2345678A0BE91DCu32 as i32, 33);
[INFO] [stderr]     |            ~~~~~~~~~~~~~~~~~~~~~~~~~~~~
[INFO] [stderr] 
[INFO] [stderr] warning: literal out of range for `i32`
[INFO] [stderr]    --> src/tests.rs:119:12
[INFO] [stderr]     |
[INFO] [stderr] 119 |     solve!(0x75123804A6BE9FCD, 35);
[INFO] [stderr]     |            ^^^^^^^^^^^^^^^^^^
[INFO] [stderr]     |
[INFO] [stderr]     = note: the literal `0x75123804A6BE9FCD` (decimal `8435866644646895565`) does not fit into the type `i32` and will become `-1497456691i32`
[INFO] [stderr]     = help: consider using the type `i64` instead
[INFO] [stderr] help: to use as a negative number (decimal `-1497456691`), consider using the type `u32` for the literal and cast it to `i32`
[INFO] [stderr]     |
[INFO] [stderr] 119 |     solve!(0x75123804A6BE9FCDu32 as i32, 35);
[INFO] [stderr]     |            ~~~~~~~~~~~~~~~~~~~~~~~~~~~~
[INFO] [stderr] 
[INFO] [stderr] warning: literal out of range for `i32`
[INFO] [stderr]    --> src/tests.rs:120:12
[INFO] [stderr]     |
[INFO] [stderr] 120 |     solve!(0x75AB2C416D389F0E, 45);
[INFO] [stderr]     |            ^^^^^^^^^^^^^^^^^^
[INFO] [stderr]     |
[INFO] [stderr]     = note: the literal `0x75AB2C416D389F0E` (decimal `8478919382972014350`) does not fit into the type `i32` and will become `1832427278i32`
[INFO] [stderr]     = help: consider using the type `i64` instead
[INFO] [stderr] 
[INFO] [stderr] warning: `pyatnahi` (bin "pyatnahi" test) generated 43 warnings
[INFO] [stderr]     Finished `test` profile [unoptimized + debuginfo] target(s) in 0.03s
[INFO] [stderr]      Running unittests src/main.rs (/opt/rustwide/target/debug/deps/pyatnahi-44b3dde5112aacd5)
[INFO] [stdout] test tests::test_is_solvable ... ok
[INFO] [stdout] test tests::test_calculate_heuristic_change ... FAILED
[INFO] [stdout] test tests::test_calculate_heuristic ... FAILED
[INFO] [stdout] test tests::test_solver ... ok
[INFO] [stdout] 
[INFO] [stdout] failures:
[INFO] [stdout] 
[INFO] [stdout] ---- tests::test_calculate_heuristic_change stdout ----
[INFO] [stdout] thread 'tests::test_calculate_heuristic_change' panicked at src/tests.rs:38:5:
[INFO] [stdout] assertion `left == right` failed: -1767055681 is 1, should be 2
[INFO] [stdout]   left: 1.0
[INFO] [stdout]  right: 2.0
[INFO] [stdout] stack backtrace:
[INFO] [stdout]    0:     0x5901c31f861a - std::backtrace_rs::backtrace::libunwind::trace::h5a5b8284f2d0c266
[INFO] [stdout]                                at /rustc/90b35a6239c3d8bdabc530a6a0816f7ff89a0aaf/library/std/src/../../backtrace/src/backtrace/libunwind.rs:116:5
[INFO] [stdout]    1:     0x5901c31f861a - std::backtrace_rs::backtrace::trace_unsynchronized::h76d4f1c9b0b875e3
[INFO] [stdout]                                at /rustc/90b35a6239c3d8bdabc530a6a0816f7ff89a0aaf/library/std/src/../../backtrace/src/backtrace/mod.rs:66:5
[INFO] [stdout]    2:     0x5901c31f861a - std::sys::backtrace::_print_fmt::hc4546b8364a537c6
[INFO] [stdout]                                at /rustc/90b35a6239c3d8bdabc530a6a0816f7ff89a0aaf/library/std/src/sys/backtrace.rs:66:9
[INFO] [stdout]    3:     0x5901c31f861a - <std::sys::backtrace::BacktraceLock::print::DisplayBacktrace as core::fmt::Display>::fmt::h5b6bd5631a6d1f6b
[INFO] [stdout]                                at /rustc/90b35a6239c3d8bdabc530a6a0816f7ff89a0aaf/library/std/src/sys/backtrace.rs:39:26
[INFO] [stdout]    4:     0x5901c321e3b3 - core::fmt::rt::Argument::fmt::h270f6602a2b96f62
[INFO] [stdout]                                at /rustc/90b35a6239c3d8bdabc530a6a0816f7ff89a0aaf/library/core/src/fmt/rt.rs:177:76
[INFO] [stdout]    5:     0x5901c321e3b3 - core::fmt::write::h7550c97b06c86515
[INFO] [stdout]                                at /rustc/90b35a6239c3d8bdabc530a6a0816f7ff89a0aaf/library/core/src/fmt/mod.rs:1186:21
[INFO] [stdout]    6:     0x5901c31f57e3 - std::io::Write::write_fmt::h509ff860e5956e5e
[INFO] [stdout]                                at /rustc/90b35a6239c3d8bdabc530a6a0816f7ff89a0aaf/library/std/src/io/mod.rs:1839:15
[INFO] [stdout]    7:     0x5901c31f8462 - std::sys::backtrace::BacktraceLock::print::h2395ccd2c84ba3aa
[INFO] [stdout]                                at /rustc/90b35a6239c3d8bdabc530a6a0816f7ff89a0aaf/library/std/src/sys/backtrace.rs:42:9
[INFO] [stdout]    8:     0x5901c31f9a7a - std::panicking::default_hook::{{closure}}::he19d4c7230e07961
[INFO] [stdout]                                at /rustc/90b35a6239c3d8bdabc530a6a0816f7ff89a0aaf/library/std/src/panicking.rs:268:22
[INFO] [stdout]    9:     0x5901c31f9884 - std::panicking::default_hook::hf614597d3c67bbdb
[INFO] [stdout]                                at /rustc/90b35a6239c3d8bdabc530a6a0816f7ff89a0aaf/library/std/src/panicking.rs:292:9
[INFO] [stdout]   10:     0x5901c31c4979 - <alloc::boxed::Box<F,A> as core::ops::function::Fn<Args>>::call::h39b51ce4599c23d1
[INFO] [stdout]                                at /rustc/90b35a6239c3d8bdabc530a6a0816f7ff89a0aaf/library/alloc/src/boxed.rs:2468:9
[INFO] [stdout]   11:     0x5901c31c4979 - test::test_main::{{closure}}::he977ae839a582784
[INFO] [stdout]                                at /rustc/90b35a6239c3d8bdabc530a6a0816f7ff89a0aaf/library/test/src/lib.rs:133:21
[INFO] [stdout]   12:     0x5901c31fa118 - <alloc::boxed::Box<F,A> as core::ops::function::Fn<Args>>::call::h9455091b6b06f9fb
[INFO] [stdout]                                at /rustc/90b35a6239c3d8bdabc530a6a0816f7ff89a0aaf/library/alloc/src/boxed.rs:2468:9
[INFO] [stdout]   13:     0x5901c31fa118 - std::panicking::rust_panic_with_hook::h8942133a8b252070
[INFO] [stdout]                                at /rustc/90b35a6239c3d8bdabc530a6a0816f7ff89a0aaf/library/std/src/panicking.rs:809:13
[INFO] [stdout]   14:     0x5901c31f9eda - std::panicking::begin_panic_handler::{{closure}}::hb5f5963570096b29
[INFO] [stdout]                                at /rustc/90b35a6239c3d8bdabc530a6a0816f7ff89a0aaf/library/std/src/panicking.rs:674:13
[INFO] [stdout]   15:     0x5901c31f8af9 - std::sys::backtrace::__rust_end_short_backtrace::h6208cedc1922feda
[INFO] [stdout]                                at /rustc/90b35a6239c3d8bdabc530a6a0816f7ff89a0aaf/library/std/src/sys/backtrace.rs:170:18
[INFO] [stdout]   16:     0x5901c31f9b6c - rust_begin_unwind
[INFO] [stdout]                                at /rustc/90b35a6239c3d8bdabc530a6a0816f7ff89a0aaf/library/std/src/panicking.rs:665:5
[INFO] [stdout]   17:     0x5901c3175a60 - core::panicking::panic_fmt::h0c3082644d1bf418
[INFO] [stdout]                                at /rustc/90b35a6239c3d8bdabc530a6a0816f7ff89a0aaf/library/core/src/panicking.rs:74:14
[INFO] [stdout]   18:     0x5901c3175d8b - core::panicking::assert_failed_inner::h2ddf1fcc067fa858
[INFO] [stdout]   19:     0x5901c3187fdb - core::panicking::assert_failed::hcf5cf211b98dfdec
[INFO] [stdout]                                at /rustc/90b35a6239c3d8bdabc530a6a0816f7ff89a0aaf/library/core/src/panicking.rs:367:5
[INFO] [stdout]   20:     0x5901c317e444 - pyatnahi::tests::test_calculate_heuristic_change::h24c8db006fe5762f
[INFO] [stdout]                                at /opt/rustwide/workdir/src/tests.rs:31:13
[INFO] [stdout]   21:     0x5901c317e1b7 - pyatnahi::tests::test_calculate_heuristic_change::{{closure}}::hcd73cbd0e238a661
[INFO] [stdout]                                at /opt/rustwide/workdir/src/tests.rs:37:37
[INFO] [stdout]   22:     0x5901c3186336 - core::ops::function::FnOnce::call_once::h502ab4e1c00f3cbe
[INFO] [stdout]                                at /rustc/90b35a6239c3d8bdabc530a6a0816f7ff89a0aaf/library/core/src/ops/function.rs:250:5
[INFO] [stdout]   23:     0x5901c31c933b - core::ops::function::FnOnce::call_once::h109cf8051a59b34e
[INFO] [stdout]                                at /rustc/90b35a6239c3d8bdabc530a6a0816f7ff89a0aaf/library/core/src/ops/function.rs:250:5
[INFO] [stdout]   24:     0x5901c31c933b - test::__rust_begin_short_backtrace::hf4fff89d377446ba
[INFO] [stdout]                                at /rustc/90b35a6239c3d8bdabc530a6a0816f7ff89a0aaf/library/test/src/lib.rs:621:18
[INFO] [stdout]   25:     0x5901c31c8b77 - test::run_test_in_process::{{closure}}::h0e39181dd7ee5a43
[INFO] [stdout]                                at /rustc/90b35a6239c3d8bdabc530a6a0816f7ff89a0aaf/library/test/src/lib.rs:644:60
[INFO] [stdout]   26:     0x5901c31c8b77 - <core::panic::unwind_safe::AssertUnwindSafe<F> as core::ops::function::FnOnce<()>>::call_once::hc5a66a30f0bdfd1f
[INFO] [stdout]                                at /rustc/90b35a6239c3d8bdabc530a6a0816f7ff89a0aaf/library/core/src/panic/unwind_safe.rs:272:9
[INFO] [stdout]   27:     0x5901c31c8b77 - std::panicking::try::do_call::h873b7cf639554a5e
[INFO] [stdout]                                at /rustc/90b35a6239c3d8bdabc530a6a0816f7ff89a0aaf/library/std/src/panicking.rs:557:40
[INFO] [stdout]   28:     0x5901c31c8b77 - std::panicking::try::hdb19862fad9c8bd1
[INFO] [stdout]                                at /rustc/90b35a6239c3d8bdabc530a6a0816f7ff89a0aaf/library/std/src/panicking.rs:520:19
[INFO] [stdout]   29:     0x5901c31c8b77 - std::panic::catch_unwind::h281fe732d236d260
[INFO] [stdout]                                at /rustc/90b35a6239c3d8bdabc530a6a0816f7ff89a0aaf/library/std/src/panic.rs:358:14
[INFO] [stdout]   30:     0x5901c31c8b77 - test::run_test_in_process::h949b6df8457ed338
[INFO] [stdout]                                at /rustc/90b35a6239c3d8bdabc530a6a0816f7ff89a0aaf/library/test/src/lib.rs:644:27
[INFO] [stdout]   31:     0x5901c31c8b77 - test::run_test::{{closure}}::h52c556a6d4740e10
[INFO] [stdout]                                at /rustc/90b35a6239c3d8bdabc530a6a0816f7ff89a0aaf/library/test/src/lib.rs:565:43
[INFO] [stdout]   32:     0x5901c318de54 - test::run_test::{{closure}}::h4237f6381c45ccb9
[INFO] [stdout]                                at /rustc/90b35a6239c3d8bdabc530a6a0816f7ff89a0aaf/library/test/src/lib.rs:595:41
[INFO] [stdout]   33:     0x5901c318de54 - std::sys::backtrace::__rust_begin_short_backtrace::h505c97a579eca628
[INFO] [stdout]                                at /rustc/90b35a6239c3d8bdabc530a6a0816f7ff89a0aaf/library/std/src/sys/backtrace.rs:154:18
[INFO] [stdout]   34:     0x5901c319151e - std::thread::Builder::spawn_unchecked_::{{closure}}::{{closure}}::h9e86b2e2bc107ea3
[INFO] [stdout]                                at /rustc/90b35a6239c3d8bdabc530a6a0816f7ff89a0aaf/library/std/src/thread/mod.rs:538:17
[INFO] [stdout]   35:     0x5901c319151e - <core::panic::unwind_safe::AssertUnwindSafe<F> as core::ops::function::FnOnce<()>>::call_once::h8b06ddb275ff4a25
[INFO] [stdout]                                at /rustc/90b35a6239c3d8bdabc530a6a0816f7ff89a0aaf/library/core/src/panic/unwind_safe.rs:272:9
[INFO] [stdout]   36:     0x5901c319151e - std::panicking::try::do_call::hb26ecd7cd9a9355d
[INFO] [stdout]                                at /rustc/90b35a6239c3d8bdabc530a6a0816f7ff89a0aaf/library/std/src/panicking.rs:557:40
[INFO] [stdout]   37:     0x5901c319151e - std::panicking::try::h8ddeca9d705f9069
[INFO] [stdout]                                at /rustc/90b35a6239c3d8bdabc530a6a0816f7ff89a0aaf/library/std/src/panicking.rs:520:19
[INFO] [stdout]   38:     0x5901c319151e - std::panic::catch_unwind::h49e1c33078844c46
[INFO] [stdout]                                at /rustc/90b35a6239c3d8bdabc530a6a0816f7ff89a0aaf/library/std/src/panic.rs:358:14
[INFO] [stdout]   39:     0x5901c319151e - std::thread::Builder::spawn_unchecked_::{{closure}}::h6073db6ff56ad35d
[INFO] [stdout]                                at /rustc/90b35a6239c3d8bdabc530a6a0816f7ff89a0aaf/library/std/src/thread/mod.rs:537:30
[INFO] [stdout]   40:     0x5901c319151e - core::ops::function::FnOnce::call_once{{vtable.shim}}::h2c5a5f3779c774f1
[INFO] [stdout]                                at /rustc/90b35a6239c3d8bdabc530a6a0816f7ff89a0aaf/library/core/src/ops/function.rs:250:5
[INFO] [stdout]   41:     0x5901c31fde6b - <alloc::boxed::Box<F,A> as core::ops::function::FnOnce<Args>>::call_once::hf75717d9f28faebf
[INFO] [stdout]                                at /rustc/90b35a6239c3d8bdabc530a6a0816f7ff89a0aaf/library/alloc/src/boxed.rs:2454:9
[INFO] [stdout]   42:     0x5901c31fde6b - <alloc::boxed::Box<F,A> as core::ops::function::FnOnce<Args>>::call_once::h7bd883a5f3c5f3c1
[INFO] [stdout]                                at /rustc/90b35a6239c3d8bdabc530a6a0816f7ff89a0aaf/library/alloc/src/boxed.rs:2454:9
[INFO] [stdout]   43:     0x5901c31fde6b - std::sys::pal::unix::thread::Thread::new::thread_start::hcc78f3943333fa94
[INFO] [stdout]                                at /rustc/90b35a6239c3d8bdabc530a6a0816f7ff89a0aaf/library/std/src/sys/pal/unix/thread.rs:105:17
[INFO] [stdout]   44:     0x7f22f25b0ac3 - <unknown>
[INFO] [stdout]   45:     0x7f22f2641a04 - clone
[INFO] [stdout]   46:                0x0 - <unknown>
[INFO] [stdout] 
[INFO] [stdout] ---- tests::test_calculate_heuristic stdout ----
[INFO] [stdout] thread 'tests::test_calculate_heuristic' panicked at src/tests.rs:20:5:
[INFO] [stdout] assertion `left == right` failed: -1767055681 is 8, should be 12
[INFO] [stdout]   left: 8.0
[INFO] [stdout]  right: 12.0
[INFO] [stdout] stack backtrace:
[INFO] [stdout]    0:     0x5901c31f861a - std::backtrace_rs::backtrace::libunwind::trace::h5a5b8284f2d0c266
[INFO] [stdout]                                at /rustc/90b35a6239c3d8bdabc530a6a0816f7ff89a0aaf/library/std/src/../../backtrace/src/backtrace/libunwind.rs:116:5
[INFO] [stdout]    1:     0x5901c31f861a - std::backtrace_rs::backtrace::trace_unsynchronized::h76d4f1c9b0b875e3
[INFO] [stdout]                                at /rustc/90b35a6239c3d8bdabc530a6a0816f7ff89a0aaf/library/std/src/../../backtrace/src/backtrace/mod.rs:66:5
[INFO] [stdout]    2:     0x5901c31f861a - std::sys::backtrace::_print_fmt::hc4546b8364a537c6
[INFO] [stdout]                                at /rustc/90b35a6239c3d8bdabc530a6a0816f7ff89a0aaf/library/std/src/sys/backtrace.rs:66:9
[INFO] [stdout]    3:     0x5901c31f861a - <std::sys::backtrace::BacktraceLock::print::DisplayBacktrace as core::fmt::Display>::fmt::h5b6bd5631a6d1f6b
[INFO] [stdout]                                at /rustc/90b35a6239c3d8bdabc530a6a0816f7ff89a0aaf/library/std/src/sys/backtrace.rs:39:26
[INFO] [stdout]    4:     0x5901c321e3b3 - core::fmt::rt::Argument::fmt::h270f6602a2b96f62
[INFO] [stdout]                                at /rustc/90b35a6239c3d8bdabc530a6a0816f7ff89a0aaf/library/core/src/fmt/rt.rs:177:76
[INFO] [stdout]    5:     0x5901c321e3b3 - core::fmt::write::h7550c97b06c86515
[INFO] [stdout]                                at /rustc/90b35a6239c3d8bdabc530a6a0816f7ff89a0aaf/library/core/src/fmt/mod.rs:1186:21
[INFO] [stdout]    6:     0x5901c31f57e3 - std::io::Write::write_fmt::h509ff860e5956e5e
[INFO] [stdout]                                at /rustc/90b35a6239c3d8bdabc530a6a0816f7ff89a0aaf/library/std/src/io/mod.rs:1839:15
[INFO] [stdout]    7:     0x5901c31f8462 - std::sys::backtrace::BacktraceLock::print::h2395ccd2c84ba3aa
[INFO] [stdout]                                at /rustc/90b35a6239c3d8bdabc530a6a0816f7ff89a0aaf/library/std/src/sys/backtrace.rs:42:9
[INFO] [stdout]    8:     0x5901c31f9a7a - std::panicking::default_hook::{{closure}}::he19d4c7230e07961
[INFO] [stdout]                                at /rustc/90b35a6239c3d8bdabc530a6a0816f7ff89a0aaf/library/std/src/panicking.rs:268:22
[INFO] [stdout]    9:     0x5901c31f9884 - std::panicking::default_hook::hf614597d3c67bbdb
[INFO] [stdout]                                at /rustc/90b35a6239c3d8bdabc530a6a0816f7ff89a0aaf/library/std/src/panicking.rs:292:9
[INFO] [stdout]   10:     0x5901c31c4979 - <alloc::boxed::Box<F,A> as core::ops::function::Fn<Args>>::call::h39b51ce4599c23d1
[INFO] [stdout]                                at /rustc/90b35a6239c3d8bdabc530a6a0816f7ff89a0aaf/library/alloc/src/boxed.rs:2468:9
[INFO] [stdout]   11:     0x5901c31c4979 - test::test_main::{{closure}}::he977ae839a582784
[INFO] [stdout]                                at /rustc/90b35a6239c3d8bdabc530a6a0816f7ff89a0aaf/library/test/src/lib.rs:133:21
[INFO] [stdout]   12:     0x5901c31fa118 - <alloc::boxed::Box<F,A> as core::ops::function::Fn<Args>>::call::h9455091b6b06f9fb
[INFO] [stdout]                                at /rustc/90b35a6239c3d8bdabc530a6a0816f7ff89a0aaf/library/alloc/src/boxed.rs:2468:9
[INFO] [stdout]   13:     0x5901c31fa118 - std::panicking::rust_panic_with_hook::h8942133a8b252070
[INFO] [stdout]                                at /rustc/90b35a6239c3d8bdabc530a6a0816f7ff89a0aaf/library/std/src/panicking.rs:809:13
[INFO] [stdout]   14:     0x5901c31f9eda - std::panicking::begin_panic_handler::{{closure}}::hb5f5963570096b29
[INFO] [stdout]                                at /rustc/90b35a6239c3d8bdabc530a6a0816f7ff89a0aaf/library/std/src/panicking.rs:674:13
[INFO] [stdout]   15:     0x5901c31f8af9 - std::sys::backtrace::__rust_end_short_backtrace::h6208cedc1922feda
[INFO] [stdout]                                at /rustc/90b35a6239c3d8bdabc530a6a0816f7ff89a0aaf/library/std/src/sys/backtrace.rs:170:18
[INFO] [stdout]   16:     0x5901c31f9b6c - rust_begin_unwind
[INFO] [stdout]                                at /rustc/90b35a6239c3d8bdabc530a6a0816f7ff89a0aaf/library/std/src/panicking.rs:665:5
[INFO] [stdout]   17:     0x5901c3175a60 - core::panicking::panic_fmt::h0c3082644d1bf418
[INFO] [stdout]                                at /rustc/90b35a6239c3d8bdabc530a6a0816f7ff89a0aaf/library/core/src/panicking.rs:74:14
[INFO] [stdout]   18:     0x5901c3175d8b - core::panicking::assert_failed_inner::h2ddf1fcc067fa858
[INFO] [stdout]   19:     0x5901c3187fdb - core::panicking::assert_failed::hcf5cf211b98dfdec
[INFO] [stdout]                                at /rustc/90b35a6239c3d8bdabc530a6a0816f7ff89a0aaf/library/core/src/panicking.rs:367:5
[INFO] [stdout]   20:     0x5901c317e193 - pyatnahi::tests::test_calculate_heuristic::he9285aaa573f89d0
[INFO] [stdout]                                at /opt/rustwide/workdir/src/tests.rs:13:13
[INFO] [stdout]   21:     0x5901c317df67 - pyatnahi::tests::test_calculate_heuristic::{{closure}}::h392a07af9d7bdd29
[INFO] [stdout]                                at /opt/rustwide/workdir/src/tests.rs:19:30
[INFO] [stdout]   22:     0x5901c3186496 - core::ops::function::FnOnce::call_once::had9f011f9f20eefa
[INFO] [stdout]                                at /rustc/90b35a6239c3d8bdabc530a6a0816f7ff89a0aaf/library/core/src/ops/function.rs:250:5
[INFO] [stdout]   23:     0x5901c31c933b - core::ops::function::FnOnce::call_once::h109cf8051a59b34e
[INFO] [stdout]                                at /rustc/90b35a6239c3d8bdabc530a6a0816f7ff89a0aaf/library/core/src/ops/function.rs:250:5
[INFO] [stdout]   24:     0x5901c31c933b - test::__rust_begin_short_backtrace::hf4fff89d377446ba
[INFO] [stdout]                                at /rustc/90b35a6239c3d8bdabc530a6a0816f7ff89a0aaf/library/test/src/lib.rs:621:18
[INFO] [stdout]   25:     0x5901c31c8b77 - test::run_test_in_process::{{closure}}::h0e39181dd7ee5a43
[INFO] [stdout]                                at /rustc/90b35a6239c3d8bdabc530a6a0816f7ff89a0aaf/library/test/src/lib.rs:644:60
[INFO] [stdout]   26:     0x5901c31c8b77 - <core::panic::unwind_safe::AssertUnwindSafe<F> as core::ops::function::FnOnce<()>>::call_once::hc5a66a30f0bdfd1f
[INFO] [stdout]                                at /rustc/90b35a6239c3d8bdabc530a6a0816f7ff89a0aaf/library/core/src/panic/unwind_safe.rs:272:9
[INFO] [stdout]   27:     0x5901c31c8b77 - std::panicking::try::do_call::h873b7cf639554a5e
[INFO] [stdout]                                at /rustc/90b35a6239c3d8bdabc530a6a0816f7ff89a0aaf/library/std/src/panicking.rs:557:40
[INFO] [stdout]   28:     0x5901c31c8b77 - std::panicking::try::hdb19862fad9c8bd1
[INFO] [stdout]                                at /rustc/90b35a6239c3d8bdabc530a6a0816f7ff89a0aaf/library/std/src/panicking.rs:520:19
[INFO] [stdout]   29:     0x5901c31c8b77 - std::panic::catch_unwind::h281fe732d236d260
[INFO] [stdout]                                at /rustc/90b35a6239c3d8bdabc530a6a0816f7ff89a0aaf/library/std/src/panic.rs:358:14
[INFO] [stdout]   30:     0x5901c31c8b77 - test::run_test_in_process::h949b6df8457ed338
[INFO] [stdout]                                at /rustc/90b35a6239c3d8bdabc530a6a0816f7ff89a0aaf/library/test/src/lib.rs:644:27
[INFO] [stdout]   31:     0x5901c31c8b77 - test::run_test::{{closure}}::h52c556a6d4740e10
[INFO] [stdout]                                at /rustc/90b35a6239c3d8bdabc530a6a0816f7ff89a0aaf/library/test/src/lib.rs:565:43
[INFO] [stdout]   32:     0x5901c318de54 - test::run_test::{{closure}}::h4237f6381c45ccb9
[INFO] [stdout]                                at /rustc/90b35a6239c3d8bdabc530a6a0816f7ff89a0aaf/library/test/src/lib.rs:595:41
[INFO] [stdout]   33:     0x5901c318de54 - std::sys::backtrace::__rust_begin_short_backtrace::h505c97a579eca628
[INFO] [stdout]                                at /rustc/90b35a6239c3d8bdabc530a6a0816f7ff89a0aaf/library/std/src/sys/backtrace.rs:154:18
[INFO] [stdout]   34:     0x5901c319151e - std::thread::Builder::spawn_unchecked_::{{closure}}::{{closure}}::h9e86b2e2bc107ea3
[INFO] [stdout]                                at /rustc/90b35a6239c3d8bdabc530a6a0816f7ff89a0aaf/library/std/src/thread/mod.rs:538:17
[INFO] [stdout]   35:     0x5901c319151e - <core::panic::unwind_safe::AssertUnwindSafe<F> as core::ops::function::FnOnce<()>>::call_once::h8b06ddb275ff4a25
[INFO] [stdout]                                at /rustc/90b35a6239c3d8bdabc530a6a0816f7ff89a0aaf/library/core/src/panic/unwind_safe.rs:272:9
[INFO] [stdout]   36:     0x5901c319151e - std::panicking::try::do_call::hb26ecd7cd9a9355d
[INFO] [stdout]                                at /rustc/90b35a6239c3d8bdabc530a6a0816f7ff89a0aaf/library/std/src/panicking.rs:557:40
[INFO] [stdout]   37:     0x5901c319151e - std::panicking::try::h8ddeca9d705f9069
[INFO] [stdout]                                at /rustc/90b35a6239c3d8bdabc530a6a0816f7ff89a0aaf/library/std/src/panicking.rs:520:19
[INFO] [stdout]   38:     0x5901c319151e - std::panic::catch_unwind::h49e1c33078844c46
[INFO] [stdout]                                at /rustc/90b35a6239c3d8bdabc530a6a0816f7ff89a0aaf/library/std/src/panic.rs:358:14
[INFO] [stdout]   39:     0x5901c319151e - std::thread::Builder::spawn_unchecked_::{{closure}}::h6073db6ff56ad35d
[INFO] [stdout]                                at /rustc/90b35a6239c3d8bdabc530a6a0816f7ff89a0aaf/library/std/src/thread/mod.rs:537:30
[INFO] [stdout]   40:     0x5901c319151e - core::ops::function::FnOnce::call_once{{vtable.shim}}::h2c5a5f3779c774f1
[INFO] [stdout]                                at /rustc/90b35a6239c3d8bdabc530a6a0816f7ff89a0aaf/library/core/src/ops/function.rs:250:5
[INFO] [stdout]   41:     0x5901c31fde6b - <alloc::boxed::Box<F,A> as core::ops::function::FnOnce<Args>>::call_once::hf75717d9f28faebf
[INFO] [stdout]                                at /rustc/90b35a6239c3d8bdabc530a6a0816f7ff89a0aaf/library/alloc/src/boxed.rs:2454:9
[INFO] [stdout]   42:     0x5901c31fde6b - <alloc::boxed::Box<F,A> as core::ops::function::FnOnce<Args>>::call_once::h7bd883a5f3c5f3c1
[INFO] [stdout]                                at /rustc/90b35a6239c3d8bdabc530a6a0816f7ff89a0aaf/library/alloc/src/boxed.rs:2454:9
[INFO] [stdout]   43:     0x5901c31fde6b - std::sys::pal::unix::thread::Thread::new::thread_start::hcc78f3943333fa94
[INFO] [stdout]                                at /rustc/90b35a6239c3d8bdabc530a6a0816f7ff89a0aaf/library/std/src/sys/pal/unix/thread.rs:105:17
[INFO] [stdout]   44:     0x7f22f25b0ac3 - <unknown>
[INFO] [stdout]   45:     0x7f22f2641a04 - clone
[INFO] [stdout]   46:                0x0 - <unknown>
[INFO] [stdout] 
[INFO] [stdout] 
[INFO] [stdout] failures:
[INFO] [stdout]     tests::test_calculate_heuristic
[INFO] [stdout]     tests::test_calculate_heuristic_change
[INFO] [stdout] 
[INFO] [stdout] test result: FAILED. 2 passed; 2 failed; 0 ignored; 0 measured; 0 filtered out; finished in 7.57s
[INFO] [stdout] 
[INFO] [stderr] error: test failed, to rerun pass `--bin pyatnahi`
[INFO] running `Command { std: "docker" "inspect" "ee1db0090a1c0cd879db02a54705a36dfa853f11b5afa473b850c95ae9984406", kill_on_drop: false }`
[INFO] running `Command { std: "docker" "rm" "-f" "ee1db0090a1c0cd879db02a54705a36dfa853f11b5afa473b850c95ae9984406", kill_on_drop: false }`
[INFO] [stdout] ee1db0090a1c0cd879db02a54705a36dfa853f11b5afa473b850c95ae9984406
