[INFO] cloning repository https://github.com/MVPWorkshop/starky-verifier
[INFO] running `Command { std: "git" "-c" "credential.helper=" "-c" "credential.helper=/workspace/cargo-home/bin/git-credential-null" "clone" "--bare" "https://github.com/MVPWorkshop/starky-verifier" "/workspace/cache/git-repos/https%3A%2F%2Fgithub.com%2FMVPWorkshop%2Fstarky-verifier", kill_on_drop: false }`
[INFO] [stderr] Cloning into bare repository '/workspace/cache/git-repos/https%3A%2F%2Fgithub.com%2FMVPWorkshop%2Fstarky-verifier'...
[INFO] running `Command { std: "git" "rev-parse" "HEAD", kill_on_drop: false }`
[INFO] [stdout] 9cf6cc906797b0587506743e3ac0701e2abd1dcd
[INFO] testing MVPWorkshop/starky-verifier against beta-2024-12-08 for beta-1.84.0-4-retry
[INFO] running `Command { std: "git" "clone" "/workspace/cache/git-repos/https%3A%2F%2Fgithub.com%2FMVPWorkshop%2Fstarky-verifier" "/workspace/builds/worker-1-tc2/source", kill_on_drop: false }`
[INFO] [stderr] Cloning into '/workspace/builds/worker-1-tc2/source'...
[INFO] [stderr] done.
[INFO] validating manifest of git repo https://github.com/MVPWorkshop/starky-verifier on toolchain beta-2024-12-08
[INFO] running `Command { std: CARGO_HOME="/workspace/cargo-home" RUSTUP_HOME="/workspace/rustup-home" "/workspace/cargo-home/bin/cargo" "+beta-2024-12-08" "metadata" "--manifest-path" "Cargo.toml" "--no-deps", kill_on_drop: false }`
[INFO] started tweaking git repo https://github.com/MVPWorkshop/starky-verifier
[INFO] finished tweaking git repo https://github.com/MVPWorkshop/starky-verifier
[INFO] tweaked toml for git repo https://github.com/MVPWorkshop/starky-verifier written to /workspace/builds/worker-1-tc2/source/Cargo.toml
[INFO] crate git repo https://github.com/MVPWorkshop/starky-verifier already has a lockfile, it will not be regenerated
[INFO] running `Command { std: CARGO_HOME="/workspace/cargo-home" RUSTUP_HOME="/workspace/rustup-home" "/workspace/cargo-home/bin/cargo" "+beta-2024-12-08" "fetch" "--manifest-path" "Cargo.toml", kill_on_drop: false }`
[INFO] running `Command { std: "docker" "create" "-v" "/var/lib/crater-agent-workspace/builds/worker-1-tc2/target:/opt/rustwide/target:rw,Z" "-v" "/var/lib/crater-agent-workspace/builds/worker-1-tc2/source:/opt/rustwide/workdir:ro,Z" "-v" "/var/lib/crater-agent-workspace/cargo-home:/opt/rustwide/cargo-home:ro,Z" "-v" "/var/lib/crater-agent-workspace/rustup-home:/opt/rustwide/rustup-home:ro,Z" "-e" "SOURCE_DIR=/opt/rustwide/workdir" "-e" "CARGO_TARGET_DIR=/opt/rustwide/target" "-e" "CARGO_HOME=/opt/rustwide/cargo-home" "-e" "RUSTUP_HOME=/opt/rustwide/rustup-home" "-w" "/opt/rustwide/workdir" "-m" "1610612736" "--user" "0:0" "--network" "none" "ghcr.io/rust-lang/crates-build-env/linux@sha256:f3a9d4ad9d972b27faf3965f35b62e55ba32bbce8f20bc8fe909558a86702fde" "/opt/rustwide/cargo-home/bin/cargo" "+beta-2024-12-08" "metadata" "--no-deps" "--format-version=1", kill_on_drop: false }`
[INFO] [stdout] 653d3dc6407c8a3d39387d414925de81ded8c01ed3e21085cad396c8a10c939d
[INFO] running `Command { std: "docker" "start" "-a" "653d3dc6407c8a3d39387d414925de81ded8c01ed3e21085cad396c8a10c939d", kill_on_drop: false }`
[INFO] running `Command { std: "docker" "inspect" "653d3dc6407c8a3d39387d414925de81ded8c01ed3e21085cad396c8a10c939d", kill_on_drop: false }`
[INFO] running `Command { std: "docker" "rm" "-f" "653d3dc6407c8a3d39387d414925de81ded8c01ed3e21085cad396c8a10c939d", kill_on_drop: false }`
[INFO] [stdout] 653d3dc6407c8a3d39387d414925de81ded8c01ed3e21085cad396c8a10c939d
[INFO] running `Command { std: "docker" "create" "-v" "/var/lib/crater-agent-workspace/builds/worker-1-tc2/target:/opt/rustwide/target:rw,Z" "-v" "/var/lib/crater-agent-workspace/builds/worker-1-tc2/source:/opt/rustwide/workdir:ro,Z" "-v" "/var/lib/crater-agent-workspace/cargo-home:/opt/rustwide/cargo-home:ro,Z" "-v" "/var/lib/crater-agent-workspace/rustup-home:/opt/rustwide/rustup-home:ro,Z" "-e" "SOURCE_DIR=/opt/rustwide/workdir" "-e" "CARGO_TARGET_DIR=/opt/rustwide/target" "-e" "CARGO_INCREMENTAL=0" "-e" "RUST_BACKTRACE=full" "-e" "RUSTFLAGS=--cap-lints=warn" "-e" "RUSTDOCFLAGS=--cap-lints=warn" "-e" "CARGO_HOME=/opt/rustwide/cargo-home" "-e" "RUSTUP_HOME=/opt/rustwide/rustup-home" "-w" "/opt/rustwide/workdir" "-m" "1610612736" "--user" "0:0" "--network" "none" "ghcr.io/rust-lang/crates-build-env/linux@sha256:f3a9d4ad9d972b27faf3965f35b62e55ba32bbce8f20bc8fe909558a86702fde" "/opt/rustwide/cargo-home/bin/cargo" "+beta-2024-12-08" "build" "--frozen" "--message-format=json", kill_on_drop: false }`
[INFO] [stdout] d2a12f70d9c745b72ddddad1148638cb14d06ae715e651cdf505d48debe629d6
[INFO] running `Command { std: "docker" "start" "-a" "d2a12f70d9c745b72ddddad1148638cb14d06ae715e651cdf505d48debe629d6", kill_on_drop: false }`
[INFO] [stderr]    Compiling proc-macro2 v1.0.92
[INFO] [stderr]    Compiling unicode-ident v1.0.14
[INFO] [stderr]    Compiling crunchy v0.2.2
[INFO] [stderr]    Compiling autocfg v1.4.0
[INFO] [stderr]    Compiling byteorder v1.5.0
[INFO] [stderr]    Compiling rand_core v0.6.4
[INFO] [stderr]    Compiling libc v0.2.168
[INFO] [stderr]    Compiling serde v1.0.215
[INFO] [stderr]    Compiling tiny-keccak v2.0.2
[INFO] [stderr]    Compiling static_assertions v1.1.0
[INFO] [stderr]    Compiling syn v1.0.109
[INFO] [stderr]    Compiling once_cell v1.20.2
[INFO] [stderr]    Compiling version_check v0.9.5
[INFO] [stderr]    Compiling hex v0.4.3
[INFO] [stderr]    Compiling anyhow v1.0.94
[INFO] [stderr]    Compiling fixed-hash v0.7.0
[INFO] [stderr]    Compiling either v1.13.0
[INFO] [stderr]    Compiling plonky2_util v1.0.0 (https://github.com/MVPWorkshop/plonky2?branch=testing#8494345c)
[INFO] [stderr]    Compiling rand v0.8.5
[INFO] [stderr]    Compiling itertools v0.11.0
[INFO] [stderr]    Compiling plonky2_maybe_rayon v1.0.0 (https://github.com/MVPWorkshop/plonky2?branch=testing#8494345c)
[INFO] [stderr]    Compiling log v0.4.22
[INFO] [stderr]    Compiling thiserror v2.0.6
[INFO] [stderr]    Compiling serde_json v1.0.133
[INFO] [stderr]    Compiling memchr v2.7.4
[INFO] [stderr]    Compiling ryu v1.0.18
[INFO] [stderr]    Compiling uint v0.9.5
[INFO] [stderr]    Compiling primitive-types v0.10.1
[INFO] [stderr]    Compiling ahash v0.8.11
[INFO] [stderr]    Compiling cobs v0.2.3
[INFO] [stderr]    Compiling itoa v1.0.14
[INFO] [stderr]    Compiling num-traits v0.2.19
[INFO] [stderr]    Compiling quote v1.0.37
[INFO] [stderr]    Compiling syn v2.0.90
[INFO] [stderr]    Compiling getrandom v0.2.15
[INFO] [stderr]    Compiling const-random-macro v0.1.16
[INFO] [stderr]    Compiling keccak-hash v0.8.0
[INFO] [stderr]    Compiling const-random v0.1.18
[INFO] [stderr]    Compiling num-integer v0.1.46
[INFO] [stderr]    Compiling num-complex v0.4.6
[INFO] [stderr]    Compiling num-bigint v0.4.6
[INFO] [stderr]    Compiling num-iter v0.1.45
[INFO] [stderr]    Compiling num-rational v0.4.2
[INFO] [stderr]    Compiling zerocopy-derive v0.7.35
[INFO] [stderr]    Compiling serde_derive v1.0.215
[INFO] [stderr]    Compiling thiserror-impl v2.0.6
[INFO] [stderr]    Compiling num v0.4.3
[INFO] [stderr]    Compiling zerocopy v0.7.35
[INFO] [stderr]    Compiling unroll v0.1.5
[INFO] [stderr]    Compiling ppv-lite86 v0.2.20
[INFO] [stderr]    Compiling rand_chacha v0.3.1
[INFO] [stderr]    Compiling hashbrown v0.14.5
[INFO] [stderr]    Compiling plonky2_field v1.0.0 (https://github.com/MVPWorkshop/plonky2?branch=testing#8494345c)
[INFO] [stderr]    Compiling postcard v1.1.1
[INFO] [stderr]    Compiling plonky2 v1.0.0 (https://github.com/MVPWorkshop/plonky2?branch=testing#8494345c)
[INFO] [stderr]    Compiling starky v1.0.0 (https://github.com/MVPWorkshop/plonky2?branch=testing#8494345c)
[INFO] [stderr]    Compiling starky-verifier v0.1.0 (/opt/rustwide/workdir)
[INFO] [stdout] warning: variants `InvalidProof` and `InvalidPubs` are never constructed
[INFO] [stdout]   --> src/deserializer.rs:14:5
[INFO] [stdout]    |
[INFO] [stdout] 12 | pub enum DeserializeError {
[INFO] [stdout]    |          ---------------- variants in this enum
[INFO] [stdout] 13 |     #[error("Deserialization of proof failed")]
[INFO] [stdout] 14 |     InvalidProof,
[INFO] [stdout]    |     ^^^^^^^^^^^^
[INFO] [stdout] 15 |     #[error("Deserialization of public inputs failed")]
[INFO] [stdout] 16 |     InvalidPubs,
[INFO] [stdout]    |     ^^^^^^^^^^^
[INFO] [stdout]    |
[INFO] [stdout]    = note: `DeserializeError` has a derived impl for the trait `Debug`, but this is intentionally ignored during dead code analysis
[INFO] [stdout]    = note: `#[warn(dead_code)]` on by default
[INFO] [stdout] 
[INFO] [stdout] 
[INFO] [stdout] warning: function `serialize_pubs` is never used
[INFO] [stdout]   --> src/deserializer.rs:19:15
[INFO] [stdout]    |
[INFO] [stdout] 19 | pub(crate) fn serialize_pubs(pubs: &Vec<GoldilocksField>) -> Vec<u8> {
[INFO] [stdout]    |               ^^^^^^^^^^^^^^
[INFO] [stdout] 
[INFO] [stdout] 
[INFO] [stdout] warning: function `serialize_proof` is never used
[INFO] [stdout]   --> src/deserializer.rs:23:15
[INFO] [stdout]    |
[INFO] [stdout] 23 | pub(crate) fn serialize_proof<F, C, const D: usize>(proof: &StarkProof<F, C, D>) -> Vec<u8>
[INFO] [stdout]    |               ^^^^^^^^^^^^^^^
[INFO] [stdout] 
[INFO] [stdout] 
[INFO] [stdout] warning: function `deserialize_proof` is never used
[INFO] [stdout]   --> src/deserializer.rs:31:15
[INFO] [stdout]    |
[INFO] [stdout] 31 | pub(crate) fn deserialize_proof<F, C, const D: usize>(
[INFO] [stdout]    |               ^^^^^^^^^^^^^^^^^
[INFO] [stdout] 
[INFO] [stdout] 
[INFO] [stdout] warning: function `deserialize_public_inputs` is never used
[INFO] [stdout]   --> src/deserializer.rs:41:15
[INFO] [stdout]    |
[INFO] [stdout] 41 | pub(crate) fn deserialize_public_inputs(
[INFO] [stdout]    |               ^^^^^^^^^^^^^^^^^^^^^^^^^
[INFO] [stdout] 
[INFO] [stdout] 
[INFO] [stdout] warning: function `verify_starky_proof` is never used
[INFO] [stdout]   --> src/verifier.rs:12:8
[INFO] [stdout]    |
[INFO] [stdout] 12 | pub fn verify_starky_proof(proof: Vec<u8>, pubs: Vec<u8>) -> Result<(), DeserializeError> {
[INFO] [stdout]    |        ^^^^^^^^^^^^^^^^^^^
[INFO] [stdout] 
[INFO] [stdout] 
[INFO] [stderr]     Finished `dev` profile [unoptimized + debuginfo] target(s) in 28.86s
[INFO] running `Command { std: "docker" "inspect" "d2a12f70d9c745b72ddddad1148638cb14d06ae715e651cdf505d48debe629d6", kill_on_drop: false }`
[INFO] running `Command { std: "docker" "rm" "-f" "d2a12f70d9c745b72ddddad1148638cb14d06ae715e651cdf505d48debe629d6", kill_on_drop: false }`
[INFO] [stdout] d2a12f70d9c745b72ddddad1148638cb14d06ae715e651cdf505d48debe629d6
[INFO] running `Command { std: "docker" "create" "-v" "/var/lib/crater-agent-workspace/builds/worker-1-tc2/target:/opt/rustwide/target:rw,Z" "-v" "/var/lib/crater-agent-workspace/builds/worker-1-tc2/source:/opt/rustwide/workdir:ro,Z" "-v" "/var/lib/crater-agent-workspace/cargo-home:/opt/rustwide/cargo-home:ro,Z" "-v" "/var/lib/crater-agent-workspace/rustup-home:/opt/rustwide/rustup-home:ro,Z" "-e" "SOURCE_DIR=/opt/rustwide/workdir" "-e" "CARGO_TARGET_DIR=/opt/rustwide/target" "-e" "CARGO_INCREMENTAL=0" "-e" "RUST_BACKTRACE=full" "-e" "RUSTFLAGS=--cap-lints=warn" "-e" "RUSTDOCFLAGS=--cap-lints=warn" "-e" "CARGO_HOME=/opt/rustwide/cargo-home" "-e" "RUSTUP_HOME=/opt/rustwide/rustup-home" "-w" "/opt/rustwide/workdir" "-m" "1610612736" "--user" "0:0" "--network" "none" "ghcr.io/rust-lang/crates-build-env/linux@sha256:f3a9d4ad9d972b27faf3965f35b62e55ba32bbce8f20bc8fe909558a86702fde" "/opt/rustwide/cargo-home/bin/cargo" "+beta-2024-12-08" "test" "--frozen" "--no-run" "--message-format=json", kill_on_drop: false }`
[INFO] [stdout] 287a24fe7b9ea7cde98983f255c2ebb8a5f0e162073ab6a65fcaa3fcd97f6cd4
[INFO] running `Command { std: "docker" "start" "-a" "287a24fe7b9ea7cde98983f255c2ebb8a5f0e162073ab6a65fcaa3fcd97f6cd4", kill_on_drop: false }`
[INFO] [stdout] warning: variants `InvalidProof` and `InvalidPubs` are never constructed
[INFO] [stdout]   --> src/deserializer.rs:14:5
[INFO] [stdout]    |
[INFO] [stdout] 12 | pub enum DeserializeError {
[INFO] [stdout]    |          ---------------- variants in this enum
[INFO] [stdout] 13 |     #[error("Deserialization of proof failed")]
[INFO] [stdout] 14 |     InvalidProof,
[INFO] [stdout]    |     ^^^^^^^^^^^^
[INFO] [stdout] 15 |     #[error("Deserialization of public inputs failed")]
[INFO] [stdout] 16 |     InvalidPubs,
[INFO] [stdout]    |     ^^^^^^^^^^^
[INFO] [stdout]    |
[INFO] [stdout]    = note: `DeserializeError` has a derived impl for the trait `Debug`, but this is intentionally ignored during dead code analysis
[INFO] [stdout]    = note: `#[warn(dead_code)]` on by default
[INFO] [stdout] 
[INFO] [stdout] 
[INFO] [stdout] warning: function `serialize_pubs` is never used
[INFO] [stdout]   --> src/deserializer.rs:19:15
[INFO] [stdout]    |
[INFO] [stdout] 19 | pub(crate) fn serialize_pubs(pubs: &Vec<GoldilocksField>) -> Vec<u8> {
[INFO] [stdout]    |               ^^^^^^^^^^^^^^
[INFO] [stdout] 
[INFO] [stdout] 
[INFO] [stdout] warning: function `serialize_proof` is never used
[INFO] [stdout]   --> src/deserializer.rs:23:15
[INFO] [stdout]    |
[INFO] [stdout] 23 | pub(crate) fn serialize_proof<F, C, const D: usize>(proof: &StarkProof<F, C, D>) -> Vec<u8>
[INFO] [stdout]    |               ^^^^^^^^^^^^^^^
[INFO] [stdout] 
[INFO] [stdout] 
[INFO] [stdout] warning: function `deserialize_proof` is never used
[INFO] [stdout]   --> src/deserializer.rs:31:15
[INFO] [stdout]    |
[INFO] [stdout] 31 | pub(crate) fn deserialize_proof<F, C, const D: usize>(
[INFO] [stdout]    |               ^^^^^^^^^^^^^^^^^
[INFO] [stdout] 
[INFO] [stdout] 
[INFO] [stdout] warning: function `deserialize_public_inputs` is never used
[INFO] [stdout]   --> src/deserializer.rs:41:15
[INFO] [stdout]    |
[INFO] [stdout] 41 | pub(crate) fn deserialize_public_inputs(
[INFO] [stdout]    |               ^^^^^^^^^^^^^^^^^^^^^^^^^
[INFO] [stdout] 
[INFO] [stdout] 
[INFO] [stdout] warning: function `verify_starky_proof` is never used
[INFO] [stdout]   --> src/verifier.rs:12:8
[INFO] [stdout]    |
[INFO] [stdout] 12 | pub fn verify_starky_proof(proof: Vec<u8>, pubs: Vec<u8>) -> Result<(), DeserializeError> {
[INFO] [stdout]    |        ^^^^^^^^^^^^^^^^^^^
[INFO] [stdout] 
[INFO] [stdout] 
[INFO] [stderr]    Compiling starky-verifier v0.1.0 (/opt/rustwide/workdir)
[INFO] [stderr]     Finished `test` profile [unoptimized + debuginfo] target(s) in 2.08s
[INFO] running `Command { std: "docker" "inspect" "287a24fe7b9ea7cde98983f255c2ebb8a5f0e162073ab6a65fcaa3fcd97f6cd4", kill_on_drop: false }`
[INFO] running `Command { std: "docker" "rm" "-f" "287a24fe7b9ea7cde98983f255c2ebb8a5f0e162073ab6a65fcaa3fcd97f6cd4", kill_on_drop: false }`
[INFO] [stdout] 287a24fe7b9ea7cde98983f255c2ebb8a5f0e162073ab6a65fcaa3fcd97f6cd4
[INFO] running `Command { std: "docker" "create" "-v" "/var/lib/crater-agent-workspace/builds/worker-1-tc2/target:/opt/rustwide/target:rw,Z" "-v" "/var/lib/crater-agent-workspace/builds/worker-1-tc2/source:/opt/rustwide/workdir:ro,Z" "-v" "/var/lib/crater-agent-workspace/cargo-home:/opt/rustwide/cargo-home:ro,Z" "-v" "/var/lib/crater-agent-workspace/rustup-home:/opt/rustwide/rustup-home:ro,Z" "-e" "SOURCE_DIR=/opt/rustwide/workdir" "-e" "CARGO_TARGET_DIR=/opt/rustwide/target" "-e" "CARGO_INCREMENTAL=0" "-e" "RUST_BACKTRACE=full" "-e" "RUSTFLAGS=--cap-lints=warn" "-e" "RUSTDOCFLAGS=--cap-lints=warn" "-e" "CARGO_HOME=/opt/rustwide/cargo-home" "-e" "RUSTUP_HOME=/opt/rustwide/rustup-home" "-w" "/opt/rustwide/workdir" "-m" "1610612736" "--user" "0:0" "--network" "none" "ghcr.io/rust-lang/crates-build-env/linux@sha256:f3a9d4ad9d972b27faf3965f35b62e55ba32bbce8f20bc8fe909558a86702fde" "/opt/rustwide/cargo-home/bin/cargo" "+beta-2024-12-08" "test" "--frozen", kill_on_drop: false }`
[INFO] [stdout] 6e9039068201ad31ecf48b62b0847c06669d02d145fccc649ea8878dc76a5bc8
[INFO] running `Command { std: "docker" "start" "-a" "6e9039068201ad31ecf48b62b0847c06669d02d145fccc649ea8878dc76a5bc8", kill_on_drop: false }`
[INFO] [stderr] warning: variants `InvalidProof` and `InvalidPubs` are never constructed
[INFO] [stderr]   --> src/deserializer.rs:14:5
[INFO] [stderr]    |
[INFO] [stderr] 12 | pub enum DeserializeError {
[INFO] [stderr]    |          ---------------- variants in this enum
[INFO] [stderr] 13 |     #[error("Deserialization of proof failed")]
[INFO] [stderr] 14 |     InvalidProof,
[INFO] [stderr]    |     ^^^^^^^^^^^^
[INFO] [stderr] 15 |     #[error("Deserialization of public inputs failed")]
[INFO] [stderr] 16 |     InvalidPubs,
[INFO] [stderr]    |     ^^^^^^^^^^^
[INFO] [stderr]    |
[INFO] [stderr]    = note: `DeserializeError` has a derived impl for the trait `Debug`, but this is intentionally ignored during dead code analysis
[INFO] [stderr]    = note: `#[warn(dead_code)]` on by default
[INFO] [stderr] 
[INFO] [stderr] warning: function `serialize_pubs` is never used
[INFO] [stderr]   --> src/deserializer.rs:19:15
[INFO] [stderr]    |
[INFO] [stderr] 19 | pub(crate) fn serialize_pubs(pubs: &Vec<GoldilocksField>) -> Vec<u8> {
[INFO] [stderr]    |               ^^^^^^^^^^^^^^
[INFO] [stderr] 
[INFO] [stderr] warning: function `serialize_proof` is never used
[INFO] [stderr]   --> src/deserializer.rs:23:15
[INFO] [stderr]    |
[INFO] [stderr] 23 | pub(crate) fn serialize_proof<F, C, const D: usize>(proof: &StarkProof<F, C, D>) -> Vec<u8>
[INFO] [stderr]    |               ^^^^^^^^^^^^^^^
[INFO] [stderr] 
[INFO] [stderr] warning: function `deserialize_proof` is never used
[INFO] [stderr]   --> src/deserializer.rs:31:15
[INFO] [stderr]    |
[INFO] [stderr] 31 | pub(crate) fn deserialize_proof<F, C, const D: usize>(
[INFO] [stderr]    |               ^^^^^^^^^^^^^^^^^
[INFO] [stderr] 
[INFO] [stderr] warning: function `deserialize_public_inputs` is never used
[INFO] [stderr]   --> src/deserializer.rs:41:15
[INFO] [stderr]    |
[INFO] [stderr] 41 | pub(crate) fn deserialize_public_inputs(
[INFO] [stderr]    |               ^^^^^^^^^^^^^^^^^^^^^^^^^
[INFO] [stderr] 
[INFO] [stderr] warning: function `verify_starky_proof` is never used
[INFO] [stderr]   --> src/verifier.rs:12:8
[INFO] [stderr]    |
[INFO] [stderr] 12 | pub fn verify_starky_proof(proof: Vec<u8>, pubs: Vec<u8>) -> Result<(), DeserializeError> {
[INFO] [stderr]    |        ^^^^^^^^^^^^^^^^^^^
[INFO] [stderr] 
[INFO] [stderr] warning: `starky-verifier` (lib) generated 6 warnings
[INFO] [stderr]     Finished `test` profile [unoptimized + debuginfo] target(s) in 0.08s
[INFO] [stderr]      Running unittests src/lib.rs (/opt/rustwide/target/debug/deps/starky_verifier-c31dfa0d4301ff00)
[INFO] [stdout] 
[INFO] [stdout] running 1 test
[INFO] [stdout] test tests::tests::test_verify ... FAILED
[INFO] [stdout] 
[INFO] [stdout] failures:
[INFO] [stdout] 
[INFO] [stdout] ---- tests::tests::test_verify stdout ----
[INFO] [stdout] thread 'tests::tests::test_verify' panicked at src/tests.rs:51:51:
[INFO] [stdout] Failed to write binary file: Os { code: 30, kind: ReadOnlyFilesystem, message: "Read-only file system" }
[INFO] [stdout] stack backtrace:
[INFO] [stdout]    0:     0x599070eb049a - std::backtrace_rs::backtrace::libunwind::trace::h8810477743020387
[INFO] [stdout]                                at /rustc/202008a1b8de96d2e5b6bc02d379db03a877d34d/library/std/src/../../backtrace/src/backtrace/libunwind.rs:116:5
[INFO] [stdout]    1:     0x599070eb049a - std::backtrace_rs::backtrace::trace_unsynchronized::h3aa55355dd6c54a6
[INFO] [stdout]                                at /rustc/202008a1b8de96d2e5b6bc02d379db03a877d34d/library/std/src/../../backtrace/src/backtrace/mod.rs:66:5
[INFO] [stdout]    2:     0x599070eb049a - std::sys::backtrace::_print_fmt::h8588b0f62410823f
[INFO] [stdout]                                at /rustc/202008a1b8de96d2e5b6bc02d379db03a877d34d/library/std/src/sys/backtrace.rs:66:9
[INFO] [stdout]    3:     0x599070eb049a - <std::sys::backtrace::BacktraceLock::print::DisplayBacktrace as core::fmt::Display>::fmt::h98c26ac25ffe89bb
[INFO] [stdout]                                at /rustc/202008a1b8de96d2e5b6bc02d379db03a877d34d/library/std/src/sys/backtrace.rs:39:26
[INFO] [stdout]    4:     0x599070ed5fd3 - core::fmt::rt::Argument::fmt::hf95377f4aebd453b
[INFO] [stdout]                                at /rustc/202008a1b8de96d2e5b6bc02d379db03a877d34d/library/core/src/fmt/rt.rs:177:76
[INFO] [stdout]    5:     0x599070ed5fd3 - core::fmt::write::h0dd5f6e2238c7982
[INFO] [stdout]                                at /rustc/202008a1b8de96d2e5b6bc02d379db03a877d34d/library/core/src/fmt/mod.rs:1189:21
[INFO] [stdout]    6:     0x599070ead633 - std::io::Write::write_fmt::h03bb0ca26e6faf8c
[INFO] [stdout]                                at /rustc/202008a1b8de96d2e5b6bc02d379db03a877d34d/library/std/src/io/mod.rs:1884:15
[INFO] [stdout]    7:     0x599070eb02e2 - std::sys::backtrace::BacktraceLock::print::h5c19c1c038ee186d
[INFO] [stdout]                                at /rustc/202008a1b8de96d2e5b6bc02d379db03a877d34d/library/std/src/sys/backtrace.rs:42:9
[INFO] [stdout]    8:     0x599070eb191d - std::panicking::default_hook::{{closure}}::h77172f079a1fcb13
[INFO] [stdout]                                at /rustc/202008a1b8de96d2e5b6bc02d379db03a877d34d/library/std/src/panicking.rs:268:22
[INFO] [stdout]    9:     0x599070eb1727 - std::panicking::default_hook::he5f8e3b203ccddba
[INFO] [stdout]                                at /rustc/202008a1b8de96d2e5b6bc02d379db03a877d34d/library/std/src/panicking.rs:292:9
[INFO] [stdout]   10:     0x599070e5f207 - <alloc::boxed::Box<F,A> as core::ops::function::Fn<Args>>::call::h7a3c7b4a1ae77f2f
[INFO] [stdout]                                at /rustc/202008a1b8de96d2e5b6bc02d379db03a877d34d/library/alloc/src/boxed.rs:1986:9
[INFO] [stdout]   11:     0x599070e5f207 - test::test_main::{{closure}}::hf0d3b69ae9b353d1
[INFO] [stdout]                                at /rustc/202008a1b8de96d2e5b6bc02d379db03a877d34d/library/test/src/lib.rs:134:21
[INFO] [stdout]   12:     0x599070eb1fc8 - <alloc::boxed::Box<F,A> as core::ops::function::Fn<Args>>::call::h6332e82e7b189abd
[INFO] [stdout]                                at /rustc/202008a1b8de96d2e5b6bc02d379db03a877d34d/library/alloc/src/boxed.rs:1986:9
[INFO] [stdout]   13:     0x599070eb1fc8 - std::panicking::rust_panic_with_hook::h53863d4e9018df39
[INFO] [stdout]                                at /rustc/202008a1b8de96d2e5b6bc02d379db03a877d34d/library/std/src/panicking.rs:809:13
[INFO] [stdout]   14:     0x599070eb1d8a - std::panicking::begin_panic_handler::{{closure}}::h67280e6fa0757873
[INFO] [stdout]                                at /rustc/202008a1b8de96d2e5b6bc02d379db03a877d34d/library/std/src/panicking.rs:674:13
[INFO] [stdout]   15:     0x599070eb0979 - std::sys::backtrace::__rust_end_short_backtrace::h1dac3f54d6fbbeb2
[INFO] [stdout]                                at /rustc/202008a1b8de96d2e5b6bc02d379db03a877d34d/library/std/src/sys/backtrace.rs:170:18
[INFO] [stdout]   16:     0x599070eb1a1c - rust_begin_unwind
[INFO] [stdout]                                at /rustc/202008a1b8de96d2e5b6bc02d379db03a877d34d/library/std/src/panicking.rs:665:5
[INFO] [stdout]   17:     0x599070d82ab0 - core::panicking::panic_fmt::h6792bd1b2bf01041
[INFO] [stdout]                                at /rustc/202008a1b8de96d2e5b6bc02d379db03a877d34d/library/core/src/panicking.rs:76:14
[INFO] [stdout]   18:     0x599070d82e56 - core::result::unwrap_failed::h05e0602ed34287c5
[INFO] [stdout]                                at /rustc/202008a1b8de96d2e5b6bc02d379db03a877d34d/library/core/src/result.rs:1699:5
[INFO] [stdout]   19:     0x599070dda89f - core::result::Result<T,E>::expect::h0be39fbbcf82c8de
[INFO] [stdout]                                at /rustc/202008a1b8de96d2e5b6bc02d379db03a877d34d/library/core/src/result.rs:1061:23
[INFO] [stdout]   20:     0x599070df4bed - starky_verifier::tests::tests::handle_proof::h6161eaab11861ecf
[INFO] [stdout]                                at /opt/rustwide/workdir/src/tests.rs:51:9
[INFO] [stdout]   21:     0x599070df52eb - starky_verifier::tests::tests::test_verify::h6922174cce281190
[INFO] [stdout]                                at /opt/rustwide/workdir/src/tests.rs:23:27
[INFO] [stdout]   22:     0x599070df52b7 - starky_verifier::tests::tests::test_verify::{{closure}}::hcb9deaced2c4f86e
[INFO] [stdout]                                at /opt/rustwide/workdir/src/tests.rs:18:21
[INFO] [stdout]   23:     0x599070dbab26 - core::ops::function::FnOnce::call_once::h4d06ccd6eb79212e
[INFO] [stdout]                                at /rustc/202008a1b8de96d2e5b6bc02d379db03a877d34d/library/core/src/ops/function.rs:250:5
[INFO] [stdout]   24:     0x599070e63d2b - core::ops::function::FnOnce::call_once::h871bf86719ec9aa4
[INFO] [stdout]                                at /rustc/202008a1b8de96d2e5b6bc02d379db03a877d34d/library/core/src/ops/function.rs:250:5
[INFO] [stdout]   25:     0x599070e63d2b - test::__rust_begin_short_backtrace::h2167df1e2b7d76fd
[INFO] [stdout]                                at /rustc/202008a1b8de96d2e5b6bc02d379db03a877d34d/library/test/src/lib.rs:632:18
[INFO] [stdout]   26:     0x599070e63718 - test::run_test_in_process::{{closure}}::h15d92f75a3adfb79
[INFO] [stdout]                                at /rustc/202008a1b8de96d2e5b6bc02d379db03a877d34d/library/test/src/lib.rs:655:60
[INFO] [stdout]   27:     0x599070e63718 - <core::panic::unwind_safe::AssertUnwindSafe<F> as core::ops::function::FnOnce<()>>::call_once::hb6c8955835a8dbbb
[INFO] [stdout]                                at /rustc/202008a1b8de96d2e5b6bc02d379db03a877d34d/library/core/src/panic/unwind_safe.rs:272:9
[INFO] [stdout]   28:     0x599070e63718 - std::panicking::try::do_call::hc79d0fc888a0bd30
[INFO] [stdout]                                at /rustc/202008a1b8de96d2e5b6bc02d379db03a877d34d/library/std/src/panicking.rs:557:40
[INFO] [stdout]   29:     0x599070e63718 - std::panicking::try::hb8a7878e3a8589d6
[INFO] [stdout]                                at /rustc/202008a1b8de96d2e5b6bc02d379db03a877d34d/library/std/src/panicking.rs:520:19
[INFO] [stdout]   30:     0x599070e63718 - std::panic::catch_unwind::hb8e4600ff0ff5cfa
[INFO] [stdout]                                at /rustc/202008a1b8de96d2e5b6bc02d379db03a877d34d/library/std/src/panic.rs:358:14
[INFO] [stdout]   31:     0x599070e63718 - test::run_test_in_process::hc2900b0b18688dd6
[INFO] [stdout]                                at /rustc/202008a1b8de96d2e5b6bc02d379db03a877d34d/library/test/src/lib.rs:655:27
[INFO] [stdout]   32:     0x599070e63718 - test::run_test::{{closure}}::hac2a9cb07be3d48d
[INFO] [stdout]                                at /rustc/202008a1b8de96d2e5b6bc02d379db03a877d34d/library/test/src/lib.rs:576:43
[INFO] [stdout]   33:     0x599070e271ba - test::run_test::{{closure}}::h4a5b729e66a38cd8
[INFO] [stdout]                                at /rustc/202008a1b8de96d2e5b6bc02d379db03a877d34d/library/test/src/lib.rs:606:41
[INFO] [stdout]   34:     0x599070e271ba - std::sys::backtrace::__rust_begin_short_backtrace::h0496fb742492f573
[INFO] [stdout]                                at /rustc/202008a1b8de96d2e5b6bc02d379db03a877d34d/library/std/src/sys/backtrace.rs:154:18
[INFO] [stdout]   35:     0x599070e2ab34 - std::thread::Builder::spawn_unchecked_::{{closure}}::{{closure}}::hbb6d257c550a54bd
[INFO] [stdout]                                at /rustc/202008a1b8de96d2e5b6bc02d379db03a877d34d/library/std/src/thread/mod.rs:561:17
[INFO] [stdout]   36:     0x599070e2ab34 - <core::panic::unwind_safe::AssertUnwindSafe<F> as core::ops::function::FnOnce<()>>::call_once::h46696fe4a6832328
[INFO] [stdout]                                at /rustc/202008a1b8de96d2e5b6bc02d379db03a877d34d/library/core/src/panic/unwind_safe.rs:272:9
[INFO] [stdout]   37:     0x599070e2ab34 - std::panicking::try::do_call::h2625a51b667bfb64
[INFO] [stdout]                                at /rustc/202008a1b8de96d2e5b6bc02d379db03a877d34d/library/std/src/panicking.rs:557:40
[INFO] [stdout]   38:     0x599070e2ab34 - std::panicking::try::hb956a59a1973aa4c
[INFO] [stdout]                                at /rustc/202008a1b8de96d2e5b6bc02d379db03a877d34d/library/std/src/panicking.rs:520:19
[INFO] [stdout]   39:     0x599070e2ab34 - std::panic::catch_unwind::h64f3b9d1067ef6a0
[INFO] [stdout]                                at /rustc/202008a1b8de96d2e5b6bc02d379db03a877d34d/library/std/src/panic.rs:358:14
[INFO] [stdout]   40:     0x599070e2ab34 - std::thread::Builder::spawn_unchecked_::{{closure}}::h42b2841295b6c0b2
[INFO] [stdout]                                at /rustc/202008a1b8de96d2e5b6bc02d379db03a877d34d/library/std/src/thread/mod.rs:559:30
[INFO] [stdout]   41:     0x599070e2ab34 - core::ops::function::FnOnce::call_once{{vtable.shim}}::h6127de71b8124639
[INFO] [stdout]                                at /rustc/202008a1b8de96d2e5b6bc02d379db03a877d34d/library/core/src/ops/function.rs:250:5
[INFO] [stdout]   42:     0x599070eb5f0b - <alloc::boxed::Box<F,A> as core::ops::function::FnOnce<Args>>::call_once::h42f0ba71002a1b2c
[INFO] [stdout]                                at /rustc/202008a1b8de96d2e5b6bc02d379db03a877d34d/library/alloc/src/boxed.rs:1972:9
[INFO] [stdout]   43:     0x599070eb5f0b - <alloc::boxed::Box<F,A> as core::ops::function::FnOnce<Args>>::call_once::had9e47d7a3dcecb8
[INFO] [stdout]                                at /rustc/202008a1b8de96d2e5b6bc02d379db03a877d34d/library/alloc/src/boxed.rs:1972:9
[INFO] [stdout]   44:     0x599070eb5f0b - std::sys::pal::unix::thread::Thread::new::thread_start::h48cf765408f6f5f2
[INFO] [stdout]                                at /rustc/202008a1b8de96d2e5b6bc02d379db03a877d34d/library/std/src/sys/pal/unix/thread.rs:105:17
[INFO] [stdout]   45:     0x780d00d2cac3 - <unknown>
[INFO] [stdout]   46:     0x780d00dbda04 - clone
[INFO] [stdout]   47:                0x0 - <unknown>
[INFO] [stdout] 
[INFO] [stdout] 
[INFO] [stdout] failures:
[INFO] [stdout]     tests::tests::test_verify
[INFO] [stdout] 
[INFO] [stdout] test result: FAILED. 0 passed; 1 failed; 0 ignored; 0 measured; 0 filtered out; finished in 0.04s
[INFO] [stdout] 
[INFO] [stderr] error: test failed, to rerun pass `--lib`
[INFO] running `Command { std: "docker" "inspect" "6e9039068201ad31ecf48b62b0847c06669d02d145fccc649ea8878dc76a5bc8", kill_on_drop: false }`
[INFO] running `Command { std: "docker" "rm" "-f" "6e9039068201ad31ecf48b62b0847c06669d02d145fccc649ea8878dc76a5bc8", kill_on_drop: false }`
[INFO] [stdout] 6e9039068201ad31ecf48b62b0847c06669d02d145fccc649ea8878dc76a5bc8
