[INFO] cloning repository https://github.com/MBATheGamer/my-core-lang
[INFO] running `Command { std: "git" "-c" "credential.helper=" "-c" "credential.helper=/workspace/cargo-home/bin/git-credential-null" "clone" "--bare" "https://github.com/MBATheGamer/my-core-lang" "/workspace/cache/git-repos/https%3A%2F%2Fgithub.com%2FMBATheGamer%2Fmy-core-lang", kill_on_drop: false }`
[INFO] [stderr] Cloning into bare repository '/workspace/cache/git-repos/https%3A%2F%2Fgithub.com%2FMBATheGamer%2Fmy-core-lang'...
[INFO] running `Command { std: "git" "rev-parse" "HEAD", kill_on_drop: false }`
[INFO] [stdout] 859e1e8e357ca070a5aa32e89951b28f741cfbd6
[INFO] testing MBATheGamer/my-core-lang against 1.83.0 for beta-1.84.0-4-retry
[INFO] running `Command { std: "git" "clone" "/workspace/cache/git-repos/https%3A%2F%2Fgithub.com%2FMBATheGamer%2Fmy-core-lang" "/workspace/builds/worker-3-tc1/source", kill_on_drop: false }`
[INFO] [stderr] Cloning into '/workspace/builds/worker-3-tc1/source'...
[INFO] [stderr] done.
[INFO] validating manifest of git repo https://github.com/MBATheGamer/my-core-lang on toolchain 1.83.0
[INFO] running `Command { std: CARGO_HOME="/workspace/cargo-home" RUSTUP_HOME="/workspace/rustup-home" "/workspace/cargo-home/bin/cargo" "+1.83.0" "metadata" "--manifest-path" "Cargo.toml" "--no-deps", kill_on_drop: false }`
[INFO] started tweaking git repo https://github.com/MBATheGamer/my-core-lang
[INFO] finished tweaking git repo https://github.com/MBATheGamer/my-core-lang
[INFO] tweaked toml for git repo https://github.com/MBATheGamer/my-core-lang written to /workspace/builds/worker-3-tc1/source/Cargo.toml
[INFO] crate git repo https://github.com/MBATheGamer/my-core-lang already has a lockfile, it will not be regenerated
[INFO] running `Command { std: CARGO_HOME="/workspace/cargo-home" RUSTUP_HOME="/workspace/rustup-home" "/workspace/cargo-home/bin/cargo" "+1.83.0" "fetch" "--manifest-path" "Cargo.toml", kill_on_drop: false }`
[INFO] running `Command { std: "docker" "create" "-v" "/var/lib/crater-agent-workspace/builds/worker-3-tc1/target:/opt/rustwide/target:rw,Z" "-v" "/var/lib/crater-agent-workspace/builds/worker-3-tc1/source:/opt/rustwide/workdir:ro,Z" "-v" "/var/lib/crater-agent-workspace/cargo-home:/opt/rustwide/cargo-home:ro,Z" "-v" "/var/lib/crater-agent-workspace/rustup-home:/opt/rustwide/rustup-home:ro,Z" "-e" "SOURCE_DIR=/opt/rustwide/workdir" "-e" "CARGO_TARGET_DIR=/opt/rustwide/target" "-e" "CARGO_HOME=/opt/rustwide/cargo-home" "-e" "RUSTUP_HOME=/opt/rustwide/rustup-home" "-w" "/opt/rustwide/workdir" "-m" "1610612736" "--user" "0:0" "--network" "none" "ghcr.io/rust-lang/crates-build-env/linux@sha256:f3a9d4ad9d972b27faf3965f35b62e55ba32bbce8f20bc8fe909558a86702fde" "/opt/rustwide/cargo-home/bin/cargo" "+1.83.0" "metadata" "--no-deps" "--format-version=1", kill_on_drop: false }`
[INFO] [stdout] 74b793ef16e2544d46864058694889f4183c13b57d91609f964b5be984c5ce8e
[INFO] running `Command { std: "docker" "start" "-a" "74b793ef16e2544d46864058694889f4183c13b57d91609f964b5be984c5ce8e", kill_on_drop: false }`
[INFO] running `Command { std: "docker" "inspect" "74b793ef16e2544d46864058694889f4183c13b57d91609f964b5be984c5ce8e", kill_on_drop: false }`
[INFO] running `Command { std: "docker" "rm" "-f" "74b793ef16e2544d46864058694889f4183c13b57d91609f964b5be984c5ce8e", kill_on_drop: false }`
[INFO] [stdout] 74b793ef16e2544d46864058694889f4183c13b57d91609f964b5be984c5ce8e
[INFO] running `Command { std: "docker" "create" "-v" "/var/lib/crater-agent-workspace/builds/worker-3-tc1/target:/opt/rustwide/target:rw,Z" "-v" "/var/lib/crater-agent-workspace/builds/worker-3-tc1/source:/opt/rustwide/workdir:ro,Z" "-v" "/var/lib/crater-agent-workspace/cargo-home:/opt/rustwide/cargo-home:ro,Z" "-v" "/var/lib/crater-agent-workspace/rustup-home:/opt/rustwide/rustup-home:ro,Z" "-e" "SOURCE_DIR=/opt/rustwide/workdir" "-e" "CARGO_TARGET_DIR=/opt/rustwide/target" "-e" "CARGO_INCREMENTAL=0" "-e" "RUST_BACKTRACE=full" "-e" "RUSTFLAGS=--cap-lints=warn" "-e" "RUSTDOCFLAGS=--cap-lints=warn" "-e" "CARGO_HOME=/opt/rustwide/cargo-home" "-e" "RUSTUP_HOME=/opt/rustwide/rustup-home" "-w" "/opt/rustwide/workdir" "-m" "1610612736" "--user" "0:0" "--network" "none" "ghcr.io/rust-lang/crates-build-env/linux@sha256:f3a9d4ad9d972b27faf3965f35b62e55ba32bbce8f20bc8fe909558a86702fde" "/opt/rustwide/cargo-home/bin/cargo" "+1.83.0" "build" "--frozen" "--message-format=json", kill_on_drop: false }`
[INFO] [stdout] 41029a8c544da4b5a4b8f5f093f312fc1cbe909813a4429f9efb7139509f1dca
[INFO] running `Command { std: "docker" "start" "-a" "41029a8c544da4b5a4b8f5f093f312fc1cbe909813a4429f9efb7139509f1dca", kill_on_drop: false }`
[INFO] [stderr]    Compiling my-core-lang v0.1.0 (/opt/rustwide/workdir)
[INFO] [stdout] warning: unused import: `crate::lexer::Lexer`
[INFO] [stdout]  --> src/lexer/tests/test_next_token.rs:1:5
[INFO] [stdout]   |
[INFO] [stdout] 1 | use crate::lexer::Lexer;
[INFO] [stdout]   |     ^^^^^^^^^^^^^^^^^^^
[INFO] [stdout]   |
[INFO] [stdout]   = note: `#[warn(unused_imports)]` on by default
[INFO] [stdout] 
[INFO] [stdout] 
[INFO] [stdout] warning: unused import: `crate::token::Token`
[INFO] [stdout]  --> src/lexer/tests/test_next_token.rs:2:5
[INFO] [stdout]   |
[INFO] [stdout] 2 | use crate::token::Token;
[INFO] [stdout]   |     ^^^^^^^^^^^^^^^^^^^
[INFO] [stdout] 
[INFO] [stdout] 
[INFO] [stdout] warning: unused import: `crate::token::TokenType`
[INFO] [stdout]  --> src/lexer/tests/test_next_token.rs:3:5
[INFO] [stdout]   |
[INFO] [stdout] 3 | use crate::token::TokenType;
[INFO] [stdout]   |     ^^^^^^^^^^^^^^^^^^^^^^^
[INFO] [stdout] 
[INFO] [stdout] 
[INFO] [stdout] warning: struct `Lexer` is never constructed
[INFO] [stdout]  --> src/lexer/lexer.rs:3:12
[INFO] [stdout]   |
[INFO] [stdout] 3 | pub struct Lexer {
[INFO] [stdout]   |            ^^^^^
[INFO] [stdout]   |
[INFO] [stdout]   = note: `#[warn(dead_code)]` on by default
[INFO] [stdout] 
[INFO] [stdout] 
[INFO] [stdout] warning: multiple associated items are never used
[INFO] [stdout]   --> src/lexer/lexer.rs:11:10
[INFO] [stdout]    |
[INFO] [stdout] 10 | impl Lexer {
[INFO] [stdout]    | ---------- associated items in this implementation
[INFO] [stdout] 11 |   pub fn new(input: &str) -> Lexer {
[INFO] [stdout]    |          ^^^
[INFO] [stdout] ...
[INFO] [stdout] 24 |   fn read_char(&mut self) {
[INFO] [stdout]    |      ^^^^^^^^^
[INFO] [stdout] ...
[INFO] [stdout] 35 |   fn new_token(token_type: TokenType, literal: char) -> Token {
[INFO] [stdout]    |      ^^^^^^^^^
[INFO] [stdout] ...
[INFO] [stdout] 42 |   pub fn next_token(&mut self) -> Token {
[INFO] [stdout]    |          ^^^^^^^^^^
[INFO] [stdout] ...
[INFO] [stdout] 71 |   fn skip_whitespace(&mut self) {
[INFO] [stdout]    |      ^^^^^^^^^^^^^^^
[INFO] [stdout] ...
[INFO] [stdout] 77 |   fn is_letter(ch: char) -> bool {
[INFO] [stdout]    |      ^^^^^^^^^
[INFO] [stdout] ...
[INFO] [stdout] 81 |   fn read_identifier(&mut self) -> String {
[INFO] [stdout]    |      ^^^^^^^^^^^^^^^
[INFO] [stdout] 
[INFO] [stdout] 
[INFO] [stdout] warning: multiple variants are never constructed
[INFO] [stdout]   --> src/token/token_type.rs:3:3
[INFO] [stdout]    |
[INFO] [stdout] 2  | pub enum TokenType {
[INFO] [stdout]    |          --------- variants in this enum
[INFO] [stdout] 3  |   ILLEGAL,
[INFO] [stdout]    |   ^^^^^^^
[INFO] [stdout] 4  |   EOF,
[INFO] [stdout]    |   ^^^
[INFO] [stdout] 5  |
[INFO] [stdout] 6  |   IDENTIFIER,
[INFO] [stdout]    |   ^^^^^^^^^^
[INFO] [stdout] 7  |   INT,
[INFO] [stdout]    |   ^^^
[INFO] [stdout] 8  |
[INFO] [stdout] 9  |   ASSIGN,
[INFO] [stdout]    |   ^^^^^^
[INFO] [stdout] 10 |   PLUS,
[INFO] [stdout]    |   ^^^^
[INFO] [stdout] 11 |
[INFO] [stdout] 12 |   COMMA,
[INFO] [stdout]    |   ^^^^^
[INFO] [stdout] 13 |   SEMICOLON,
[INFO] [stdout]    |   ^^^^^^^^^
[INFO] [stdout] 14 |
[INFO] [stdout] 15 |   LPARAN,
[INFO] [stdout]    |   ^^^^^^
[INFO] [stdout] 16 |   RPARAN,
[INFO] [stdout]    |   ^^^^^^
[INFO] [stdout] 17 |   LBRACE,
[INFO] [stdout]    |   ^^^^^^
[INFO] [stdout] 18 |   RBRACE,
[INFO] [stdout]    |   ^^^^^^
[INFO] [stdout] 19 |
[INFO] [stdout] 20 |   FUNCTION,
[INFO] [stdout]    |   ^^^^^^^^
[INFO] [stdout] 21 |   LET
[INFO] [stdout]    |   ^^^
[INFO] [stdout]    |
[INFO] [stdout]    = note: `TokenType` has a derived impl for the trait `Debug`, but this is intentionally ignored during dead code analysis
[INFO] [stdout] 
[INFO] [stdout] 
[INFO] [stdout] warning: function `lookup_identifier` is never used
[INFO] [stdout]  --> src/token/lookup_identifier.rs:3:8
[INFO] [stdout]   |
[INFO] [stdout] 3 | pub fn lookup_identifier(identifier: &String) -> TokenType {
[INFO] [stdout]   |        ^^^^^^^^^^^^^^^^^
[INFO] [stdout] 
[INFO] [stdout] 
[INFO] [stderr]     Finished `dev` profile [unoptimized + debuginfo] target(s) in 0.12s
[INFO] running `Command { std: "docker" "inspect" "41029a8c544da4b5a4b8f5f093f312fc1cbe909813a4429f9efb7139509f1dca", kill_on_drop: false }`
[INFO] running `Command { std: "docker" "rm" "-f" "41029a8c544da4b5a4b8f5f093f312fc1cbe909813a4429f9efb7139509f1dca", kill_on_drop: false }`
[INFO] [stdout] 41029a8c544da4b5a4b8f5f093f312fc1cbe909813a4429f9efb7139509f1dca
[INFO] running `Command { std: "docker" "create" "-v" "/var/lib/crater-agent-workspace/builds/worker-3-tc1/target:/opt/rustwide/target:rw,Z" "-v" "/var/lib/crater-agent-workspace/builds/worker-3-tc1/source:/opt/rustwide/workdir:ro,Z" "-v" "/var/lib/crater-agent-workspace/cargo-home:/opt/rustwide/cargo-home:ro,Z" "-v" "/var/lib/crater-agent-workspace/rustup-home:/opt/rustwide/rustup-home:ro,Z" "-e" "SOURCE_DIR=/opt/rustwide/workdir" "-e" "CARGO_TARGET_DIR=/opt/rustwide/target" "-e" "CARGO_INCREMENTAL=0" "-e" "RUST_BACKTRACE=full" "-e" "RUSTFLAGS=--cap-lints=warn" "-e" "RUSTDOCFLAGS=--cap-lints=warn" "-e" "CARGO_HOME=/opt/rustwide/cargo-home" "-e" "RUSTUP_HOME=/opt/rustwide/rustup-home" "-w" "/opt/rustwide/workdir" "-m" "1610612736" "--user" "0:0" "--network" "none" "ghcr.io/rust-lang/crates-build-env/linux@sha256:f3a9d4ad9d972b27faf3965f35b62e55ba32bbce8f20bc8fe909558a86702fde" "/opt/rustwide/cargo-home/bin/cargo" "+1.83.0" "test" "--frozen" "--no-run" "--message-format=json", kill_on_drop: false }`
[INFO] [stdout] 2dc7f46b23f2a0911f6a0901984ee5285a3ebf4dfc06e2563f094df91acf3834
[INFO] running `Command { std: "docker" "start" "-a" "2dc7f46b23f2a0911f6a0901984ee5285a3ebf4dfc06e2563f094df91acf3834", kill_on_drop: false }`
[INFO] [stdout] warning: unused import: `crate::lexer::Lexer`
[INFO] [stdout]  --> src/lexer/tests/test_next_token.rs:1:5
[INFO] [stdout]   |
[INFO] [stdout] 1 | use crate::lexer::Lexer;
[INFO] [stdout]   |     ^^^^^^^^^^^^^^^^^^^
[INFO] [stdout]   |
[INFO] [stdout]   = note: `#[warn(unused_imports)]` on by default
[INFO] [stdout] 
[INFO] [stdout] 
[INFO] [stdout] warning: unused import: `crate::token::Token`
[INFO] [stdout]  --> src/lexer/tests/test_next_token.rs:2:5
[INFO] [stdout]   |
[INFO] [stdout] 2 | use crate::token::Token;
[INFO] [stdout]   |     ^^^^^^^^^^^^^^^^^^^
[INFO] [stdout] 
[INFO] [stdout] 
[INFO] [stdout] warning: unused import: `crate::token::TokenType`
[INFO] [stdout]  --> src/lexer/tests/test_next_token.rs:3:5
[INFO] [stdout]   |
[INFO] [stdout] 3 | use crate::token::TokenType;
[INFO] [stdout]   |     ^^^^^^^^^^^^^^^^^^^^^^^
[INFO] [stdout] 
[INFO] [stdout] 
[INFO] [stdout] warning: struct `Lexer` is never constructed
[INFO] [stdout]  --> src/lexer/lexer.rs:3:12
[INFO] [stdout]   |
[INFO] [stdout] 3 | pub struct Lexer {
[INFO] [stdout]   |            ^^^^^
[INFO] [stdout]   |
[INFO] [stdout]   = note: `#[warn(dead_code)]` on by default
[INFO] [stdout] 
[INFO] [stdout] 
[INFO] [stderr]    Compiling my-core-lang v0.1.0 (/opt/rustwide/workdir)
[INFO] [stdout] warning: multiple associated items are never used
[INFO] [stdout]   --> src/lexer/lexer.rs:11:10
[INFO] [stdout]    |
[INFO] [stdout] 10 | impl Lexer {
[INFO] [stdout]    | ---------- associated items in this implementation
[INFO] [stdout] 11 |   pub fn new(input: &str) -> Lexer {
[INFO] [stdout]    |          ^^^
[INFO] [stdout] ...
[INFO] [stdout] 24 |   fn read_char(&mut self) {
[INFO] [stdout]    |      ^^^^^^^^^
[INFO] [stdout] ...
[INFO] [stdout] 35 |   fn new_token(token_type: TokenType, literal: char) -> Token {
[INFO] [stdout]    |      ^^^^^^^^^
[INFO] [stdout] ...
[INFO] [stdout] 42 |   pub fn next_token(&mut self) -> Token {
[INFO] [stdout]    |          ^^^^^^^^^^
[INFO] [stdout] ...
[INFO] [stdout] 71 |   fn skip_whitespace(&mut self) {
[INFO] [stdout]    |      ^^^^^^^^^^^^^^^
[INFO] [stdout] ...
[INFO] [stdout] 77 |   fn is_letter(ch: char) -> bool {
[INFO] [stdout]    |      ^^^^^^^^^
[INFO] [stdout] ...
[INFO] [stdout] 81 |   fn read_identifier(&mut self) -> String {
[INFO] [stdout]    |      ^^^^^^^^^^^^^^^
[INFO] [stdout] 
[INFO] [stdout] 
[INFO] [stdout] warning: multiple variants are never constructed
[INFO] [stdout]   --> src/token/token_type.rs:3:3
[INFO] [stdout]    |
[INFO] [stdout] 2  | pub enum TokenType {
[INFO] [stdout]    |          --------- variants in this enum
[INFO] [stdout] 3  |   ILLEGAL,
[INFO] [stdout]    |   ^^^^^^^
[INFO] [stdout] 4  |   EOF,
[INFO] [stdout]    |   ^^^
[INFO] [stdout] 5  |
[INFO] [stdout] 6  |   IDENTIFIER,
[INFO] [stdout]    |   ^^^^^^^^^^
[INFO] [stdout] 7  |   INT,
[INFO] [stdout]    |   ^^^
[INFO] [stdout] 8  |
[INFO] [stdout] 9  |   ASSIGN,
[INFO] [stdout]    |   ^^^^^^
[INFO] [stdout] 10 |   PLUS,
[INFO] [stdout]    |   ^^^^
[INFO] [stdout] 11 |
[INFO] [stdout] 12 |   COMMA,
[INFO] [stdout]    |   ^^^^^
[INFO] [stdout] 13 |   SEMICOLON,
[INFO] [stdout]    |   ^^^^^^^^^
[INFO] [stdout] 14 |
[INFO] [stdout] 15 |   LPARAN,
[INFO] [stdout]    |   ^^^^^^
[INFO] [stdout] 16 |   RPARAN,
[INFO] [stdout]    |   ^^^^^^
[INFO] [stdout] 17 |   LBRACE,
[INFO] [stdout]    |   ^^^^^^
[INFO] [stdout] 18 |   RBRACE,
[INFO] [stdout]    |   ^^^^^^
[INFO] [stdout] 19 |
[INFO] [stdout] 20 |   FUNCTION,
[INFO] [stdout]    |   ^^^^^^^^
[INFO] [stdout] 21 |   LET
[INFO] [stdout]    |   ^^^
[INFO] [stdout]    |
[INFO] [stdout]    = note: `TokenType` has a derived impl for the trait `Debug`, but this is intentionally ignored during dead code analysis
[INFO] [stdout] 
[INFO] [stdout] 
[INFO] [stdout] warning: function `lookup_identifier` is never used
[INFO] [stdout]  --> src/token/lookup_identifier.rs:3:8
[INFO] [stdout]   |
[INFO] [stdout] 3 | pub fn lookup_identifier(identifier: &String) -> TokenType {
[INFO] [stdout]   |        ^^^^^^^^^^^^^^^^^
[INFO] [stdout] 
[INFO] [stdout] 
[INFO] [stdout] warning: variant `INT` is never constructed
[INFO] [stdout]  --> src/token/token_type.rs:7:3
[INFO] [stdout]   |
[INFO] [stdout] 2 | pub enum TokenType {
[INFO] [stdout]   |          --------- variant in this enum
[INFO] [stdout] ...
[INFO] [stdout] 7 |   INT,
[INFO] [stdout]   |   ^^^
[INFO] [stdout]   |
[INFO] [stdout]   = note: `TokenType` has a derived impl for the trait `Debug`, but this is intentionally ignored during dead code analysis
[INFO] [stdout]   = note: `#[warn(dead_code)]` on by default
[INFO] [stdout] 
[INFO] [stdout] 
[INFO] [stderr]     Finished `test` profile [unoptimized + debuginfo] target(s) in 0.59s
[INFO] running `Command { std: "docker" "inspect" "2dc7f46b23f2a0911f6a0901984ee5285a3ebf4dfc06e2563f094df91acf3834", kill_on_drop: false }`
[INFO] running `Command { std: "docker" "rm" "-f" "2dc7f46b23f2a0911f6a0901984ee5285a3ebf4dfc06e2563f094df91acf3834", kill_on_drop: false }`
[INFO] [stdout] 2dc7f46b23f2a0911f6a0901984ee5285a3ebf4dfc06e2563f094df91acf3834
[INFO] running `Command { std: "docker" "create" "-v" "/var/lib/crater-agent-workspace/builds/worker-3-tc1/target:/opt/rustwide/target:rw,Z" "-v" "/var/lib/crater-agent-workspace/builds/worker-3-tc1/source:/opt/rustwide/workdir:ro,Z" "-v" "/var/lib/crater-agent-workspace/cargo-home:/opt/rustwide/cargo-home:ro,Z" "-v" "/var/lib/crater-agent-workspace/rustup-home:/opt/rustwide/rustup-home:ro,Z" "-e" "SOURCE_DIR=/opt/rustwide/workdir" "-e" "CARGO_TARGET_DIR=/opt/rustwide/target" "-e" "CARGO_INCREMENTAL=0" "-e" "RUST_BACKTRACE=full" "-e" "RUSTFLAGS=--cap-lints=warn" "-e" "RUSTDOCFLAGS=--cap-lints=warn" "-e" "CARGO_HOME=/opt/rustwide/cargo-home" "-e" "RUSTUP_HOME=/opt/rustwide/rustup-home" "-w" "/opt/rustwide/workdir" "-m" "1610612736" "--user" "0:0" "--network" "none" "ghcr.io/rust-lang/crates-build-env/linux@sha256:f3a9d4ad9d972b27faf3965f35b62e55ba32bbce8f20bc8fe909558a86702fde" "/opt/rustwide/cargo-home/bin/cargo" "+1.83.0" "test" "--frozen", kill_on_drop: false }`
[INFO] [stdout] 43174087a7b2e43b3e5d0364522a129759acb176eed742d0073ebc73fb5959cf
[INFO] running `Command { std: "docker" "start" "-a" "43174087a7b2e43b3e5d0364522a129759acb176eed742d0073ebc73fb5959cf", kill_on_drop: false }`
[INFO] [stderr] warning: unused import: `crate::lexer::Lexer`
[INFO] [stderr]  --> src/lexer/tests/test_next_token.rs:1:5
[INFO] [stderr]   |
[INFO] [stderr] 1 | use crate::lexer::Lexer;
[INFO] [stderr]   |     ^^^^^^^^^^^^^^^^^^^
[INFO] [stderr]   |
[INFO] [stderr]   = note: `#[warn(unused_imports)]` on by default
[INFO] [stderr] 
[INFO] [stderr] warning: unused import: `crate::token::Token`
[INFO] [stderr]  --> src/lexer/tests/test_next_token.rs:2:5
[INFO] [stderr]   |
[INFO] [stderr] 2 | use crate::token::Token;
[INFO] [stderr]   |     ^^^^^^^^^^^^^^^^^^^
[INFO] [stderr] 
[INFO] [stderr] warning: unused import: `crate::token::TokenType`
[INFO] [stderr]  --> src/lexer/tests/test_next_token.rs:3:5
[INFO] [stderr]   |
[INFO] [stderr] 3 | use crate::token::TokenType;
[INFO] [stderr]   |     ^^^^^^^^^^^^^^^^^^^^^^^
[INFO] [stderr] 
[INFO] [stderr] warning: struct `Lexer` is never constructed
[INFO] [stderr]  --> src/lexer/lexer.rs:3:12
[INFO] [stderr]   |
[INFO] [stderr] 3 | pub struct Lexer {
[INFO] [stderr]   |            ^^^^^
[INFO] [stderr]   |
[INFO] [stderr]   = note: `#[warn(dead_code)]` on by default
[INFO] [stderr] 
[INFO] [stderr] warning: multiple associated items are never used
[INFO] [stderr]   --> src/lexer/lexer.rs:11:10
[INFO] [stderr]    |
[INFO] [stderr] 10 | impl Lexer {
[INFO] [stderr]    | ---------- associated items in this implementation
[INFO] [stderr] 11 |   pub fn new(input: &str) -> Lexer {
[INFO] [stderr]    |          ^^^
[INFO] [stderr] ...
[INFO] [stderr] 24 |   fn read_char(&mut self) {
[INFO] [stderr]    |      ^^^^^^^^^
[INFO] [stderr] ...
[INFO] [stderr] 35 |   fn new_token(token_type: TokenType, literal: char) -> Token {
[INFO] [stderr]    |      ^^^^^^^^^
[INFO] [stderr] ...
[INFO] [stderr] 42 |   pub fn next_token(&mut self) -> Token {
[INFO] [stderr]    |          ^^^^^^^^^^
[INFO] [stderr] ...
[INFO] [stderr] 71 |   fn skip_whitespace(&mut self) {
[INFO] [stderr]    |      ^^^^^^^^^^^^^^^
[INFO] [stderr] ...
[INFO] [stderr] 77 |   fn is_letter(ch: char) -> bool {
[INFO] [stderr]    |      ^^^^^^^^^
[INFO] [stderr] ...
[INFO] [stderr] 81 |   fn read_identifier(&mut self) -> String {
[INFO] [stderr]    |      ^^^^^^^^^^^^^^^
[INFO] [stderr] 
[INFO] [stderr] warning: multiple variants are never constructed
[INFO] [stderr]   --> src/token/token_type.rs:3:3
[INFO] [stderr]    |
[INFO] [stderr] 2  | pub enum TokenType {
[INFO] [stderr]    |          --------- variants in this enum
[INFO] [stderr] 3  |   ILLEGAL,
[INFO] [stderr]    |   ^^^^^^^
[INFO] [stderr] 4  |   EOF,
[INFO] [stderr]    |   ^^^
[INFO] [stderr] 5  |
[INFO] [stderr] 6  |   IDENTIFIER,
[INFO] [stderr]    |   ^^^^^^^^^^
[INFO] [stderr] 7  |   INT,
[INFO] [stderr]    |   ^^^
[INFO] [stderr] 8  |
[INFO] [stderr] 9  |   ASSIGN,
[INFO] [stderr]    |   ^^^^^^
[INFO] [stderr] 10 |   PLUS,
[INFO] [stderr]    |   ^^^^
[INFO] [stderr] 11 |
[INFO] [stderr] 12 |   COMMA,
[INFO] [stderr]    |   ^^^^^
[INFO] [stderr] 13 |   SEMICOLON,
[INFO] [stderr]    |   ^^^^^^^^^
[INFO] [stderr] 14 |
[INFO] [stderr] 15 |   LPARAN,
[INFO] [stderr]    |   ^^^^^^
[INFO] [stderr] 16 |   RPARAN,
[INFO] [stderr]    |   ^^^^^^
[INFO] [stderr] 17 |   LBRACE,
[INFO] [stderr]    |   ^^^^^^
[INFO] [stderr] 18 |   RBRACE,
[INFO] [stderr]    |   ^^^^^^
[INFO] [stderr] 19 |
[INFO] [stderr] 20 |   FUNCTION,
[INFO] [stderr]    |   ^^^^^^^^
[INFO] [stderr] 21 |   LET
[INFO] [stderr]    |   ^^^
[INFO] [stderr]    |
[INFO] [stderr]    = note: `TokenType` has a derived impl for the trait `Debug`, but this is intentionally ignored during dead code analysis
[INFO] [stderr] 
[INFO] [stderr] warning: function `lookup_identifier` is never used
[INFO] [stderr]  --> src/token/lookup_identifier.rs:3:8
[INFO] [stderr]   |
[INFO] [stderr] 3 | pub fn lookup_identifier(identifier: &String) -> TokenType {
[INFO] [stderr]   |        ^^^^^^^^^^^^^^^^^
[INFO] [stderr] 
[INFO] [stderr] warning: `my-core-lang` (lib) generated 7 warnings (run `cargo fix --lib -p my-core-lang` to apply 3 suggestions)
[INFO] [stderr] warning: variant `INT` is never constructed
[INFO] [stderr]  --> src/token/token_type.rs:7:3
[INFO] [stderr]   |
[INFO] [stderr] 2 | pub enum TokenType {
[INFO] [stderr]   |          --------- variant in this enum
[INFO] [stderr] ...
[INFO] [stderr] 7 |   INT,
[INFO] [stderr]   |   ^^^
[INFO] [stderr]   |
[INFO] [stderr]   = note: `TokenType` has a derived impl for the trait `Debug`, but this is intentionally ignored during dead code analysis
[INFO] [stderr]   = note: `#[warn(dead_code)]` on by default
[INFO] [stderr] 
[INFO] [stderr] warning: `my-core-lang` (lib test) generated 1 warning
[INFO] [stderr]     Finished `test` profile [unoptimized + debuginfo] target(s) in 0.02s
[INFO] [stderr]      Running unittests src/lib.rs (/opt/rustwide/target/debug/deps/my_core_lang-ff1097b24a7446cd)
[INFO] [stdout] 
[INFO] [stdout] running 1 test
[INFO] [stdout] test lexer::tests::test_next_token::test_next_token ... FAILED
[INFO] [stdout] 
[INFO] [stdout] failures:
[INFO] [stdout] 
[INFO] [stdout] ---- lexer::tests::test_next_token::test_next_token stdout ----
[INFO] [stdout] thread 'lexer::tests::test_next_token::test_next_token' panicked at src/lexer/tests/test_next_token.rs:61:5:
[INFO] [stdout] assertion `left == right` failed: tests[8] - literal wrong. expected=, got= 
[INFO] [stdout]   left: ""
[INFO] [stdout]  right: "\0"
[INFO] [stdout] stack backtrace:
[INFO] [stdout]    0:     0x61bece363fba - std::backtrace_rs::backtrace::libunwind::trace::h5a5b8284f2d0c266
[INFO] [stdout]                                at /rustc/90b35a6239c3d8bdabc530a6a0816f7ff89a0aaf/library/std/src/../../backtrace/src/backtrace/libunwind.rs:116:5
[INFO] [stdout]    1:     0x61bece363fba - std::backtrace_rs::backtrace::trace_unsynchronized::h76d4f1c9b0b875e3
[INFO] [stdout]                                at /rustc/90b35a6239c3d8bdabc530a6a0816f7ff89a0aaf/library/std/src/../../backtrace/src/backtrace/mod.rs:66:5
[INFO] [stdout]    2:     0x61bece363fba - std::sys::backtrace::_print_fmt::hc4546b8364a537c6
[INFO] [stdout]                                at /rustc/90b35a6239c3d8bdabc530a6a0816f7ff89a0aaf/library/std/src/sys/backtrace.rs:66:9
[INFO] [stdout]    3:     0x61bece363fba - <std::sys::backtrace::BacktraceLock::print::DisplayBacktrace as core::fmt::Display>::fmt::h5b6bd5631a6d1f6b
[INFO] [stdout]                                at /rustc/90b35a6239c3d8bdabc530a6a0816f7ff89a0aaf/library/std/src/sys/backtrace.rs:39:26
[INFO] [stdout]    4:     0x61bece3893d3 - core::fmt::rt::Argument::fmt::h270f6602a2b96f62
[INFO] [stdout]                                at /rustc/90b35a6239c3d8bdabc530a6a0816f7ff89a0aaf/library/core/src/fmt/rt.rs:177:76
[INFO] [stdout]    5:     0x61bece3893d3 - core::fmt::write::h7550c97b06c86515
[INFO] [stdout]                                at /rustc/90b35a6239c3d8bdabc530a6a0816f7ff89a0aaf/library/core/src/fmt/mod.rs:1186:21
[INFO] [stdout]    6:     0x61bece361183 - std::io::Write::write_fmt::h509ff860e5956e5e
[INFO] [stdout]                                at /rustc/90b35a6239c3d8bdabc530a6a0816f7ff89a0aaf/library/std/src/io/mod.rs:1839:15
[INFO] [stdout]    7:     0x61bece363e02 - std::sys::backtrace::BacktraceLock::print::h2395ccd2c84ba3aa
[INFO] [stdout]                                at /rustc/90b35a6239c3d8bdabc530a6a0816f7ff89a0aaf/library/std/src/sys/backtrace.rs:42:9
[INFO] [stdout]    8:     0x61bece36541a - std::panicking::default_hook::{{closure}}::he19d4c7230e07961
[INFO] [stdout]                                at /rustc/90b35a6239c3d8bdabc530a6a0816f7ff89a0aaf/library/std/src/panicking.rs:268:22
[INFO] [stdout]    9:     0x61bece365224 - std::panicking::default_hook::hf614597d3c67bbdb
[INFO] [stdout]                                at /rustc/90b35a6239c3d8bdabc530a6a0816f7ff89a0aaf/library/std/src/panicking.rs:292:9
[INFO] [stdout]   10:     0x61bece330b09 - <alloc::boxed::Box<F,A> as core::ops::function::Fn<Args>>::call::h39b51ce4599c23d1
[INFO] [stdout]                                at /rustc/90b35a6239c3d8bdabc530a6a0816f7ff89a0aaf/library/alloc/src/boxed.rs:2468:9
[INFO] [stdout]   11:     0x61bece330b09 - test::test_main::{{closure}}::he977ae839a582784
[INFO] [stdout]                                at /rustc/90b35a6239c3d8bdabc530a6a0816f7ff89a0aaf/library/test/src/lib.rs:133:21
[INFO] [stdout]   12:     0x61bece365ab8 - <alloc::boxed::Box<F,A> as core::ops::function::Fn<Args>>::call::h9455091b6b06f9fb
[INFO] [stdout]                                at /rustc/90b35a6239c3d8bdabc530a6a0816f7ff89a0aaf/library/alloc/src/boxed.rs:2468:9
[INFO] [stdout]   13:     0x61bece365ab8 - std::panicking::rust_panic_with_hook::h8942133a8b252070
[INFO] [stdout]                                at /rustc/90b35a6239c3d8bdabc530a6a0816f7ff89a0aaf/library/std/src/panicking.rs:809:13
[INFO] [stdout]   14:     0x61bece36587a - std::panicking::begin_panic_handler::{{closure}}::hb5f5963570096b29
[INFO] [stdout]                                at /rustc/90b35a6239c3d8bdabc530a6a0816f7ff89a0aaf/library/std/src/panicking.rs:674:13
[INFO] [stdout]   15:     0x61bece364499 - std::sys::backtrace::__rust_end_short_backtrace::h6208cedc1922feda
[INFO] [stdout]                                at /rustc/90b35a6239c3d8bdabc530a6a0816f7ff89a0aaf/library/std/src/sys/backtrace.rs:170:18
[INFO] [stdout]   16:     0x61bece36550c - rust_begin_unwind
[INFO] [stdout]                                at /rustc/90b35a6239c3d8bdabc530a6a0816f7ff89a0aaf/library/std/src/panicking.rs:665:5
[INFO] [stdout]   17:     0x61bece2f2a60 - core::panicking::panic_fmt::h0c3082644d1bf418
[INFO] [stdout]                                at /rustc/90b35a6239c3d8bdabc530a6a0816f7ff89a0aaf/library/core/src/panicking.rs:74:14
[INFO] [stdout]   18:     0x61bece2f2e2b - core::panicking::assert_failed_inner::h2ddf1fcc067fa858
[INFO] [stdout]   19:     0x61bece2f53e2 - core::panicking::assert_failed::hd370f524a9bdf094
[INFO] [stdout]                                at /rustc/90b35a6239c3d8bdabc530a6a0816f7ff89a0aaf/library/core/src/panicking.rs:367:5
[INFO] [stdout]   20:     0x61bece2f85dd - my_core_lang::lexer::tests::test_next_token::test_next_token::h7cc355f343d750e3
[INFO] [stdout]                                at /opt/rustwide/workdir/src/lexer/tests/test_next_token.rs:61:5
[INFO] [stdout]   21:     0x61bece2f7717 - my_core_lang::lexer::tests::test_next_token::test_next_token::{{closure}}::h7a4d947e87c4422a
[INFO] [stdout]                                at /opt/rustwide/workdir/src/lexer/tests/test_next_token.rs:6:21
[INFO] [stdout]   22:     0x61bece2f4246 - core::ops::function::FnOnce::call_once::h7d82c7b7e7bed605
[INFO] [stdout]                                at /rustc/90b35a6239c3d8bdabc530a6a0816f7ff89a0aaf/library/core/src/ops/function.rs:250:5
[INFO] [stdout]   23:     0x61bece3354cb - core::ops::function::FnOnce::call_once::h109cf8051a59b34e
[INFO] [stdout]                                at /rustc/90b35a6239c3d8bdabc530a6a0816f7ff89a0aaf/library/core/src/ops/function.rs:250:5
[INFO] [stdout]   24:     0x61bece3354cb - test::__rust_begin_short_backtrace::hf4fff89d377446ba
[INFO] [stdout]                                at /rustc/90b35a6239c3d8bdabc530a6a0816f7ff89a0aaf/library/test/src/lib.rs:621:18
[INFO] [stdout]   25:     0x61bece334d07 - test::run_test_in_process::{{closure}}::h0e39181dd7ee5a43
[INFO] [stdout]                                at /rustc/90b35a6239c3d8bdabc530a6a0816f7ff89a0aaf/library/test/src/lib.rs:644:60
[INFO] [stdout]   26:     0x61bece334d07 - <core::panic::unwind_safe::AssertUnwindSafe<F> as core::ops::function::FnOnce<()>>::call_once::hc5a66a30f0bdfd1f
[INFO] [stdout]                                at /rustc/90b35a6239c3d8bdabc530a6a0816f7ff89a0aaf/library/core/src/panic/unwind_safe.rs:272:9
[INFO] [stdout]   27:     0x61bece334d07 - std::panicking::try::do_call::h873b7cf639554a5e
[INFO] [stdout]                                at /rustc/90b35a6239c3d8bdabc530a6a0816f7ff89a0aaf/library/std/src/panicking.rs:557:40
[INFO] [stdout]   28:     0x61bece334d07 - std::panicking::try::hdb19862fad9c8bd1
[INFO] [stdout]                                at /rustc/90b35a6239c3d8bdabc530a6a0816f7ff89a0aaf/library/std/src/panicking.rs:520:19
[INFO] [stdout]   29:     0x61bece334d07 - std::panic::catch_unwind::h281fe732d236d260
[INFO] [stdout]                                at /rustc/90b35a6239c3d8bdabc530a6a0816f7ff89a0aaf/library/std/src/panic.rs:358:14
[INFO] [stdout]   30:     0x61bece334d07 - test::run_test_in_process::h949b6df8457ed338
[INFO] [stdout]                                at /rustc/90b35a6239c3d8bdabc530a6a0816f7ff89a0aaf/library/test/src/lib.rs:644:27
[INFO] [stdout]   31:     0x61bece334d07 - test::run_test::{{closure}}::h52c556a6d4740e10
[INFO] [stdout]                                at /rustc/90b35a6239c3d8bdabc530a6a0816f7ff89a0aaf/library/test/src/lib.rs:565:43
[INFO] [stdout]   32:     0x61bece2f9fe4 - test::run_test::{{closure}}::h4237f6381c45ccb9
[INFO] [stdout]                                at /rustc/90b35a6239c3d8bdabc530a6a0816f7ff89a0aaf/library/test/src/lib.rs:595:41
[INFO] [stdout]   33:     0x61bece2f9fe4 - std::sys::backtrace::__rust_begin_short_backtrace::h505c97a579eca628
[INFO] [stdout]                                at /rustc/90b35a6239c3d8bdabc530a6a0816f7ff89a0aaf/library/std/src/sys/backtrace.rs:154:18
[INFO] [stdout]   34:     0x61bece2fd6ae - std::thread::Builder::spawn_unchecked_::{{closure}}::{{closure}}::h9e86b2e2bc107ea3
[INFO] [stdout]                                at /rustc/90b35a6239c3d8bdabc530a6a0816f7ff89a0aaf/library/std/src/thread/mod.rs:538:17
[INFO] [stdout]   35:     0x61bece2fd6ae - <core::panic::unwind_safe::AssertUnwindSafe<F> as core::ops::function::FnOnce<()>>::call_once::h8b06ddb275ff4a25
[INFO] [stdout]                                at /rustc/90b35a6239c3d8bdabc530a6a0816f7ff89a0aaf/library/core/src/panic/unwind_safe.rs:272:9
[INFO] [stdout]   36:     0x61bece2fd6ae - std::panicking::try::do_call::hb26ecd7cd9a9355d
[INFO] [stdout]                                at /rustc/90b35a6239c3d8bdabc530a6a0816f7ff89a0aaf/library/std/src/panicking.rs:557:40
[INFO] [stdout]   37:     0x61bece2fd6ae - std::panicking::try::h8ddeca9d705f9069
[INFO] [stdout]                                at /rustc/90b35a6239c3d8bdabc530a6a0816f7ff89a0aaf/library/std/src/panicking.rs:520:19
[INFO] [stdout]   38:     0x61bece2fd6ae - std::panic::catch_unwind::h49e1c33078844c46
[INFO] [stdout]                                at /rustc/90b35a6239c3d8bdabc530a6a0816f7ff89a0aaf/library/std/src/panic.rs:358:14
[INFO] [stdout]   39:     0x61bece2fd6ae - std::thread::Builder::spawn_unchecked_::{{closure}}::h6073db6ff56ad35d
[INFO] [stdout]                                at /rustc/90b35a6239c3d8bdabc530a6a0816f7ff89a0aaf/library/std/src/thread/mod.rs:537:30
[INFO] [stdout]   40:     0x61bece2fd6ae - core::ops::function::FnOnce::call_once{{vtable.shim}}::h2c5a5f3779c774f1
[INFO] [stdout]                                at /rustc/90b35a6239c3d8bdabc530a6a0816f7ff89a0aaf/library/core/src/ops/function.rs:250:5
[INFO] [stdout]   41:     0x61bece36980b - <alloc::boxed::Box<F,A> as core::ops::function::FnOnce<Args>>::call_once::hf75717d9f28faebf
[INFO] [stdout]                                at /rustc/90b35a6239c3d8bdabc530a6a0816f7ff89a0aaf/library/alloc/src/boxed.rs:2454:9
[INFO] [stdout]   42:     0x61bece36980b - <alloc::boxed::Box<F,A> as core::ops::function::FnOnce<Args>>::call_once::h7bd883a5f3c5f3c1
[INFO] [stdout]                                at /rustc/90b35a6239c3d8bdabc530a6a0816f7ff89a0aaf/library/alloc/src/boxed.rs:2454:9
[INFO] [stdout]   43:     0x61bece36980b - std::sys::pal::unix::thread::Thread::new::thread_start::hcc78f3943333fa94
[INFO] [stdout]                                at /rustc/90b35a6239c3d8bdabc530a6a0816f7ff89a0aaf/library/std/src/sys/pal/unix/thread.rs:105:17
[INFO] [stdout]   44:     0x7ef646d6fac3 - <unknown>
[INFO] [stdout]   45:     0x7ef646e00a04 - clone
[INFO] [stdout]   46:                0x0 - <unknown>
[INFO] [stdout] 
[INFO] [stdout] 
[INFO] [stdout] failures:
[INFO] [stdout]     lexer::tests::test_next_token::test_next_token
[INFO] [stdout] 
[INFO] [stdout] test result: FAILED. 0 passed; 1 failed; 0 ignored; 0 measured; 0 filtered out; finished in 0.04s
[INFO] [stdout] 
[INFO] [stderr] error: test failed, to rerun pass `--lib`
[INFO] running `Command { std: "docker" "inspect" "43174087a7b2e43b3e5d0364522a129759acb176eed742d0073ebc73fb5959cf", kill_on_drop: false }`
[INFO] running `Command { std: "docker" "rm" "-f" "43174087a7b2e43b3e5d0364522a129759acb176eed742d0073ebc73fb5959cf", kill_on_drop: false }`
[INFO] [stdout] 43174087a7b2e43b3e5d0364522a129759acb176eed742d0073ebc73fb5959cf
