[INFO] cloning repository https://github.com/MAlba124/swizzle
[INFO] running `Command { std: "git" "-c" "credential.helper=" "-c" "credential.helper=/workspace/cargo-home/bin/git-credential-null" "clone" "--bare" "https://github.com/MAlba124/swizzle" "/workspace/cache/git-repos/https%3A%2F%2Fgithub.com%2FMAlba124%2Fswizzle", kill_on_drop: false }`
[INFO] [stderr] Cloning into bare repository '/workspace/cache/git-repos/https%3A%2F%2Fgithub.com%2FMAlba124%2Fswizzle'...
[INFO] running `Command { std: "git" "rev-parse" "HEAD", kill_on_drop: false }`
[INFO] [stdout] 363d99920e9d447b662714af88a745be23ce4069
[INFO] testing MAlba124/swizzle against beta-2024-12-08 for beta-1.84.0-4-retry
[INFO] running `Command { std: "git" "clone" "/workspace/cache/git-repos/https%3A%2F%2Fgithub.com%2FMAlba124%2Fswizzle" "/workspace/builds/worker-3-tc2/source", kill_on_drop: false }`
[INFO] [stderr] Cloning into '/workspace/builds/worker-3-tc2/source'...
[INFO] [stderr] done.
[INFO] validating manifest of git repo https://github.com/MAlba124/swizzle on toolchain beta-2024-12-08
[INFO] running `Command { std: CARGO_HOME="/workspace/cargo-home" RUSTUP_HOME="/workspace/rustup-home" "/workspace/cargo-home/bin/cargo" "+beta-2024-12-08" "metadata" "--manifest-path" "Cargo.toml" "--no-deps", kill_on_drop: false }`
[INFO] started tweaking git repo https://github.com/MAlba124/swizzle
[INFO] finished tweaking git repo https://github.com/MAlba124/swizzle
[INFO] tweaked toml for git repo https://github.com/MAlba124/swizzle written to /workspace/builds/worker-3-tc2/source/Cargo.toml
[INFO] running `Command { std: CARGO_HOME="/workspace/cargo-home" RUSTUP_HOME="/workspace/rustup-home" "/workspace/cargo-home/bin/cargo" "+beta-2024-12-08" "generate-lockfile" "--manifest-path" "Cargo.toml", kill_on_drop: false }`
[INFO] [stderr]     Updating crates.io index
[INFO] [stderr]      Locking 70 packages to latest compatible versions
[INFO] running `Command { std: CARGO_HOME="/workspace/cargo-home" RUSTUP_HOME="/workspace/rustup-home" "/workspace/cargo-home/bin/cargo" "+beta-2024-12-08" "fetch" "--manifest-path" "Cargo.toml", kill_on_drop: false }`
[INFO] running `Command { std: "docker" "create" "-v" "/var/lib/crater-agent-workspace/builds/worker-3-tc2/target:/opt/rustwide/target:rw,Z" "-v" "/var/lib/crater-agent-workspace/builds/worker-3-tc2/source:/opt/rustwide/workdir:ro,Z" "-v" "/var/lib/crater-agent-workspace/cargo-home:/opt/rustwide/cargo-home:ro,Z" "-v" "/var/lib/crater-agent-workspace/rustup-home:/opt/rustwide/rustup-home:ro,Z" "-e" "SOURCE_DIR=/opt/rustwide/workdir" "-e" "CARGO_TARGET_DIR=/opt/rustwide/target" "-e" "CARGO_HOME=/opt/rustwide/cargo-home" "-e" "RUSTUP_HOME=/opt/rustwide/rustup-home" "-w" "/opt/rustwide/workdir" "-m" "1610612736" "--user" "0:0" "--network" "none" "ghcr.io/rust-lang/crates-build-env/linux@sha256:f3a9d4ad9d972b27faf3965f35b62e55ba32bbce8f20bc8fe909558a86702fde" "/opt/rustwide/cargo-home/bin/cargo" "+beta-2024-12-08" "metadata" "--no-deps" "--format-version=1", kill_on_drop: false }`
[INFO] [stdout] 208fd89f2a14fcc24c32961d3eb424d99a86976d49407ad8188656d179714cea
[INFO] running `Command { std: "docker" "start" "-a" "208fd89f2a14fcc24c32961d3eb424d99a86976d49407ad8188656d179714cea", kill_on_drop: false }`
[INFO] running `Command { std: "docker" "inspect" "208fd89f2a14fcc24c32961d3eb424d99a86976d49407ad8188656d179714cea", kill_on_drop: false }`
[INFO] running `Command { std: "docker" "rm" "-f" "208fd89f2a14fcc24c32961d3eb424d99a86976d49407ad8188656d179714cea", kill_on_drop: false }`
[INFO] [stdout] 208fd89f2a14fcc24c32961d3eb424d99a86976d49407ad8188656d179714cea
[INFO] running `Command { std: "docker" "create" "-v" "/var/lib/crater-agent-workspace/builds/worker-3-tc2/target:/opt/rustwide/target:rw,Z" "-v" "/var/lib/crater-agent-workspace/builds/worker-3-tc2/source:/opt/rustwide/workdir:ro,Z" "-v" "/var/lib/crater-agent-workspace/cargo-home:/opt/rustwide/cargo-home:ro,Z" "-v" "/var/lib/crater-agent-workspace/rustup-home:/opt/rustwide/rustup-home:ro,Z" "-e" "SOURCE_DIR=/opt/rustwide/workdir" "-e" "CARGO_TARGET_DIR=/opt/rustwide/target" "-e" "CARGO_INCREMENTAL=0" "-e" "RUST_BACKTRACE=full" "-e" "RUSTFLAGS=--cap-lints=warn" "-e" "RUSTDOCFLAGS=--cap-lints=warn" "-e" "CARGO_HOME=/opt/rustwide/cargo-home" "-e" "RUSTUP_HOME=/opt/rustwide/rustup-home" "-w" "/opt/rustwide/workdir" "-m" "1610612736" "--user" "0:0" "--network" "none" "ghcr.io/rust-lang/crates-build-env/linux@sha256:f3a9d4ad9d972b27faf3965f35b62e55ba32bbce8f20bc8fe909558a86702fde" "/opt/rustwide/cargo-home/bin/cargo" "+beta-2024-12-08" "build" "--frozen" "--message-format=json", kill_on_drop: false }`
[INFO] [stdout] 74353556c6cfa882a5d709e28bcf7e74c4429402f174fe146d15a30d5046ec1b
[INFO] running `Command { std: "docker" "start" "-a" "74353556c6cfa882a5d709e28bcf7e74c4429402f174fe146d15a30d5046ec1b", kill_on_drop: false }`
[INFO] [stderr]    Compiling rustversion v1.0.18
[INFO] [stderr]    Compiling image_swizzle v0.2.0 (/opt/rustwide/workdir)
[INFO] [stdout] warning: constant `SERIAL_BATCH_WIDTH` is never used
[INFO] [stdout]  --> src/sisd.rs:1:7
[INFO] [stdout]   |
[INFO] [stdout] 1 | const SERIAL_BATCH_WIDTH: usize = 16;
[INFO] [stdout]   |       ^^^^^^^^^^^^^^^^^^
[INFO] [stdout]   |
[INFO] [stdout]   = note: `#[warn(dead_code)]` on by default
[INFO] [stdout] 
[INFO] [stdout] 
[INFO] [stderr]     Finished `dev` profile [unoptimized + debuginfo] target(s) in 1.96s
[INFO] running `Command { std: "docker" "inspect" "74353556c6cfa882a5d709e28bcf7e74c4429402f174fe146d15a30d5046ec1b", kill_on_drop: false }`
[INFO] running `Command { std: "docker" "rm" "-f" "74353556c6cfa882a5d709e28bcf7e74c4429402f174fe146d15a30d5046ec1b", kill_on_drop: false }`
[INFO] [stdout] 74353556c6cfa882a5d709e28bcf7e74c4429402f174fe146d15a30d5046ec1b
[INFO] running `Command { std: "docker" "create" "-v" "/var/lib/crater-agent-workspace/builds/worker-3-tc2/target:/opt/rustwide/target:rw,Z" "-v" "/var/lib/crater-agent-workspace/builds/worker-3-tc2/source:/opt/rustwide/workdir:ro,Z" "-v" "/var/lib/crater-agent-workspace/cargo-home:/opt/rustwide/cargo-home:ro,Z" "-v" "/var/lib/crater-agent-workspace/rustup-home:/opt/rustwide/rustup-home:ro,Z" "-e" "SOURCE_DIR=/opt/rustwide/workdir" "-e" "CARGO_TARGET_DIR=/opt/rustwide/target" "-e" "CARGO_INCREMENTAL=0" "-e" "RUST_BACKTRACE=full" "-e" "RUSTFLAGS=--cap-lints=warn" "-e" "RUSTDOCFLAGS=--cap-lints=warn" "-e" "CARGO_HOME=/opt/rustwide/cargo-home" "-e" "RUSTUP_HOME=/opt/rustwide/rustup-home" "-w" "/opt/rustwide/workdir" "-m" "1610612736" "--user" "0:0" "--network" "none" "ghcr.io/rust-lang/crates-build-env/linux@sha256:f3a9d4ad9d972b27faf3965f35b62e55ba32bbce8f20bc8fe909558a86702fde" "/opt/rustwide/cargo-home/bin/cargo" "+beta-2024-12-08" "test" "--frozen" "--no-run" "--message-format=json", kill_on_drop: false }`
[INFO] [stdout] 3a26140e99871c197c660a11fbf062d9e7cb6ce4629647936bac378d0f261e32
[INFO] running `Command { std: "docker" "start" "-a" "3a26140e99871c197c660a11fbf062d9e7cb6ce4629647936bac378d0f261e32", kill_on_drop: false }`
[INFO] [stderr]    Compiling proc-macro2 v1.0.92
[INFO] [stderr]    Compiling unicode-ident v1.0.14
[INFO] [stderr]    Compiling serde v1.0.216
[INFO] [stderr]    Compiling autocfg v1.4.0
[INFO] [stderr]    Compiling either v1.13.0
[INFO] [stderr]    Compiling libc v0.2.168
[INFO] [stderr]    Compiling serde_json v1.0.133
[INFO] [stderr]    Compiling half v2.4.1
[INFO] [stderr]    Compiling regex-syntax v0.8.5
[INFO] [stderr]    Compiling memchr v2.7.4
[INFO] [stderr]    Compiling ciborium-io v0.2.2
[INFO] [stderr]    Compiling clap_lex v0.7.4
[INFO] [stderr]    Compiling anstyle v1.0.10
[INFO] [stderr]    Compiling itoa v1.0.14
[INFO] [stderr]    Compiling ryu v1.0.18
[INFO] [stderr]    Compiling num-traits v0.2.19
[INFO] [stderr]    Compiling plotters-backend v0.3.7
[INFO] [stderr]    Compiling clap_builder v4.5.23
[INFO] [stderr]    Compiling ciborium-ll v0.2.2
[INFO] [stderr]    Compiling plotters-svg v0.3.7
[INFO] [stderr]    Compiling itertools v0.10.5
[INFO] [stderr]    Compiling quote v1.0.37
[INFO] [stderr]    Compiling cast v0.3.0
[INFO] [stderr]    Compiling syn v2.0.90
[INFO] [stderr]    Compiling walkdir v2.5.0
[INFO] [stderr]    Compiling is-terminal v0.4.13
[INFO] [stderr]    Compiling rayon v1.10.0
[INFO] [stderr]    Compiling oorandom v11.1.4
[INFO] [stderr]    Compiling anes v0.1.6
[INFO] [stderr]    Compiling regex-automata v0.4.9
[INFO] [stderr]    Compiling plotters v0.3.7
[INFO] [stderr]    Compiling once_cell v1.20.2
[INFO] [stdout] warning: constant `SERIAL_BATCH_WIDTH` is never used
[INFO] [stdout]  --> src/sisd.rs:1:7
[INFO] [stdout]   |
[INFO] [stdout] 1 | const SERIAL_BATCH_WIDTH: usize = 16;
[INFO] [stdout]   |       ^^^^^^^^^^^^^^^^^^
[INFO] [stdout]   |
[INFO] [stdout]   = note: `#[warn(dead_code)]` on by default
[INFO] [stdout] 
[INFO] [stdout] 
[INFO] [stderr]    Compiling criterion-plot v0.5.0
[INFO] [stderr]    Compiling clap v4.5.23
[INFO] [stderr]    Compiling regex v1.11.1
[INFO] [stderr]    Compiling serde_derive v1.0.216
[INFO] [stderr]    Compiling ciborium v0.2.2
[INFO] [stderr]    Compiling tinytemplate v1.2.1
[INFO] [stderr]    Compiling criterion v0.5.1
[INFO] [stderr]    Compiling image_swizzle v0.2.0 (/opt/rustwide/workdir)
[INFO] [stdout] warning: constant `SERIAL_BATCH_WIDTH` is never used
[INFO] [stdout]  --> src/sisd.rs:1:7
[INFO] [stdout]   |
[INFO] [stdout] 1 | const SERIAL_BATCH_WIDTH: usize = 16;
[INFO] [stdout]   |       ^^^^^^^^^^^^^^^^^^
[INFO] [stdout]   |
[INFO] [stdout]   = note: `#[warn(dead_code)]` on by default
[INFO] [stdout] 
[INFO] [stdout] 
[INFO] [stderr]     Finished `test` profile [unoptimized + debuginfo] target(s) in 48.90s
[INFO] running `Command { std: "docker" "inspect" "3a26140e99871c197c660a11fbf062d9e7cb6ce4629647936bac378d0f261e32", kill_on_drop: false }`
[INFO] running `Command { std: "docker" "rm" "-f" "3a26140e99871c197c660a11fbf062d9e7cb6ce4629647936bac378d0f261e32", kill_on_drop: false }`
[INFO] [stdout] 3a26140e99871c197c660a11fbf062d9e7cb6ce4629647936bac378d0f261e32
[INFO] running `Command { std: "docker" "create" "-v" "/var/lib/crater-agent-workspace/builds/worker-3-tc2/target:/opt/rustwide/target:rw,Z" "-v" "/var/lib/crater-agent-workspace/builds/worker-3-tc2/source:/opt/rustwide/workdir:ro,Z" "-v" "/var/lib/crater-agent-workspace/cargo-home:/opt/rustwide/cargo-home:ro,Z" "-v" "/var/lib/crater-agent-workspace/rustup-home:/opt/rustwide/rustup-home:ro,Z" "-e" "SOURCE_DIR=/opt/rustwide/workdir" "-e" "CARGO_TARGET_DIR=/opt/rustwide/target" "-e" "CARGO_INCREMENTAL=0" "-e" "RUST_BACKTRACE=full" "-e" "RUSTFLAGS=--cap-lints=warn" "-e" "RUSTDOCFLAGS=--cap-lints=warn" "-e" "CARGO_HOME=/opt/rustwide/cargo-home" "-e" "RUSTUP_HOME=/opt/rustwide/rustup-home" "-w" "/opt/rustwide/workdir" "-m" "1610612736" "--user" "0:0" "--network" "none" "ghcr.io/rust-lang/crates-build-env/linux@sha256:f3a9d4ad9d972b27faf3965f35b62e55ba32bbce8f20bc8fe909558a86702fde" "/opt/rustwide/cargo-home/bin/cargo" "+beta-2024-12-08" "test" "--frozen", kill_on_drop: false }`
[INFO] [stdout] ae75b336bb72838d1f5df87b71de5e532aceb11fb12cbf4d7dc65a6b7386b96c
[INFO] running `Command { std: "docker" "start" "-a" "ae75b336bb72838d1f5df87b71de5e532aceb11fb12cbf4d7dc65a6b7386b96c", kill_on_drop: false }`
[INFO] [stderr] warning: constant `SERIAL_BATCH_WIDTH` is never used
[INFO] [stderr]  --> src/sisd.rs:1:7
[INFO] [stderr]   |
[INFO] [stderr] 1 | const SERIAL_BATCH_WIDTH: usize = 16;
[INFO] [stderr]   |       ^^^^^^^^^^^^^^^^^^
[INFO] [stderr]   |
[INFO] [stderr]   = note: `#[warn(dead_code)]` on by default
[INFO] [stderr] 
[INFO] [stderr] warning: `image_swizzle` (lib) generated 1 warning
[INFO] [stderr] warning: `image_swizzle` (lib test) generated 1 warning (1 duplicate)
[INFO] [stderr]     Finished `test` profile [unoptimized + debuginfo] target(s) in 0.14s
[INFO] [stderr]      Running unittests src/lib.rs (/opt/rustwide/target/debug/deps/image_swizzle-9f918aa7d8cbd934)
[INFO] [stdout] 
[INFO] [stdout] running 34 tests
[INFO] [stdout] test sisd::tests::test_bgr0_to_bgrx_inplace ... ok
[INFO] [stdout] test sisd::tests::test_bgr0_to_rgbx_inplace ... ok
[INFO] [stdout] test sisd::tests::test_bgr0_to_bgrx ... ok
[INFO] [stdout] test sisd::tests::test_bgr0_to_rgbx ... ok
[INFO] [stdout] test sisd::tests::test_rgba32_to_bgra_inplace ... FAILED
[INFO] [stdout] test sisd::tests::test_rgba32_to_rgba_inplace ... ok
[INFO] [stdout] test sisd::tests::test_panic_rgba_to_bgra - should panic ... ok
[INFO] [stdout] test sisd::tests::test_rgb0_to_rgbx ... ok
[INFO] [stdout] test sisd::tests::test_rgba_to_bgra_inplace_combi ... ok
[INFO] [stdout] test sisd::tests::test_rgba_to_bgra_inplace_short_lane_count ... ok
[INFO] [stdout] test tests::test_bgr0_to_bgrx ... ok
[INFO] [stdout] test tests::test_bgr0_to_bgrx_inplace ... ok
[INFO] [stdout] test sisd::tests::test_rgb0_to_rgbx_inplace ... ok
[INFO] [stdout] test tests::test_bgr0_to_rgbx_inplace ... ok
[INFO] [stdout] test sisd::tests::test_rgb0_to_bgrx ... ok
[INFO] [stdout] test sisd::tests::test_bgra_to_rgba_inplace ... ok
[INFO] [stdout] test sisd::tests::test_rgb0_to_bgrx_inplace ... ok
[INFO] [stdout] test sisd::tests::test_bgra_to_rgba ... ok
[INFO] [stdout] test sisd::tests::test_rgba_to_bgra ... ok
[INFO] [stdout] test sisd::tests::test_rgba_to_bgra_inplace ... ok
[INFO] [stdout] test tests::test_panic_rgba_to_bgra - should panic ... ok
[INFO] [stdout] test tests::test_bgra_to_rgba_inplace ... ok
[INFO] [stdout] test tests::test_rgba32_to_bgra_inplace ... FAILED
[INFO] [stdout] test tests::test_rgba32_to_rgba_inplace ... ok
[INFO] [stdout] test tests::test_bgr0_to_rgbx ... ok
[INFO] [stdout] test tests::test_rgba_to_bgra_inplace_combi ... ok
[INFO] [stdout] test tests::test_rgba_to_bgra_inplace_short_lane_count ... ok
[INFO] [stdout] test tests::test_rgb0_to_bgrx_inplace ... ok
[INFO] [stdout] test tests::test_rgb0_to_bgrx ... ok
[INFO] [stdout] test tests::test_bgra_to_rgba ... ok
[INFO] [stdout] test tests::test_rgb0_to_rgbx ... ok
[INFO] [stdout] test tests::test_rgba_to_bgra ... ok
[INFO] [stdout] test tests::test_rgb0_to_rgbx_inplace ... ok
[INFO] [stdout] test tests::test_rgba_to_bgra_inplace ... ok
[INFO] [stdout] 
[INFO] [stdout] failures:
[INFO] [stdout] 
[INFO] [stdout] ---- sisd::tests::test_rgba32_to_bgra_inplace stdout ----
[INFO] [stdout] thread 'sisd::tests::test_rgba32_to_bgra_inplace' panicked at src/sisd.rs:136:5:
[INFO] [stdout] assertion `left == right` failed
[INFO] [stdout]   left: [0, 255, 222, 111, 0, 255, 222, 111, 0, 255, 222, 111, 0, 255, 222, 111, 0, 255, 222, 111, 0, 255, 222, 111, 0, 255, 222, 111, 0, 255, 222, 111, 0, 255, 222, 111, 0, 255, 222, 111, 0, 255, 222, 111, 0, 255, 222, 111, 0, 255, 222, 111, 0, 255, 222, 111, 0, 255, 222, 111, 0, 255, 222, 111, 0, 255, 222, 111, 0, 255, 222, 111, 0, 255, 222, 111, 0, 255, 222, 111, 0, 255, 222, 111, 0, 255, 222, 111, 0, 255, 222, 111, 0, 255, 222, 111, 0, 255, 222, 111, 0, 255, 222, 111, 0, 255, 222, 111, 0, 255, 222, 111, 0, 255, 222, 111, 0, 255, 222, 111, 0, 255, 222, 111, 0, 255, 222, 111, 0, 255, 222, 111, 0, 255, 222, 111, 0, 255, 222, 111, 0, 255, 222, 111, 0, 255, 222, 111, 0, 255, 222, 111, 0, 255, 222, 111, 0, 255, 222, 111, 0, 255, 222, 111, 0, 255, 222, 111, 0, 255, 222, 111, 0, 255, 222, 111, 0, 255, 222, 111, 0, 255, 222, 111, 0, 255, 222, 111, 0, 255, 222, 111, 0, 255, 222, 111, 0, 255, 222, 111, 0, 255, 222, 111, 0, 255, 222, 111, 0, 255, 222, 111, 0, 255, 222, 111, 0, 255, 222, 111, 0, 255, 222, 111, 0, 255, 222, 111, 0, 255, 222, 111, 0, 255, 222, 111, 0, 255, 222, 111, 0, 255, 222, 111, 0, 255, 222, 111, 0, 255, 222, 111, 0, 255, 222, 111, 0, 255, 222, 111, 0, 255, 222, 111, 0, 255, 222, 111, 0, 255, 222, 111, 0, 255, 222, 111, 0, 255, 222, 111, 0, 255, 222, 111, 0, 255, 222, 111, 0, 255, 222, 111, 0, 255, 222, 111, 0, 255, 222, 111, 0, 255, 222, 111, 0, 255, 222, 111, 0, 255, 222, 111, 0, 255, 222, 111, 0, 255, 222, 111, 0, 255, 222, 111, 0, 255, 222, 111, 0, 255, 222, 111, 0, 255, 222, 111, 0, 255, 222, 111, 0, 255, 222, 111, 0, 255, 222, 111, 0, 255, 222, 111, 0, 255, 222, 111, 0, 255, 222, 111, 0, 255, 222, 111, 0, 255, 222, 111, 0, 255, 222, 111, 0, 255, 222, 111, 0, 255, 222, 111, 0, 255, 222, 111, 0, 255, 222, 111, 0, 255, 222, 111, 0, 255, 222, 111, 0, 255, 222, 111]
[INFO] [stdout]  right: [222, 111, 0, 255, 222, 111, 0, 255, 222, 111, 0, 255, 222, 111, 0, 255, 222, 111, 0, 255, 222, 111, 0, 255, 222, 111, 0, 255, 222, 111, 0, 255, 222, 111, 0, 255, 222, 111, 0, 255, 222, 111, 0, 255, 222, 111, 0, 255, 222, 111, 0, 255, 222, 111, 0, 255, 222, 111, 0, 255, 222, 111, 0, 255, 222, 111, 0, 255, 222, 111, 0, 255, 222, 111, 0, 255, 222, 111, 0, 255, 222, 111, 0, 255, 222, 111, 0, 255, 222, 111, 0, 255, 222, 111, 0, 255, 222, 111, 0, 255, 222, 111, 0, 255, 222, 111, 0, 255, 222, 111, 0, 255, 222, 111, 0, 255, 222, 111, 0, 255, 222, 111, 0, 255, 222, 111, 0, 255, 222, 111, 0, 255, 222, 111, 0, 255, 222, 111, 0, 255, 222, 111, 0, 255, 222, 111, 0, 255, 222, 111, 0, 255, 222, 111, 0, 255, 222, 111, 0, 255, 222, 111, 0, 255, 222, 111, 0, 255, 222, 111, 0, 255, 222, 111, 0, 255, 222, 111, 0, 255, 222, 111, 0, 255, 222, 111, 0, 255, 222, 111, 0, 255, 222, 111, 0, 255, 222, 111, 0, 255, 222, 111, 0, 255, 222, 111, 0, 255, 222, 111, 0, 255, 222, 111, 0, 255, 222, 111, 0, 255, 222, 111, 0, 255, 222, 111, 0, 255, 222, 111, 0, 255, 222, 111, 0, 255, 222, 111, 0, 255, 222, 111, 0, 255, 222, 111, 0, 255, 222, 111, 0, 255, 222, 111, 0, 255, 222, 111, 0, 255, 222, 111, 0, 255, 222, 111, 0, 255, 222, 111, 0, 255, 222, 111, 0, 255, 222, 111, 0, 255, 222, 111, 0, 255, 222, 111, 0, 255, 222, 111, 0, 255, 222, 111, 0, 255, 222, 111, 0, 255, 222, 111, 0, 255, 222, 111, 0, 255, 222, 111, 0, 255, 222, 111, 0, 255, 222, 111, 0, 255, 222, 111, 0, 255, 222, 111, 0, 255, 222, 111, 0, 255, 222, 111, 0, 255, 222, 111, 0, 255, 222, 111, 0, 255, 222, 111, 0, 255, 222, 111, 0, 255, 222, 111, 0, 255, 222, 111, 0, 255, 222, 111, 0, 255, 222, 111, 0, 255, 222, 111, 0, 255, 222, 111, 0, 255, 222, 111, 0, 255, 222, 111, 0, 255, 222, 111, 0, 255, 222, 111, 0, 255, 222, 111, 0, 255, 222, 111, 0, 255]
[INFO] [stdout] stack backtrace:
[INFO] [stdout]    0:     0x631bb523931a - std::backtrace_rs::backtrace::libunwind::trace::h8810477743020387
[INFO] [stdout]                                at /rustc/202008a1b8de96d2e5b6bc02d379db03a877d34d/library/std/src/../../backtrace/src/backtrace/libunwind.rs:116:5
[INFO] [stdout]    1:     0x631bb523931a - std::backtrace_rs::backtrace::trace_unsynchronized::h3aa55355dd6c54a6
[INFO] [stdout]                                at /rustc/202008a1b8de96d2e5b6bc02d379db03a877d34d/library/std/src/../../backtrace/src/backtrace/mod.rs:66:5
[INFO] [stdout]    2:     0x631bb523931a - std::sys::backtrace::_print_fmt::h8588b0f62410823f
[INFO] [stdout]                                at /rustc/202008a1b8de96d2e5b6bc02d379db03a877d34d/library/std/src/sys/backtrace.rs:66:9
[INFO] [stdout]    3:     0x631bb523931a - <std::sys::backtrace::BacktraceLock::print::DisplayBacktrace as core::fmt::Display>::fmt::h98c26ac25ffe89bb
[INFO] [stdout]                                at /rustc/202008a1b8de96d2e5b6bc02d379db03a877d34d/library/std/src/sys/backtrace.rs:39:26
[INFO] [stdout]    4:     0x631bb525ed53 - core::fmt::rt::Argument::fmt::hf95377f4aebd453b
[INFO] [stdout]                                at /rustc/202008a1b8de96d2e5b6bc02d379db03a877d34d/library/core/src/fmt/rt.rs:177:76
[INFO] [stdout]    5:     0x631bb525ed53 - core::fmt::write::h0dd5f6e2238c7982
[INFO] [stdout]                                at /rustc/202008a1b8de96d2e5b6bc02d379db03a877d34d/library/core/src/fmt/mod.rs:1189:21
[INFO] [stdout]    6:     0x631bb52364b3 - std::io::Write::write_fmt::h03bb0ca26e6faf8c
[INFO] [stdout]                                at /rustc/202008a1b8de96d2e5b6bc02d379db03a877d34d/library/std/src/io/mod.rs:1884:15
[INFO] [stdout]    7:     0x631bb5239162 - std::sys::backtrace::BacktraceLock::print::h5c19c1c038ee186d
[INFO] [stdout]                                at /rustc/202008a1b8de96d2e5b6bc02d379db03a877d34d/library/std/src/sys/backtrace.rs:42:9
[INFO] [stdout]    8:     0x631bb523a79d - std::panicking::default_hook::{{closure}}::h77172f079a1fcb13
[INFO] [stdout]                                at /rustc/202008a1b8de96d2e5b6bc02d379db03a877d34d/library/std/src/panicking.rs:268:22
[INFO] [stdout]    9:     0x631bb523a5a7 - std::panicking::default_hook::he5f8e3b203ccddba
[INFO] [stdout]                                at /rustc/202008a1b8de96d2e5b6bc02d379db03a877d34d/library/std/src/panicking.rs:292:9
[INFO] [stdout]   10:     0x631bb5203ed7 - <alloc::boxed::Box<F,A> as core::ops::function::Fn<Args>>::call::h7a3c7b4a1ae77f2f
[INFO] [stdout]                                at /rustc/202008a1b8de96d2e5b6bc02d379db03a877d34d/library/alloc/src/boxed.rs:1986:9
[INFO] [stdout]   11:     0x631bb5203ed7 - test::test_main::{{closure}}::hf0d3b69ae9b353d1
[INFO] [stdout]                                at /rustc/202008a1b8de96d2e5b6bc02d379db03a877d34d/library/test/src/lib.rs:134:21
[INFO] [stdout]   12:     0x631bb523ae48 - <alloc::boxed::Box<F,A> as core::ops::function::Fn<Args>>::call::h6332e82e7b189abd
[INFO] [stdout]                                at /rustc/202008a1b8de96d2e5b6bc02d379db03a877d34d/library/alloc/src/boxed.rs:1986:9
[INFO] [stdout]   13:     0x631bb523ae48 - std::panicking::rust_panic_with_hook::h53863d4e9018df39
[INFO] [stdout]                                at /rustc/202008a1b8de96d2e5b6bc02d379db03a877d34d/library/std/src/panicking.rs:809:13
[INFO] [stdout]   14:     0x631bb523ac0a - std::panicking::begin_panic_handler::{{closure}}::h67280e6fa0757873
[INFO] [stdout]                                at /rustc/202008a1b8de96d2e5b6bc02d379db03a877d34d/library/std/src/panicking.rs:674:13
[INFO] [stdout]   15:     0x631bb52397f9 - std::sys::backtrace::__rust_end_short_backtrace::h1dac3f54d6fbbeb2
[INFO] [stdout]                                at /rustc/202008a1b8de96d2e5b6bc02d379db03a877d34d/library/std/src/sys/backtrace.rs:170:18
[INFO] [stdout]   16:     0x631bb523a89c - rust_begin_unwind
[INFO] [stdout]                                at /rustc/202008a1b8de96d2e5b6bc02d379db03a877d34d/library/std/src/panicking.rs:665:5
[INFO] [stdout]   17:     0x631bb51bbaa0 - core::panicking::panic_fmt::h6792bd1b2bf01041
[INFO] [stdout]                                at /rustc/202008a1b8de96d2e5b6bc02d379db03a877d34d/library/core/src/panicking.rs:76:14
[INFO] [stdout]   18:     0x631bb51bbdcb - core::panicking::assert_failed_inner::hf2c17e6d30928787
[INFO] [stdout]   19:     0x631bb51c30a4 - core::panicking::assert_failed::hd157c3571ba6f624
[INFO] [stdout]                                at /rustc/202008a1b8de96d2e5b6bc02d379db03a877d34d/library/core/src/panicking.rs:373:5
[INFO] [stdout]   20:     0x631bb51bffd5 - image_swizzle::sisd::tests::test_rgba32_to_bgra_inplace::ha417213472219e4b
[INFO] [stdout]                                at /opt/rustwide/workdir/src/common.rs:64:13
[INFO] [stdout]   21:     0x631bb51bfdf7 - image_swizzle::sisd::tests::test_rgba32_to_bgra_inplace::{{closure}}::h8d56401f68d65e24
[INFO] [stdout]                                at /opt/rustwide/workdir/src/common.rs:56:41
[INFO] [stdout]   22:     0x631bb51c2916 - core::ops::function::FnOnce::call_once::h5f111709ee7c9c0d
[INFO] [stdout]                                at /rustc/202008a1b8de96d2e5b6bc02d379db03a877d34d/library/core/src/ops/function.rs:250:5
[INFO] [stdout]   23:     0x631bb52089fb - core::ops::function::FnOnce::call_once::h871bf86719ec9aa4
[INFO] [stdout]                                at /rustc/202008a1b8de96d2e5b6bc02d379db03a877d34d/library/core/src/ops/function.rs:250:5
[INFO] [stdout]   24:     0x631bb52089fb - test::__rust_begin_short_backtrace::h2167df1e2b7d76fd
[INFO] [stdout]                                at /rustc/202008a1b8de96d2e5b6bc02d379db03a877d34d/library/test/src/lib.rs:632:18
[INFO] [stdout]   25:     0x631bb52083e8 - test::run_test_in_process::{{closure}}::h15d92f75a3adfb79
[INFO] [stdout]                                at /rustc/202008a1b8de96d2e5b6bc02d379db03a877d34d/library/test/src/lib.rs:655:60
[INFO] [stdout]   26:     0x631bb52083e8 - <core::panic::unwind_safe::AssertUnwindSafe<F> as core::ops::function::FnOnce<()>>::call_once::hb6c8955835a8dbbb
[INFO] [stdout]                                at /rustc/202008a1b8de96d2e5b6bc02d379db03a877d34d/library/core/src/panic/unwind_safe.rs:272:9
[INFO] [stdout]   27:     0x631bb52083e8 - std::panicking::try::do_call::hc79d0fc888a0bd30
[INFO] [stdout]                                at /rustc/202008a1b8de96d2e5b6bc02d379db03a877d34d/library/std/src/panicking.rs:557:40
[INFO] [stdout]   28:     0x631bb52083e8 - std::panicking::try::hb8a7878e3a8589d6
[INFO] [stdout]                                at /rustc/202008a1b8de96d2e5b6bc02d379db03a877d34d/library/std/src/panicking.rs:520:19
[INFO] [stdout]   29:     0x631bb52083e8 - std::panic::catch_unwind::hb8e4600ff0ff5cfa
[INFO] [stdout]                                at /rustc/202008a1b8de96d2e5b6bc02d379db03a877d34d/library/std/src/panic.rs:358:14
[INFO] [stdout]   30:     0x631bb52083e8 - test::run_test_in_process::hc2900b0b18688dd6
[INFO] [stdout]                                at /rustc/202008a1b8de96d2e5b6bc02d379db03a877d34d/library/test/src/lib.rs:655:27
[INFO] [stdout]   31:     0x631bb52083e8 - test::run_test::{{closure}}::hac2a9cb07be3d48d
[INFO] [stdout]                                at /rustc/202008a1b8de96d2e5b6bc02d379db03a877d34d/library/test/src/lib.rs:576:43
[INFO] [stdout]   32:     0x631bb51cbe8a - test::run_test::{{closure}}::h4a5b729e66a38cd8
[INFO] [stdout]                                at /rustc/202008a1b8de96d2e5b6bc02d379db03a877d34d/library/test/src/lib.rs:606:41
[INFO] [stdout]   33:     0x631bb51cbe8a - std::sys::backtrace::__rust_begin_short_backtrace::h0496fb742492f573
[INFO] [stdout]                                at /rustc/202008a1b8de96d2e5b6bc02d379db03a877d34d/library/std/src/sys/backtrace.rs:154:18
[INFO] [stdout]   34:     0x631bb51cf804 - std::thread::Builder::spawn_unchecked_::{{closure}}::{{closure}}::hbb6d257c550a54bd
[INFO] [stdout]                                at /rustc/202008a1b8de96d2e5b6bc02d379db03a877d34d/library/std/src/thread/mod.rs:561:17
[INFO] [stdout]   35:     0x631bb51cf804 - <core::panic::unwind_safe::AssertUnwindSafe<F> as core::ops::function::FnOnce<()>>::call_once::h46696fe4a6832328
[INFO] [stdout]                                at /rustc/202008a1b8de96d2e5b6bc02d379db03a877d34d/library/core/src/panic/unwind_safe.rs:272:9
[INFO] [stdout]   36:     0x631bb51cf804 - std::panicking::try::do_call::h2625a51b667bfb64
[INFO] [stdout]                                at /rustc/202008a1b8de96d2e5b6bc02d379db03a877d34d/library/std/src/panicking.rs:557:40
[INFO] [stdout]   37:     0x631bb51cf804 - std::panicking::try::hb956a59a1973aa4c
[INFO] [stdout]                                at /rustc/202008a1b8de96d2e5b6bc02d379db03a877d34d/library/std/src/panicking.rs:520:19
[INFO] [stdout]   38:     0x631bb51cf804 - std::panic::catch_unwind::h64f3b9d1067ef6a0
[INFO] [stdout]                                at /rustc/202008a1b8de96d2e5b6bc02d379db03a877d34d/library/std/src/panic.rs:358:14
[INFO] [stdout]   39:     0x631bb51cf804 - std::thread::Builder::spawn_unchecked_::{{closure}}::h42b2841295b6c0b2
[INFO] [stdout]                                at /rustc/202008a1b8de96d2e5b6bc02d379db03a877d34d/library/std/src/thread/mod.rs:559:30
[INFO] [stdout]   40:     0x631bb51cf804 - core::ops::function::FnOnce::call_once{{vtable.shim}}::h6127de71b8124639
[INFO] [stdout]                                at /rustc/202008a1b8de96d2e5b6bc02d379db03a877d34d/library/core/src/ops/function.rs:250:5
[INFO] [stdout]   41:     0x631bb523ed8b - <alloc::boxed::Box<F,A> as core::ops::function::FnOnce<Args>>::call_once::h42f0ba71002a1b2c
[INFO] [stdout]                                at /rustc/202008a1b8de96d2e5b6bc02d379db03a877d34d/library/alloc/src/boxed.rs:1972:9
[INFO] [stdout]   42:     0x631bb523ed8b - <alloc::boxed::Box<F,A> as core::ops::function::FnOnce<Args>>::call_once::had9e47d7a3dcecb8
[INFO] [stdout]                                at /rustc/202008a1b8de96d2e5b6bc02d379db03a877d34d/library/alloc/src/boxed.rs:1972:9
[INFO] [stdout]   43:     0x631bb523ed8b - std::sys::pal::unix::thread::Thread::new::thread_start::h48cf765408f6f5f2
[INFO] [stdout]                                at /rustc/202008a1b8de96d2e5b6bc02d379db03a877d34d/library/std/src/sys/pal/unix/thread.rs:105:17
[INFO] [stdout]   44:     0x7916a6b2fac3 - <unknown>
[INFO] [stdout]   45:     0x7916a6bc0a04 - clone
[INFO] [stdout]   46:                0x0 - <unknown>
[INFO] [stdout] 
[INFO] [stdout] ---- tests::test_rgba32_to_bgra_inplace stdout ----
[INFO] [stdout] thread 'tests::test_rgba32_to_bgra_inplace' panicked at src/lib.rs:278:5:
[INFO] [stdout] assertion `left == right` failed
[INFO] [stdout]   left: [0, 255, 222, 111, 0, 255, 222, 111, 0, 255, 222, 111, 0, 255, 222, 111, 0, 255, 222, 111, 0, 255, 222, 111, 0, 255, 222, 111, 0, 255, 222, 111, 0, 255, 222, 111, 0, 255, 222, 111, 0, 255, 222, 111, 0, 255, 222, 111, 0, 255, 222, 111, 0, 255, 222, 111, 0, 255, 222, 111, 0, 255, 222, 111, 0, 255, 222, 111, 0, 255, 222, 111, 0, 255, 222, 111, 0, 255, 222, 111, 0, 255, 222, 111, 0, 255, 222, 111, 0, 255, 222, 111, 0, 255, 222, 111, 0, 255, 222, 111, 0, 255, 222, 111, 0, 255, 222, 111, 0, 255, 222, 111, 0, 255, 222, 111, 0, 255, 222, 111, 0, 255, 222, 111, 0, 255, 222, 111, 0, 255, 222, 111, 0, 255, 222, 111, 0, 255, 222, 111, 0, 255, 222, 111, 0, 255, 222, 111, 0, 255, 222, 111, 0, 255, 222, 111, 0, 255, 222, 111, 0, 255, 222, 111, 0, 255, 222, 111, 0, 255, 222, 111, 0, 255, 222, 111, 0, 255, 222, 111, 0, 255, 222, 111, 0, 255, 222, 111, 0, 255, 222, 111, 0, 255, 222, 111, 0, 255, 222, 111, 0, 255, 222, 111, 0, 255, 222, 111, 0, 255, 222, 111, 0, 255, 222, 111, 0, 255, 222, 111, 0, 255, 222, 111, 0, 255, 222, 111, 0, 255, 222, 111, 0, 255, 222, 111, 0, 255, 222, 111, 0, 255, 222, 111, 0, 255, 222, 111, 0, 255, 222, 111, 0, 255, 222, 111, 0, 255, 222, 111, 0, 255, 222, 111, 0, 255, 222, 111, 0, 255, 222, 111, 0, 255, 222, 111, 0, 255, 222, 111, 0, 255, 222, 111, 0, 255, 222, 111, 0, 255, 222, 111, 0, 255, 222, 111, 0, 255, 222, 111, 0, 255, 222, 111, 0, 255, 222, 111, 0, 255, 222, 111, 0, 255, 222, 111, 0, 255, 222, 111, 0, 255, 222, 111, 0, 255, 222, 111, 0, 255, 222, 111, 0, 255, 222, 111, 0, 255, 222, 111, 0, 255, 222, 111, 0, 255, 222, 111, 0, 255, 222, 111, 0, 255, 222, 111, 0, 255, 222, 111, 0, 255, 222, 111, 0, 255, 222, 111, 0, 255, 222, 111, 0, 255, 222, 111, 0, 255, 222, 111, 0, 255, 222, 111, 0, 255, 222, 111, 0, 255, 222, 111, 0, 255, 222, 111, 0, 255, 222, 111]
[INFO] [stdout]  right: [222, 111, 0, 255, 222, 111, 0, 255, 222, 111, 0, 255, 222, 111, 0, 255, 222, 111, 0, 255, 222, 111, 0, 255, 222, 111, 0, 255, 222, 111, 0, 255, 222, 111, 0, 255, 222, 111, 0, 255, 222, 111, 0, 255, 222, 111, 0, 255, 222, 111, 0, 255, 222, 111, 0, 255, 222, 111, 0, 255, 222, 111, 0, 255, 222, 111, 0, 255, 222, 111, 0, 255, 222, 111, 0, 255, 222, 111, 0, 255, 222, 111, 0, 255, 222, 111, 0, 255, 222, 111, 0, 255, 222, 111, 0, 255, 222, 111, 0, 255, 222, 111, 0, 255, 222, 111, 0, 255, 222, 111, 0, 255, 222, 111, 0, 255, 222, 111, 0, 255, 222, 111, 0, 255, 222, 111, 0, 255, 222, 111, 0, 255, 222, 111, 0, 255, 222, 111, 0, 255, 222, 111, 0, 255, 222, 111, 0, 255, 222, 111, 0, 255, 222, 111, 0, 255, 222, 111, 0, 255, 222, 111, 0, 255, 222, 111, 0, 255, 222, 111, 0, 255, 222, 111, 0, 255, 222, 111, 0, 255, 222, 111, 0, 255, 222, 111, 0, 255, 222, 111, 0, 255, 222, 111, 0, 255, 222, 111, 0, 255, 222, 111, 0, 255, 222, 111, 0, 255, 222, 111, 0, 255, 222, 111, 0, 255, 222, 111, 0, 255, 222, 111, 0, 255, 222, 111, 0, 255, 222, 111, 0, 255, 222, 111, 0, 255, 222, 111, 0, 255, 222, 111, 0, 255, 222, 111, 0, 255, 222, 111, 0, 255, 222, 111, 0, 255, 222, 111, 0, 255, 222, 111, 0, 255, 222, 111, 0, 255, 222, 111, 0, 255, 222, 111, 0, 255, 222, 111, 0, 255, 222, 111, 0, 255, 222, 111, 0, 255, 222, 111, 0, 255, 222, 111, 0, 255, 222, 111, 0, 255, 222, 111, 0, 255, 222, 111, 0, 255, 222, 111, 0, 255, 222, 111, 0, 255, 222, 111, 0, 255, 222, 111, 0, 255, 222, 111, 0, 255, 222, 111, 0, 255, 222, 111, 0, 255, 222, 111, 0, 255, 222, 111, 0, 255, 222, 111, 0, 255, 222, 111, 0, 255, 222, 111, 0, 255, 222, 111, 0, 255, 222, 111, 0, 255, 222, 111, 0, 255, 222, 111, 0, 255, 222, 111, 0, 255, 222, 111, 0, 255, 222, 111, 0, 255, 222, 111, 0, 255, 222, 111, 0, 255, 222, 111, 0, 255, 222, 111, 0, 255]
[INFO] [stdout] stack backtrace:
[INFO] [stdout]    0:     0x631bb523931a - std::backtrace_rs::backtrace::libunwind::trace::h8810477743020387
[INFO] [stdout]                                at /rustc/202008a1b8de96d2e5b6bc02d379db03a877d34d/library/std/src/../../backtrace/src/backtrace/libunwind.rs:116:5
[INFO] [stdout]    1:     0x631bb523931a - std::backtrace_rs::backtrace::trace_unsynchronized::h3aa55355dd6c54a6
[INFO] [stdout]                                at /rustc/202008a1b8de96d2e5b6bc02d379db03a877d34d/library/std/src/../../backtrace/src/backtrace/mod.rs:66:5
[INFO] [stdout]    2:     0x631bb523931a - std::sys::backtrace::_print_fmt::h8588b0f62410823f
[INFO] [stdout]                                at /rustc/202008a1b8de96d2e5b6bc02d379db03a877d34d/library/std/src/sys/backtrace.rs:66:9
[INFO] [stdout]    3:     0x631bb523931a - <std::sys::backtrace::BacktraceLock::print::DisplayBacktrace as core::fmt::Display>::fmt::h98c26ac25ffe89bb
[INFO] [stdout]                                at /rustc/202008a1b8de96d2e5b6bc02d379db03a877d34d/library/std/src/sys/backtrace.rs:39:26
[INFO] [stdout]    4:     0x631bb525ed53 - core::fmt::rt::Argument::fmt::hf95377f4aebd453b
[INFO] [stdout]                                at /rustc/202008a1b8de96d2e5b6bc02d379db03a877d34d/library/core/src/fmt/rt.rs:177:76
[INFO] [stdout]    5:     0x631bb525ed53 - core::fmt::write::h0dd5f6e2238c7982
[INFO] [stdout]                                at /rustc/202008a1b8de96d2e5b6bc02d379db03a877d34d/library/core/src/fmt/mod.rs:1189:21
[INFO] [stdout]    6:     0x631bb52364b3 - std::io::Write::write_fmt::h03bb0ca26e6faf8c
[INFO] [stdout]                                at /rustc/202008a1b8de96d2e5b6bc02d379db03a877d34d/library/std/src/io/mod.rs:1884:15
[INFO] [stdout]    7:     0x631bb5239162 - std::sys::backtrace::BacktraceLock::print::h5c19c1c038ee186d
[INFO] [stdout]                                at /rustc/202008a1b8de96d2e5b6bc02d379db03a877d34d/library/std/src/sys/backtrace.rs:42:9
[INFO] [stdout]    8:     0x631bb523a79d - std::panicking::default_hook::{{closure}}::h77172f079a1fcb13
[INFO] [stdout]                                at /rustc/202008a1b8de96d2e5b6bc02d379db03a877d34d/library/std/src/panicking.rs:268:22
[INFO] [stdout]    9:     0x631bb523a5a7 - std::panicking::default_hook::he5f8e3b203ccddba
[INFO] [stdout]                                at /rustc/202008a1b8de96d2e5b6bc02d379db03a877d34d/library/std/src/panicking.rs:292:9
[INFO] [stdout]   10:     0x631bb5203ed7 - <alloc::boxed::Box<F,A> as core::ops::function::Fn<Args>>::call::h7a3c7b4a1ae77f2f
[INFO] [stdout]                                at /rustc/202008a1b8de96d2e5b6bc02d379db03a877d34d/library/alloc/src/boxed.rs:1986:9
[INFO] [stdout]   11:     0x631bb5203ed7 - test::test_main::{{closure}}::hf0d3b69ae9b353d1
[INFO] [stdout]                                at /rustc/202008a1b8de96d2e5b6bc02d379db03a877d34d/library/test/src/lib.rs:134:21
[INFO] [stdout]   12:     0x631bb523ae48 - <alloc::boxed::Box<F,A> as core::ops::function::Fn<Args>>::call::h6332e82e7b189abd
[INFO] [stdout]                                at /rustc/202008a1b8de96d2e5b6bc02d379db03a877d34d/library/alloc/src/boxed.rs:1986:9
[INFO] [stdout]   13:     0x631bb523ae48 - std::panicking::rust_panic_with_hook::h53863d4e9018df39
[INFO] [stdout]                                at /rustc/202008a1b8de96d2e5b6bc02d379db03a877d34d/library/std/src/panicking.rs:809:13
[INFO] [stdout]   14:     0x631bb523ac0a - std::panicking::begin_panic_handler::{{closure}}::h67280e6fa0757873
[INFO] [stdout]                                at /rustc/202008a1b8de96d2e5b6bc02d379db03a877d34d/library/std/src/panicking.rs:674:13
[INFO] [stdout]   15:     0x631bb52397f9 - std::sys::backtrace::__rust_end_short_backtrace::h1dac3f54d6fbbeb2
[INFO] [stdout]                                at /rustc/202008a1b8de96d2e5b6bc02d379db03a877d34d/library/std/src/sys/backtrace.rs:170:18
[INFO] [stdout]   16:     0x631bb523a89c - rust_begin_unwind
[INFO] [stdout]                                at /rustc/202008a1b8de96d2e5b6bc02d379db03a877d34d/library/std/src/panicking.rs:665:5
[INFO] [stdout]   17:     0x631bb51bbaa0 - core::panicking::panic_fmt::h6792bd1b2bf01041
[INFO] [stdout]                                at /rustc/202008a1b8de96d2e5b6bc02d379db03a877d34d/library/core/src/panicking.rs:76:14
[INFO] [stdout]   18:     0x631bb51bbdcb - core::panicking::assert_failed_inner::hf2c17e6d30928787
[INFO] [stdout]   19:     0x631bb51c30a4 - core::panicking::assert_failed::hd157c3571ba6f624
[INFO] [stdout]                                at /rustc/202008a1b8de96d2e5b6bc02d379db03a877d34d/library/core/src/panicking.rs:373:5
[INFO] [stdout]   20:     0x631bb51c892e - image_swizzle::tests::test_rgba32_to_bgra_inplace::ha21898da6f275469
[INFO] [stdout]                                at /opt/rustwide/workdir/src/common.rs:64:13
[INFO] [stdout]   21:     0x631bb51c87c7 - image_swizzle::tests::test_rgba32_to_bgra_inplace::{{closure}}::h6a1d75b6c30540b1
[INFO] [stdout]                                at /opt/rustwide/workdir/src/common.rs:56:41
[INFO] [stdout]   22:     0x631bb51c2a56 - core::ops::function::FnOnce::call_once::h8fb9c5ec01923f13
[INFO] [stdout]                                at /rustc/202008a1b8de96d2e5b6bc02d379db03a877d34d/library/core/src/ops/function.rs:250:5
[INFO] [stdout]   23:     0x631bb52089fb - core::ops::function::FnOnce::call_once::h871bf86719ec9aa4
[INFO] [stdout]                                at /rustc/202008a1b8de96d2e5b6bc02d379db03a877d34d/library/core/src/ops/function.rs:250:5
[INFO] [stdout]   24:     0x631bb52089fb - test::__rust_begin_short_backtrace::h2167df1e2b7d76fd
[INFO] [stdout]                                at /rustc/202008a1b8de96d2e5b6bc02d379db03a877d34d/library/test/src/lib.rs:632:18
[INFO] [stdout]   25:     0x631bb52083e8 - test::run_test_in_process::{{closure}}::h15d92f75a3adfb79
[INFO] [stdout]                                at /rustc/202008a1b8de96d2e5b6bc02d379db03a877d34d/library/test/src/lib.rs:655:60
[INFO] [stdout]   26:     0x631bb52083e8 - <core::panic::unwind_safe::AssertUnwindSafe<F> as core::ops::function::FnOnce<()>>::call_once::hb6c8955835a8dbbb
[INFO] [stdout]                                at /rustc/202008a1b8de96d2e5b6bc02d379db03a877d34d/library/core/src/panic/unwind_safe.rs:272:9
[INFO] [stdout]   27:     0x631bb52083e8 - std::panicking::try::do_call::hc79d0fc888a0bd30
[INFO] [stdout]                                at /rustc/202008a1b8de96d2e5b6bc02d379db03a877d34d/library/std/src/panicking.rs:557:40
[INFO] [stdout]   28:     0x631bb52083e8 - std::panicking::try::hb8a7878e3a8589d6
[INFO] [stdout]                                at /rustc/202008a1b8de96d2e5b6bc02d379db03a877d34d/library/std/src/panicking.rs:520:19
[INFO] [stdout]   29:     0x631bb52083e8 - std::panic::catch_unwind::hb8e4600ff0ff5cfa
[INFO] [stdout]                                at /rustc/202008a1b8de96d2e5b6bc02d379db03a877d34d/library/std/src/panic.rs:358:14
[INFO] [stdout]   30:     0x631bb52083e8 - test::run_test_in_process::hc2900b0b18688dd6
[INFO] [stdout]                                at /rustc/202008a1b8de96d2e5b6bc02d379db03a877d34d/library/test/src/lib.rs:655:27
[INFO] [stdout]   31:     0x631bb52083e8 - test::run_test::{{closure}}::hac2a9cb07be3d48d
[INFO] [stdout]                                at /rustc/202008a1b8de96d2e5b6bc02d379db03a877d34d/library/test/src/lib.rs:576:43
[INFO] [stdout]   32:     0x631bb51cbe8a - test::run_test::{{closure}}::h4a5b729e66a38cd8
[INFO] [stdout]                                at /rustc/202008a1b8de96d2e5b6bc02d379db03a877d34d/library/test/src/lib.rs:606:41
[INFO] [stdout]   33:     0x631bb51cbe8a - std::sys::backtrace::__rust_begin_short_backtrace::h0496fb742492f573
[INFO] [stdout]                                at /rustc/202008a1b8de96d2e5b6bc02d379db03a877d34d/library/std/src/sys/backtrace.rs:154:18
[INFO] [stdout]   34:     0x631bb51cf804 - std::thread::Builder::spawn_unchecked_::{{closure}}::{{closure}}::hbb6d257c550a54bd
[INFO] [stdout]                                at /rustc/202008a1b8de96d2e5b6bc02d379db03a877d34d/library/std/src/thread/mod.rs:561:17
[INFO] [stdout]   35:     0x631bb51cf804 - <core::panic::unwind_safe::AssertUnwindSafe<F> as core::ops::function::FnOnce<()>>::call_once::h46696fe4a6832328
[INFO] [stdout]                                at /rustc/202008a1b8de96d2e5b6bc02d379db03a877d34d/library/core/src/panic/unwind_safe.rs:272:9
[INFO] [stdout]   36:     0x631bb51cf804 - std::panicking::try::do_call::h2625a51b667bfb64
[INFO] [stdout]                                at /rustc/202008a1b8de96d2e5b6bc02d379db03a877d34d/library/std/src/panicking.rs:557:40
[INFO] [stdout]   37:     0x631bb51cf804 - std::panicking::try::hb956a59a1973aa4c
[INFO] [stdout]                                at /rustc/202008a1b8de96d2e5b6bc02d379db03a877d34d/library/std/src/panicking.rs:520:19
[INFO] [stdout]   38:     0x631bb51cf804 - std::panic::catch_unwind::h64f3b9d1067ef6a0
[INFO] [stdout]                                at /rustc/202008a1b8de96d2e5b6bc02d379db03a877d34d/library/std/src/panic.rs:358:14
[INFO] [stdout]   39:     0x631bb51cf804 - std::thread::Builder::spawn_unchecked_::{{closure}}::h42b2841295b6c0b2
[INFO] [stdout]                                at /rustc/202008a1b8de96d2e5b6bc02d379db03a877d34d/library/std/src/thread/mod.rs:559:30
[INFO] [stdout]   40:     0x631bb51cf804 - core::ops::function::FnOnce::call_once{{vtable.shim}}::h6127de71b8124639
[INFO] [stdout]                                at /rustc/202008a1b8de96d2e5b6bc02d379db03a877d34d/library/core/src/ops/function.rs:250:5
[INFO] [stdout]   41:     0x631bb523ed8b - <alloc::boxed::Box<F,A> as core::ops::function::FnOnce<Args>>::call_once::h42f0ba71002a1b2c
[INFO] [stdout]                                at /rustc/202008a1b8de96d2e5b6bc02d379db03a877d34d/library/alloc/src/boxed.rs:1972:9
[INFO] [stdout]   42:     0x631bb523ed8b - <alloc::boxed::Box<F,A> as core::ops::function::FnOnce<Args>>::call_once::had9e47d7a3dcecb8
[INFO] [stdout]                                at /rustc/202008a1b8de96d2e5b6bc02d379db03a877d34d/library/alloc/src/boxed.rs:1972:9
[INFO] [stdout]   43:     0x631bb523ed8b - std::sys::pal::unix::thread::Thread::new::thread_start::h48cf765408f6f5f2
[INFO] [stdout]                                at /rustc/202008a1b8de96d2e5b6bc02d379db03a877d34d/library/std/src/sys/pal/unix/thread.rs:105:17
[INFO] [stdout]   44:     0x7916a6b2fac3 - <unknown>
[INFO] [stdout]   45:     0x7916a6bc0a04 - clone
[INFO] [stdout]   46:                0x0 - <unknown>
[INFO] [stdout] 
[INFO] [stdout] 
[INFO] [stdout] failures:
[INFO] [stdout]     sisd::tests::test_rgba32_to_bgra_inplace
[INFO] [stdout]     tests::test_rgba32_to_bgra_inplace
[INFO] [stdout] 
[INFO] [stdout] test result: FAILED. 32 passed; 2 failed; 0 ignored; 0 measured; 0 filtered out; finished in 4.91s
[INFO] [stdout] 
[INFO] [stderr] error: test failed, to rerun pass `--lib`
[INFO] running `Command { std: "docker" "inspect" "ae75b336bb72838d1f5df87b71de5e532aceb11fb12cbf4d7dc65a6b7386b96c", kill_on_drop: false }`
[INFO] running `Command { std: "docker" "rm" "-f" "ae75b336bb72838d1f5df87b71de5e532aceb11fb12cbf4d7dc65a6b7386b96c", kill_on_drop: false }`
[INFO] [stdout] ae75b336bb72838d1f5df87b71de5e532aceb11fb12cbf4d7dc65a6b7386b96c
