[INFO] cloning repository https://github.com/MAA28/vigenere_cipher
[INFO] running `Command { std: "git" "-c" "credential.helper=" "-c" "credential.helper=/workspace/cargo-home/bin/git-credential-null" "clone" "--bare" "https://github.com/MAA28/vigenere_cipher" "/workspace/cache/git-repos/https%3A%2F%2Fgithub.com%2FMAA28%2Fvigenere_cipher", kill_on_drop: false }`
[INFO] [stderr] Cloning into bare repository '/workspace/cache/git-repos/https%3A%2F%2Fgithub.com%2FMAA28%2Fvigenere_cipher'...
[INFO] running `Command { std: "git" "rev-parse" "HEAD", kill_on_drop: false }`
[INFO] [stdout] f7cd44faa1876ca5fd6858f9d668e2358195cf94
[INFO] testing MAA28/vigenere_cipher against 1.83.0 for beta-1.84.0-4-retry
[INFO] running `Command { std: "git" "clone" "/workspace/cache/git-repos/https%3A%2F%2Fgithub.com%2FMAA28%2Fvigenere_cipher" "/workspace/builds/worker-0-tc1/source", kill_on_drop: false }`
[INFO] [stderr] Cloning into '/workspace/builds/worker-0-tc1/source'...
[INFO] [stderr] done.
[INFO] validating manifest of git repo https://github.com/MAA28/vigenere_cipher on toolchain 1.83.0
[INFO] running `Command { std: CARGO_HOME="/workspace/cargo-home" RUSTUP_HOME="/workspace/rustup-home" "/workspace/cargo-home/bin/cargo" "+1.83.0" "metadata" "--manifest-path" "Cargo.toml" "--no-deps", kill_on_drop: false }`
[INFO] started tweaking git repo https://github.com/MAA28/vigenere_cipher
[INFO] finished tweaking git repo https://github.com/MAA28/vigenere_cipher
[INFO] tweaked toml for git repo https://github.com/MAA28/vigenere_cipher written to /workspace/builds/worker-0-tc1/source/Cargo.toml
[INFO] crate git repo https://github.com/MAA28/vigenere_cipher already has a lockfile, it will not be regenerated
[INFO] running `Command { std: CARGO_HOME="/workspace/cargo-home" RUSTUP_HOME="/workspace/rustup-home" "/workspace/cargo-home/bin/cargo" "+1.83.0" "fetch" "--manifest-path" "Cargo.toml", kill_on_drop: false }`
[INFO] [stderr]     Updating crates.io index
[INFO] [stderr]  Downloading crates ...
[INFO] [stderr]   Downloaded concolor v0.0.8
[INFO] [stderr]   Downloaded concolor-query v0.0.5
[INFO] [stderr]   Downloaded snapbox-macros v0.3.1
[INFO] [stderr]   Downloaded primes v0.3.0
[INFO] [stderr]   Downloaded trycmd v0.13.7
[INFO] [stderr]   Downloaded clap_derive v4.0.9
[INFO] [stderr]   Downloaded clap v4.0.9
[INFO] [stderr]   Downloaded snapbox v0.4.0
[INFO] [stderr]   Downloaded os_pipe v1.1.1
[INFO] running `Command { std: "docker" "create" "-v" "/var/lib/crater-agent-workspace/builds/worker-0-tc1/target:/opt/rustwide/target:rw,Z" "-v" "/var/lib/crater-agent-workspace/builds/worker-0-tc1/source:/opt/rustwide/workdir:ro,Z" "-v" "/var/lib/crater-agent-workspace/cargo-home:/opt/rustwide/cargo-home:ro,Z" "-v" "/var/lib/crater-agent-workspace/rustup-home:/opt/rustwide/rustup-home:ro,Z" "-e" "SOURCE_DIR=/opt/rustwide/workdir" "-e" "CARGO_TARGET_DIR=/opt/rustwide/target" "-e" "CARGO_HOME=/opt/rustwide/cargo-home" "-e" "RUSTUP_HOME=/opt/rustwide/rustup-home" "-w" "/opt/rustwide/workdir" "-m" "1610612736" "--user" "0:0" "--network" "none" "ghcr.io/rust-lang/crates-build-env/linux@sha256:f3a9d4ad9d972b27faf3965f35b62e55ba32bbce8f20bc8fe909558a86702fde" "/opt/rustwide/cargo-home/bin/cargo" "+1.83.0" "metadata" "--no-deps" "--format-version=1", kill_on_drop: false }`
[INFO] [stdout] 485337e5a25ff249ca280ac1828ad6d0f245096cf6d81460a93d6b75113d4af1
[INFO] running `Command { std: "docker" "start" "-a" "485337e5a25ff249ca280ac1828ad6d0f245096cf6d81460a93d6b75113d4af1", kill_on_drop: false }`
[INFO] running `Command { std: "docker" "inspect" "485337e5a25ff249ca280ac1828ad6d0f245096cf6d81460a93d6b75113d4af1", kill_on_drop: false }`
[INFO] running `Command { std: "docker" "rm" "-f" "485337e5a25ff249ca280ac1828ad6d0f245096cf6d81460a93d6b75113d4af1", kill_on_drop: false }`
[INFO] [stdout] 485337e5a25ff249ca280ac1828ad6d0f245096cf6d81460a93d6b75113d4af1
[INFO] running `Command { std: "docker" "create" "-v" "/var/lib/crater-agent-workspace/builds/worker-0-tc1/target:/opt/rustwide/target:rw,Z" "-v" "/var/lib/crater-agent-workspace/builds/worker-0-tc1/source:/opt/rustwide/workdir:ro,Z" "-v" "/var/lib/crater-agent-workspace/cargo-home:/opt/rustwide/cargo-home:ro,Z" "-v" "/var/lib/crater-agent-workspace/rustup-home:/opt/rustwide/rustup-home:ro,Z" "-e" "SOURCE_DIR=/opt/rustwide/workdir" "-e" "CARGO_TARGET_DIR=/opt/rustwide/target" "-e" "CARGO_INCREMENTAL=0" "-e" "RUST_BACKTRACE=full" "-e" "RUSTFLAGS=--cap-lints=warn" "-e" "RUSTDOCFLAGS=--cap-lints=warn" "-e" "CARGO_HOME=/opt/rustwide/cargo-home" "-e" "RUSTUP_HOME=/opt/rustwide/rustup-home" "-w" "/opt/rustwide/workdir" "-m" "1610612736" "--user" "0:0" "--network" "none" "ghcr.io/rust-lang/crates-build-env/linux@sha256:f3a9d4ad9d972b27faf3965f35b62e55ba32bbce8f20bc8fe909558a86702fde" "/opt/rustwide/cargo-home/bin/cargo" "+1.83.0" "build" "--frozen" "--message-format=json", kill_on_drop: false }`
[INFO] [stdout] 05290643d06a7e280c9885ab0037145ac59a63addde02a311c517ef9561971d3
[INFO] running `Command { std: "docker" "start" "-a" "05290643d06a7e280c9885ab0037145ac59a63addde02a311c517ef9561971d3", kill_on_drop: false }`
[INFO] [stderr]    Compiling autocfg v1.1.0
[INFO] [stderr]    Compiling libc v0.2.132
[INFO] [stderr]    Compiling proc-macro2 v1.0.46
[INFO] [stderr]    Compiling quote v1.0.21
[INFO] [stderr]    Compiling unicode-ident v1.0.4
[INFO] [stderr]    Compiling syn v1.0.101
[INFO] [stderr]    Compiling cfg-if v1.0.0
[INFO] [stderr]    Compiling version_check v0.9.4
[INFO] [stderr]    Compiling crossbeam-utils v0.8.12
[INFO] [stderr]    Compiling memchr v2.5.0
[INFO] [stderr]    Compiling serde_derive v1.0.145
[INFO] [stderr]    Compiling scopeguard v1.1.0
[INFO] [stderr]    Compiling rayon-core v1.9.3
[INFO] [stderr]    Compiling serde v1.0.145
[INFO] [stderr]    Compiling bitflags v1.3.2
[INFO] [stderr]    Compiling either v1.8.0
[INFO] [stderr]    Compiling bytes v1.2.1
[INFO] [stderr]    Compiling concolor-query v0.0.5
[INFO] [stderr]    Compiling fastrand v1.8.0
[INFO] [stderr]    Compiling hashbrown v0.12.3
[INFO] [stderr]    Compiling same-file v1.0.6
[INFO] [stderr]    Compiling remove_dir_all v0.5.3
[INFO] [stderr]    Compiling itertools v0.10.5
[INFO] [stderr]    Compiling heck v0.4.0
[INFO] [stderr]    Compiling walkdir v2.3.2
[INFO] [stderr]    Compiling memoffset v0.6.5
[INFO] [stderr]    Compiling crossbeam-epoch v0.9.11
[INFO] [stderr]    Compiling proc-macro-error-attr v1.0.4
[INFO] [stderr]    Compiling proc-macro-error v1.0.4
[INFO] [stderr]    Compiling indexmap v1.9.1
[INFO] [stderr]    Compiling rayon v1.5.3
[INFO] [stderr]    Compiling os_str_bytes v6.3.0
[INFO] [stderr]    Compiling dunce v1.0.2
[INFO] [stderr]    Compiling yansi v0.5.1
[INFO] [stderr]    Compiling similar v2.2.0
[INFO] [stderr]    Compiling crossbeam-channel v0.5.6
[INFO] [stderr]    Compiling normalize-line-endings v0.3.0
[INFO] [stderr]    Compiling humantime v2.1.0
[INFO] [stderr]    Compiling snapbox-macros v0.3.1
[INFO] [stderr]    Compiling clap_lex v0.3.0
[INFO] [stderr]    Compiling once_cell v1.15.0
[INFO] [stderr]    Compiling strsim v0.10.0
[INFO] [stderr]    Compiling shlex v1.1.0
[INFO] [stderr]    Compiling termcolor v1.1.3
[INFO] [stderr]    Compiling atty v0.2.14
[INFO] [stderr]    Compiling crossbeam-deque v0.8.2
[INFO] [stderr]    Compiling num_cpus v1.13.1
[INFO] [stderr]    Compiling concolor v0.0.8
[INFO] [stderr]    Compiling wait-timeout v0.2.0
[INFO] [stderr]    Compiling tempfile v3.3.0
[INFO] [stderr]    Compiling filetime v0.2.17
[INFO] [stderr]    Compiling os_pipe v1.1.1
[INFO] [stderr]    Compiling combine v4.6.6
[INFO] [stderr]    Compiling content_inspector v0.2.4
[INFO] [stderr]    Compiling glob v0.3.0
[INFO] [stderr]    Compiling lazy_static v1.4.0
[INFO] [stderr]    Compiling primes v0.3.0
[INFO] [stderr]    Compiling snapbox v0.4.0
[INFO] [stderr]    Compiling colored v2.0.0
[INFO] [stderr]    Compiling clap_derive v4.0.9
[INFO] [stderr]    Compiling clap v4.0.9
[INFO] [stderr]    Compiling humantime-serde v1.1.1
[INFO] [stderr]    Compiling toml_edit v0.14.4
[INFO] [stderr]    Compiling trycmd v0.13.7
[INFO] [stderr]    Compiling vigenere_cipher v0.1.0 (/opt/rustwide/workdir)
[INFO] [stderr]     Finished `dev` profile [unoptimized + debuginfo] target(s) in 46.10s
[INFO] running `Command { std: "docker" "inspect" "05290643d06a7e280c9885ab0037145ac59a63addde02a311c517ef9561971d3", kill_on_drop: false }`
[INFO] running `Command { std: "docker" "rm" "-f" "05290643d06a7e280c9885ab0037145ac59a63addde02a311c517ef9561971d3", kill_on_drop: false }`
[INFO] [stdout] 05290643d06a7e280c9885ab0037145ac59a63addde02a311c517ef9561971d3
[INFO] running `Command { std: "docker" "create" "-v" "/var/lib/crater-agent-workspace/builds/worker-0-tc1/target:/opt/rustwide/target:rw,Z" "-v" "/var/lib/crater-agent-workspace/builds/worker-0-tc1/source:/opt/rustwide/workdir:ro,Z" "-v" "/var/lib/crater-agent-workspace/cargo-home:/opt/rustwide/cargo-home:ro,Z" "-v" "/var/lib/crater-agent-workspace/rustup-home:/opt/rustwide/rustup-home:ro,Z" "-e" "SOURCE_DIR=/opt/rustwide/workdir" "-e" "CARGO_TARGET_DIR=/opt/rustwide/target" "-e" "CARGO_INCREMENTAL=0" "-e" "RUST_BACKTRACE=full" "-e" "RUSTFLAGS=--cap-lints=warn" "-e" "RUSTDOCFLAGS=--cap-lints=warn" "-e" "CARGO_HOME=/opt/rustwide/cargo-home" "-e" "RUSTUP_HOME=/opt/rustwide/rustup-home" "-w" "/opt/rustwide/workdir" "-m" "1610612736" "--user" "0:0" "--network" "none" "ghcr.io/rust-lang/crates-build-env/linux@sha256:f3a9d4ad9d972b27faf3965f35b62e55ba32bbce8f20bc8fe909558a86702fde" "/opt/rustwide/cargo-home/bin/cargo" "+1.83.0" "test" "--frozen" "--no-run" "--message-format=json", kill_on_drop: false }`
[INFO] [stdout] 27aae325a474e7a6b2103e9f2ed16ce16b2fe98fb18b5babdcee363bf94ca99d
[INFO] running `Command { std: "docker" "start" "-a" "27aae325a474e7a6b2103e9f2ed16ce16b2fe98fb18b5babdcee363bf94ca99d", kill_on_drop: false }`
[INFO] [stderr]    Compiling vigenere_cipher v0.1.0 (/opt/rustwide/workdir)
[INFO] [stderr]     Finished `test` profile [unoptimized + debuginfo] target(s) in 2.37s
[INFO] running `Command { std: "docker" "inspect" "27aae325a474e7a6b2103e9f2ed16ce16b2fe98fb18b5babdcee363bf94ca99d", kill_on_drop: false }`
[INFO] running `Command { std: "docker" "rm" "-f" "27aae325a474e7a6b2103e9f2ed16ce16b2fe98fb18b5babdcee363bf94ca99d", kill_on_drop: false }`
[INFO] [stdout] 27aae325a474e7a6b2103e9f2ed16ce16b2fe98fb18b5babdcee363bf94ca99d
[INFO] running `Command { std: "docker" "create" "-v" "/var/lib/crater-agent-workspace/builds/worker-0-tc1/target:/opt/rustwide/target:rw,Z" "-v" "/var/lib/crater-agent-workspace/builds/worker-0-tc1/source:/opt/rustwide/workdir:ro,Z" "-v" "/var/lib/crater-agent-workspace/cargo-home:/opt/rustwide/cargo-home:ro,Z" "-v" "/var/lib/crater-agent-workspace/rustup-home:/opt/rustwide/rustup-home:ro,Z" "-e" "SOURCE_DIR=/opt/rustwide/workdir" "-e" "CARGO_TARGET_DIR=/opt/rustwide/target" "-e" "CARGO_INCREMENTAL=0" "-e" "RUST_BACKTRACE=full" "-e" "RUSTFLAGS=--cap-lints=warn" "-e" "RUSTDOCFLAGS=--cap-lints=warn" "-e" "CARGO_HOME=/opt/rustwide/cargo-home" "-e" "RUSTUP_HOME=/opt/rustwide/rustup-home" "-w" "/opt/rustwide/workdir" "-m" "1610612736" "--user" "0:0" "--network" "none" "ghcr.io/rust-lang/crates-build-env/linux@sha256:f3a9d4ad9d972b27faf3965f35b62e55ba32bbce8f20bc8fe909558a86702fde" "/opt/rustwide/cargo-home/bin/cargo" "+1.83.0" "test" "--frozen", kill_on_drop: false }`
[INFO] [stdout] 0e1360f180d23cf507a79a8e6f2b94604f438ddfd2e016db3feded22f80faa3b
[INFO] running `Command { std: "docker" "start" "-a" "0e1360f180d23cf507a79a8e6f2b94604f438ddfd2e016db3feded22f80faa3b", kill_on_drop: false }`
[INFO] [stderr]     Finished `test` profile [unoptimized + debuginfo] target(s) in 0.07s
[INFO] [stdout] 
[INFO] [stderr]      Running unittests src/main.rs (/opt/rustwide/target/debug/deps/vigenere_cipher-97816327ced66b16)
[INFO] [stdout] running 0 tests
[INFO] [stdout] 
[INFO] [stdout] test result: ok. 0 passed; 0 failed; 0 ignored; 0 measured; 0 filtered out; finished in 0.00s
[INFO] [stdout] 
[INFO] [stderr]      Running tests/tests.rs (/opt/rustwide/target/debug/deps/tests-fc028fba2c597dd7)
[INFO] [stdout] 
[INFO] [stdout] running 4 tests
[INFO] [stderr] Testing tests/cmd/decode.toml ... ok
[INFO] [stdout] test decode ... ok
[INFO] [stderr] Testing tests/cmd/crack_with_length.toml ... ok
[INFO] [stdout] test crack_with_length ... ok
[INFO] [stderr] Testing tests/cmd/encode.toml ... ok
[INFO] [stdout] test encode ... ok
[INFO] [stderr] Testing tests/cmd/crack.toml ... failed
[INFO] [stderr] Expected success, was 101
[INFO] [stderr] 
[INFO] [stderr] ---- expected: stdout
[INFO] [stderr] ++++ actual:   stdout
[INFO] [stderr]    1      - zurwinterszeitalseinmaleintieferschneelagmussteeinarmerjungehinausgehenundholzaufeinemschlittenholenwieeresnunzusammengesuchtundaufgeladenhattewollteerweilersoerfrorenwarnochnichtnachhausgehensondernerstfeueranmachenundsicheinbisschenwaermendascharrteerdenschneewegundwieersodenerdbodenaufraeumtefandereinenkleinengoldenenschluesselnunglaubteerwoderschluesselwaeremuessteauchdasschlossdazuseingrubindererdeundfandeineiserneskaestchenwennderschluesselnurpasstdachteeressindgewisskostbaresachenindemkaestchenersuchteabereswarkeinschluessellochdaendlichentdeckteereinsabersokleindassmaneskaumsehenkonnteerprobierteundderschluesselpasstegluecklichdadrehteereinmalherumundnunmuessenwirwartenbiservollendsaufgeschlossenunddendeckelaufgemachthatdannwerdenwirerfahrenwasfuerwunderbaresachenindemkaestchenlagen
[INFO] [stderr] stderr:
[INFO] [stderr] thread 'main' panicked at src/decode.rs:9:34:
[INFO] [stderr] Cycle failed
[INFO] [stderr] stack backtrace:
[INFO] [stderr]    0:     0x640353887e3a - std::backtrace_rs::backtrace::libunwind::trace::h5a5b8284f2d0c266
[INFO] [stderr]                                at /rustc/90b35a6239c3d8bdabc530a6a0816f7ff89a0aaf/library/std/src/../../backtrace/src/backtrace/libunwind.rs:116:5
[INFO] [stderr]    1:     0x640353887e3a - std::backtrace_rs::backtrace::trace_unsynchronized::h76d4f1c9b0b875e3
[INFO] [stderr]                                at /rustc/90b35a6239c3d8bdabc530a6a0816f7ff89a0aaf/library/std/src/../../backtrace/src/backtrace/mod.rs:66:5
[INFO] [stderr]    2:     0x640353887e3a - std::sys::backtrace::_print_fmt::hc4546b8364a537c6
[INFO] [stderr]                                at /rustc/90b35a6239c3d8bdabc530a6a0816f7ff89a0aaf/library/std/src/sys/backtrace.rs:66:9
[INFO] [stderr]    3:     0x640353887e3a - <std::sys::backtrace::BacktraceLock::print::DisplayBacktrace as core::fmt::Display>::fmt::h5b6bd5631a6d1f6b
[INFO] [stderr]                                at /rustc/90b35a6239c3d8bdabc530a6a0816f7ff89a0aaf/library/std/src/sys/backtrace.rs:39:26
[INFO] [stderr]    4:     0x6403538a5063 - core::fmt::rt::Argument::fmt::h270f6602a2b96f62
[INFO] [stderr]                                at /rustc/90b35a6239c3d8bdabc530a6a0816f7ff89a0aaf/library/core/src/fmt/rt.rs:177:76
[INFO] [stderr]    5:     0x6403538a5063 - core::fmt::write::h7550c97b06c86515
[INFO] [stderr]                                at /rustc/90b35a6239c3d8bdabc530a6a0816f7ff89a0aaf/library/core/src/fmt/mod.rs:1186:21
[INFO] [stderr]    6:     0x6403538858d3 - std::io::Write::write_fmt::h7b09c64fe0be9c84
[INFO] [stderr]                                at /rustc/90b35a6239c3d8bdabc530a6a0816f7ff89a0aaf/library/std/src/io/mod.rs:1839:15
[INFO] [stderr]    7:     0x640353887c82 - std::sys::backtrace::BacktraceLock::print::h2395ccd2c84ba3aa
[INFO] [stderr]                                at /rustc/90b35a6239c3d8bdabc530a6a0816f7ff89a0aaf/library/std/src/sys/backtrace.rs:42:9
[INFO] [stderr]    8:     0x640353888c2c - std::panicking::default_hook::{{closure}}::he19d4c7230e07961
[INFO] [stderr]                                at /rustc/90b35a6239c3d8bdabc530a6a0816f7ff89a0aaf/library/std/src/panicking.rs:268:22
[INFO] [stderr]    9:     0x640353888a72 - std::panicking::default_hook::hf614597d3c67bbdb
[INFO] [stderr]                                at /rustc/90b35a6239c3d8bdabc530a6a0816f7ff89a0aaf/library/std/src/panicking.rs:295:9
[INFO] [stderr]   10:     0x640353889207 - std::panicking::rust_panic_with_hook::h8942133a8b252070
[INFO] [stderr]                                at /rustc/90b35a6239c3d8bdabc530a6a0816f7ff89a0aaf/library/std/src/panicking.rs:801:13
[INFO] [stderr]   11:     0x64035388909a - std::panicking::begin_panic_handler::{{closure}}::hb5f5963570096b29
[INFO] [stderr]                                at /rustc/90b35a6239c3d8bdabc530a6a0816f7ff89a0aaf/library/std/src/panicking.rs:674:13
[INFO] [stderr]   12:     0x640353888319 - std::sys::backtrace::__rust_end_short_backtrace::h6208cedc1922feda
[INFO] [stderr]                                at /rustc/90b35a6239c3d8bdabc530a6a0816f7ff89a0aaf/library/std/src/sys/backtrace.rs:170:18
[INFO] [stderr]   13:     0x640353888d2c - rust_begin_unwind
[INFO] [stderr]                                at /rustc/90b35a6239c3d8bdabc530a6a0816f7ff89a0aaf/library/std/src/panicking.rs:665:5
[INFO] [stderr]   14:     0x64035373b490 - core::panicking::panic_fmt::h0c3082644d1bf418
[INFO] [stderr]                                at /rustc/90b35a6239c3d8bdabc530a6a0816f7ff89a0aaf/library/core/src/panicking.rs:74:14
[INFO] [stderr]   15:     0x64035373b46b - core::panicking::panic_display::h735d9af8bded520c
[INFO] [stderr]                                at /rustc/90b35a6239c3d8bdabc530a6a0816f7ff89a0aaf/library/core/src/panicking.rs:264:5
[INFO] [stderr]   16:     0x64035373b46b - core::option::expect_failed::h95d2432053ef5ebb
[INFO] [stderr]                                at /rustc/90b35a6239c3d8bdabc530a6a0816f7ff89a0aaf/library/core/src/option.rs:2021:5
[INFO] [stderr]   17:     0x640353748fb0 - core::option::Option<T>::expect::h899820854ec2029f
[INFO] [stderr]                                at /rustc/90b35a6239c3d8bdabc530a6a0816f7ff89a0aaf/library/core/src/option.rs:933:21
[INFO] [stderr]   18:     0x6403537574c4 - vigenere_cipher::decode::decode::h73cb258819078298
[INFO] [stderr]                                at /opt/rustwide/workdir/src/decode.rs:9:17
[INFO] [stderr]   19:     0x640353756492 - vigenere_cipher::crack::crack::hd0483cbad8e1ecce
[INFO] [stderr]                                at /opt/rustwide/workdir/src/crack.rs:26:12
[INFO] [stderr]   20:     0x640353752180 - vigenere_cipher::main::he4ed1b93968fbf2b
[INFO] [stderr]                                at /opt/rustwide/workdir/src/main.rs:46:27
[INFO] [stderr]   21:     0x64035374f2ab - core::ops::function::FnOnce::call_once::h90a526ec8fe628fe
[INFO] [stderr]                                at /rustc/90b35a6239c3d8bdabc530a6a0816f7ff89a0aaf/library/core/src/ops/function.rs:250:5
[INFO] [stderr]   22:     0x6403537533de - std::sys::backtrace::__rust_begin_short_backtrace::ha9c26e38115cc4f5
[INFO] [stderr]                                at /rustc/90b35a6239c3d8bdabc530a6a0816f7ff89a0aaf/library/std/src/sys/backtrace.rs:154:18
[INFO] [stderr]   23:     0x6403537533b1 - std::rt::lang_start::{{closure}}::h8fd85bd404024818
[INFO] [stderr]                                at /rustc/90b35a6239c3d8bdabc530a6a0816f7ff89a0aaf/library/std/src/rt.rs:195:18
[INFO] [stderr]   24:     0x6403538828fe - core::ops::function::impls::<impl core::ops::function::FnOnce<A> for &F>::call_once::hfdb85f4ee94732d3
[INFO] [stderr]                                at /rustc/90b35a6239c3d8bdabc530a6a0816f7ff89a0aaf/library/core/src/ops/function.rs:284:13
[INFO] [stderr]   25:     0x6403538828fe - std::panicking::try::do_call::h6e577310f330cbef
[INFO] [stderr]                                at /rustc/90b35a6239c3d8bdabc530a6a0816f7ff89a0aaf/library/std/src/panicking.rs:557:40
[INFO] [stderr]   26:     0x6403538828fe - std::panicking::try::ha588d438267d2645
[INFO] [stderr]                                at /rustc/90b35a6239c3d8bdabc530a6a0816f7ff89a0aaf/library/std/src/panicking.rs:520:19
[INFO] [stderr]   27:     0x6403538828fe - std::panic::catch_unwind::h429fda1e025f26d9
[INFO] [stderr]                                at /rustc/90b35a6239c3d8bdabc530a6a0816f7ff89a0aaf/library/std/src/panic.rs:358:14
[INFO] [stderr]   28:     0x6403538828fe - std::rt::lang_start_internal::{{closure}}::h7b731265e841c4bf
[INFO] [stderr]                                at /rustc/90b35a6239c3d8bdabc530a6a0816f7ff89a0aaf/library/std/src/rt.rs:174:48
[INFO] [stderr]   29:     0x6403538828fe - std::panicking::try::do_call::hc0f6a675b7ae5a36
[INFO] [stderr]                                at /rustc/90b35a6239c3d8bdabc530a6a0816f7ff89a0aaf/library/std/src/panicking.rs:557:40
[INFO] [stderr]   30:     0x6403538828fe - std::panicking::try::h4c93b7ff0671f1ff
[INFO] [stderr]                                at /rustc/90b35a6239c3d8bdabc530a6a0816f7ff89a0aaf/library/std/src/panicking.rs:520:19
[INFO] [stderr]   31:     0x6403538828fe - std::panic::catch_unwind::hcc1e154961d16ce6
[INFO] [stderr]                                at /rustc/90b35a6239c3d8bdabc530a6a0816f7ff89a0aaf/library/std/src/panic.rs:358:14
[INFO] [stderr]   32:     0x6403538828fe - std::rt::lang_start_internal::h1c66660c99c8424c
[INFO] [stderr]                                at /rustc/90b35a6239c3d8bdabc530a6a0816f7ff89a0aaf/library/std/src/rt.rs:174:20
[INFO] [stderr]   33:     0x64035375338a - std::rt::lang_start::h113a2a263f5e9cb5
[INFO] [stderr]                                at /rustc/90b35a6239c3d8bdabc530a6a0816f7ff89a0aaf/library/std/src/rt.rs:194:17
[INFO] [stderr]   34:     0x64035375251e - main
[INFO] [stderr]   35:     0x77db7ca03d90 - <unknown>
[INFO] [stderr]   36:     0x77db7ca03e40 - __libc_start_main
[INFO] [stderr]   37:     0x64035373bce5 - _start
[INFO] [stderr]   38:                0x0 - <unknown>
[INFO] [stderr] 
[INFO] [stderr] Update snapshots with `TRYCMD=overwrite`
[INFO] [stderr] Debug output with `TRYCMD=dump`
[INFO] [stdout] test crack ... FAILED
[INFO] [stdout] 
[INFO] [stdout] failures:
[INFO] [stdout] 
[INFO] [stdout] ---- crack stdout ----
[INFO] [stdout] thread 'crack' panicked at /opt/rustwide/cargo-home/registry/src/index.crates.io-6f17d22bba15001f/trycmd-0.13.7/src/runner.rs:93:17:
[INFO] [stdout] 1 of 1 tests failed
[INFO] [stdout] stack backtrace:
[INFO] [stdout]    0:     0x5a601e90dc8a - std::backtrace_rs::backtrace::libunwind::trace::h5a5b8284f2d0c266
[INFO] [stdout]                                at /rustc/90b35a6239c3d8bdabc530a6a0816f7ff89a0aaf/library/std/src/../../backtrace/src/backtrace/libunwind.rs:116:5
[INFO] [stdout]    1:     0x5a601e90dc8a - std::backtrace_rs::backtrace::trace_unsynchronized::h76d4f1c9b0b875e3
[INFO] [stdout]                                at /rustc/90b35a6239c3d8bdabc530a6a0816f7ff89a0aaf/library/std/src/../../backtrace/src/backtrace/mod.rs:66:5
[INFO] [stdout]    2:     0x5a601e90dc8a - std::sys::backtrace::_print_fmt::hc4546b8364a537c6
[INFO] [stdout]                                at /rustc/90b35a6239c3d8bdabc530a6a0816f7ff89a0aaf/library/std/src/sys/backtrace.rs:66:9
[INFO] [stdout]    3:     0x5a601e90dc8a - <std::sys::backtrace::BacktraceLock::print::DisplayBacktrace as core::fmt::Display>::fmt::h5b6bd5631a6d1f6b
[INFO] [stdout]                                at /rustc/90b35a6239c3d8bdabc530a6a0816f7ff89a0aaf/library/std/src/sys/backtrace.rs:39:26
[INFO] [stdout]    4:     0x5a601e936683 - core::fmt::rt::Argument::fmt::h270f6602a2b96f62
[INFO] [stdout]                                at /rustc/90b35a6239c3d8bdabc530a6a0816f7ff89a0aaf/library/core/src/fmt/rt.rs:177:76
[INFO] [stdout]    5:     0x5a601e936683 - core::fmt::write::h7550c97b06c86515
[INFO] [stdout]                                at /rustc/90b35a6239c3d8bdabc530a6a0816f7ff89a0aaf/library/core/src/fmt/mod.rs:1186:21
[INFO] [stdout]    6:     0x5a601e909e73 - std::io::Write::write_fmt::h509ff860e5956e5e
[INFO] [stdout]                                at /rustc/90b35a6239c3d8bdabc530a6a0816f7ff89a0aaf/library/std/src/io/mod.rs:1839:15
[INFO] [stdout]    7:     0x5a601e90dad2 - std::sys::backtrace::BacktraceLock::print::h2395ccd2c84ba3aa
[INFO] [stdout]                                at /rustc/90b35a6239c3d8bdabc530a6a0816f7ff89a0aaf/library/std/src/sys/backtrace.rs:42:9
[INFO] [stdout]    8:     0x5a601e90f6ea - std::panicking::default_hook::{{closure}}::he19d4c7230e07961
[INFO] [stdout]                                at /rustc/90b35a6239c3d8bdabc530a6a0816f7ff89a0aaf/library/std/src/panicking.rs:268:22
[INFO] [stdout]    9:     0x5a601e90f4f4 - std::panicking::default_hook::hf614597d3c67bbdb
[INFO] [stdout]                                at /rustc/90b35a6239c3d8bdabc530a6a0816f7ff89a0aaf/library/std/src/panicking.rs:292:9
[INFO] [stdout]   10:     0x5a601e8d72f9 - <alloc::boxed::Box<F,A> as core::ops::function::Fn<Args>>::call::h39b51ce4599c23d1
[INFO] [stdout]                                at /rustc/90b35a6239c3d8bdabc530a6a0816f7ff89a0aaf/library/alloc/src/boxed.rs:2468:9
[INFO] [stdout]   11:     0x5a601e8d72f9 - test::test_main::{{closure}}::he977ae839a582784
[INFO] [stdout]                                at /rustc/90b35a6239c3d8bdabc530a6a0816f7ff89a0aaf/library/test/src/lib.rs:133:21
[INFO] [stdout]   12:     0x5a601e90fd88 - <alloc::boxed::Box<F,A> as core::ops::function::Fn<Args>>::call::h9455091b6b06f9fb
[INFO] [stdout]                                at /rustc/90b35a6239c3d8bdabc530a6a0816f7ff89a0aaf/library/alloc/src/boxed.rs:2468:9
[INFO] [stdout]   13:     0x5a601e90fd88 - std::panicking::rust_panic_with_hook::h8942133a8b252070
[INFO] [stdout]                                at /rustc/90b35a6239c3d8bdabc530a6a0816f7ff89a0aaf/library/std/src/panicking.rs:809:13
[INFO] [stdout]   14:     0x5a601e90fb4a - std::panicking::begin_panic_handler::{{closure}}::hb5f5963570096b29
[INFO] [stdout]                                at /rustc/90b35a6239c3d8bdabc530a6a0816f7ff89a0aaf/library/std/src/panicking.rs:674:13
[INFO] [stdout]   15:     0x5a601e90e169 - std::sys::backtrace::__rust_end_short_backtrace::h6208cedc1922feda
[INFO] [stdout]                                at /rustc/90b35a6239c3d8bdabc530a6a0816f7ff89a0aaf/library/std/src/sys/backtrace.rs:170:18
[INFO] [stdout]   16:     0x5a601e90f7dc - rust_begin_unwind
[INFO] [stdout]                                at /rustc/90b35a6239c3d8bdabc530a6a0816f7ff89a0aaf/library/std/src/panicking.rs:665:5
[INFO] [stdout]   17:     0x5a601e3a7310 - core::panicking::panic_fmt::h0c3082644d1bf418
[INFO] [stdout]                                at /rustc/90b35a6239c3d8bdabc530a6a0816f7ff89a0aaf/library/core/src/panicking.rs:74:14
[INFO] [stdout]   18:     0x5a601e429b15 - trycmd::runner::Runner::run::h0727361320aa7e4c
[INFO] [stdout]                                at /opt/rustwide/cargo-home/registry/src/index.crates.io-6f17d22bba15001f/trycmd-0.13.7/src/runner.rs:93:17
[INFO] [stdout]   19:     0x5a601e3d5816 - trycmd::cases::TestCases::run::h9a55eb14e74b8429
[INFO] [stdout]                                at /opt/rustwide/cargo-home/registry/src/index.crates.io-6f17d22bba15001f/trycmd-0.13.7/src/cases.rs:165:9
[INFO] [stdout]   20:     0x5a601e3d58ba - <trycmd::cases::TestCases as core::ops::drop::Drop>::drop::h8d99577f13a1bad1
[INFO] [stdout]                                at /opt/rustwide/cargo-home/registry/src/index.crates.io-6f17d22bba15001f/trycmd-0.13.7/src/cases.rs:175:13
[INFO] [stdout]   21:     0x5a601e3f96f7 - core::ptr::drop_in_place<trycmd::cases::TestCases>::h37ce18c20b3d58bc
[INFO] [stdout]                                at /rustc/90b35a6239c3d8bdabc530a6a0816f7ff89a0aaf/library/core/src/ptr/mod.rs:574:1
[INFO] [stdout]   22:     0x5a601e3a8523 - tests::crack::hed584887fea16ccb
[INFO] [stdout]                                at /opt/rustwide/workdir/tests/tests.rs:22:38
[INFO] [stdout]   23:     0x5a601e3a84a7 - tests::crack::{{closure}}::h60441fe4b0903ddc
[INFO] [stdout]                                at /opt/rustwide/workdir/tests/tests.rs:20:11
[INFO] [stdout]   24:     0x5a601e3a7eb6 - core::ops::function::FnOnce::call_once::h0c0d376018b0fcf7
[INFO] [stdout]                                at /rustc/90b35a6239c3d8bdabc530a6a0816f7ff89a0aaf/library/core/src/ops/function.rs:250:5
[INFO] [stdout]   25:     0x5a601e8dbcbb - core::ops::function::FnOnce::call_once::h109cf8051a59b34e
[INFO] [stdout]                                at /rustc/90b35a6239c3d8bdabc530a6a0816f7ff89a0aaf/library/core/src/ops/function.rs:250:5
[INFO] [stdout]   26:     0x5a601e8dbcbb - test::__rust_begin_short_backtrace::hf4fff89d377446ba
[INFO] [stdout]                                at /rustc/90b35a6239c3d8bdabc530a6a0816f7ff89a0aaf/library/test/src/lib.rs:621:18
[INFO] [stdout]   27:     0x5a601e8db4f7 - test::run_test_in_process::{{closure}}::h0e39181dd7ee5a43
[INFO] [stdout]                                at /rustc/90b35a6239c3d8bdabc530a6a0816f7ff89a0aaf/library/test/src/lib.rs:644:60
[INFO] [stdout]   28:     0x5a601e8db4f7 - <core::panic::unwind_safe::AssertUnwindSafe<F> as core::ops::function::FnOnce<()>>::call_once::hc5a66a30f0bdfd1f
[INFO] [stdout]                                at /rustc/90b35a6239c3d8bdabc530a6a0816f7ff89a0aaf/library/core/src/panic/unwind_safe.rs:272:9
[INFO] [stdout]   29:     0x5a601e8db4f7 - std::panicking::try::do_call::h873b7cf639554a5e
[INFO] [stdout]                                at /rustc/90b35a6239c3d8bdabc530a6a0816f7ff89a0aaf/library/std/src/panicking.rs:557:40
[INFO] [stdout]   30:     0x5a601e8db4f7 - std::panicking::try::hdb19862fad9c8bd1
[INFO] [stdout]                                at /rustc/90b35a6239c3d8bdabc530a6a0816f7ff89a0aaf/library/std/src/panicking.rs:520:19
[INFO] [stdout]   31:     0x5a601e8db4f7 - std::panic::catch_unwind::h281fe732d236d260
[INFO] [stdout]                                at /rustc/90b35a6239c3d8bdabc530a6a0816f7ff89a0aaf/library/std/src/panic.rs:358:14
[INFO] [stdout]   32:     0x5a601e8db4f7 - test::run_test_in_process::h949b6df8457ed338
[INFO] [stdout]                                at /rustc/90b35a6239c3d8bdabc530a6a0816f7ff89a0aaf/library/test/src/lib.rs:644:27
[INFO] [stdout]   33:     0x5a601e8db4f7 - test::run_test::{{closure}}::h52c556a6d4740e10
[INFO] [stdout]                                at /rustc/90b35a6239c3d8bdabc530a6a0816f7ff89a0aaf/library/test/src/lib.rs:565:43
[INFO] [stdout]   34:     0x5a601e8a07d4 - test::run_test::{{closure}}::h4237f6381c45ccb9
[INFO] [stdout]                                at /rustc/90b35a6239c3d8bdabc530a6a0816f7ff89a0aaf/library/test/src/lib.rs:595:41
[INFO] [stdout]   35:     0x5a601e8a07d4 - std::sys::backtrace::__rust_begin_short_backtrace::h505c97a579eca628
[INFO] [stdout]                                at /rustc/90b35a6239c3d8bdabc530a6a0816f7ff89a0aaf/library/std/src/sys/backtrace.rs:154:18
[INFO] [stdout]   36:     0x5a601e8a3e9e - std::thread::Builder::spawn_unchecked_::{{closure}}::{{closure}}::h9e86b2e2bc107ea3
[INFO] [stdout]                                at /rustc/90b35a6239c3d8bdabc530a6a0816f7ff89a0aaf/library/std/src/thread/mod.rs:538:17
[INFO] [stdout]   37:     0x5a601e8a3e9e - <core::panic::unwind_safe::AssertUnwindSafe<F> as core::ops::function::FnOnce<()>>::call_once::h8b06ddb275ff4a25
[INFO] [stdout]                                at /rustc/90b35a6239c3d8bdabc530a6a0816f7ff89a0aaf/library/core/src/panic/unwind_safe.rs:272:9
[INFO] [stdout]   38:     0x5a601e8a3e9e - std::panicking::try::do_call::hb26ecd7cd9a9355d
[INFO] [stdout]                                at /rustc/90b35a6239c3d8bdabc530a6a0816f7ff89a0aaf/library/std/src/panicking.rs:557:40
[INFO] [stdout]   39:     0x5a601e8a3e9e - std::panicking::try::h8ddeca9d705f9069
[INFO] [stdout]                                at /rustc/90b35a6239c3d8bdabc530a6a0816f7ff89a0aaf/library/std/src/panicking.rs:520:19
[INFO] [stdout]   40:     0x5a601e8a3e9e - std::panic::catch_unwind::h49e1c33078844c46
[INFO] [stdout]                                at /rustc/90b35a6239c3d8bdabc530a6a0816f7ff89a0aaf/library/std/src/panic.rs:358:14
[INFO] [stdout]   41:     0x5a601e8a3e9e - std::thread::Builder::spawn_unchecked_::{{closure}}::h6073db6ff56ad35d
[INFO] [stdout]                                at /rustc/90b35a6239c3d8bdabc530a6a0816f7ff89a0aaf/library/std/src/thread/mod.rs:537:30
[INFO] [stdout]   42:     0x5a601e8a3e9e - core::ops::function::FnOnce::call_once{{vtable.shim}}::h2c5a5f3779c774f1
[INFO] [stdout]                                at /rustc/90b35a6239c3d8bdabc530a6a0816f7ff89a0aaf/library/core/src/ops/function.rs:250:5
[INFO] [stdout]   43:     0x5a601e9156fb - <alloc::boxed::Box<F,A> as core::ops::function::FnOnce<Args>>::call_once::hf75717d9f28faebf
[INFO] [stdout]                                at /rustc/90b35a6239c3d8bdabc530a6a0816f7ff89a0aaf/library/alloc/src/boxed.rs:2454:9
[INFO] [stdout]   44:     0x5a601e9156fb - <alloc::boxed::Box<F,A> as core::ops::function::FnOnce<Args>>::call_once::h7bd883a5f3c5f3c1
[INFO] [stdout]                                at /rustc/90b35a6239c3d8bdabc530a6a0816f7ff89a0aaf/library/alloc/src/boxed.rs:2454:9
[INFO] [stdout]   45:     0x5a601e9156fb - std::sys::pal::unix::thread::Thread::new::thread_start::hcc78f3943333fa94
[INFO] [stdout]                                at /rustc/90b35a6239c3d8bdabc530a6a0816f7ff89a0aaf/library/std/src/sys/pal/unix/thread.rs:105:17
[INFO] [stdout]   46:     0x77a50adf4ac3 - <unknown>
[INFO] [stdout]   47:     0x77a50ae85a04 - clone
[INFO] [stdout]   48:                0x0 - <unknown>
[INFO] [stdout] 
[INFO] [stdout] 
[INFO] [stdout] failures:
[INFO] [stdout]     crack
[INFO] [stdout] 
[INFO] [stdout] test result: FAILED. 3 passed; 1 failed; 0 ignored; 0 measured; 0 filtered out; finished in 0.15s
[INFO] [stdout] 
[INFO] [stderr] error: test failed, to rerun pass `--test tests`
[INFO] running `Command { std: "docker" "inspect" "0e1360f180d23cf507a79a8e6f2b94604f438ddfd2e016db3feded22f80faa3b", kill_on_drop: false }`
[INFO] running `Command { std: "docker" "rm" "-f" "0e1360f180d23cf507a79a8e6f2b94604f438ddfd2e016db3feded22f80faa3b", kill_on_drop: false }`
[INFO] [stdout] 0e1360f180d23cf507a79a8e6f2b94604f438ddfd2e016db3feded22f80faa3b
