[INFO] cloning repository https://github.com/M3t0r/libaitfoaq
[INFO] running `Command { std: "git" "-c" "credential.helper=" "-c" "credential.helper=/workspace/cargo-home/bin/git-credential-null" "clone" "--bare" "https://github.com/M3t0r/libaitfoaq" "/workspace/cache/git-repos/https%3A%2F%2Fgithub.com%2FM3t0r%2Flibaitfoaq", kill_on_drop: false }`
[INFO] [stderr] Cloning into bare repository '/workspace/cache/git-repos/https%3A%2F%2Fgithub.com%2FM3t0r%2Flibaitfoaq'...
[INFO] running `Command { std: "git" "rev-parse" "HEAD", kill_on_drop: false }`
[INFO] [stdout] c4a678a5c070faeed346f75a1f047960f73f6474
[INFO] testing M3t0r/libaitfoaq against 1.83.0 for beta-1.84.0-4-retry
[INFO] running `Command { std: "git" "clone" "/workspace/cache/git-repos/https%3A%2F%2Fgithub.com%2FM3t0r%2Flibaitfoaq" "/workspace/builds/worker-1-tc1/source", kill_on_drop: false }`
[INFO] [stderr] Cloning into '/workspace/builds/worker-1-tc1/source'...
[INFO] [stderr] done.
[INFO] validating manifest of git repo https://github.com/M3t0r/libaitfoaq on toolchain 1.83.0
[INFO] running `Command { std: CARGO_HOME="/workspace/cargo-home" RUSTUP_HOME="/workspace/rustup-home" "/workspace/cargo-home/bin/cargo" "+1.83.0" "metadata" "--manifest-path" "Cargo.toml" "--no-deps", kill_on_drop: false }`
[INFO] removed /workspace/builds/worker-1-tc1/source/.cargo/config.toml
[INFO] started tweaking git repo https://github.com/M3t0r/libaitfoaq
[INFO] finished tweaking git repo https://github.com/M3t0r/libaitfoaq
[INFO] tweaked toml for git repo https://github.com/M3t0r/libaitfoaq written to /workspace/builds/worker-1-tc1/source/Cargo.toml
[INFO] crate git repo https://github.com/M3t0r/libaitfoaq already has a lockfile, it will not be regenerated
[INFO] running `Command { std: CARGO_HOME="/workspace/cargo-home" RUSTUP_HOME="/workspace/rustup-home" "/workspace/cargo-home/bin/cargo" "+1.83.0" "fetch" "--manifest-path" "Cargo.toml", kill_on_drop: false }`
[INFO] [stderr] warning: profiles for the non root package will be ignored, specify profiles at the workspace root:
[INFO] [stderr] package:   /workspace/builds/worker-1-tc1/source/libaitfoaq/Cargo.toml
[INFO] [stderr] workspace: /workspace/builds/worker-1-tc1/source/Cargo.toml
[INFO] [stderr]     Blocking waiting for file lock on package cache
[INFO] [stderr]     Updating crates.io index
[INFO] [stderr]     Blocking waiting for file lock on package cache
[INFO] [stderr]  Downloading crates ...
[INFO] [stderr]   Downloaded machineid-rs v1.2.4
[INFO] [stderr]   Downloaded console-api v0.6.0
[INFO] [stderr]   Downloaded console-subscriber v0.2.0
[INFO] [stderr]   Downloaded wmi v0.12.2
[INFO] running `Command { std: "docker" "create" "-v" "/var/lib/crater-agent-workspace/builds/worker-1-tc1/target:/opt/rustwide/target:rw,Z" "-v" "/var/lib/crater-agent-workspace/builds/worker-1-tc1/source:/opt/rustwide/workdir:ro,Z" "-v" "/var/lib/crater-agent-workspace/cargo-home:/opt/rustwide/cargo-home:ro,Z" "-v" "/var/lib/crater-agent-workspace/rustup-home:/opt/rustwide/rustup-home:ro,Z" "-e" "SOURCE_DIR=/opt/rustwide/workdir" "-e" "CARGO_TARGET_DIR=/opt/rustwide/target" "-e" "CARGO_HOME=/opt/rustwide/cargo-home" "-e" "RUSTUP_HOME=/opt/rustwide/rustup-home" "-w" "/opt/rustwide/workdir" "-m" "1610612736" "--user" "0:0" "--network" "none" "ghcr.io/rust-lang/crates-build-env/linux@sha256:f3a9d4ad9d972b27faf3965f35b62e55ba32bbce8f20bc8fe909558a86702fde" "/opt/rustwide/cargo-home/bin/cargo" "+1.83.0" "metadata" "--no-deps" "--format-version=1", kill_on_drop: false }`
[INFO] [stdout] cbf9d83d84eda6198f24b30e6bdf104eb6937c92b109f5b452f936b09c1d165d
[INFO] running `Command { std: "docker" "start" "-a" "cbf9d83d84eda6198f24b30e6bdf104eb6937c92b109f5b452f936b09c1d165d", kill_on_drop: false }`
[INFO] running `Command { std: "docker" "inspect" "cbf9d83d84eda6198f24b30e6bdf104eb6937c92b109f5b452f936b09c1d165d", kill_on_drop: false }`
[INFO] running `Command { std: "docker" "rm" "-f" "cbf9d83d84eda6198f24b30e6bdf104eb6937c92b109f5b452f936b09c1d165d", kill_on_drop: false }`
[INFO] [stdout] cbf9d83d84eda6198f24b30e6bdf104eb6937c92b109f5b452f936b09c1d165d
[INFO] running `Command { std: "docker" "create" "-v" "/var/lib/crater-agent-workspace/builds/worker-1-tc1/target:/opt/rustwide/target:rw,Z" "-v" "/var/lib/crater-agent-workspace/builds/worker-1-tc1/source:/opt/rustwide/workdir:ro,Z" "-v" "/var/lib/crater-agent-workspace/cargo-home:/opt/rustwide/cargo-home:ro,Z" "-v" "/var/lib/crater-agent-workspace/rustup-home:/opt/rustwide/rustup-home:ro,Z" "-e" "SOURCE_DIR=/opt/rustwide/workdir" "-e" "CARGO_TARGET_DIR=/opt/rustwide/target" "-e" "CARGO_INCREMENTAL=0" "-e" "RUST_BACKTRACE=full" "-e" "RUSTFLAGS=--cap-lints=warn" "-e" "RUSTDOCFLAGS=--cap-lints=warn" "-e" "CARGO_HOME=/opt/rustwide/cargo-home" "-e" "RUSTUP_HOME=/opt/rustwide/rustup-home" "-w" "/opt/rustwide/workdir" "-m" "1610612736" "--user" "0:0" "--network" "none" "ghcr.io/rust-lang/crates-build-env/linux@sha256:f3a9d4ad9d972b27faf3965f35b62e55ba32bbce8f20bc8fe909558a86702fde" "/opt/rustwide/cargo-home/bin/cargo" "+1.83.0" "build" "--frozen" "--message-format=json", kill_on_drop: false }`
[INFO] [stdout] 8b72658f9a39aea973344874087a166ec90cf2ba996b949c4320316756ac9ba2
[INFO] running `Command { std: "docker" "start" "-a" "8b72658f9a39aea973344874087a166ec90cf2ba996b949c4320316756ac9ba2", kill_on_drop: false }`
[INFO] [stderr] warning: profiles for the non root package will be ignored, specify profiles at the workspace root:
[INFO] [stderr] package:   /opt/rustwide/workdir/libaitfoaq/Cargo.toml
[INFO] [stderr] workspace: /opt/rustwide/workdir/Cargo.toml
[INFO] [stderr]    Compiling proc-macro2 v1.0.79
[INFO] [stderr]    Compiling unicode-ident v1.0.12
[INFO] [stderr]    Compiling version_check v0.9.4
[INFO] [stderr]    Compiling libc v0.2.153
[INFO] [stderr]    Compiling autocfg v1.2.0
[INFO] [stderr]    Compiling bytes v1.6.0
[INFO] [stderr]    Compiling pin-project-lite v0.2.14
[INFO] [stderr]    Compiling itoa v1.0.11
[INFO] [stderr]    Compiling fnv v1.0.7
[INFO] [stderr]    Compiling futures-core v0.3.30
[INFO] [stderr]    Compiling once_cell v1.19.0
[INFO] [stderr]    Compiling log v0.4.21
[INFO] [stderr]    Compiling futures-sink v0.3.30
[INFO] [stderr]    Compiling futures-task v0.3.30
[INFO] [stderr]    Compiling rustversion v1.0.15
[INFO] [stderr]    Compiling pin-utils v0.1.0
[INFO] [stderr]    Compiling serde v1.0.198
[INFO] [stderr]    Compiling typenum v1.17.0
[INFO] [stderr]    Compiling httparse v1.8.0
[INFO] [stderr]    Compiling percent-encoding v2.3.1
[INFO] [stderr]    Compiling mime v0.3.17
[INFO] [stderr]    Compiling ppv-lite86 v0.2.17
[INFO] [stderr]    Compiling tower-service v0.3.2
[INFO] [stderr]    Compiling tracing-core v0.1.32
[INFO] [stderr]    Compiling subtle v2.5.0
[INFO] [stderr]    Compiling crossbeam-utils v0.8.19
[INFO] [stderr]    Compiling libm v0.2.8
[INFO] [stderr]    Compiling tower-layer v0.3.2
[INFO] [stderr]    Compiling httpdate v1.0.3
[INFO] [stderr]    Compiling generic-array v0.14.7
[INFO] [stderr]    Compiling slab v0.4.9
[INFO] [stderr]    Compiling unicase v2.7.0
[INFO] [stderr]    Compiling http v1.1.0
[INFO] [stderr]    Compiling http v0.2.12
[INFO] [stderr]    Compiling futures-channel v0.3.30
[INFO] [stderr]    Compiling either v1.10.0
[INFO] [stderr]    Compiling indexmap v1.9.3
[INFO] [stderr]    Compiling quote v1.0.35
[INFO] [stderr]    Compiling num-traits v0.2.18
[INFO] [stderr]    Compiling hashbrown v0.14.3
[INFO] [stderr]    Compiling tinyvec_macros v0.1.1
[INFO] [stderr]    Compiling cpufeatures v0.2.12
[INFO] [stderr]    Compiling syn v2.0.58
[INFO] [stderr]    Compiling equivalent v1.0.1
[INFO] [stderr]    Compiling anyhow v1.0.82
[INFO] [stderr]    Compiling itertools v0.10.5
[INFO] [stderr]    Compiling tinyvec v1.6.0
[INFO] [stderr]    Compiling sync_wrapper v0.1.2
[INFO] [stderr]    Compiling memchr v2.7.2
[INFO] [stderr]    Compiling hashbrown v0.12.3
[INFO] [stderr]    Compiling try-lock v0.2.5
[INFO] [stderr]    Compiling axum-core v0.3.4
[INFO] [stderr]    Compiling want v0.3.1
[INFO] [stderr]    Compiling form_urlencoded v1.2.1
[INFO] [stderr]    Compiling rustix v0.38.32
[INFO] [stderr]    Compiling indexmap v2.2.6
[INFO] [stderr]    Compiling crossbeam-epoch v0.9.18
[INFO] [stderr]    Compiling http-body v0.4.6
[INFO] [stderr]    Compiling thiserror v1.0.58
[INFO] [stderr]    Compiling mio v0.8.11
[INFO] [stderr]    Compiling signal-hook-registry v1.4.1
[INFO] [stderr]    Compiling socket2 v0.5.6
[INFO] [stderr]    Compiling getrandom v0.2.13
[INFO] [stderr]    Compiling rand_core v0.6.4
[INFO] [stderr]    Compiling http-body v1.0.0
[INFO] [stderr]    Compiling serde_json v1.0.116
[INFO] [stderr]    Compiling unicode-normalization v0.1.23
[INFO] [stderr]    Compiling regex-syntax v0.8.3
[INFO] [stderr]    Compiling rand_chacha v0.3.1
[INFO] [stderr]    Compiling bitflags v2.5.0
[INFO] [stderr]    Compiling ryu v1.0.17
[INFO] [stderr]    Compiling byteorder v1.5.0
[INFO] [stderr]    Compiling unicode-bidi v0.3.15
[INFO] [stderr]    Compiling rayon-core v1.12.1
[INFO] [stderr]    Compiling crossbeam-deque v0.8.5
[INFO] [stderr]    Compiling mime_guess v2.0.4
[INFO] [stderr]    Compiling axum v0.6.20
[INFO] [stderr]    Compiling proc-macro-error-attr v1.0.4
[INFO] [stderr]    Compiling minimal-lexical v0.2.1
[INFO] [stderr]    Compiling linux-raw-sys v0.4.13
[INFO] [stderr]    Compiling block-buffer v0.10.4
[INFO] [stderr]    Compiling crypto-common v0.1.6
[INFO] [stderr]    Compiling rand v0.8.5
[INFO] [stderr]    Compiling base64 v0.21.7
[INFO] [stderr]    Compiling digest v0.10.7
[INFO] [stderr]    Compiling smallvec v1.13.2
[INFO] [stderr]    Compiling syn v1.0.109
[INFO] [stderr]    Compiling matchit v0.7.3
[INFO] [stderr]    Compiling crc32fast v1.4.0
[INFO] [stderr]    Compiling http-body-util v0.1.1
[INFO] [stderr]    Compiling idna v0.5.0
[INFO] [stderr]    Compiling axum-core v0.4.3
[INFO] [stderr]    Compiling proc-macro-error v1.0.4
[INFO] [stderr]    Compiling sha1 v0.10.6
[INFO] [stderr]    Compiling fastrand v2.0.2
[INFO] [stderr]    Compiling utf-8 v0.7.6
[INFO] [stderr]    Compiling regex-syntax v0.6.29
[INFO] [stderr]    Compiling url v2.5.0
[INFO] [stderr]    Compiling data-encoding v2.5.0
[INFO] [stderr]    Compiling adler v1.0.2
[INFO] [stderr]    Compiling miniz_oxide v0.7.2
[INFO] [stderr]    Compiling wait-timeout v0.2.0
[INFO] [stderr]    Compiling rayon v1.10.0
[INFO] [stderr]    Compiling nom v7.1.3
[INFO] [stderr]    Compiling include_dir_macros v0.7.3
[INFO] [stderr]    Compiling overload v0.1.1
[INFO] [stderr]    Compiling bit-vec v0.6.3
[INFO] [stderr]    Compiling quick-error v1.2.3
[INFO] [stderr]    Compiling regex-automata v0.4.6
[INFO] [stderr]    Compiling bit-set v0.5.3
[INFO] [stderr]    Compiling nu-ansi-term v0.46.0
[INFO] [stderr]    Compiling flate2 v1.0.28
[INFO] [stderr]    Compiling sha2 v0.10.8
[INFO] [stderr]    Compiling sha-1 v0.10.1
[INFO] [stderr]    Compiling include_dir v0.7.3
[INFO] [stderr]    Compiling hmac v0.12.1
[INFO] [stderr]    Compiling md-5 v0.10.6
[INFO] [stderr]    Compiling sharded-slab v0.1.7
[INFO] [stderr]    Compiling rand_xorshift v0.3.0
[INFO] [stderr]    Compiling uuid v1.8.0
[INFO] [stderr]    Compiling humansize v2.1.3
[INFO] [stderr]    Compiling axum v0.7.5
[INFO] [stderr]    Compiling tracing-log v0.2.0
[INFO] [stderr]    Compiling thread_local v1.1.8
[INFO] [stderr]    Compiling whoami v1.5.1
[INFO] [stderr]    Compiling unarray v0.1.4
[INFO] [stderr]    Compiling hex v0.4.3
[INFO] [stderr]    Compiling askama_escape v0.10.3
[INFO] [stderr]    Compiling crossbeam-channel v0.5.12
[INFO] [stderr]    Compiling tempfile v3.10.1
[INFO] [stderr]    Compiling humantime v2.1.0
[INFO] [stderr]    Compiling rusty-fork v0.3.0
[INFO] [stderr]    Compiling regex-automata v0.1.10
[INFO] [stderr]    Compiling sync_wrapper v1.0.1
[INFO] [stderr]    Compiling http-range-header v0.4.0
[INFO] [stderr]    Compiling rppal v0.17.1
[INFO] [stderr]    Compiling askama_parser v0.2.1
[INFO] [stderr]    Compiling proptest v1.4.0
[INFO] [stderr]    Compiling regex v1.10.4
[INFO] [stderr]    Compiling matchers v0.1.0
[INFO] [stderr]    Compiling sysinfo v0.29.11
[INFO] [stderr]    Compiling hdrhistogram v7.5.4
[INFO] [stderr]    Compiling tokio-macros v2.2.0
[INFO] [stderr]    Compiling futures-macro v0.3.30
[INFO] [stderr]    Compiling serde_derive v1.0.198
[INFO] [stderr]    Compiling tracing-attributes v0.1.27
[INFO] [stderr]    Compiling async-trait v0.1.80
[INFO] [stderr]    Compiling pin-project-internal v1.1.5
[INFO] [stderr]    Compiling thiserror-impl v1.0.58
[INFO] [stderr]    Compiling prost-derive v0.12.4
[INFO] [stderr]    Compiling async-stream-impl v0.3.5
[INFO] [stderr]    Compiling aquamarine v0.5.0
[INFO] [stderr]    Compiling tokio v1.37.0
[INFO] [stderr]    Compiling futures-util v0.3.30
[INFO] [stderr]    Compiling async-stream v0.3.5
[INFO] [stderr]    Compiling pin-project v1.1.5
[INFO] [stderr]    Compiling tungstenite v0.21.0
[INFO] [stderr]    Compiling tracing v0.1.40
[INFO] [stderr]    Compiling tracing-subscriber v0.3.18
[INFO] [stderr]    Compiling prost v0.12.4
[INFO] [stderr]    Compiling prost-types v0.12.4
[INFO] [stderr]    Compiling basic-toml v0.1.9
[INFO] [stderr]    Compiling serde_path_to_error v0.1.16
[INFO] [stderr]    Compiling serde_urlencoded v0.7.1
[INFO] [stderr]    Compiling libaitfoaq v0.1.0 (/opt/rustwide/workdir/libaitfoaq)
[INFO] [stdout] warning: unused variable: `i`
[INFO] [stdout]    --> libaitfoaq/src/lib.rs:150:14
[INFO] [stdout]     |
[INFO] [stdout] 150 |         for (i, contestant) in self.contestants.iter_mut().enumerate() {
[INFO] [stdout]     |              ^ help: if this is intentional, prefix it with an underscore: `_i`
[INFO] [stdout]     |
[INFO] [stdout]     = note: `#[warn(unused_variables)]` on by default
[INFO] [stdout] 
[INFO] [stdout] 
[INFO] [stdout] warning: unused variable: `points`
[INFO] [stdout]    --> libaitfoaq/src/lib.rs:213:28
[INFO] [stdout]     |
[INFO] [stdout] 213 |     fn set_wage(&mut self, points: Points) -> Result<(), Error> {
[INFO] [stdout]     |                            ^^^^^^ help: if this is intentional, prefix it with an underscore: `_points`
[INFO] [stdout] 
[INFO] [stdout] 
[INFO] [stderr]    Compiling askama_derive v0.12.5
[INFO] [stderr]    Compiling tokio-util v0.7.10
[INFO] [stderr]    Compiling tokio-io-timeout v1.2.0
[INFO] [stderr]    Compiling tokio-stream v0.1.15
[INFO] [stderr]    Compiling tokio-tungstenite v0.21.0
[INFO] [stderr]    Compiling hyper v1.2.0
[INFO] [stderr]    Compiling machineid-rs v1.2.4
[INFO] [stderr]    Compiling hyper-util v0.1.3
[INFO] [stderr]    Compiling h2 v0.3.26
[INFO] [stderr]    Compiling tower v0.4.13
[INFO] [stderr]    Compiling tower-http v0.5.2
[INFO] [stderr]    Compiling libaitfoaq-rpi-controller v0.1.0 (/opt/rustwide/workdir/rpi-controller)
[INFO] [stderr]    Compiling askama v0.12.1
[INFO] [stderr]    Compiling askama_axum v0.4.0
[INFO] [stderr]    Compiling hyper v0.14.28
[INFO] [stderr]    Compiling hyper-timeout v0.4.1
[INFO] [stderr]    Compiling tonic v0.10.2
[INFO] [stderr]    Compiling console-api v0.6.0
[INFO] [stderr]    Compiling console-subscriber v0.2.0
[INFO] [stderr]    Compiling libaitfoaq-server v0.1.0 (/opt/rustwide/workdir/server)
[INFO] [stdout] warning: unused variable: `rtt_latency`
[INFO] [stdout]    --> server/src/communication.rs:108:29
[INFO] [stdout]     |
[INFO] [stdout] 108 |                 if let Some(rtt_latency) = self.pinger.received(payload) {
[INFO] [stdout]     |                             ^^^^^^^^^^^ help: if this is intentional, prefix it with an underscore: `_rtt_latency`
[INFO] [stdout]     |
[INFO] [stdout]     = note: `#[warn(unused_variables)]` on by default
[INFO] [stdout] 
[INFO] [stdout] 
[INFO] [stdout] warning: unused variable: `state`
[INFO] [stdout]    --> server/src/communication.rs:174:36
[INFO] [stdout]     |
[INFO] [stdout] 174 |     async fn send_state(&mut self, state: GameState) {}
[INFO] [stdout]     |                                    ^^^^^ help: if this is intentional, prefix it with an underscore: `_state`
[INFO] [stdout] 
[INFO] [stdout] 
[INFO] [stdout] warning: method `send_state` is never used
[INFO] [stdout]    --> server/src/communication.rs:174:14
[INFO] [stdout]     |
[INFO] [stdout] 80  | impl Connection {
[INFO] [stdout]     | --------------- method in this implementation
[INFO] [stdout] ...
[INFO] [stdout] 174 |     async fn send_state(&mut self, state: GameState) {}
[INFO] [stdout]     |              ^^^^^^^^^^
[INFO] [stdout]     |
[INFO] [stdout]     = note: `#[warn(dead_code)]` on by default
[INFO] [stdout] 
[INFO] [stdout] 
[INFO] [stdout] warning: field `0` is never read
[INFO] [stdout]    --> server/src/communication.rs:361:17
[INFO] [stdout]     |
[INFO] [stdout] 361 |     MissedPings(Vec<Duration>),
[INFO] [stdout]     |     ----------- ^^^^^^^^^^^^^
[INFO] [stdout]     |     |
[INFO] [stdout]     |     field in this variant
[INFO] [stdout]     |
[INFO] [stdout]     = note: `Error` has a derived impl for the trait `Debug`, but this is intentionally ignored during dead code analysis
[INFO] [stdout] help: consider changing the field to be of unit type to suppress this warning while preserving the field numbering, or remove the field
[INFO] [stdout]     |
[INFO] [stdout] 361 |     MissedPings(()),
[INFO] [stdout]     |                 ~~
[INFO] [stdout] 
[INFO] [stdout] 
[INFO] [stdout] warning: field `0` is never read
[INFO] [stdout]    --> server/src/communication.rs:365:10
[INFO] [stdout]     |
[INFO] [stdout] 365 |     Game(libaitfoaq::Error),
[INFO] [stdout]     |     ---- ^^^^^^^^^^^^^^^^^
[INFO] [stdout]     |     |
[INFO] [stdout]     |     field in this variant
[INFO] [stdout]     |
[INFO] [stdout]     = note: `Error` has a derived impl for the trait `Debug`, but this is intentionally ignored during dead code analysis
[INFO] [stdout] help: consider changing the field to be of unit type to suppress this warning while preserving the field numbering, or remove the field
[INFO] [stdout]     |
[INFO] [stdout] 365 |     Game(()),
[INFO] [stdout]     |          ~~
[INFO] [stdout] 
[INFO] [stdout] 
[INFO] [stderr]     Finished `dev` profile [unoptimized + debuginfo] target(s) in 1m 04s
[INFO] running `Command { std: "docker" "inspect" "8b72658f9a39aea973344874087a166ec90cf2ba996b949c4320316756ac9ba2", kill_on_drop: false }`
[INFO] running `Command { std: "docker" "rm" "-f" "8b72658f9a39aea973344874087a166ec90cf2ba996b949c4320316756ac9ba2", kill_on_drop: false }`
[INFO] [stdout] 8b72658f9a39aea973344874087a166ec90cf2ba996b949c4320316756ac9ba2
[INFO] running `Command { std: "docker" "create" "-v" "/var/lib/crater-agent-workspace/builds/worker-1-tc1/target:/opt/rustwide/target:rw,Z" "-v" "/var/lib/crater-agent-workspace/builds/worker-1-tc1/source:/opt/rustwide/workdir:ro,Z" "-v" "/var/lib/crater-agent-workspace/cargo-home:/opt/rustwide/cargo-home:ro,Z" "-v" "/var/lib/crater-agent-workspace/rustup-home:/opt/rustwide/rustup-home:ro,Z" "-e" "SOURCE_DIR=/opt/rustwide/workdir" "-e" "CARGO_TARGET_DIR=/opt/rustwide/target" "-e" "CARGO_INCREMENTAL=0" "-e" "RUST_BACKTRACE=full" "-e" "RUSTFLAGS=--cap-lints=warn" "-e" "RUSTDOCFLAGS=--cap-lints=warn" "-e" "CARGO_HOME=/opt/rustwide/cargo-home" "-e" "RUSTUP_HOME=/opt/rustwide/rustup-home" "-w" "/opt/rustwide/workdir" "-m" "1610612736" "--user" "0:0" "--network" "none" "ghcr.io/rust-lang/crates-build-env/linux@sha256:f3a9d4ad9d972b27faf3965f35b62e55ba32bbce8f20bc8fe909558a86702fde" "/opt/rustwide/cargo-home/bin/cargo" "+1.83.0" "test" "--frozen" "--no-run" "--message-format=json", kill_on_drop: false }`
[INFO] [stdout] d4b1732439af779d6caa3b6941d4d323213db8ae11f25562ceeb00c28c1bb913
[INFO] running `Command { std: "docker" "start" "-a" "d4b1732439af779d6caa3b6941d4d323213db8ae11f25562ceeb00c28c1bb913", kill_on_drop: false }`
[INFO] [stderr] warning: profiles for the non root package will be ignored, specify profiles at the workspace root:
[INFO] [stderr] package:   /opt/rustwide/workdir/libaitfoaq/Cargo.toml
[INFO] [stderr] workspace: /opt/rustwide/workdir/Cargo.toml
[INFO] [stdout] warning: unused variable: `i`
[INFO] [stdout]    --> libaitfoaq/src/lib.rs:150:14
[INFO] [stdout]     |
[INFO] [stdout] 150 |         for (i, contestant) in self.contestants.iter_mut().enumerate() {
[INFO] [stdout]     |              ^ help: if this is intentional, prefix it with an underscore: `_i`
[INFO] [stdout]     |
[INFO] [stdout]     = note: `#[warn(unused_variables)]` on by default
[INFO] [stdout] 
[INFO] [stdout] 
[INFO] [stderr]    Compiling libaitfoaq v0.1.0 (/opt/rustwide/workdir/libaitfoaq)
[INFO] [stdout] warning: unused variable: `points`
[INFO] [stdout]    --> libaitfoaq/src/lib.rs:213:28
[INFO] [stdout]     |
[INFO] [stdout] 213 |     fn set_wage(&mut self, points: Points) -> Result<(), Error> {
[INFO] [stdout]     |                            ^^^^^^ help: if this is intentional, prefix it with an underscore: `_points`
[INFO] [stdout] 
[INFO] [stdout] 
[INFO] [stderr]    Compiling libaitfoaq-rpi-controller v0.1.0 (/opt/rustwide/workdir/rpi-controller)
[INFO] [stderr]    Compiling libaitfoaq-server v0.1.0 (/opt/rustwide/workdir/server)
[INFO] [stdout] warning: unused variable: `rtt_latency`
[INFO] [stdout]    --> server/src/communication.rs:108:29
[INFO] [stdout]     |
[INFO] [stdout] 108 |                 if let Some(rtt_latency) = self.pinger.received(payload) {
[INFO] [stdout]     |                             ^^^^^^^^^^^ help: if this is intentional, prefix it with an underscore: `_rtt_latency`
[INFO] [stdout]     |
[INFO] [stdout]     = note: `#[warn(unused_variables)]` on by default
[INFO] [stdout] 
[INFO] [stdout] 
[INFO] [stdout] warning: unused variable: `state`
[INFO] [stdout]    --> server/src/communication.rs:174:36
[INFO] [stdout]     |
[INFO] [stdout] 174 |     async fn send_state(&mut self, state: GameState) {}
[INFO] [stdout]     |                                    ^^^^^ help: if this is intentional, prefix it with an underscore: `_state`
[INFO] [stdout] 
[INFO] [stdout] 
[INFO] [stdout] warning: unused variable: `i`
[INFO] [stdout]    --> libaitfoaq/src/lib.rs:150:14
[INFO] [stdout]     |
[INFO] [stdout] 150 |         for (i, contestant) in self.contestants.iter_mut().enumerate() {
[INFO] [stdout]     |              ^ help: if this is intentional, prefix it with an underscore: `_i`
[INFO] [stdout]     |
[INFO] [stdout]     = note: `#[warn(unused_variables)]` on by default
[INFO] [stdout] 
[INFO] [stdout] 
[INFO] [stdout] warning: unused variable: `points`
[INFO] [stdout]    --> libaitfoaq/src/lib.rs:213:28
[INFO] [stdout]     |
[INFO] [stdout] 213 |     fn set_wage(&mut self, points: Points) -> Result<(), Error> {
[INFO] [stdout]     |                            ^^^^^^ help: if this is intentional, prefix it with an underscore: `_points`
[INFO] [stdout] 
[INFO] [stdout] 
[INFO] [stdout] warning: method `send_state` is never used
[INFO] [stdout]    --> server/src/communication.rs:174:14
[INFO] [stdout]     |
[INFO] [stdout] 80  | impl Connection {
[INFO] [stdout]     | --------------- method in this implementation
[INFO] [stdout] ...
[INFO] [stdout] 174 |     async fn send_state(&mut self, state: GameState) {}
[INFO] [stdout]     |              ^^^^^^^^^^
[INFO] [stdout]     |
[INFO] [stdout]     = note: `#[warn(dead_code)]` on by default
[INFO] [stdout] 
[INFO] [stdout] 
[INFO] [stdout] warning: field `0` is never read
[INFO] [stdout]    --> server/src/communication.rs:361:17
[INFO] [stdout]     |
[INFO] [stdout] 361 |     MissedPings(Vec<Duration>),
[INFO] [stdout]     |     ----------- ^^^^^^^^^^^^^
[INFO] [stdout]     |     |
[INFO] [stdout]     |     field in this variant
[INFO] [stdout]     |
[INFO] [stdout]     = note: `Error` has a derived impl for the trait `Debug`, but this is intentionally ignored during dead code analysis
[INFO] [stdout] help: consider changing the field to be of unit type to suppress this warning while preserving the field numbering, or remove the field
[INFO] [stdout]     |
[INFO] [stdout] 361 |     MissedPings(()),
[INFO] [stdout]     |                 ~~
[INFO] [stdout] 
[INFO] [stdout] 
[INFO] [stdout] warning: field `0` is never read
[INFO] [stdout]    --> server/src/communication.rs:365:10
[INFO] [stdout]     |
[INFO] [stdout] 365 |     Game(libaitfoaq::Error),
[INFO] [stdout]     |     ---- ^^^^^^^^^^^^^^^^^
[INFO] [stdout]     |     |
[INFO] [stdout]     |     field in this variant
[INFO] [stdout]     |
[INFO] [stdout]     = note: `Error` has a derived impl for the trait `Debug`, but this is intentionally ignored during dead code analysis
[INFO] [stdout] help: consider changing the field to be of unit type to suppress this warning while preserving the field numbering, or remove the field
[INFO] [stdout]     |
[INFO] [stdout] 365 |     Game(()),
[INFO] [stdout]     |          ~~
[INFO] [stdout] 
[INFO] [stdout] 
[INFO] [stderr]     Finished `test` profile [unoptimized + debuginfo] target(s) in 2.38s
[INFO] running `Command { std: "docker" "inspect" "d4b1732439af779d6caa3b6941d4d323213db8ae11f25562ceeb00c28c1bb913", kill_on_drop: false }`
[INFO] running `Command { std: "docker" "rm" "-f" "d4b1732439af779d6caa3b6941d4d323213db8ae11f25562ceeb00c28c1bb913", kill_on_drop: false }`
[INFO] [stdout] d4b1732439af779d6caa3b6941d4d323213db8ae11f25562ceeb00c28c1bb913
[INFO] running `Command { std: "docker" "create" "-v" "/var/lib/crater-agent-workspace/builds/worker-1-tc1/target:/opt/rustwide/target:rw,Z" "-v" "/var/lib/crater-agent-workspace/builds/worker-1-tc1/source:/opt/rustwide/workdir:ro,Z" "-v" "/var/lib/crater-agent-workspace/cargo-home:/opt/rustwide/cargo-home:ro,Z" "-v" "/var/lib/crater-agent-workspace/rustup-home:/opt/rustwide/rustup-home:ro,Z" "-e" "SOURCE_DIR=/opt/rustwide/workdir" "-e" "CARGO_TARGET_DIR=/opt/rustwide/target" "-e" "CARGO_INCREMENTAL=0" "-e" "RUST_BACKTRACE=full" "-e" "RUSTFLAGS=--cap-lints=warn" "-e" "RUSTDOCFLAGS=--cap-lints=warn" "-e" "CARGO_HOME=/opt/rustwide/cargo-home" "-e" "RUSTUP_HOME=/opt/rustwide/rustup-home" "-w" "/opt/rustwide/workdir" "-m" "1610612736" "--user" "0:0" "--network" "none" "ghcr.io/rust-lang/crates-build-env/linux@sha256:f3a9d4ad9d972b27faf3965f35b62e55ba32bbce8f20bc8fe909558a86702fde" "/opt/rustwide/cargo-home/bin/cargo" "+1.83.0" "test" "--frozen", kill_on_drop: false }`
[INFO] [stdout] ef80c035c87fe3f3e9c4596920d7e624a1cc5b2f6918c6a139d25e916626d6b1
[INFO] running `Command { std: "docker" "start" "-a" "ef80c035c87fe3f3e9c4596920d7e624a1cc5b2f6918c6a139d25e916626d6b1", kill_on_drop: false }`
[INFO] [stderr] warning: profiles for the non root package will be ignored, specify profiles at the workspace root:
[INFO] [stderr] package:   /opt/rustwide/workdir/libaitfoaq/Cargo.toml
[INFO] [stderr] workspace: /opt/rustwide/workdir/Cargo.toml
[INFO] [stderr] warning: unused variable: `i`
[INFO] [stderr]    --> libaitfoaq/src/lib.rs:150:14
[INFO] [stderr]     |
[INFO] [stderr] 150 |         for (i, contestant) in self.contestants.iter_mut().enumerate() {
[INFO] [stderr]     |              ^ help: if this is intentional, prefix it with an underscore: `_i`
[INFO] [stderr]     |
[INFO] [stderr]     = note: `#[warn(unused_variables)]` on by default
[INFO] [stderr] 
[INFO] [stderr] warning: unused variable: `points`
[INFO] [stderr]    --> libaitfoaq/src/lib.rs:213:28
[INFO] [stderr]     |
[INFO] [stderr] 213 |     fn set_wage(&mut self, points: Points) -> Result<(), Error> {
[INFO] [stderr]     |                            ^^^^^^ help: if this is intentional, prefix it with an underscore: `_points`
[INFO] [stderr] 
[INFO] [stderr] warning: `libaitfoaq` (lib) generated 2 warnings
[INFO] [stderr] warning: `libaitfoaq` (lib test) generated 2 warnings (2 duplicates)
[INFO] [stderr] warning: unused variable: `rtt_latency`
[INFO] [stderr]    --> server/src/communication.rs:108:29
[INFO] [stderr]     |
[INFO] [stderr] 108 |                 if let Some(rtt_latency) = self.pinger.received(payload) {
[INFO] [stderr]     |                             ^^^^^^^^^^^ help: if this is intentional, prefix it with an underscore: `_rtt_latency`
[INFO] [stderr]     |
[INFO] [stderr]     = note: `#[warn(unused_variables)]` on by default
[INFO] [stderr] 
[INFO] [stderr] warning: unused variable: `state`
[INFO] [stderr]    --> server/src/communication.rs:174:36
[INFO] [stderr]     |
[INFO] [stderr] 174 |     async fn send_state(&mut self, state: GameState) {}
[INFO] [stderr]     |                                    ^^^^^ help: if this is intentional, prefix it with an underscore: `_state`
[INFO] [stderr] 
[INFO] [stderr] warning: method `send_state` is never used
[INFO] [stderr]    --> server/src/communication.rs:174:14
[INFO] [stderr]     |
[INFO] [stderr] 80  | impl Connection {
[INFO] [stderr]     | --------------- method in this implementation
[INFO] [stderr] ...
[INFO] [stderr] 174 |     async fn send_state(&mut self, state: GameState) {}
[INFO] [stderr]     |              ^^^^^^^^^^
[INFO] [stderr]     |
[INFO] [stderr]     = note: `#[warn(dead_code)]` on by default
[INFO] [stderr] 
[INFO] [stderr] warning: field `0` is never read
[INFO] [stderr]    --> server/src/communication.rs:361:17
[INFO] [stderr]     |
[INFO] [stderr] 361 |     MissedPings(Vec<Duration>),
[INFO] [stderr]     |     ----------- ^^^^^^^^^^^^^
[INFO] [stderr]     |     |
[INFO] [stderr]     |     field in this variant
[INFO] [stderr]     |
[INFO] [stderr]     = note: `Error` has a derived impl for the trait `Debug`, but this is intentionally ignored during dead code analysis
[INFO] [stderr] help: consider changing the field to be of unit type to suppress this warning while preserving the field numbering, or remove the field
[INFO] [stderr]     |
[INFO] [stderr] 361 |     MissedPings(()),
[INFO] [stderr]     |                 ~~
[INFO] [stderr] 
[INFO] [stderr] warning: field `0` is never read
[INFO] [stderr]    --> server/src/communication.rs:365:10
[INFO] [stderr]     |
[INFO] [stderr] 365 |     Game(libaitfoaq::Error),
[INFO] [stderr]     |     ---- ^^^^^^^^^^^^^^^^^
[INFO] [stderr]     |     |
[INFO] [stderr]     |     field in this variant
[INFO] [stderr]     |
[INFO] [stderr]     = note: `Error` has a derived impl for the trait `Debug`, but this is intentionally ignored during dead code analysis
[INFO] [stderr] help: consider changing the field to be of unit type to suppress this warning while preserving the field numbering, or remove the field
[INFO] [stderr]     |
[INFO] [stderr] 365 |     Game(()),
[INFO] [stderr]     |          ~~
[INFO] [stderr] 
[INFO] [stderr] warning: `libaitfoaq-server` (bin "libaitfoaq-server" test) generated 5 warnings
[INFO] [stderr]     Finished `test` profile [unoptimized + debuginfo] target(s) in 0.26s
[INFO] [stderr]      Running unittests src/lib.rs (/opt/rustwide/target/debug/deps/libaitfoaq-8e407e85cb5380eb)
[INFO] [stdout] 
[INFO] [stdout] running 2 tests
[INFO] [stdout] test tests::it_works ... FAILED
[INFO] [stderr] error: test failed, to rerun pass `-p libaitfoaq --lib`
[INFO] [stdout] test test_state_machine::load_arbitrary_boards ... ok
[INFO] [stdout] 
[INFO] [stdout] failures:
[INFO] [stdout] 
[INFO] [stdout] ---- tests::it_works stdout ----
[INFO] [stdout] [libaitfoaq/src/lib.rs:343:9] random = 139516509691716
[INFO] [stdout] [libaitfoaq/src/lib.rs:343:9] random % self.contestants.len() = 0
[INFO] [stdout] [libaitfoaq/src/lib.rs:343:9] random = 4287428992740362218
[INFO] [stdout] [libaitfoaq/src/lib.rs:343:9] random % self.contestants.len() = 0
[INFO] [stdout] thread 'tests::it_works' panicked at libaitfoaq/src/lib.rs:428:18:
[INFO] [stdout] could not apply event Pick { clue: (0, 1) }: WrongPhase { is: Resolution { clue: (0, 0), contestant: 0, show_hint: false } }
[INFO] [stdout] stack backtrace:
[INFO] [stdout]    0:     0x56b8d31aba2a - std::backtrace_rs::backtrace::libunwind::trace::h5a5b8284f2d0c266
[INFO] [stdout]                                at /rustc/90b35a6239c3d8bdabc530a6a0816f7ff89a0aaf/library/std/src/../../backtrace/src/backtrace/libunwind.rs:116:5
[INFO] [stdout]    1:     0x56b8d31aba2a - std::backtrace_rs::backtrace::trace_unsynchronized::h76d4f1c9b0b875e3
[INFO] [stdout]                                at /rustc/90b35a6239c3d8bdabc530a6a0816f7ff89a0aaf/library/std/src/../../backtrace/src/backtrace/mod.rs:66:5
[INFO] [stdout]    2:     0x56b8d31aba2a - std::sys::backtrace::_print_fmt::hc4546b8364a537c6
[INFO] [stdout]                                at /rustc/90b35a6239c3d8bdabc530a6a0816f7ff89a0aaf/library/std/src/sys/backtrace.rs:66:9
[INFO] [stdout]    3:     0x56b8d31aba2a - <std::sys::backtrace::BacktraceLock::print::DisplayBacktrace as core::fmt::Display>::fmt::h5b6bd5631a6d1f6b
[INFO] [stdout]                                at /rustc/90b35a6239c3d8bdabc530a6a0816f7ff89a0aaf/library/std/src/sys/backtrace.rs:39:26
[INFO] [stdout]    4:     0x56b8d31d2033 - core::fmt::rt::Argument::fmt::h270f6602a2b96f62
[INFO] [stdout]                                at /rustc/90b35a6239c3d8bdabc530a6a0816f7ff89a0aaf/library/core/src/fmt/rt.rs:177:76
[INFO] [stdout]    5:     0x56b8d31d2033 - core::fmt::write::h7550c97b06c86515
[INFO] [stdout]                                at /rustc/90b35a6239c3d8bdabc530a6a0816f7ff89a0aaf/library/core/src/fmt/mod.rs:1186:21
[INFO] [stdout]    6:     0x56b8d31a86a3 - std::io::Write::write_fmt::h509ff860e5956e5e
[INFO] [stdout]                                at /rustc/90b35a6239c3d8bdabc530a6a0816f7ff89a0aaf/library/std/src/io/mod.rs:1839:15
[INFO] [stdout]    7:     0x56b8d31ab872 - std::sys::backtrace::BacktraceLock::print::h2395ccd2c84ba3aa
[INFO] [stdout]                                at /rustc/90b35a6239c3d8bdabc530a6a0816f7ff89a0aaf/library/std/src/sys/backtrace.rs:42:9
[INFO] [stdout]    8:     0x56b8d31ace8a - std::panicking::default_hook::{{closure}}::he19d4c7230e07961
[INFO] [stdout]                                at /rustc/90b35a6239c3d8bdabc530a6a0816f7ff89a0aaf/library/std/src/panicking.rs:268:22
[INFO] [stdout]    9:     0x56b8d31acc94 - std::panicking::default_hook::hf614597d3c67bbdb
[INFO] [stdout]                                at /rustc/90b35a6239c3d8bdabc530a6a0816f7ff89a0aaf/library/std/src/panicking.rs:292:9
[INFO] [stdout]   10:     0x56b8d3063fe9 - <alloc::boxed::Box<F,A> as core::ops::function::Fn<Args>>::call::h39b51ce4599c23d1
[INFO] [stdout]                                at /rustc/90b35a6239c3d8bdabc530a6a0816f7ff89a0aaf/library/alloc/src/boxed.rs:2468:9
[INFO] [stdout]   11:     0x56b8d3063fe9 - test::test_main::{{closure}}::he977ae839a582784
[INFO] [stdout]                                at /rustc/90b35a6239c3d8bdabc530a6a0816f7ff89a0aaf/library/test/src/lib.rs:133:21
[INFO] [stdout]   12:     0x56b8d31ad528 - <alloc::boxed::Box<F,A> as core::ops::function::Fn<Args>>::call::h9455091b6b06f9fb
[INFO] [stdout]                                at /rustc/90b35a6239c3d8bdabc530a6a0816f7ff89a0aaf/library/alloc/src/boxed.rs:2468:9
[INFO] [stdout]   13:     0x56b8d31ad528 - std::panicking::rust_panic_with_hook::h8942133a8b252070
[INFO] [stdout]                                at /rustc/90b35a6239c3d8bdabc530a6a0816f7ff89a0aaf/library/std/src/panicking.rs:809:13
[INFO] [stdout]   14:     0x56b8d31ad2ea - std::panicking::begin_panic_handler::{{closure}}::hb5f5963570096b29
[INFO] [stdout]                                at /rustc/90b35a6239c3d8bdabc530a6a0816f7ff89a0aaf/library/std/src/panicking.rs:674:13
[INFO] [stdout]   15:     0x56b8d31abf09 - std::sys::backtrace::__rust_end_short_backtrace::h6208cedc1922feda
[INFO] [stdout]                                at /rustc/90b35a6239c3d8bdabc530a6a0816f7ff89a0aaf/library/std/src/sys/backtrace.rs:170:18
[INFO] [stdout]   16:     0x56b8d31acf7c - rust_begin_unwind
[INFO] [stdout]                                at /rustc/90b35a6239c3d8bdabc530a6a0816f7ff89a0aaf/library/std/src/panicking.rs:665:5
[INFO] [stdout]   17:     0x56b8d3002220 - core::panicking::panic_fmt::h0c3082644d1bf418
[INFO] [stdout]                                at /rustc/90b35a6239c3d8bdabc530a6a0816f7ff89a0aaf/library/core/src/panicking.rs:74:14
[INFO] [stdout]   18:     0x56b8d30026a6 - core::result::unwrap_failed::hd20b4aa073bda1e2
[INFO] [stdout]                                at /rustc/90b35a6239c3d8bdabc530a6a0816f7ff89a0aaf/library/core/src/result.rs:1700:5
[INFO] [stdout]   19:     0x56b8d300f56a - core::result::Result<T,E>::expect::h924e85176cf2602f
[INFO] [stdout]                                at /rustc/90b35a6239c3d8bdabc530a6a0816f7ff89a0aaf/library/core/src/result.rs:1061:23
[INFO] [stdout]   20:     0x56b8d300d761 - libaitfoaq::tests::it_works::{{closure}}::he065c821348f0ff2
[INFO] [stdout]                                at /opt/rustwide/workdir/libaitfoaq/src/lib.rs:427:13
[INFO] [stdout]   21:     0x56b8d30213b1 - <alloc::vec::into_iter::IntoIter<T,A> as core::iter::traits::iterator::Iterator>::fold::h2483b26cc8d6869d
[INFO] [stdout]                                at /rustc/90b35a6239c3d8bdabc530a6a0816f7ff89a0aaf/library/alloc/src/vec/into_iter.rs:318:25
[INFO] [stdout]   22:     0x56b8d300d10e - libaitfoaq::tests::it_works::hcf8f5ed695d08ea1
[INFO] [stdout]                                at /opt/rustwide/workdir/libaitfoaq/src/lib.rs:393:17
[INFO] [stdout]   23:     0x56b8d300c907 - libaitfoaq::tests::it_works::{{closure}}::h7ccd083e83ac30fb
[INFO] [stdout]                                at /opt/rustwide/workdir/libaitfoaq/src/lib.rs:390:18
[INFO] [stdout]   24:     0x56b8d3015846 - core::ops::function::FnOnce::call_once::h6a1a8ac58f918a00
[INFO] [stdout]                                at /rustc/90b35a6239c3d8bdabc530a6a0816f7ff89a0aaf/library/core/src/ops/function.rs:250:5
[INFO] [stdout]   25:     0x56b8d30689ab - core::ops::function::FnOnce::call_once::h109cf8051a59b34e
[INFO] [stdout]                                at /rustc/90b35a6239c3d8bdabc530a6a0816f7ff89a0aaf/library/core/src/ops/function.rs:250:5
[INFO] [stdout]   26:     0x56b8d30689ab - test::__rust_begin_short_backtrace::hf4fff89d377446ba
[INFO] [stdout]                                at /rustc/90b35a6239c3d8bdabc530a6a0816f7ff89a0aaf/library/test/src/lib.rs:621:18
[INFO] [stdout]   27:     0x56b8d30681e7 - test::run_test_in_process::{{closure}}::h0e39181dd7ee5a43
[INFO] [stdout]                                at /rustc/90b35a6239c3d8bdabc530a6a0816f7ff89a0aaf/library/test/src/lib.rs:644:60
[INFO] [stdout]   28:     0x56b8d30681e7 - <core::panic::unwind_safe::AssertUnwindSafe<F> as core::ops::function::FnOnce<()>>::call_once::hc5a66a30f0bdfd1f
[INFO] [stdout]                                at /rustc/90b35a6239c3d8bdabc530a6a0816f7ff89a0aaf/library/core/src/panic/unwind_safe.rs:272:9
[INFO] [stdout]   29:     0x56b8d30681e7 - std::panicking::try::do_call::h873b7cf639554a5e
[INFO] [stdout]                                at /rustc/90b35a6239c3d8bdabc530a6a0816f7ff89a0aaf/library/std/src/panicking.rs:557:40
[INFO] [stdout]   30:     0x56b8d30681e7 - std::panicking::try::hdb19862fad9c8bd1
[INFO] [stdout]                                at /rustc/90b35a6239c3d8bdabc530a6a0816f7ff89a0aaf/library/std/src/panicking.rs:520:19
[INFO] [stdout]   31:     0x56b8d30681e7 - std::panic::catch_unwind::h281fe732d236d260
[INFO] [stdout]                                at /rustc/90b35a6239c3d8bdabc530a6a0816f7ff89a0aaf/library/std/src/panic.rs:358:14
[INFO] [stdout]   32:     0x56b8d30681e7 - test::run_test_in_process::h949b6df8457ed338
[INFO] [stdout]                                at /rustc/90b35a6239c3d8bdabc530a6a0816f7ff89a0aaf/library/test/src/lib.rs:644:27
[INFO] [stdout]   33:     0x56b8d30681e7 - test::run_test::{{closure}}::h52c556a6d4740e10
[INFO] [stdout]                                at /rustc/90b35a6239c3d8bdabc530a6a0816f7ff89a0aaf/library/test/src/lib.rs:565:43
[INFO] [stdout]   34:     0x56b8d302d4c4 - test::run_test::{{closure}}::h4237f6381c45ccb9
[INFO] [stdout]                                at /rustc/90b35a6239c3d8bdabc530a6a0816f7ff89a0aaf/library/test/src/lib.rs:595:41
[INFO] [stdout]   35:     0x56b8d302d4c4 - std::sys::backtrace::__rust_begin_short_backtrace::h505c97a579eca628
[INFO] [stdout]                                at /rustc/90b35a6239c3d8bdabc530a6a0816f7ff89a0aaf/library/std/src/sys/backtrace.rs:154:18
[INFO] [stdout]   36:     0x56b8d3030b8e - std::thread::Builder::spawn_unchecked_::{{closure}}::{{closure}}::h9e86b2e2bc107ea3
[INFO] [stdout]                                at /rustc/90b35a6239c3d8bdabc530a6a0816f7ff89a0aaf/library/std/src/thread/mod.rs:538:17
[INFO] [stdout]   37:     0x56b8d3030b8e - <core::panic::unwind_safe::AssertUnwindSafe<F> as core::ops::function::FnOnce<()>>::call_once::h8b06ddb275ff4a25
[INFO] [stdout]                                at /rustc/90b35a6239c3d8bdabc530a6a0816f7ff89a0aaf/library/core/src/panic/unwind_safe.rs:272:9
[INFO] [stdout]   38:     0x56b8d3030b8e - std::panicking::try::do_call::hb26ecd7cd9a9355d
[INFO] [stdout]                                at /rustc/90b35a6239c3d8bdabc530a6a0816f7ff89a0aaf/library/std/src/panicking.rs:557:40
[INFO] [stdout]   39:     0x56b8d3030b8e - std::panicking::try::h8ddeca9d705f9069
[INFO] [stdout]                                at /rustc/90b35a6239c3d8bdabc530a6a0816f7ff89a0aaf/library/std/src/panicking.rs:520:19
[INFO] [stdout]   40:     0x56b8d3030b8e - std::panic::catch_unwind::h49e1c33078844c46
[INFO] [stdout]                                at /rustc/90b35a6239c3d8bdabc530a6a0816f7ff89a0aaf/library/std/src/panic.rs:358:14
[INFO] [stdout]   41:     0x56b8d3030b8e - std::thread::Builder::spawn_unchecked_::{{closure}}::h6073db6ff56ad35d
[INFO] [stdout]                                at /rustc/90b35a6239c3d8bdabc530a6a0816f7ff89a0aaf/library/std/src/thread/mod.rs:537:30
[INFO] [stdout]   42:     0x56b8d3030b8e - core::ops::function::FnOnce::call_once{{vtable.shim}}::h2c5a5f3779c774f1
[INFO] [stdout]                                at /rustc/90b35a6239c3d8bdabc530a6a0816f7ff89a0aaf/library/core/src/ops/function.rs:250:5
[INFO] [stdout]   43:     0x56b8d31b166b - <alloc::boxed::Box<F,A> as core::ops::function::FnOnce<Args>>::call_once::hf75717d9f28faebf
[INFO] [stdout]                                at /rustc/90b35a6239c3d8bdabc530a6a0816f7ff89a0aaf/library/alloc/src/boxed.rs:2454:9
[INFO] [stdout]   44:     0x56b8d31b166b - <alloc::boxed::Box<F,A> as core::ops::function::FnOnce<Args>>::call_once::h7bd883a5f3c5f3c1
[INFO] [stdout]                                at /rustc/90b35a6239c3d8bdabc530a6a0816f7ff89a0aaf/library/alloc/src/boxed.rs:2454:9
[INFO] [stdout]   45:     0x56b8d31b166b - std::sys::pal::unix::thread::Thread::new::thread_start::hcc78f3943333fa94
[INFO] [stdout]                                at /rustc/90b35a6239c3d8bdabc530a6a0816f7ff89a0aaf/library/std/src/sys/pal/unix/thread.rs:105:17
[INFO] [stdout]   46:     0x7ee3c626bac3 - <unknown>
[INFO] [stdout]   47:     0x7ee3c62fca04 - clone
[INFO] [stdout]   48:                0x0 - <unknown>
[INFO] [stdout] 
[INFO] [stdout] 
[INFO] [stdout] failures:
[INFO] [stdout]     tests::it_works
[INFO] [stdout] 
[INFO] [stdout] test result: FAILED. 1 passed; 1 failed; 0 ignored; 0 measured; 0 filtered out; finished in 2.29s
[INFO] [stdout] 
[INFO] running `Command { std: "docker" "inspect" "ef80c035c87fe3f3e9c4596920d7e624a1cc5b2f6918c6a139d25e916626d6b1", kill_on_drop: false }`
[INFO] running `Command { std: "docker" "rm" "-f" "ef80c035c87fe3f3e9c4596920d7e624a1cc5b2f6918c6a139d25e916626d6b1", kill_on_drop: false }`
[INFO] [stdout] ef80c035c87fe3f3e9c4596920d7e624a1cc5b2f6918c6a139d25e916626d6b1
