[INFO] cloning repository https://github.com/Luke-Callaghan23/fscript
[INFO] running `Command { std: "git" "-c" "credential.helper=" "-c" "credential.helper=/workspace/cargo-home/bin/git-credential-null" "clone" "--bare" "https://github.com/Luke-Callaghan23/fscript" "/workspace/cache/git-repos/https%3A%2F%2Fgithub.com%2FLuke-Callaghan23%2Ffscript", kill_on_drop: false }`
[INFO] [stderr] Cloning into bare repository '/workspace/cache/git-repos/https%3A%2F%2Fgithub.com%2FLuke-Callaghan23%2Ffscript'...
[INFO] running `Command { std: "git" "rev-parse" "HEAD", kill_on_drop: false }`
[INFO] [stdout] 03693895f979afefd3577b40bb3fcfd67527f493
[INFO] testing Luke-Callaghan23/fscript against beta-2024-12-08 for beta-1.84.0-4-retry
[INFO] running `Command { std: "git" "clone" "/workspace/cache/git-repos/https%3A%2F%2Fgithub.com%2FLuke-Callaghan23%2Ffscript" "/workspace/builds/worker-7-tc2/source", kill_on_drop: false }`
[INFO] [stderr] Cloning into '/workspace/builds/worker-7-tc2/source'...
[INFO] [stderr] done.
[INFO] validating manifest of git repo https://github.com/Luke-Callaghan23/fscript on toolchain beta-2024-12-08
[INFO] running `Command { std: CARGO_HOME="/workspace/cargo-home" RUSTUP_HOME="/workspace/rustup-home" "/workspace/cargo-home/bin/cargo" "+beta-2024-12-08" "metadata" "--manifest-path" "Cargo.toml" "--no-deps", kill_on_drop: false }`
[INFO] started tweaking git repo https://github.com/Luke-Callaghan23/fscript
[INFO] finished tweaking git repo https://github.com/Luke-Callaghan23/fscript
[INFO] tweaked toml for git repo https://github.com/Luke-Callaghan23/fscript written to /workspace/builds/worker-7-tc2/source/Cargo.toml
[INFO] crate git repo https://github.com/Luke-Callaghan23/fscript already has a lockfile, it will not be regenerated
[INFO] running `Command { std: CARGO_HOME="/workspace/cargo-home" RUSTUP_HOME="/workspace/rustup-home" "/workspace/cargo-home/bin/cargo" "+beta-2024-12-08" "fetch" "--manifest-path" "Cargo.toml", kill_on_drop: false }`
[INFO] running `Command { std: "docker" "create" "-v" "/var/lib/crater-agent-workspace/builds/worker-7-tc2/target:/opt/rustwide/target:rw,Z" "-v" "/var/lib/crater-agent-workspace/builds/worker-7-tc2/source:/opt/rustwide/workdir:ro,Z" "-v" "/var/lib/crater-agent-workspace/cargo-home:/opt/rustwide/cargo-home:ro,Z" "-v" "/var/lib/crater-agent-workspace/rustup-home:/opt/rustwide/rustup-home:ro,Z" "-e" "SOURCE_DIR=/opt/rustwide/workdir" "-e" "CARGO_TARGET_DIR=/opt/rustwide/target" "-e" "CARGO_HOME=/opt/rustwide/cargo-home" "-e" "RUSTUP_HOME=/opt/rustwide/rustup-home" "-w" "/opt/rustwide/workdir" "-m" "1610612736" "--user" "0:0" "--network" "none" "ghcr.io/rust-lang/crates-build-env/linux@sha256:f3a9d4ad9d972b27faf3965f35b62e55ba32bbce8f20bc8fe909558a86702fde" "/opt/rustwide/cargo-home/bin/cargo" "+beta-2024-12-08" "metadata" "--no-deps" "--format-version=1", kill_on_drop: false }`
[INFO] [stdout] a393cbf88d2fa0fbbea4ac23394003c340e432ba48551c5ea717e6f56427f54a
[INFO] running `Command { std: "docker" "start" "-a" "a393cbf88d2fa0fbbea4ac23394003c340e432ba48551c5ea717e6f56427f54a", kill_on_drop: false }`
[INFO] running `Command { std: "docker" "inspect" "a393cbf88d2fa0fbbea4ac23394003c340e432ba48551c5ea717e6f56427f54a", kill_on_drop: false }`
[INFO] running `Command { std: "docker" "rm" "-f" "a393cbf88d2fa0fbbea4ac23394003c340e432ba48551c5ea717e6f56427f54a", kill_on_drop: false }`
[INFO] [stdout] a393cbf88d2fa0fbbea4ac23394003c340e432ba48551c5ea717e6f56427f54a
[INFO] running `Command { std: "docker" "create" "-v" "/var/lib/crater-agent-workspace/builds/worker-7-tc2/target:/opt/rustwide/target:rw,Z" "-v" "/var/lib/crater-agent-workspace/builds/worker-7-tc2/source:/opt/rustwide/workdir:ro,Z" "-v" "/var/lib/crater-agent-workspace/cargo-home:/opt/rustwide/cargo-home:ro,Z" "-v" "/var/lib/crater-agent-workspace/rustup-home:/opt/rustwide/rustup-home:ro,Z" "-e" "SOURCE_DIR=/opt/rustwide/workdir" "-e" "CARGO_TARGET_DIR=/opt/rustwide/target" "-e" "CARGO_INCREMENTAL=0" "-e" "RUST_BACKTRACE=full" "-e" "RUSTFLAGS=--cap-lints=warn" "-e" "RUSTDOCFLAGS=--cap-lints=warn" "-e" "CARGO_HOME=/opt/rustwide/cargo-home" "-e" "RUSTUP_HOME=/opt/rustwide/rustup-home" "-w" "/opt/rustwide/workdir" "-m" "1610612736" "--user" "0:0" "--network" "none" "ghcr.io/rust-lang/crates-build-env/linux@sha256:f3a9d4ad9d972b27faf3965f35b62e55ba32bbce8f20bc8fe909558a86702fde" "/opt/rustwide/cargo-home/bin/cargo" "+beta-2024-12-08" "build" "--frozen" "--message-format=json", kill_on_drop: false }`
[INFO] [stdout] 44f211aef4a43481911802a7f6cab34c15a3f5239a6d633b9809c67faa79a986
[INFO] running `Command { std: "docker" "start" "-a" "44f211aef4a43481911802a7f6cab34c15a3f5239a6d633b9809c67faa79a986", kill_on_drop: false }`
[INFO] [stderr]    Compiling memchr v2.3.4
[INFO] [stderr]    Compiling once_cell v1.5.2
[INFO] [stderr]    Compiling regex-syntax v0.6.22
[INFO] [stderr]    Compiling either v1.6.1
[INFO] [stderr]    Compiling typed-arena v2.0.1
[INFO] [stderr]    Compiling itertools v0.10.0
[INFO] [stderr]    Compiling thread_local v1.1.3
[INFO] [stderr]    Compiling aho-corasick v0.7.15
[INFO] [stderr]    Compiling regex v1.4.3
[INFO] [stderr]    Compiling fscriptv01 v0.1.0 (/opt/rustwide/workdir)
[INFO] [stdout] warning: unused imports: `CompilationInstructions` and `Info`
[INFO] [stdout]   --> src/parser/parser.rs:25:9
[INFO] [stdout]    |
[INFO] [stdout] 25 |         CompilationInstructions,
[INFO] [stdout]    |         ^^^^^^^^^^^^^^^^^^^^^^^
[INFO] [stdout] ...
[INFO] [stdout] 28 |         Info
[INFO] [stdout]    |         ^^^^
[INFO] [stdout]    |
[INFO] [stdout]    = note: `#[warn(unused_imports)]` on by default
[INFO] [stdout] 
[INFO] [stdout] 
[INFO] [stdout] warning: unused import: `io::write_files::write_all`
[INFO] [stdout]   --> src/main.rs:11:5
[INFO] [stdout]    |
[INFO] [stdout] 11 | use io::write_files::write_all;
[INFO] [stdout]    |     ^^^^^^^^^^^^^^^^^^^^^^^^^^
[INFO] [stdout] 
[INFO] [stdout] 
[INFO] [stdout] warning: unused import: `CompilationInstructions`
[INFO] [stdout]  --> src/types.rs:5:9
[INFO] [stdout]   |
[INFO] [stdout] 5 |         CompilationInstructions, 
[INFO] [stdout]   |         ^^^^^^^^^^^^^^^^^^^^^^^
[INFO] [stdout] 
[INFO] [stdout] 
[INFO] [stdout] warning: unused import: `type_implementations::type_implementations::*`
[INFO] [stdout]   --> src/main.rs:17:5
[INFO] [stdout]    |
[INFO] [stdout] 17 | use type_implementations::type_implementations::*;
[INFO] [stdout]    |     ^^^^^^^^^^^^^^^^^^^^^^^^^^^^^^^^^^^^^^^^^^^^^
[INFO] [stdout] 
[INFO] [stdout] 
[INFO] [stdout] warning: unused import: `Info`
[INFO] [stdout]   --> src/transpiler/implementations/fscript_if.rs:10:5
[INFO] [stdout]    |
[INFO] [stdout] 10 |     Info
[INFO] [stdout]    |     ^^^^
[INFO] [stdout] 
[INFO] [stdout] 
[INFO] [stdout] warning: unused import: `borrow::Borrow`
[INFO] [stdout]  --> src/transpiler/implementations/fscript_switch.rs:1:11
[INFO] [stdout]   |
[INFO] [stdout] 1 | use std::{borrow::Borrow, collections::VecDeque};
[INFO] [stdout]   |           ^^^^^^^^^^^^^^
[INFO] [stdout] 
[INFO] [stdout] 
[INFO] [stdout] warning: unused import: `CompilationInstructions`
[INFO] [stdout]   --> src/main.rs:27:5
[INFO] [stdout]    |
[INFO] [stdout] 27 |     CompilationInstructions,
[INFO] [stdout]    |     ^^^^^^^^^^^^^^^^^^^^^^^
[INFO] [stdout] 
[INFO] [stdout] 
[INFO] [stdout] warning: elided lifetime has a name
[INFO] [stdout]    --> src/tokenizer/types.rs:278:39
[INFO] [stdout]     |
[INFO] [stdout] 186 | impl <'a> TokenStream <'a> {
[INFO] [stdout]     |       -- lifetime `'a` declared here
[INFO] [stdout] ...
[INFO] [stdout] 278 |     pub fn first (&'a self) -> Option<&TokenOrStream<'a>> {
[INFO] [stdout]     |                                       ^ this elided lifetime gets resolved as `'a`
[INFO] [stdout]     |
[INFO] [stdout]     = note: `#[warn(elided_named_lifetimes)]` on by default
[INFO] [stdout] 
[INFO] [stdout] 
[INFO] [stdout] warning: elided lifetime has a name
[INFO] [stdout]    --> src/tokenizer/types.rs:297:37
[INFO] [stdout]     |
[INFO] [stdout] 186 | impl <'a> TokenStream <'a> {
[INFO] [stdout]     |       -- lifetime `'a` declared here
[INFO] [stdout] ...
[INFO] [stdout] 297 |     pub fn end (&'a self) -> Option<&TokenOrStream<'a>> {
[INFO] [stdout]     |                                     ^ this elided lifetime gets resolved as `'a`
[INFO] [stdout] 
[INFO] [stdout] 
[INFO] [stdout] warning: elided lifetime has a name
[INFO] [stdout]    --> src/tokenizer/types.rs:320:41
[INFO] [stdout]     |
[INFO] [stdout] 186 | impl <'a> TokenStream <'a> {
[INFO] [stdout]     |       -- lifetime `'a` declared here
[INFO] [stdout] ...
[INFO] [stdout] 320 |     pub fn current (&'a self) -> Option<&TokenOrStream<'a>> {
[INFO] [stdout]     |                                         ^ this elided lifetime gets resolved as `'a`
[INFO] [stdout] 
[INFO] [stdout] 
[INFO] [stdout] warning: elided lifetime has a name
[INFO] [stdout]    --> src/tokenizer/types.rs:411:42
[INFO] [stdout]     |
[INFO] [stdout] 186 | impl <'a> TokenStream <'a> {
[INFO] [stdout]     |       -- lifetime `'a` declared here
[INFO] [stdout] ...
[INFO] [stdout] 411 |     pub fn prev (&'a mut self) -> Option<&TokenOrStream<'a>> {
[INFO] [stdout]     |                                          ^ this elided lifetime gets resolved as `'a`
[INFO] [stdout] 
[INFO] [stdout] 
[INFO] [stdout] warning: unused import: `crate::tokenizer::types::TokenStream`
[INFO] [stdout]  --> src/tokenizer/traverse_token_stream.rs:1:5
[INFO] [stdout]   |
[INFO] [stdout] 1 | use crate::tokenizer::types::TokenStream;
[INFO] [stdout]   |     ^^^^^^^^^^^^^^^^^^^^^^^^^^^^^^^^^^^^
[INFO] [stdout] 
[INFO] [stdout] 
[INFO] [stdout] warning: unused import: `super::types::TokenOrStream`
[INFO] [stdout]  --> src/tokenizer/traverse_token_stream.rs:3:5
[INFO] [stdout]   |
[INFO] [stdout] 3 | use super::types::TokenOrStream;
[INFO] [stdout]   |     ^^^^^^^^^^^^^^^^^^^^^^^^^^^
[INFO] [stdout] 
[INFO] [stdout] 
[INFO] [stdout] warning: unused import: `tokenizer::types::TokenStream`
[INFO] [stdout]   --> src/main.rs:33:5
[INFO] [stdout]    |
[INFO] [stdout] 33 | use tokenizer::types::TokenStream;
[INFO] [stdout]    |     ^^^^^^^^^^^^^^^^^^^^^^^^^^^^^
[INFO] [stdout] 
[INFO] [stdout] 
[INFO] [stdout] warning: unused variable: `token_stream`
[INFO] [stdout]   --> src/transpiler/implementations/fscript_if.rs:37:19
[INFO] [stdout]    |
[INFO] [stdout] 37 | fn parse_if <'a> (token_stream: &'a mut TokenStream<'a>) -> Option<CompilationInfo> {
[INFO] [stdout]    |                   ^^^^^^^^^^^^ help: if this is intentional, prefix it with an underscore: `_token_stream`
[INFO] [stdout]    |
[INFO] [stdout]    = note: `#[warn(unused_variables)]` on by default
[INFO] [stdout] 
[INFO] [stdout] 
[INFO] [stdout] warning: unused variable: `data`
[INFO] [stdout]   --> src/transpiler/implementations/fscript_if.rs:42:23
[INFO] [stdout]    |
[INFO] [stdout] 42 | fn transpile_if <'a> (data: CompilableSection<'a>) -> String{
[INFO] [stdout]    |                       ^^^^ help: if this is intentional, prefix it with an underscore: `_data`
[INFO] [stdout] 
[INFO] [stdout] 
[INFO] [stdout] warning: unused variable: `paren_data`
[INFO] [stdout]    --> src/transpiler/implementations/fscript_switch.rs:108:21
[INFO] [stdout]     |
[INFO] [stdout] 108 |                 let paren_data = &data[parens.0+1..parens.1-1];
[INFO] [stdout]     |                     ^^^^^^^^^^ help: if this is intentional, prefix it with an underscore: `_paren_data`
[INFO] [stdout] 
[INFO] [stdout] 
[INFO] [stdout] warning: unused variable: `curly_data`
[INFO] [stdout]    --> src/transpiler/implementations/fscript_switch.rs:109:21
[INFO] [stdout]     |
[INFO] [stdout] 109 |                 let curly_data = &data[curlies.0+1..curlies.1-1];
[INFO] [stdout]     |                     ^^^^^^^^^^ help: if this is intentional, prefix it with an underscore: `_curly_data`
[INFO] [stdout] 
[INFO] [stdout] 
[INFO] [stdout] warning: unused variable: `tok`
[INFO] [stdout]    --> src/transpiler/implementations/fscript_switch.rs:115:25
[INFO] [stdout]     |
[INFO] [stdout] 115 |                     let tok = stream.current().unwrap();
[INFO] [stdout]     |                         ^^^ help: if this is intentional, prefix it with an underscore: `_tok`
[INFO] [stdout] 
[INFO] [stdout] 
[INFO] [stdout] warning: unused variable: `err`
[INFO] [stdout]    --> src/transpiler/implementations/fscript_switch.rs:139:26
[INFO] [stdout]     |
[INFO] [stdout] 139 |                     Err( err ) => {
[INFO] [stdout]     |                          ^^^ help: if this is intentional, prefix it with an underscore: `_err`
[INFO] [stdout] 
[INFO] [stdout] 
[INFO] [stdout] warning: variable does not need to be mutable
[INFO] [stdout]    --> src/transpiler/implementations/fscript_switch.rs:111:21
[INFO] [stdout]     |
[INFO] [stdout] 111 |                 let mut insert_return: VecDeque<usize> = VecDeque::new();
[INFO] [stdout]     |                     ----^^^^^^^^^^^^^
[INFO] [stdout]     |                     |
[INFO] [stdout]     |                     help: remove this `mut`
[INFO] [stdout]     |
[INFO] [stdout]     = note: `#[warn(unused_mut)]` on by default
[INFO] [stdout] 
[INFO] [stdout] 
[INFO] [stdout] warning: unused variable: `token_len`
[INFO] [stdout]    --> src/tokenizer/tokenizer.rs:329:9
[INFO] [stdout]     |
[INFO] [stdout] 329 |     let token_len = get_token_len(&start_token.token);
[INFO] [stdout]     |         ^^^^^^^^^ help: if this is intentional, prefix it with an underscore: `_token_len`
[INFO] [stdout] 
[INFO] [stdout] 
[INFO] [stdout] warning: unused variable: `transpiled_targets`
[INFO] [stdout]   --> src/main.rs:95:9
[INFO] [stdout]    |
[INFO] [stdout] 95 |     let transpiled_targets = transpile_all_targets(parsed_target, &compilation_instructions);
[INFO] [stdout]    |         ^^^^^^^^^^^^^^^^^^ help: if this is intentional, prefix it with an underscore: `_transpiled_targets`
[INFO] [stdout] 
[INFO] [stdout] 
[INFO] [stdout] warning: function `write_all` is never used
[INFO] [stdout]  --> src/io/write_files.rs:7:8
[INFO] [stdout]   |
[INFO] [stdout] 7 | pub fn write_all (compiled: Vec<CompilationTarget>) {
[INFO] [stdout]   |        ^^^^^^^^^
[INFO] [stdout]   |
[INFO] [stdout]   = note: `#[warn(dead_code)]` on by default
[INFO] [stdout] 
[INFO] [stdout] 
[INFO] [stdout] warning: function `write_single` is never used
[INFO] [stdout]   --> src/io/write_files.rs:14:4
[INFO] [stdout]    |
[INFO] [stdout] 14 | fn write_single (compiled_file: CompilationTarget) {
[INFO] [stdout]    |    ^^^^^^^^^^^^
[INFO] [stdout] 
[INFO] [stdout] 
[INFO] [stdout] warning: function `make_file` is never used
[INFO] [stdout]   --> src/io/write_files.rs:61:4
[INFO] [stdout]    |
[INFO] [stdout] 61 | fn make_file (path: &str) -> Option<fs::File> {
[INFO] [stdout]    |    ^^^^^^^^^
[INFO] [stdout] 
[INFO] [stdout] 
[INFO] [stdout] warning: function `write_to_file` is never used
[INFO] [stdout]   --> src/io/write_files.rs:75:4
[INFO] [stdout]    |
[INFO] [stdout] 75 | fn write_to_file (mut file: fs::File, write: String, out_path: &String) {
[INFO] [stdout]    |    ^^^^^^^^^^^^^
[INFO] [stdout] 
[INFO] [stdout] 
[INFO] [stdout] warning: fields `vanilla_sections` and `compiled_sections` are never read
[INFO] [stdout]   --> src/types.rs:91:13
[INFO] [stdout]    |
[INFO] [stdout] 89 |     pub struct TranspiledFile <'a> {
[INFO] [stdout]    |                -------------- fields in this struct
[INFO] [stdout] 90 |         pub size:                usize,                    // size of the raw file 
[INFO] [stdout] 91 |         pub vanilla_sections:    Vec<&'a [u8]>,              // vector of the sections of vanilla code that will be pasted directly into ...
[INFO] [stdout]    |             ^^^^^^^^^^^^^^^^
[INFO] [stdout] 92 |         pub compiled_sections:   Vec<String>               // vector of the .fjs expressions that will be compiled before being pasted in...
[INFO] [stdout]    |             ^^^^^^^^^^^^^^^^^
[INFO] [stdout] 
[INFO] [stdout] 
[INFO] [stdout] warning: function `construct_file` is never used
[INFO] [stdout]   --> src/transpiler/transpiler.rs:63:8
[INFO] [stdout]    |
[INFO] [stdout] 63 | pub fn construct_file (transpiled: TranspiledFile) -> String {
[INFO] [stdout]    |        ^^^^^^^^^^^^^^
[INFO] [stdout] 
[INFO] [stdout] 
[INFO] [stdout] warning: field `end` is never read
[INFO] [stdout]   --> src/transpiler/types.rs:16:9
[INFO] [stdout]    |
[INFO] [stdout] 12 | pub struct CompilationInfo {
[INFO] [stdout]    |            --------------- field in this struct
[INFO] [stdout] ...
[INFO] [stdout] 16 |     pub end: usize,
[INFO] [stdout]    |         ^^^
[INFO] [stdout] 
[INFO] [stdout] 
[INFO] [stdout] warning: variants `IfInfo` and `None` are never constructed
[INFO] [stdout]   --> src/transpiler/types.rs:22:5
[INFO] [stdout]    |
[INFO] [stdout] 21 | pub enum Info {
[INFO] [stdout]    |          ---- variants in this enum
[INFO] [stdout] 22 |     IfInfo     (     fscript_if::IfInfo     ),
[INFO] [stdout]    |     ^^^^^^
[INFO] [stdout] 23 |     SwitchInfo ( fscript_switch::SwitchInfo ),
[INFO] [stdout] 24 |     None
[INFO] [stdout]    |     ^^^^
[INFO] [stdout] 
[INFO] [stdout] 
[INFO] [stdout] warning: field `comp_type` is never read
[INFO] [stdout]   --> src/transpiler/types.rs:47:9
[INFO] [stdout]    |
[INFO] [stdout] 46 | pub struct CompilationInstructions {
[INFO] [stdout]    |            ----------------------- field in this struct
[INFO] [stdout] 47 |     pub comp_type:      CompileType,
[INFO] [stdout]    |         ^^^^^^^^^
[INFO] [stdout] 
[INFO] [stdout] 
[INFO] [stdout] warning: enum `Lookup` is never used
[INFO] [stdout]   --> src/tokenizer/token_types.rs:13:10
[INFO] [stdout]    |
[INFO] [stdout] 13 | pub enum Lookup {
[INFO] [stdout]    |          ^^^^^^
[INFO] [stdout]    |
[INFO] [stdout]    = note: `Lookup` has a derived impl for the trait `Debug`, but this is intentionally ignored during dead code analysis
[INFO] [stdout] 
[INFO] [stdout] 
[INFO] [stdout] warning: methods `end` and `prev` are never used
[INFO] [stdout]    --> src/tokenizer/types.rs:297:12
[INFO] [stdout]     |
[INFO] [stdout] 186 | impl <'a> TokenStream <'a> {
[INFO] [stdout]     | -------------------------- methods in this implementation
[INFO] [stdout] ...
[INFO] [stdout] 297 |     pub fn end (&'a self) -> Option<&TokenOrStream<'a>> {
[INFO] [stdout]     |            ^^^
[INFO] [stdout] ...
[INFO] [stdout] 411 |     pub fn prev (&'a mut self) -> Option<&TokenOrStream<'a>> {
[INFO] [stdout]     |            ^^^^
[INFO] [stdout] 
[INFO] [stdout] 
[INFO] [stderr]     Finished `dev` profile [unoptimized + debuginfo] target(s) in 4.50s
[INFO] running `Command { std: "docker" "inspect" "44f211aef4a43481911802a7f6cab34c15a3f5239a6d633b9809c67faa79a986", kill_on_drop: false }`
[INFO] running `Command { std: "docker" "rm" "-f" "44f211aef4a43481911802a7f6cab34c15a3f5239a6d633b9809c67faa79a986", kill_on_drop: false }`
[INFO] [stdout] 44f211aef4a43481911802a7f6cab34c15a3f5239a6d633b9809c67faa79a986
[INFO] running `Command { std: "docker" "create" "-v" "/var/lib/crater-agent-workspace/builds/worker-7-tc2/target:/opt/rustwide/target:rw,Z" "-v" "/var/lib/crater-agent-workspace/builds/worker-7-tc2/source:/opt/rustwide/workdir:ro,Z" "-v" "/var/lib/crater-agent-workspace/cargo-home:/opt/rustwide/cargo-home:ro,Z" "-v" "/var/lib/crater-agent-workspace/rustup-home:/opt/rustwide/rustup-home:ro,Z" "-e" "SOURCE_DIR=/opt/rustwide/workdir" "-e" "CARGO_TARGET_DIR=/opt/rustwide/target" "-e" "CARGO_INCREMENTAL=0" "-e" "RUST_BACKTRACE=full" "-e" "RUSTFLAGS=--cap-lints=warn" "-e" "RUSTDOCFLAGS=--cap-lints=warn" "-e" "CARGO_HOME=/opt/rustwide/cargo-home" "-e" "RUSTUP_HOME=/opt/rustwide/rustup-home" "-w" "/opt/rustwide/workdir" "-m" "1610612736" "--user" "0:0" "--network" "none" "ghcr.io/rust-lang/crates-build-env/linux@sha256:f3a9d4ad9d972b27faf3965f35b62e55ba32bbce8f20bc8fe909558a86702fde" "/opt/rustwide/cargo-home/bin/cargo" "+beta-2024-12-08" "test" "--frozen" "--no-run" "--message-format=json", kill_on_drop: false }`
[INFO] [stdout] 9a776df9f7195f4146e5495c887644a708449c00ed4f9e70ee0627a977169633
[INFO] running `Command { std: "docker" "start" "-a" "9a776df9f7195f4146e5495c887644a708449c00ed4f9e70ee0627a977169633", kill_on_drop: false }`
[INFO] [stderr]    Compiling fscriptv01 v0.1.0 (/opt/rustwide/workdir)
[INFO] [stdout] warning: unused imports: `CompilationInstructions` and `Info`
[INFO] [stdout]   --> src/parser/parser.rs:25:9
[INFO] [stdout]    |
[INFO] [stdout] 25 |         CompilationInstructions,
[INFO] [stdout]    |         ^^^^^^^^^^^^^^^^^^^^^^^
[INFO] [stdout] ...
[INFO] [stdout] 28 |         Info
[INFO] [stdout]    |         ^^^^
[INFO] [stdout]    |
[INFO] [stdout]    = note: `#[warn(unused_imports)]` on by default
[INFO] [stdout] 
[INFO] [stdout] 
[INFO] [stdout] warning: unused import: `io::write_files::write_all`
[INFO] [stdout]   --> src/main.rs:11:5
[INFO] [stdout]    |
[INFO] [stdout] 11 | use io::write_files::write_all;
[INFO] [stdout]    |     ^^^^^^^^^^^^^^^^^^^^^^^^^^
[INFO] [stdout] 
[INFO] [stdout] 
[INFO] [stdout] warning: unused import: `CompilationInstructions`
[INFO] [stdout]  --> src/types.rs:5:9
[INFO] [stdout]   |
[INFO] [stdout] 5 |         CompilationInstructions, 
[INFO] [stdout]   |         ^^^^^^^^^^^^^^^^^^^^^^^
[INFO] [stdout] 
[INFO] [stdout] 
[INFO] [stdout] warning: unused import: `type_implementations::type_implementations::*`
[INFO] [stdout]   --> src/main.rs:17:5
[INFO] [stdout]    |
[INFO] [stdout] 17 | use type_implementations::type_implementations::*;
[INFO] [stdout]    |     ^^^^^^^^^^^^^^^^^^^^^^^^^^^^^^^^^^^^^^^^^^^^^
[INFO] [stdout] 
[INFO] [stdout] 
[INFO] [stdout] warning: unused import: `Info`
[INFO] [stdout]   --> src/transpiler/implementations/fscript_if.rs:10:5
[INFO] [stdout]    |
[INFO] [stdout] 10 |     Info
[INFO] [stdout]    |     ^^^^
[INFO] [stdout] 
[INFO] [stdout] 
[INFO] [stdout] warning: unused import: `borrow::Borrow`
[INFO] [stdout]  --> src/transpiler/implementations/fscript_switch.rs:1:11
[INFO] [stdout]   |
[INFO] [stdout] 1 | use std::{borrow::Borrow, collections::VecDeque};
[INFO] [stdout]   |           ^^^^^^^^^^^^^^
[INFO] [stdout] 
[INFO] [stdout] 
[INFO] [stdout] warning: unused import: `CompilationInstructions`
[INFO] [stdout]   --> src/main.rs:27:5
[INFO] [stdout]    |
[INFO] [stdout] 27 |     CompilationInstructions,
[INFO] [stdout]    |     ^^^^^^^^^^^^^^^^^^^^^^^
[INFO] [stdout] 
[INFO] [stdout] 
[INFO] [stdout] warning: elided lifetime has a name
[INFO] [stdout]    --> src/tokenizer/types.rs:278:39
[INFO] [stdout]     |
[INFO] [stdout] 186 | impl <'a> TokenStream <'a> {
[INFO] [stdout]     |       -- lifetime `'a` declared here
[INFO] [stdout] ...
[INFO] [stdout] 278 |     pub fn first (&'a self) -> Option<&TokenOrStream<'a>> {
[INFO] [stdout]     |                                       ^ this elided lifetime gets resolved as `'a`
[INFO] [stdout]     |
[INFO] [stdout]     = note: `#[warn(elided_named_lifetimes)]` on by default
[INFO] [stdout] 
[INFO] [stdout] 
[INFO] [stdout] warning: elided lifetime has a name
[INFO] [stdout]    --> src/tokenizer/types.rs:297:37
[INFO] [stdout]     |
[INFO] [stdout] 186 | impl <'a> TokenStream <'a> {
[INFO] [stdout]     |       -- lifetime `'a` declared here
[INFO] [stdout] ...
[INFO] [stdout] 297 |     pub fn end (&'a self) -> Option<&TokenOrStream<'a>> {
[INFO] [stdout]     |                                     ^ this elided lifetime gets resolved as `'a`
[INFO] [stdout] 
[INFO] [stdout] 
[INFO] [stdout] warning: elided lifetime has a name
[INFO] [stdout]    --> src/tokenizer/types.rs:320:41
[INFO] [stdout]     |
[INFO] [stdout] 186 | impl <'a> TokenStream <'a> {
[INFO] [stdout]     |       -- lifetime `'a` declared here
[INFO] [stdout] ...
[INFO] [stdout] 320 |     pub fn current (&'a self) -> Option<&TokenOrStream<'a>> {
[INFO] [stdout]     |                                         ^ this elided lifetime gets resolved as `'a`
[INFO] [stdout] 
[INFO] [stdout] 
[INFO] [stdout] warning: elided lifetime has a name
[INFO] [stdout]    --> src/tokenizer/types.rs:411:42
[INFO] [stdout]     |
[INFO] [stdout] 186 | impl <'a> TokenStream <'a> {
[INFO] [stdout]     |       -- lifetime `'a` declared here
[INFO] [stdout] ...
[INFO] [stdout] 411 |     pub fn prev (&'a mut self) -> Option<&TokenOrStream<'a>> {
[INFO] [stdout]     |                                          ^ this elided lifetime gets resolved as `'a`
[INFO] [stdout] 
[INFO] [stdout] 
[INFO] [stdout] warning: unused import: `crate::tokenizer::types::TokenStream`
[INFO] [stdout]  --> src/tokenizer/traverse_token_stream.rs:1:5
[INFO] [stdout]   |
[INFO] [stdout] 1 | use crate::tokenizer::types::TokenStream;
[INFO] [stdout]   |     ^^^^^^^^^^^^^^^^^^^^^^^^^^^^^^^^^^^^
[INFO] [stdout] 
[INFO] [stdout] 
[INFO] [stdout] warning: unused import: `super::types::TokenOrStream`
[INFO] [stdout]  --> src/tokenizer/traverse_token_stream.rs:3:5
[INFO] [stdout]   |
[INFO] [stdout] 3 | use super::types::TokenOrStream;
[INFO] [stdout]   |     ^^^^^^^^^^^^^^^^^^^^^^^^^^^
[INFO] [stdout] 
[INFO] [stdout] 
[INFO] [stdout] warning: unused import: `tokenizer::types::TokenStream`
[INFO] [stdout]   --> src/main.rs:33:5
[INFO] [stdout]    |
[INFO] [stdout] 33 | use tokenizer::types::TokenStream;
[INFO] [stdout]    |     ^^^^^^^^^^^^^^^^^^^^^^^^^^^^^
[INFO] [stdout] 
[INFO] [stdout] 
[INFO] [stdout] warning: unused variable: `token_stream`
[INFO] [stdout]   --> src/transpiler/implementations/fscript_if.rs:37:19
[INFO] [stdout]    |
[INFO] [stdout] 37 | fn parse_if <'a> (token_stream: &'a mut TokenStream<'a>) -> Option<CompilationInfo> {
[INFO] [stdout]    |                   ^^^^^^^^^^^^ help: if this is intentional, prefix it with an underscore: `_token_stream`
[INFO] [stdout]    |
[INFO] [stdout]    = note: `#[warn(unused_variables)]` on by default
[INFO] [stdout] 
[INFO] [stdout] 
[INFO] [stdout] warning: unused variable: `data`
[INFO] [stdout]   --> src/transpiler/implementations/fscript_if.rs:42:23
[INFO] [stdout]    |
[INFO] [stdout] 42 | fn transpile_if <'a> (data: CompilableSection<'a>) -> String{
[INFO] [stdout]    |                       ^^^^ help: if this is intentional, prefix it with an underscore: `_data`
[INFO] [stdout] 
[INFO] [stdout] 
[INFO] [stdout] warning: unused variable: `paren_data`
[INFO] [stdout]    --> src/transpiler/implementations/fscript_switch.rs:108:21
[INFO] [stdout]     |
[INFO] [stdout] 108 |                 let paren_data = &data[parens.0+1..parens.1-1];
[INFO] [stdout]     |                     ^^^^^^^^^^ help: if this is intentional, prefix it with an underscore: `_paren_data`
[INFO] [stdout] 
[INFO] [stdout] 
[INFO] [stdout] warning: unused variable: `curly_data`
[INFO] [stdout]    --> src/transpiler/implementations/fscript_switch.rs:109:21
[INFO] [stdout]     |
[INFO] [stdout] 109 |                 let curly_data = &data[curlies.0+1..curlies.1-1];
[INFO] [stdout]     |                     ^^^^^^^^^^ help: if this is intentional, prefix it with an underscore: `_curly_data`
[INFO] [stdout] 
[INFO] [stdout] 
[INFO] [stdout] warning: unused variable: `tok`
[INFO] [stdout]    --> src/transpiler/implementations/fscript_switch.rs:115:25
[INFO] [stdout]     |
[INFO] [stdout] 115 |                     let tok = stream.current().unwrap();
[INFO] [stdout]     |                         ^^^ help: if this is intentional, prefix it with an underscore: `_tok`
[INFO] [stdout] 
[INFO] [stdout] 
[INFO] [stdout] warning: unused variable: `err`
[INFO] [stdout]    --> src/transpiler/implementations/fscript_switch.rs:139:26
[INFO] [stdout]     |
[INFO] [stdout] 139 |                     Err( err ) => {
[INFO] [stdout]     |                          ^^^ help: if this is intentional, prefix it with an underscore: `_err`
[INFO] [stdout] 
[INFO] [stdout] 
[INFO] [stdout] warning: variable does not need to be mutable
[INFO] [stdout]    --> src/transpiler/implementations/fscript_switch.rs:111:21
[INFO] [stdout]     |
[INFO] [stdout] 111 |                 let mut insert_return: VecDeque<usize> = VecDeque::new();
[INFO] [stdout]     |                     ----^^^^^^^^^^^^^
[INFO] [stdout]     |                     |
[INFO] [stdout]     |                     help: remove this `mut`
[INFO] [stdout]     |
[INFO] [stdout]     = note: `#[warn(unused_mut)]` on by default
[INFO] [stdout] 
[INFO] [stdout] 
[INFO] [stdout] warning: unused variable: `token_len`
[INFO] [stdout]    --> src/tokenizer/tokenizer.rs:329:9
[INFO] [stdout]     |
[INFO] [stdout] 329 |     let token_len = get_token_len(&start_token.token);
[INFO] [stdout]     |         ^^^^^^^^^ help: if this is intentional, prefix it with an underscore: `_token_len`
[INFO] [stdout] 
[INFO] [stdout] 
[INFO] [stdout] warning: unused variable: `transpiled_targets`
[INFO] [stdout]   --> src/main.rs:95:9
[INFO] [stdout]    |
[INFO] [stdout] 95 |     let transpiled_targets = transpile_all_targets(parsed_target, &compilation_instructions);
[INFO] [stdout]    |         ^^^^^^^^^^^^^^^^^^ help: if this is intentional, prefix it with an underscore: `_transpiled_targets`
[INFO] [stdout] 
[INFO] [stdout] 
[INFO] [stdout] warning: function `write_all` is never used
[INFO] [stdout]  --> src/io/write_files.rs:7:8
[INFO] [stdout]   |
[INFO] [stdout] 7 | pub fn write_all (compiled: Vec<CompilationTarget>) {
[INFO] [stdout]   |        ^^^^^^^^^
[INFO] [stdout]   |
[INFO] [stdout]   = note: `#[warn(dead_code)]` on by default
[INFO] [stdout] 
[INFO] [stdout] 
[INFO] [stdout] warning: function `write_single` is never used
[INFO] [stdout]   --> src/io/write_files.rs:14:4
[INFO] [stdout]    |
[INFO] [stdout] 14 | fn write_single (compiled_file: CompilationTarget) {
[INFO] [stdout]    |    ^^^^^^^^^^^^
[INFO] [stdout] 
[INFO] [stdout] 
[INFO] [stdout] warning: function `make_file` is never used
[INFO] [stdout]   --> src/io/write_files.rs:61:4
[INFO] [stdout]    |
[INFO] [stdout] 61 | fn make_file (path: &str) -> Option<fs::File> {
[INFO] [stdout]    |    ^^^^^^^^^
[INFO] [stdout] 
[INFO] [stdout] 
[INFO] [stdout] warning: function `write_to_file` is never used
[INFO] [stdout]   --> src/io/write_files.rs:75:4
[INFO] [stdout]    |
[INFO] [stdout] 75 | fn write_to_file (mut file: fs::File, write: String, out_path: &String) {
[INFO] [stdout]    |    ^^^^^^^^^^^^^
[INFO] [stdout] 
[INFO] [stdout] 
[INFO] [stdout] warning: fields `vanilla_sections` and `compiled_sections` are never read
[INFO] [stdout]   --> src/types.rs:91:13
[INFO] [stdout]    |
[INFO] [stdout] 89 |     pub struct TranspiledFile <'a> {
[INFO] [stdout]    |                -------------- fields in this struct
[INFO] [stdout] 90 |         pub size:                usize,                    // size of the raw file 
[INFO] [stdout] 91 |         pub vanilla_sections:    Vec<&'a [u8]>,              // vector of the sections of vanilla code that will be pasted directly into ...
[INFO] [stdout]    |             ^^^^^^^^^^^^^^^^
[INFO] [stdout] 92 |         pub compiled_sections:   Vec<String>               // vector of the .fjs expressions that will be compiled before being pasted in...
[INFO] [stdout]    |             ^^^^^^^^^^^^^^^^^
[INFO] [stdout] 
[INFO] [stdout] 
[INFO] [stdout] warning: function `construct_file` is never used
[INFO] [stdout]   --> src/transpiler/transpiler.rs:63:8
[INFO] [stdout]    |
[INFO] [stdout] 63 | pub fn construct_file (transpiled: TranspiledFile) -> String {
[INFO] [stdout]    |        ^^^^^^^^^^^^^^
[INFO] [stdout] 
[INFO] [stdout] 
[INFO] [stdout] warning: field `end` is never read
[INFO] [stdout]   --> src/transpiler/types.rs:16:9
[INFO] [stdout]    |
[INFO] [stdout] 12 | pub struct CompilationInfo {
[INFO] [stdout]    |            --------------- field in this struct
[INFO] [stdout] ...
[INFO] [stdout] 16 |     pub end: usize,
[INFO] [stdout]    |         ^^^
[INFO] [stdout] 
[INFO] [stdout] 
[INFO] [stdout] warning: variants `IfInfo` and `None` are never constructed
[INFO] [stdout]   --> src/transpiler/types.rs:22:5
[INFO] [stdout]    |
[INFO] [stdout] 21 | pub enum Info {
[INFO] [stdout]    |          ---- variants in this enum
[INFO] [stdout] 22 |     IfInfo     (     fscript_if::IfInfo     ),
[INFO] [stdout]    |     ^^^^^^
[INFO] [stdout] 23 |     SwitchInfo ( fscript_switch::SwitchInfo ),
[INFO] [stdout] 24 |     None
[INFO] [stdout]    |     ^^^^
[INFO] [stdout] 
[INFO] [stdout] 
[INFO] [stdout] warning: field `comp_type` is never read
[INFO] [stdout]   --> src/transpiler/types.rs:47:9
[INFO] [stdout]    |
[INFO] [stdout] 46 | pub struct CompilationInstructions {
[INFO] [stdout]    |            ----------------------- field in this struct
[INFO] [stdout] 47 |     pub comp_type:      CompileType,
[INFO] [stdout]    |         ^^^^^^^^^
[INFO] [stdout] 
[INFO] [stdout] 
[INFO] [stdout] warning: enum `Lookup` is never used
[INFO] [stdout]   --> src/tokenizer/token_types.rs:13:10
[INFO] [stdout]    |
[INFO] [stdout] 13 | pub enum Lookup {
[INFO] [stdout]    |          ^^^^^^
[INFO] [stdout]    |
[INFO] [stdout]    = note: `Lookup` has a derived impl for the trait `Debug`, but this is intentionally ignored during dead code analysis
[INFO] [stdout] 
[INFO] [stdout] 
[INFO] [stdout] warning: methods `end` and `prev` are never used
[INFO] [stdout]    --> src/tokenizer/types.rs:297:12
[INFO] [stdout]     |
[INFO] [stdout] 186 | impl <'a> TokenStream <'a> {
[INFO] [stdout]     | -------------------------- methods in this implementation
[INFO] [stdout] ...
[INFO] [stdout] 297 |     pub fn end (&'a self) -> Option<&TokenOrStream<'a>> {
[INFO] [stdout]     |            ^^^
[INFO] [stdout] ...
[INFO] [stdout] 411 |     pub fn prev (&'a mut self) -> Option<&TokenOrStream<'a>> {
[INFO] [stdout]     |            ^^^^
[INFO] [stdout] 
[INFO] [stdout] 
[INFO] [stderr]     Finished `test` profile [unoptimized + debuginfo] target(s) in 1.16s
[INFO] running `Command { std: "docker" "inspect" "9a776df9f7195f4146e5495c887644a708449c00ed4f9e70ee0627a977169633", kill_on_drop: false }`
[INFO] running `Command { std: "docker" "rm" "-f" "9a776df9f7195f4146e5495c887644a708449c00ed4f9e70ee0627a977169633", kill_on_drop: false }`
[INFO] [stdout] 9a776df9f7195f4146e5495c887644a708449c00ed4f9e70ee0627a977169633
[INFO] running `Command { std: "docker" "create" "-v" "/var/lib/crater-agent-workspace/builds/worker-7-tc2/target:/opt/rustwide/target:rw,Z" "-v" "/var/lib/crater-agent-workspace/builds/worker-7-tc2/source:/opt/rustwide/workdir:ro,Z" "-v" "/var/lib/crater-agent-workspace/cargo-home:/opt/rustwide/cargo-home:ro,Z" "-v" "/var/lib/crater-agent-workspace/rustup-home:/opt/rustwide/rustup-home:ro,Z" "-e" "SOURCE_DIR=/opt/rustwide/workdir" "-e" "CARGO_TARGET_DIR=/opt/rustwide/target" "-e" "CARGO_INCREMENTAL=0" "-e" "RUST_BACKTRACE=full" "-e" "RUSTFLAGS=--cap-lints=warn" "-e" "RUSTDOCFLAGS=--cap-lints=warn" "-e" "CARGO_HOME=/opt/rustwide/cargo-home" "-e" "RUSTUP_HOME=/opt/rustwide/rustup-home" "-w" "/opt/rustwide/workdir" "-m" "1610612736" "--user" "0:0" "--network" "none" "ghcr.io/rust-lang/crates-build-env/linux@sha256:f3a9d4ad9d972b27faf3965f35b62e55ba32bbce8f20bc8fe909558a86702fde" "/opt/rustwide/cargo-home/bin/cargo" "+beta-2024-12-08" "test" "--frozen", kill_on_drop: false }`
[INFO] [stdout] 83e204eec2878922da5a88ffbb09d03846229919525c1fb12659140a5ea0db46
[INFO] running `Command { std: "docker" "start" "-a" "83e204eec2878922da5a88ffbb09d03846229919525c1fb12659140a5ea0db46", kill_on_drop: false }`
[INFO] [stderr] warning: unused imports: `CompilationInstructions` and `Info`
[INFO] [stderr]   --> src/parser/parser.rs:25:9
[INFO] [stderr]    |
[INFO] [stderr] 25 |         CompilationInstructions,
[INFO] [stderr]    |         ^^^^^^^^^^^^^^^^^^^^^^^
[INFO] [stderr] ...
[INFO] [stderr] 28 |         Info
[INFO] [stderr]    |         ^^^^
[INFO] [stderr]    |
[INFO] [stderr]    = note: `#[warn(unused_imports)]` on by default
[INFO] [stderr] 
[INFO] [stderr] warning: unused import: `io::write_files::write_all`
[INFO] [stderr]   --> src/main.rs:11:5
[INFO] [stderr]    |
[INFO] [stderr] 11 | use io::write_files::write_all;
[INFO] [stderr]    |     ^^^^^^^^^^^^^^^^^^^^^^^^^^
[INFO] [stderr] 
[INFO] [stderr] warning: unused import: `CompilationInstructions`
[INFO] [stderr]  --> src/types.rs:5:9
[INFO] [stderr]   |
[INFO] [stderr] 5 |         CompilationInstructions, 
[INFO] [stderr]   |         ^^^^^^^^^^^^^^^^^^^^^^^
[INFO] [stderr] 
[INFO] [stderr] warning: unused import: `type_implementations::type_implementations::*`
[INFO] [stderr]   --> src/main.rs:17:5
[INFO] [stderr]    |
[INFO] [stderr] 17 | use type_implementations::type_implementations::*;
[INFO] [stderr]    |     ^^^^^^^^^^^^^^^^^^^^^^^^^^^^^^^^^^^^^^^^^^^^^
[INFO] [stderr] 
[INFO] [stderr] warning: unused import: `Info`
[INFO] [stderr]   --> src/transpiler/implementations/fscript_if.rs:10:5
[INFO] [stderr]    |
[INFO] [stderr] 10 |     Info
[INFO] [stderr]    |     ^^^^
[INFO] [stderr] 
[INFO] [stderr] warning: unused import: `borrow::Borrow`
[INFO] [stderr]  --> src/transpiler/implementations/fscript_switch.rs:1:11
[INFO] [stderr]   |
[INFO] [stderr] 1 | use std::{borrow::Borrow, collections::VecDeque};
[INFO] [stderr]   |           ^^^^^^^^^^^^^^
[INFO] [stderr] 
[INFO] [stderr] warning: unused import: `CompilationInstructions`
[INFO] [stderr]   --> src/main.rs:27:5
[INFO] [stderr]    |
[INFO] [stderr] 27 |     CompilationInstructions,
[INFO] [stderr]    |     ^^^^^^^^^^^^^^^^^^^^^^^
[INFO] [stderr] 
[INFO] [stderr] warning: elided lifetime has a name
[INFO] [stderr]    --> src/tokenizer/types.rs:278:39
[INFO] [stderr]     |
[INFO] [stderr] 186 | impl <'a> TokenStream <'a> {
[INFO] [stderr]     |       -- lifetime `'a` declared here
[INFO] [stderr] ...
[INFO] [stderr] 278 |     pub fn first (&'a self) -> Option<&TokenOrStream<'a>> {
[INFO] [stderr]     |                                       ^ this elided lifetime gets resolved as `'a`
[INFO] [stderr]     |
[INFO] [stderr]     = note: `#[warn(elided_named_lifetimes)]` on by default
[INFO] [stderr] 
[INFO] [stderr] warning: elided lifetime has a name
[INFO] [stderr]    --> src/tokenizer/types.rs:297:37
[INFO] [stderr]     |
[INFO] [stderr] 186 | impl <'a> TokenStream <'a> {
[INFO] [stderr]     |       -- lifetime `'a` declared here
[INFO] [stderr] ...
[INFO] [stderr] 297 |     pub fn end (&'a self) -> Option<&TokenOrStream<'a>> {
[INFO] [stderr]     |                                     ^ this elided lifetime gets resolved as `'a`
[INFO] [stderr] 
[INFO] [stderr] warning: elided lifetime has a name
[INFO] [stderr]    --> src/tokenizer/types.rs:320:41
[INFO] [stderr]     |
[INFO] [stderr] 186 | impl <'a> TokenStream <'a> {
[INFO] [stderr]     |       -- lifetime `'a` declared here
[INFO] [stderr] ...
[INFO] [stderr] 320 |     pub fn current (&'a self) -> Option<&TokenOrStream<'a>> {
[INFO] [stderr]     |                                         ^ this elided lifetime gets resolved as `'a`
[INFO] [stderr] 
[INFO] [stderr] warning: elided lifetime has a name
[INFO] [stderr]    --> src/tokenizer/types.rs:411:42
[INFO] [stderr]     |
[INFO] [stderr] 186 | impl <'a> TokenStream <'a> {
[INFO] [stderr]     |       -- lifetime `'a` declared here
[INFO] [stderr] ...
[INFO] [stderr] 411 |     pub fn prev (&'a mut self) -> Option<&TokenOrStream<'a>> {
[INFO] [stderr]     |                                          ^ this elided lifetime gets resolved as `'a`
[INFO] [stderr] 
[INFO] [stderr] warning: unused import: `crate::tokenizer::types::TokenStream`
[INFO] [stderr]  --> src/tokenizer/traverse_token_stream.rs:1:5
[INFO] [stderr]   |
[INFO] [stderr] 1 | use crate::tokenizer::types::TokenStream;
[INFO] [stderr]   |     ^^^^^^^^^^^^^^^^^^^^^^^^^^^^^^^^^^^^
[INFO] [stderr] 
[INFO] [stderr] warning: unused import: `super::types::TokenOrStream`
[INFO] [stderr]  --> src/tokenizer/traverse_token_stream.rs:3:5
[INFO] [stderr]   |
[INFO] [stderr] 3 | use super::types::TokenOrStream;
[INFO] [stderr]   |     ^^^^^^^^^^^^^^^^^^^^^^^^^^^
[INFO] [stderr] 
[INFO] [stderr] warning: unused import: `tokenizer::types::TokenStream`
[INFO] [stderr]   --> src/main.rs:33:5
[INFO] [stderr]    |
[INFO] [stderr] 33 | use tokenizer::types::TokenStream;
[INFO] [stderr]    |     ^^^^^^^^^^^^^^^^^^^^^^^^^^^^^
[INFO] [stderr] 
[INFO] [stderr] warning: unused variable: `token_stream`
[INFO] [stderr]   --> src/transpiler/implementations/fscript_if.rs:37:19
[INFO] [stderr]    |
[INFO] [stderr] 37 | fn parse_if <'a> (token_stream: &'a mut TokenStream<'a>) -> Option<CompilationInfo> {
[INFO] [stderr]    |                   ^^^^^^^^^^^^ help: if this is intentional, prefix it with an underscore: `_token_stream`
[INFO] [stderr]    |
[INFO] [stderr]    = note: `#[warn(unused_variables)]` on by default
[INFO] [stderr] 
[INFO] [stderr] warning: unused variable: `data`
[INFO] [stderr]   --> src/transpiler/implementations/fscript_if.rs:42:23
[INFO] [stderr]    |
[INFO] [stderr] 42 | fn transpile_if <'a> (data: CompilableSection<'a>) -> String{
[INFO] [stderr]    |                       ^^^^ help: if this is intentional, prefix it with an underscore: `_data`
[INFO] [stderr] 
[INFO] [stderr] warning: unused variable: `paren_data`
[INFO] [stderr]    --> src/transpiler/implementations/fscript_switch.rs:108:21
[INFO] [stderr]     |
[INFO] [stderr] 108 |                 let paren_data = &data[parens.0+1..parens.1-1];
[INFO] [stderr]     |                     ^^^^^^^^^^ help: if this is intentional, prefix it with an underscore: `_paren_data`
[INFO] [stderr] 
[INFO] [stderr] warning: unused variable: `curly_data`
[INFO] [stderr]    --> src/transpiler/implementations/fscript_switch.rs:109:21
[INFO] [stderr]     |
[INFO] [stderr] 109 |                 let curly_data = &data[curlies.0+1..curlies.1-1];
[INFO] [stderr]     |                     ^^^^^^^^^^ help: if this is intentional, prefix it with an underscore: `_curly_data`
[INFO] [stderr] 
[INFO] [stderr] warning: unused variable: `tok`
[INFO] [stderr]    --> src/transpiler/implementations/fscript_switch.rs:115:25
[INFO] [stderr]     |
[INFO] [stderr] 115 |                     let tok = stream.current().unwrap();
[INFO] [stderr]     |                         ^^^ help: if this is intentional, prefix it with an underscore: `_tok`
[INFO] [stderr] 
[INFO] [stderr] warning: unused variable: `err`
[INFO] [stderr]    --> src/transpiler/implementations/fscript_switch.rs:139:26
[INFO] [stderr]     |
[INFO] [stderr] 139 |                     Err( err ) => {
[INFO] [stderr]     |                          ^^^ help: if this is intentional, prefix it with an underscore: `_err`
[INFO] [stderr] 
[INFO] [stderr] warning: variable does not need to be mutable
[INFO] [stderr]    --> src/transpiler/implementations/fscript_switch.rs:111:21
[INFO] [stderr]     |
[INFO] [stderr] 111 |                 let mut insert_return: VecDeque<usize> = VecDeque::new();
[INFO] [stderr]     |                     ----^^^^^^^^^^^^^
[INFO] [stderr]     |                     |
[INFO] [stderr]     |                     help: remove this `mut`
[INFO] [stderr]     |
[INFO] [stderr]     = note: `#[warn(unused_mut)]` on by default
[INFO] [stderr] 
[INFO] [stderr] warning: unused variable: `token_len`
[INFO] [stderr]    --> src/tokenizer/tokenizer.rs:329:9
[INFO] [stderr]     |
[INFO] [stderr] 329 |     let token_len = get_token_len(&start_token.token);
[INFO] [stderr]     |         ^^^^^^^^^ help: if this is intentional, prefix it with an underscore: `_token_len`
[INFO] [stderr] 
[INFO] [stderr] warning: unused variable: `transpiled_targets`
[INFO] [stderr]   --> src/main.rs:95:9
[INFO] [stderr]    |
[INFO] [stderr] 95 |     let transpiled_targets = transpile_all_targets(parsed_target, &compilation_instructions);
[INFO] [stderr]    |         ^^^^^^^^^^^^^^^^^^ help: if this is intentional, prefix it with an underscore: `_transpiled_targets`
[INFO] [stderr] 
[INFO] [stderr] warning: function `write_all` is never used
[INFO] [stderr]  --> src/io/write_files.rs:7:8
[INFO] [stderr]   |
[INFO] [stderr] 7 | pub fn write_all (compiled: Vec<CompilationTarget>) {
[INFO] [stderr]   |        ^^^^^^^^^
[INFO] [stderr]   |
[INFO] [stderr]   = note: `#[warn(dead_code)]` on by default
[INFO] [stderr] 
[INFO] [stderr] warning: function `write_single` is never used
[INFO] [stderr]   --> src/io/write_files.rs:14:4
[INFO] [stderr]    |
[INFO] [stderr] 14 | fn write_single (compiled_file: CompilationTarget) {
[INFO] [stderr]    |    ^^^^^^^^^^^^
[INFO] [stderr] 
[INFO] [stderr] warning: function `make_file` is never used
[INFO] [stderr]   --> src/io/write_files.rs:61:4
[INFO] [stderr]    |
[INFO] [stderr] 61 | fn make_file (path: &str) -> Option<fs::File> {
[INFO] [stderr]    |    ^^^^^^^^^
[INFO] [stderr] 
[INFO] [stderr] warning: function `write_to_file` is never used
[INFO] [stderr]   --> src/io/write_files.rs:75:4
[INFO] [stderr]    |
[INFO] [stderr] 75 | fn write_to_file (mut file: fs::File, write: String, out_path: &String) {
[INFO] [stderr]    |    ^^^^^^^^^^^^^
[INFO] [stderr] 
[INFO] [stderr] warning: fields `vanilla_sections` and `compiled_sections` are never read
[INFO] [stderr]   --> src/types.rs:91:13
[INFO] [stderr]    |
[INFO] [stderr] 89 |     pub struct TranspiledFile <'a> {
[INFO] [stderr]    |                -------------- fields in this struct
[INFO] [stderr] 90 |         pub size:                usize,                    // size of the raw file 
[INFO] [stderr] 91 |         pub vanilla_sections:    Vec<&'a [u8]>,              // vector of the sections of vanilla code that will be pasted directly into ...
[INFO] [stderr]    |             ^^^^^^^^^^^^^^^^
[INFO] [stderr] 92 |         pub compiled_sections:   Vec<String>               // vector of the .fjs expressions that will be compiled before being pasted in...
[INFO] [stderr]    |             ^^^^^^^^^^^^^^^^^
[INFO] [stderr] 
[INFO] [stderr] warning: function `construct_file` is never used
[INFO] [stderr]   --> src/transpiler/transpiler.rs:63:8
[INFO] [stderr]    |
[INFO] [stderr] 63 | pub fn construct_file (transpiled: TranspiledFile) -> String {
[INFO] [stderr]    |        ^^^^^^^^^^^^^^
[INFO] [stderr] 
[INFO] [stderr] warning: field `end` is never read
[INFO] [stderr]   --> src/transpiler/types.rs:16:9
[INFO] [stderr]    |
[INFO] [stderr] 12 | pub struct CompilationInfo {
[INFO] [stderr]    |            --------------- field in this struct
[INFO] [stderr] ...
[INFO] [stderr] 16 |     pub end: usize,
[INFO] [stderr]    |         ^^^
[INFO] [stderr] 
[INFO] [stderr] warning: variants `IfInfo` and `None` are never constructed
[INFO] [stderr]   --> src/transpiler/types.rs:22:5
[INFO] [stderr]    |
[INFO] [stderr] 21 | pub enum Info {
[INFO] [stderr]    |          ---- variants in this enum
[INFO] [stderr] 22 |     IfInfo     (     fscript_if::IfInfo     ),
[INFO] [stderr]    |     ^^^^^^
[INFO] [stderr] 23 |     SwitchInfo ( fscript_switch::SwitchInfo ),
[INFO] [stderr] 24 |     None
[INFO] [stderr]    |     ^^^^
[INFO] [stderr] 
[INFO] [stderr] warning: field `comp_type` is never read
[INFO] [stderr]   --> src/transpiler/types.rs:47:9
[INFO] [stderr]    |
[INFO] [stderr] 46 | pub struct CompilationInstructions {
[INFO] [stderr]    |            ----------------------- field in this struct
[INFO] [stderr] 47 |     pub comp_type:      CompileType,
[INFO] [stderr]    |         ^^^^^^^^^
[INFO] [stderr] 
[INFO] [stderr] warning: enum `Lookup` is never used
[INFO] [stderr]   --> src/tokenizer/token_types.rs:13:10
[INFO] [stderr]    |
[INFO] [stderr] 13 | pub enum Lookup {
[INFO] [stderr]    |          ^^^^^^
[INFO] [stderr]    |
[INFO] [stderr]    = note: `Lookup` has a derived impl for the trait `Debug`, but this is intentionally ignored during dead code analysis
[INFO] [stderr] 
[INFO] [stderr] warning: methods `end` and `prev` are never used
[INFO] [stderr]    --> src/tokenizer/types.rs:297:12
[INFO] [stderr]     |
[INFO] [stderr] 186 | impl <'a> TokenStream <'a> {
[INFO] [stderr]     | -------------------------- methods in this implementation
[INFO] [stderr] ...
[INFO] [stderr] 297 |     pub fn end (&'a self) -> Option<&TokenOrStream<'a>> {
[INFO] [stderr]     |            ^^^
[INFO] [stderr] ...
[INFO] [stderr] 411 |     pub fn prev (&'a mut self) -> Option<&TokenOrStream<'a>> {
[INFO] [stderr]     |            ^^^^
[INFO] [stderr] 
[INFO] [stderr] warning: `fscriptv01` (bin "fscriptv01" test) generated 34 warnings (run `cargo fix --bin "fscriptv01" --tests` to apply 11 suggestions)
[INFO] [stderr]     Finished `test` profile [unoptimized + debuginfo] target(s) in 0.01s
[INFO] [stderr]      Running unittests src/main.rs (/opt/rustwide/target/debug/deps/fscriptv01-51d43e32bc63cb7b)
[INFO] [stdout] 
[INFO] [stdout] running 35 tests
[INFO] [stdout] test tokenizer::tests::test_token_lookup::tests::test_failed_lookup_3 ... ok
[INFO] [stdout] test tokenizer::tests::test_token_lookup::tests::test_triple_char_lookup ... ok
[INFO] [stdout] test tokenizer::tests::test_token_lookup::tests::test_failed_lookup_4 ... ok
[INFO] [stdout] test tokenizer::tests::test_token_lookup::tests::test_single_char_lookup ... ok
[INFO] [stdout] test tokenizer::tests::test_token_lookup::tests::test_double_char_lookup ... ok
[INFO] [stdout] test tokenizer::tests::test_token_lookup::tests::test_quad_char_lookup ... ok
[INFO] [stdout] test tokenizer::tests::test_tokenizer::test_tokenizer::test_tokenizer_basic_stream ... ok
[INFO] [stdout] test tokenizer::tests::test_token_lookup::tests::test_string_lookup_2 ... ok
[INFO] [stdout] test tokenizer::tests::test_token_lookup::tests::test_failed_lookup ... ok
[INFO] [stdout] test tokenizer::tests::test_token_lookup::tests::test_string_lookup ... ok
[INFO] [stdout] test tokenizer::tests::test_token_lookup::tests::test_failed_lookup_2 ... ok
[INFO] [stdout] test tokenizer::tests::test_tokenizer::test_tokenizer::test_tokenizer_enclosing_and_token ... ok
[INFO] [stdout] test tokenizer::tests::test_token_lookup::tests::test_all_lookups ... ok
[INFO] [stdout] test tokenizer::tests::test_tokenizer::test_tokenizer::test_tokenizer_enclosing ... ok
[INFO] [stdout] test tokenizer::tests::test_tokenizer::test_tokenizer::test_tokenizer_comment_3 ... FAILED
[INFO] [stdout] test tokenizer::tests::test_tokenizer::test_tokenizer::test_tokenizer_comment_2 ... FAILED
[INFO] [stdout] test tokenizer::tests::test_tokenizer::test_tokenizer::test_tokenizer_more_enclosing ... ok
[INFO] [stdout] test tokenizer::tests::test_tokenizer::test_tokenizer::test_tokenizer_comment ... FAILED
[INFO] [stdout] test tokenizer::tests::test_tokenizer::test_tokenizer::test_tokenizer_comment_4 ... FAILED
[INFO] [stdout] test tokenizer::tests::test_tokenizer::test_tokenizer::test_tokenizer_comment_5 ... FAILED
[INFO] [stdout] test tokenizer::tests::test_tokenizer::test_tokenizer::test_tokenizer_comment_6 ... FAILED
[INFO] [stdout] test tokenizer::tests::test_tokenizer::test_tokenizer::test_tokenizer_some_actual_code ... ok
[INFO] [stdout] test tokenizer::tests::test_tokenizer::test_tokenizer::test_tokenizer_some_actual_code_switch ... ok
[INFO] [stdout] test tokenizer::tests::test_tokenizer::test_tokenizer::test_tokenizer_some_actual_code_2 ... ok
[INFO] [stdout] test tokenizer::tests::test_tokenizer::test_tokenizer::test_tokenizer_string ... ok
[INFO] [stdout] test tokenizer::tests::test_tokenizer::test_tokenizer::test_tokenizer_double_enclosing ... ok
[INFO] [stdout] test tokenizer::tests::test_tokenizer::test_tokenizer::test_tokenizer_some_actual_code_switch_2 ... ok
[INFO] [stdout] test tokenizer::tests::test_tokenizer::test_tokenizer::test_tokenizer_string_2 ... ok
[INFO] [stdout] test tokenizer::tests::test_tokenizer::test_tokenizer::test_tokenizer_string_5 ... ok
[INFO] [stdout] test tokenizer::tests::test_tokenizer::test_tokenizer::test_tokenizer_string_4 ... ok
[INFO] [stdout] test tokenizer::tests::test_tokenizer::test_tokenizer::test_tokenizer_string_3 ... ok
[INFO] [stdout] test tokenizer::tests::test_tokenizer::test_tokenizer::test_tokenizer_string_broken_string_2 ... ok
[INFO] [stdout] test tokenizer::tests::test_tokenizer::test_tokenizer::test_tokenizer_string_broken_string_3 ... ok
[INFO] [stdout] test tokenizer::tests::test_tokenizer::test_tokenizer::test_tokenizer_very_basic ... ok
[INFO] [stdout] test tokenizer::tests::test_tokenizer::test_tokenizer::test_tokenizer_string_broken_string ... ok
[INFO] [stdout] 
[INFO] [stdout] failures:
[INFO] [stdout] 
[INFO] [stdout] ---- tokenizer::tests::test_tokenizer::test_tokenizer::test_tokenizer_comment_3 stdout ----
[INFO] [stdout] Token ( BOF )
[INFO] [stdout] Stream {
[INFO] [stdout]     Token ( None )
[INFO] [stdout]     Token ( SingleLineCommentClose )
[INFO] [stdout] }
[INFO] [stdout] Stream {
[INFO] [stdout]     Token ( None )
[INFO] [stdout]     Token ( SingleLineCommentClose )
[INFO] [stdout] }
[INFO] [stdout] Stream {
[INFO] [stdout]     Token ( None )
[INFO] [stdout]     Token ( SingleLineCommentClose )
[INFO] [stdout] }
[INFO] [stdout] Stream {
[INFO] [stdout]     Token ( None )
[INFO] [stdout]     Token ( SingleLineCommentClose )
[INFO] [stdout] }
[INFO] [stdout] Token ( EOF )
[INFO] [stdout] 
[INFO] [stdout] thread 'tokenizer::tests::test_tokenizer::test_tokenizer::test_tokenizer_comment_3' panicked at src/tokenizer/tests/test_tokenizer.rs:434:9:
[INFO] [stdout] assertion `left == right` failed
[INFO] [stdout]   left: "Token ( BOF )\nStream {\n    Token ( None )\n    Token ( SingleLineCommentClose )\n}\nStream {\n    Token ( None )\n    Token ( SingleLineCommentClose )\n}\nStream {\n    Token ( None )\n    Token ( SingleLineCommentClose )\n}\nStream {\n    Token ( None )\n    Token ( SingleLineCommentClose )\n}\nToken ( EOF )\n"
[INFO] [stdout]  right: "Token ( BOF )\nStream {\n    Token ( SingleLineCommentOpen )\n    Token ( None )\n    Token ( SingleLineCommentClose )\n}\nStream {\n    Token ( SingleLineCommentOpen )\n    Token ( None )\n    Token ( SingleLineCommentClose )\n}\nStream {\n    Token ( SingleLineCommentOpen )\n    Token ( None )\n    Token ( SingleLineCommentClose )\n}\nStream {\n    Token ( SingleLineCommentOpen )\n    Token ( None )\n    Token ( SingleLineCommentClose )\n}\nToken ( EOF )\n"
[INFO] [stdout] stack backtrace:
[INFO] [stdout]    0:     0x619e6ae657aa - std::backtrace_rs::backtrace::libunwind::trace::h8810477743020387
[INFO] [stdout]                                at /rustc/202008a1b8de96d2e5b6bc02d379db03a877d34d/library/std/src/../../backtrace/src/backtrace/libunwind.rs:116:5
[INFO] [stdout]    1:     0x619e6ae657aa - std::backtrace_rs::backtrace::trace_unsynchronized::h3aa55355dd6c54a6
[INFO] [stdout]                                at /rustc/202008a1b8de96d2e5b6bc02d379db03a877d34d/library/std/src/../../backtrace/src/backtrace/mod.rs:66:5
[INFO] [stdout]    2:     0x619e6ae657aa - std::sys::backtrace::_print_fmt::h8588b0f62410823f
[INFO] [stdout]                                at /rustc/202008a1b8de96d2e5b6bc02d379db03a877d34d/library/std/src/sys/backtrace.rs:66:9
[INFO] [stdout]    3:     0x619e6ae657aa - <std::sys::backtrace::BacktraceLock::print::DisplayBacktrace as core::fmt::Display>::fmt::h98c26ac25ffe89bb
[INFO] [stdout]                                at /rustc/202008a1b8de96d2e5b6bc02d379db03a877d34d/library/std/src/sys/backtrace.rs:39:26
[INFO] [stdout]    4:     0x619e6ae8b2e3 - core::fmt::rt::Argument::fmt::hf95377f4aebd453b
[INFO] [stdout]                                at /rustc/202008a1b8de96d2e5b6bc02d379db03a877d34d/library/core/src/fmt/rt.rs:177:76
[INFO] [stdout]    5:     0x619e6ae8b2e3 - core::fmt::write::h0dd5f6e2238c7982
[INFO] [stdout]                                at /rustc/202008a1b8de96d2e5b6bc02d379db03a877d34d/library/core/src/fmt/mod.rs:1189:21
[INFO] [stdout]    6:     0x619e6ae62943 - std::io::Write::write_fmt::h03bb0ca26e6faf8c
[INFO] [stdout]                                at /rustc/202008a1b8de96d2e5b6bc02d379db03a877d34d/library/std/src/io/mod.rs:1884:15
[INFO] [stdout]    7:     0x619e6ae655f2 - std::sys::backtrace::BacktraceLock::print::h5c19c1c038ee186d
[INFO] [stdout]                                at /rustc/202008a1b8de96d2e5b6bc02d379db03a877d34d/library/std/src/sys/backtrace.rs:42:9
[INFO] [stdout]    8:     0x619e6ae66c2d - std::panicking::default_hook::{{closure}}::h77172f079a1fcb13
[INFO] [stdout]                                at /rustc/202008a1b8de96d2e5b6bc02d379db03a877d34d/library/std/src/panicking.rs:268:22
[INFO] [stdout]    9:     0x619e6ae66a37 - std::panicking::default_hook::he5f8e3b203ccddba
[INFO] [stdout]                                at /rustc/202008a1b8de96d2e5b6bc02d379db03a877d34d/library/std/src/panicking.rs:292:9
[INFO] [stdout]   10:     0x619e6acfeb17 - <alloc::boxed::Box<F,A> as core::ops::function::Fn<Args>>::call::h7a3c7b4a1ae77f2f
[INFO] [stdout]                                at /rustc/202008a1b8de96d2e5b6bc02d379db03a877d34d/library/alloc/src/boxed.rs:1986:9
[INFO] [stdout]   11:     0x619e6acfeb17 - test::test_main::{{closure}}::hf0d3b69ae9b353d1
[INFO] [stdout]                                at /rustc/202008a1b8de96d2e5b6bc02d379db03a877d34d/library/test/src/lib.rs:134:21
[INFO] [stdout]   12:     0x619e6ae672d8 - <alloc::boxed::Box<F,A> as core::ops::function::Fn<Args>>::call::h6332e82e7b189abd
[INFO] [stdout]                                at /rustc/202008a1b8de96d2e5b6bc02d379db03a877d34d/library/alloc/src/boxed.rs:1986:9
[INFO] [stdout]   13:     0x619e6ae672d8 - std::panicking::rust_panic_with_hook::h53863d4e9018df39
[INFO] [stdout]                                at /rustc/202008a1b8de96d2e5b6bc02d379db03a877d34d/library/std/src/panicking.rs:809:13
[INFO] [stdout]   14:     0x619e6ae6709a - std::panicking::begin_panic_handler::{{closure}}::h67280e6fa0757873
[INFO] [stdout]                                at /rustc/202008a1b8de96d2e5b6bc02d379db03a877d34d/library/std/src/panicking.rs:674:13
[INFO] [stdout]   15:     0x619e6ae65c89 - std::sys::backtrace::__rust_end_short_backtrace::h1dac3f54d6fbbeb2
[INFO] [stdout]                                at /rustc/202008a1b8de96d2e5b6bc02d379db03a877d34d/library/std/src/sys/backtrace.rs:170:18
[INFO] [stdout]   16:     0x619e6ae66d2c - rust_begin_unwind
[INFO] [stdout]                                at /rustc/202008a1b8de96d2e5b6bc02d379db03a877d34d/library/std/src/panicking.rs:665:5
[INFO] [stdout]   17:     0x619e6acb0120 - core::panicking::panic_fmt::h6792bd1b2bf01041
[INFO] [stdout]                                at /rustc/202008a1b8de96d2e5b6bc02d379db03a877d34d/library/core/src/panicking.rs:76:14
[INFO] [stdout]   18:     0x619e6acb0524 - core::panicking::assert_failed_inner::hf2c17e6d30928787
[INFO] [stdout]   19:     0x619e6acb2afb - core::panicking::assert_failed::hd01031ebe0783511
[INFO] [stdout]                                at /rustc/202008a1b8de96d2e5b6bc02d379db03a877d34d/library/core/src/panicking.rs:373:5
[INFO] [stdout]   20:     0x619e6acb8bc0 - fscriptv01::tokenizer::tests::test_tokenizer::test_tokenizer::test_tokenizer_comment_3::h7143787d3bcfac3f
[INFO] [stdout]                                at /opt/rustwide/workdir/src/tokenizer/tests/test_tokenizer.rs:434:9
[INFO] [stdout]   21:     0x619e6acb88f7 - fscriptv01::tokenizer::tests::test_tokenizer::test_tokenizer::test_tokenizer_comment_3::{{closure}}::h67c6fdefa71526bb
[INFO] [stdout]                                at /opt/rustwide/workdir/src/tokenizer/tests/test_tokenizer.rs:424:35
[INFO] [stdout]   22:     0x619e6acb1246 - core::ops::function::FnOnce::call_once::h2ca7683e38c35979
[INFO] [stdout]                                at /rustc/202008a1b8de96d2e5b6bc02d379db03a877d34d/library/core/src/ops/function.rs:250:5
[INFO] [stdout]   23:     0x619e6ad0363b - core::ops::function::FnOnce::call_once::h871bf86719ec9aa4
[INFO] [stdout]                                at /rustc/202008a1b8de96d2e5b6bc02d379db03a877d34d/library/core/src/ops/function.rs:250:5
[INFO] [stdout]   24:     0x619e6ad0363b - test::__rust_begin_short_backtrace::h2167df1e2b7d76fd
[INFO] [stdout]                                at /rustc/202008a1b8de96d2e5b6bc02d379db03a877d34d/library/test/src/lib.rs:632:18
[INFO] [stdout]   25:     0x619e6ad03028 - test::run_test_in_process::{{closure}}::h15d92f75a3adfb79
[INFO] [stdout]                                at /rustc/202008a1b8de96d2e5b6bc02d379db03a877d34d/library/test/src/lib.rs:655:60
[INFO] [stdout]   26:     0x619e6ad03028 - <core::panic::unwind_safe::AssertUnwindSafe<F> as core::ops::function::FnOnce<()>>::call_once::hb6c8955835a8dbbb
[INFO] [stdout]                                at /rustc/202008a1b8de96d2e5b6bc02d379db03a877d34d/library/core/src/panic/unwind_safe.rs:272:9
[INFO] [stdout]   27:     0x619e6ad03028 - std::panicking::try::do_call::hc79d0fc888a0bd30
[INFO] [stdout]                                at /rustc/202008a1b8de96d2e5b6bc02d379db03a877d34d/library/std/src/panicking.rs:557:40
[INFO] [stdout]   28:     0x619e6ad03028 - std::panicking::try::hb8a7878e3a8589d6
[INFO] [stdout]                                at /rustc/202008a1b8de96d2e5b6bc02d379db03a877d34d/library/std/src/panicking.rs:520:19
[INFO] [stdout]   29:     0x619e6ad03028 - std::panic::catch_unwind::hb8e4600ff0ff5cfa
[INFO] [stdout]                                at /rustc/202008a1b8de96d2e5b6bc02d379db03a877d34d/library/std/src/panic.rs:358:14
[INFO] [stdout]   30:     0x619e6ad03028 - test::run_test_in_process::hc2900b0b18688dd6
[INFO] [stdout]                                at /rustc/202008a1b8de96d2e5b6bc02d379db03a877d34d/library/test/src/lib.rs:655:27
[INFO] [stdout]   31:     0x619e6ad03028 - test::run_test::{{closure}}::hac2a9cb07be3d48d
[INFO] [stdout]                                at /rustc/202008a1b8de96d2e5b6bc02d379db03a877d34d/library/test/src/lib.rs:576:43
[INFO] [stdout]   32:     0x619e6acc6aca - test::run_test::{{closure}}::h4a5b729e66a38cd8
[INFO] [stdout]                                at /rustc/202008a1b8de96d2e5b6bc02d379db03a877d34d/library/test/src/lib.rs:606:41
[INFO] [stdout]   33:     0x619e6acc6aca - std::sys::backtrace::__rust_begin_short_backtrace::h0496fb742492f573
[INFO] [stdout]                                at /rustc/202008a1b8de96d2e5b6bc02d379db03a877d34d/library/std/src/sys/backtrace.rs:154:18
[INFO] [stdout]   34:     0x619e6acca444 - std::thread::Builder::spawn_unchecked_::{{closure}}::{{closure}}::hbb6d257c550a54bd
[INFO] [stdout]                                at /rustc/202008a1b8de96d2e5b6bc02d379db03a877d34d/library/std/src/thread/mod.rs:561:17
[INFO] [stdout]   35:     0x619e6acca444 - <core::panic::unwind_safe::AssertUnwindSafe<F> as core::ops::function::FnOnce<()>>::call_once::h46696fe4a6832328
[INFO] [stdout]                                at /rustc/202008a1b8de96d2e5b6bc02d379db03a877d34d/library/core/src/panic/unwind_safe.rs:272:9
[INFO] [stdout]   36:     0x619e6acca444 - std::panicking::try::do_call::h2625a51b667bfb64
[INFO] [stdout]                                at /rustc/202008a1b8de96d2e5b6bc02d379db03a877d34d/library/std/src/panicking.rs:557:40
[INFO] [stdout]   37:     0x619e6acca444 - std::panicking::try::hb956a59a1973aa4c
[INFO] [stdout]                                at /rustc/202008a1b8de96d2e5b6bc02d379db03a877d34d/library/std/src/panicking.rs:520:19
[INFO] [stdout]   38:     0x619e6acca444 - std::panic::catch_unwind::h64f3b9d1067ef6a0
[INFO] [stdout]                                at /rustc/202008a1b8de96d2e5b6bc02d379db03a877d34d/library/std/src/panic.rs:358:14
[INFO] [stdout]   39:     0x619e6acca444 - std::thread::Builder::spawn_unchecked_::{{closure}}::h42b2841295b6c0b2
[INFO] [stdout]                                at /rustc/202008a1b8de96d2e5b6bc02d379db03a877d34d/library/std/src/thread/mod.rs:559:30
[INFO] [stdout]   40:     0x619e6acca444 - core::ops::function::FnOnce::call_once{{vtable.shim}}::h6127de71b8124639
[INFO] [stdout]                                at /rustc/202008a1b8de96d2e5b6bc02d379db03a877d34d/library/core/src/ops/function.rs:250:5
[INFO] [stdout]   41:     0x619e6ae6b21b - <alloc::boxed::Box<F,A> as core::ops::function::FnOnce<Args>>::call_once::h42f0ba71002a1b2c
[INFO] [stdout]                                at /rustc/202008a1b8de96d2e5b6bc02d379db03a877d34d/library/alloc/src/boxed.rs:1972:9
[INFO] [stdout]   42:     0x619e6ae6b21b - <alloc::boxed::Box<F,A> as core::ops::function::FnOnce<Args>>::call_once::had9e47d7a3dcecb8
[INFO] [stdout]                                at /rustc/202008a1b8de96d2e5b6bc02d379db03a877d34d/library/alloc/src/boxed.rs:1972:9
[INFO] [stdout]   43:     0x619e6ae6b21b - std::sys::pal::unix::thread::Thread::new::thread_start::h48cf765408f6f5f2
[INFO] [stdout]                                at /rustc/202008a1b8de96d2e5b6bc02d379db03a877d34d/library/std/src/sys/pal/unix/thread.rs:105:17
[INFO] [stdout]   44:     0x79e92d34bac3 - <unknown>
[INFO] [stdout]   45:     0x79e92d3dca04 - clone
[INFO] [stdout]   46:                0x0 - <unknown>
[INFO] [stdout] 
[INFO] [stdout] ---- tokenizer::tests::test_tokenizer::test_tokenizer::test_tokenizer_comment_2 stdout ----
[INFO] [stdout] Token ( BOF )
[INFO] [stdout] Stream {
[INFO] [stdout]     Token ( None )
[INFO] [stdout]     Token ( SingleLineCommentClose )
[INFO] [stdout] }
[INFO] [stdout] Token ( EOF )
[INFO] [stdout] 
[INFO] [stdout] thread 'tokenizer::tests::test_tokenizer::test_tokenizer::test_tokenizer_comment_2' panicked at src/tokenizer/tests/test_tokenizer.rs:412:9:
[INFO] [stdout] assertion `left == right` failed
[INFO] [stdout]   left: "Token ( BOF )\nStream {\n    Token ( None )\n    Token ( SingleLineCommentClose )\n}\nToken ( EOF )\n"
[INFO] [stdout]  right: "Token ( BOF )\nStream {\n    Token ( SingleLineCommentOpen )\n    Token ( None )\n    Token ( SingleLineCommentClose )\n}\nToken ( EOF )\n"
[INFO] [stdout] stack backtrace:
[INFO] [stdout]    0:     0x619e6ae657aa - std::backtrace_rs::backtrace::libunwind::trace::h8810477743020387
[INFO] [stdout]                                at /rustc/202008a1b8de96d2e5b6bc02d379db03a877d34d/library/std/src/../../backtrace/src/backtrace/libunwind.rs:116:5
[INFO] [stdout]    1:     0x619e6ae657aa - std::backtrace_rs::backtrace::trace_unsynchronized::h3aa55355dd6c54a6
[INFO] [stdout]                                at /rustc/202008a1b8de96d2e5b6bc02d379db03a877d34d/library/std/src/../../backtrace/src/backtrace/mod.rs:66:5
[INFO] [stdout]    2:     0x619e6ae657aa - std::sys::backtrace::_print_fmt::h8588b0f62410823f
[INFO] [stdout]                                at /rustc/202008a1b8de96d2e5b6bc02d379db03a877d34d/library/std/src/sys/backtrace.rs:66:9
[INFO] [stdout]    3:     0x619e6ae657aa - <std::sys::backtrace::BacktraceLock::print::DisplayBacktrace as core::fmt::Display>::fmt::h98c26ac25ffe89bb
[INFO] [stdout]                                at /rustc/202008a1b8de96d2e5b6bc02d379db03a877d34d/library/std/src/sys/backtrace.rs:39:26
[INFO] [stdout]    4:     0x619e6ae8b2e3 - core::fmt::rt::Argument::fmt::hf95377f4aebd453b
[INFO] [stdout]                                at /rustc/202008a1b8de96d2e5b6bc02d379db03a877d34d/library/core/src/fmt/rt.rs:177:76
[INFO] [stdout]    5:     0x619e6ae8b2e3 - core::fmt::write::h0dd5f6e2238c7982
[INFO] [stdout]                                at /rustc/202008a1b8de96d2e5b6bc02d379db03a877d34d/library/core/src/fmt/mod.rs:1189:21
[INFO] [stdout]    6:     0x619e6ae62943 - std::io::Write::write_fmt::h03bb0ca26e6faf8c
[INFO] [stdout]                                at /rustc/202008a1b8de96d2e5b6bc02d379db03a877d34d/library/std/src/io/mod.rs:1884:15
[INFO] [stdout]    7:     0x619e6ae655f2 - std::sys::backtrace::BacktraceLock::print::h5c19c1c038ee186d
[INFO] [stdout]                                at /rustc/202008a1b8de96d2e5b6bc02d379db03a877d34d/library/std/src/sys/backtrace.rs:42:9
[INFO] [stdout]    8:     0x619e6ae66c2d - std::panicking::default_hook::{{closure}}::h77172f079a1fcb13
[INFO] [stdout]                                at /rustc/202008a1b8de96d2e5b6bc02d379db03a877d34d/library/std/src/panicking.rs:268:22
[INFO] [stdout]    9:     0x619e6ae66a37 - std::panicking::default_hook::he5f8e3b203ccddba
[INFO] [stdout]                                at /rustc/202008a1b8de96d2e5b6bc02d379db03a877d34d/library/std/src/panicking.rs:292:9
[INFO] [stdout]   10:     0x619e6acfeb17 - <alloc::boxed::Box<F,A> as core::ops::function::Fn<Args>>::call::h7a3c7b4a1ae77f2f
[INFO] [stdout]                                at /rustc/202008a1b8de96d2e5b6bc02d379db03a877d34d/library/alloc/src/boxed.rs:1986:9
[INFO] [stdout]   11:     0x619e6acfeb17 - test::test_main::{{closure}}::hf0d3b69ae9b353d1
[INFO] [stdout]                                at /rustc/202008a1b8de96d2e5b6bc02d379db03a877d34d/library/test/src/lib.rs:134:21
[INFO] [stdout]   12:     0x619e6ae672d8 - <alloc::boxed::Box<F,A> as core::ops::function::Fn<Args>>::call::h6332e82e7b189abd
[INFO] [stdout]                                at /rustc/202008a1b8de96d2e5b6bc02d379db03a877d34d/library/alloc/src/boxed.rs:1986:9
[INFO] [stdout]   13:     0x619e6ae672d8 - std::panicking::rust_panic_with_hook::h53863d4e9018df39
[INFO] [stdout]                                at /rustc/202008a1b8de96d2e5b6bc02d379db03a877d34d/library/std/src/panicking.rs:809:13
[INFO] [stdout]   14:     0x619e6ae6709a - std::panicking::begin_panic_handler::{{closure}}::h67280e6fa0757873
[INFO] [stdout]                                at /rustc/202008a1b8de96d2e5b6bc02d379db03a877d34d/library/std/src/panicking.rs:674:13
[INFO] [stdout]   15:     0x619e6ae65c89 - std::sys::backtrace::__rust_end_short_backtrace::h1dac3f54d6fbbeb2
[INFO] [stdout]                                at /rustc/202008a1b8de96d2e5b6bc02d379db03a877d34d/library/std/src/sys/backtrace.rs:170:18
[INFO] [stdout]   16:     0x619e6ae66d2c - rust_begin_unwind
[INFO] [stdout]                                at /rustc/202008a1b8de96d2e5b6bc02d379db03a877d34d/library/std/src/panicking.rs:665:5
[INFO] [stdout]   17:     0x619e6acb0120 - core::panicking::panic_fmt::h6792bd1b2bf01041
[INFO] [stdout]                                at /rustc/202008a1b8de96d2e5b6bc02d379db03a877d34d/library/core/src/panicking.rs:76:14
[INFO] [stdout]   18:     0x619e6acb0524 - core::panicking::assert_failed_inner::hf2c17e6d30928787
[INFO] [stdout]   19:     0x619e6acb2afb - core::panicking::assert_failed::hd01031ebe0783511
[INFO] [stdout]                                at /rustc/202008a1b8de96d2e5b6bc02d379db03a877d34d/library/core/src/panicking.rs:373:5
[INFO] [stdout]   20:     0x619e6acb88a0 - fscriptv01::tokenizer::tests::test_tokenizer::test_tokenizer::test_tokenizer_comment_2::hfcd19eea859fa87e
[INFO] [stdout]                                at /opt/rustwide/workdir/src/tokenizer/tests/test_tokenizer.rs:412:9
[INFO] [stdout]   21:     0x619e6acb85d7 - fscriptv01::tokenizer::tests::test_tokenizer::test_tokenizer::test_tokenizer_comment_2::{{closure}}::h9322df582aa81c97
[INFO] [stdout]                                at /opt/rustwide/workdir/src/tokenizer/tests/test_tokenizer.rs:402:35
[INFO] [stdout]   22:     0x619e6acb1286 - core::ops::function::FnOnce::call_once::h3a860815801f4efc
[INFO] [stdout]                                at /rustc/202008a1b8de96d2e5b6bc02d379db03a877d34d/library/core/src/ops/function.rs:250:5
[INFO] [stdout]   23:     0x619e6ad0363b - core::ops::function::FnOnce::call_once::h871bf86719ec9aa4
[INFO] [stdout]                                at /rustc/202008a1b8de96d2e5b6bc02d379db03a877d34d/library/core/src/ops/function.rs:250:5
[INFO] [stdout]   24:     0x619e6ad0363b - test::__rust_begin_short_backtrace::h2167df1e2b7d76fd
[INFO] [stdout]                                at /rustc/202008a1b8de96d2e5b6bc02d379db03a877d34d/library/test/src/lib.rs:632:18
[INFO] [stdout]   25:     0x619e6ad03028 - test::run_test_in_process::{{closure}}::h15d92f75a3adfb79
[INFO] [stdout]                                at /rustc/202008a1b8de96d2e5b6bc02d379db03a877d34d/library/test/src/lib.rs:655:60
[INFO] [stdout]   26:     0x619e6ad03028 - <core::panic::unwind_safe::AssertUnwindSafe<F> as core::ops::function::FnOnce<()>>::call_once::hb6c8955835a8dbbb
[INFO] [stdout]                                at /rustc/202008a1b8de96d2e5b6bc02d379db03a877d34d/library/core/src/panic/unwind_safe.rs:272:9
[INFO] [stdout]   27:     0x619e6ad03028 - std::panicking::try::do_call::hc79d0fc888a0bd30
[INFO] [stdout]                                at /rustc/202008a1b8de96d2e5b6bc02d379db03a877d34d/library/std/src/panicking.rs:557:40
[INFO] [stdout]   28:     0x619e6ad03028 - std::panicking::try::hb8a7878e3a8589d6
[INFO] [stdout]                                at /rustc/202008a1b8de96d2e5b6bc02d379db03a877d34d/library/std/src/panicking.rs:520:19
[INFO] [stdout]   29:     0x619e6ad03028 - std::panic::catch_unwind::hb8e4600ff0ff5cfa
[INFO] [stdout]                                at /rustc/202008a1b8de96d2e5b6bc02d379db03a877d34d/library/std/src/panic.rs:358:14
[INFO] [stdout]   30:     0x619e6ad03028 - test::run_test_in_process::hc2900b0b18688dd6
[INFO] [stdout]                                at /rustc/202008a1b8de96d2e5b6bc02d379db03a877d34d/library/test/src/lib.rs:655:27
[INFO] [stdout]   31:     0x619e6ad03028 - test::run_test::{{closure}}::hac2a9cb07be3d48d
[INFO] [stdout]                                at /rustc/202008a1b8de96d2e5b6bc02d379db03a877d34d/library/test/src/lib.rs:576:43
[INFO] [stdout]   32:     0x619e6acc6aca - test::run_test::{{closure}}::h4a5b729e66a38cd8
[INFO] [stdout]                                at /rustc/202008a1b8de96d2e5b6bc02d379db03a877d34d/library/test/src/lib.rs:606:41
[INFO] [stdout]   33:     0x619e6acc6aca - std::sys::backtrace::__rust_begin_short_backtrace::h0496fb742492f573
[INFO] [stdout]                                at /rustc/202008a1b8de96d2e5b6bc02d379db03a877d34d/library/std/src/sys/backtrace.rs:154:18
[INFO] [stdout]   34:     0x619e6acca444 - std::thread::Builder::spawn_unchecked_::{{closure}}::{{closure}}::hbb6d257c550a54bd
[INFO] [stdout]                                at /rustc/202008a1b8de96d2e5b6bc02d379db03a877d34d/library/std/src/thread/mod.rs:561:17
[INFO] [stdout]   35:     0x619e6acca444 - <core::panic::unwind_safe::AssertUnwindSafe<F> as core::ops::function::FnOnce<()>>::call_once::h46696fe4a6832328
[INFO] [stdout]                                at /rustc/202008a1b8de96d2e5b6bc02d379db03a877d34d/library/core/src/panic/unwind_safe.rs:272:9
[INFO] [stdout]   36:     0x619e6acca444 - std::panicking::try::do_call::h2625a51b667bfb64
[INFO] [stdout]                                at /rustc/202008a1b8de96d2e5b6bc02d379db03a877d34d/library/std/src/panicking.rs:557:40
[INFO] [stdout]   37:     0x619e6acca444 - std::panicking::try::hb956a59a1973aa4c
[INFO] [stdout]                                at /rustc/202008a1b8de96d2e5b6bc02d379db03a877d34d/library/std/src/panicking.rs:520:19
[INFO] [stdout]   38:     0x619e6acca444 - std::panic::catch_unwind::h64f3b9d1067ef6a0
[INFO] [stdout]                                at /rustc/202008a1b8de96d2e5b6bc02d379db03a877d34d/library/std/src/panic.rs:358:14
[INFO] [stdout]   39:     0x619e6acca444 - std::thread::Builder::spawn_unchecked_::{{closure}}::h42b2841295b6c0b2
[INFO] [stdout]                                at /rustc/202008a1b8de96d2e5b6bc02d379db03a877d34d/library/std/src/thread/mod.rs:559:30
[INFO] [stdout]   40:     0x619e6acca444 - core::ops::function::FnOnce::call_once{{vtable.shim}}::h6127de71b8124639
[INFO] [stdout]                                at /rustc/202008a1b8de96d2e5b6bc02d379db03a877d34d/library/core/src/ops/function.rs:250:5
[INFO] [stdout]   41:     0x619e6ae6b21b - <alloc::boxed::Box<F,A> as core::ops::function::FnOnce<Args>>::call_once::h42f0ba71002a1b2c
[INFO] [stdout]                                at /rustc/202008a1b8de96d2e5b6bc02d379db03a877d34d/library/alloc/src/boxed.rs:1972:9
[INFO] [stdout]   42:     0x619e6ae6b21b - <alloc::boxed::Box<F,A> as core::ops::function::FnOnce<Args>>::call_once::had9e47d7a3dcecb8
[INFO] [stdout]                                at /rustc/202008a1b8de96d2e5b6bc02d379db03a877d34d/library/alloc/src/boxed.rs:1972:9
[INFO] [stdout]   43:     0x619e6ae6b21b - std::sys::pal::unix::thread::Thread::new::thread_start::h48cf765408f6f5f2
[INFO] [stdout]                                at /rustc/202008a1b8de96d2e5b6bc02d379db03a877d34d/library/std/src/sys/pal/unix/thread.rs:105:17
[INFO] [stdout]   44:     0x79e92d34bac3 - <unknown>
[INFO] [stdout]   45:     0x79e92d3dca04 - clone
[INFO] [stdout]   46:                0x0 - <unknown>
[INFO] [stdout] 
[INFO] [stdout] ---- tokenizer::tests::test_tokenizer::test_tokenizer::test_tokenizer_comment stdout ----
[INFO] [stdout] Token ( BOF )
[INFO] [stdout] Stream {
[INFO] [stdout]     Token ( None )
[INFO] [stdout]     Token ( MultiLineCommentClose )
[INFO] [stdout] }
[INFO] [stdout] Token ( EOF )
[INFO] [stdout] 
[INFO] [stdout] thread 'tokenizer::tests::test_tokenizer::test_tokenizer::test_tokenizer_comment' panicked at src/tokenizer/tests/test_tokenizer.rs:390:9:
[INFO] [stdout] assertion `left == right` failed
[INFO] [stdout]   left: "Token ( BOF )\nStream {\n    Token ( None )\n    Token ( MultiLineCommentClose )\n}\nToken ( EOF )\n"
[INFO] [stdout]  right: "Token ( BOF )\nStream {\n    Token ( MultiLineCommentOpen )\n    Token ( None )\n    Token ( MultiLineCommentClose )\n}\nToken ( EOF )\n"
[INFO] [stdout] stack backtrace:
[INFO] [stdout]    0:     0x619e6ae657aa - std::backtrace_rs::backtrace::libunwind::trace::h8810477743020387
[INFO] [stdout]                                at /rustc/202008a1b8de96d2e5b6bc02d379db03a877d34d/library/std/src/../../backtrace/src/backtrace/libunwind.rs:116:5
[INFO] [stdout]    1:     0x619e6ae657aa - std::backtrace_rs::backtrace::trace_unsynchronized::h3aa55355dd6c54a6
[INFO] [stdout]                                at /rustc/202008a1b8de96d2e5b6bc02d379db03a877d34d/library/std/src/../../backtrace/src/backtrace/mod.rs:66:5
[INFO] [stdout]    2:     0x619e6ae657aa - std::sys::backtrace::_print_fmt::h8588b0f62410823f
[INFO] [stdout]                                at /rustc/202008a1b8de96d2e5b6bc02d379db03a877d34d/library/std/src/sys/backtrace.rs:66:9
[INFO] [stdout]    3:     0x619e6ae657aa - <std::sys::backtrace::BacktraceLock::print::DisplayBacktrace as core::fmt::Display>::fmt::h98c26ac25ffe89bb
[INFO] [stdout]                                at /rustc/202008a1b8de96d2e5b6bc02d379db03a877d34d/library/std/src/sys/backtrace.rs:39:26
[INFO] [stdout]    4:     0x619e6ae8b2e3 - core::fmt::rt::Argument::fmt::hf95377f4aebd453b
[INFO] [stdout]                                at /rustc/202008a1b8de96d2e5b6bc02d379db03a877d34d/library/core/src/fmt/rt.rs:177:76
[INFO] [stdout]    5:     0x619e6ae8b2e3 - core::fmt::write::h0dd5f6e2238c7982
[INFO] [stdout]                                at /rustc/202008a1b8de96d2e5b6bc02d379db03a877d34d/library/core/src/fmt/mod.rs:1189:21
[INFO] [stdout]    6:     0x619e6ae62943 - std::io::Write::write_fmt::h03bb0ca26e6faf8c
[INFO] [stdout]                                at /rustc/202008a1b8de96d2e5b6bc02d379db03a877d34d/library/std/src/io/mod.rs:1884:15
[INFO] [stdout]    7:     0x619e6ae655f2 - std::sys::backtrace::BacktraceLock::print::h5c19c1c038ee186d
[INFO] [stdout]                                at /rustc/202008a1b8de96d2e5b6bc02d379db03a877d34d/library/std/src/sys/backtrace.rs:42:9
[INFO] [stdout]    8:     0x619e6ae66c2d - std::panicking::default_hook::{{closure}}::h77172f079a1fcb13
[INFO] [stdout]                                at /rustc/202008a1b8de96d2e5b6bc02d379db03a877d34d/library/std/src/panicking.rs:268:22
[INFO] [stdout]    9:     0x619e6ae66a37 - std::panicking::default_hook::he5f8e3b203ccddba
[INFO] [stdout]                                at /rustc/202008a1b8de96d2e5b6bc02d379db03a877d34d/library/std/src/panicking.rs:292:9
[INFO] [stdout]   10:     0x619e6acfeb17 - <alloc::boxed::Box<F,A> as core::ops::function::Fn<Args>>::call::h7a3c7b4a1ae77f2f
[INFO] [stdout]                                at /rustc/202008a1b8de96d2e5b6bc02d379db03a877d34d/library/alloc/src/boxed.rs:1986:9
[INFO] [stdout]   11:     0x619e6acfeb17 - test::test_main::{{closure}}::hf0d3b69ae9b353d1
[INFO] [stdout]                                at /rustc/202008a1b8de96d2e5b6bc02d379db03a877d34d/library/test/src/lib.rs:134:21
[INFO] [stdout]   12:     0x619e6ae672d8 - <alloc::boxed::Box<F,A> as core::ops::function::Fn<Args>>::call::h6332e82e7b189abd
[INFO] [stdout]                                at /rustc/202008a1b8de96d2e5b6bc02d379db03a877d34d/library/alloc/src/boxed.rs:1986:9
[INFO] [stdout]   13:     0x619e6ae672d8 - std::panicking::rust_panic_with_hook::h53863d4e9018df39
[INFO] [stdout]                                at /rustc/202008a1b8de96d2e5b6bc02d379db03a877d34d/library/std/src/panicking.rs:809:13
[INFO] [stdout]   14:     0x619e6ae6709a - std::panicking::begin_panic_handler::{{closure}}::h67280e6fa0757873
[INFO] [stdout]                                at /rustc/202008a1b8de96d2e5b6bc02d379db03a877d34d/library/std/src/panicking.rs:674:13
[INFO] [stdout]   15:     0x619e6ae65c89 - std::sys::backtrace::__rust_end_short_backtrace::h1dac3f54d6fbbeb2
[INFO] [stdout]                                at /rustc/202008a1b8de96d2e5b6bc02d379db03a877d34d/library/std/src/sys/backtrace.rs:170:18
[INFO] [stdout]   16:     0x619e6ae66d2c - rust_begin_unwind
[INFO] [stdout]                                at /rustc/202008a1b8de96d2e5b6bc02d379db03a877d34d/library/std/src/panicking.rs:665:5
[INFO] [stdout]   17:     0x619e6acb0120 - core::panicking::panic_fmt::h6792bd1b2bf01041
[INFO] [stdout]                                at /rustc/202008a1b8de96d2e5b6bc02d379db03a877d34d/library/core/src/panicking.rs:76:14
[INFO] [stdout]   18:     0x619e6acb0524 - core::panicking::assert_failed_inner::hf2c17e6d30928787
[INFO] [stdout]   19:     0x619e6acb2afb - core::panicking::assert_failed::hd01031ebe0783511
[INFO] [stdout]                                at /rustc/202008a1b8de96d2e5b6bc02d379db03a877d34d/library/core/src/panicking.rs:373:5
[INFO] [stdout]   20:     0x619e6acb8580 - fscriptv01::tokenizer::tests::test_tokenizer::test_tokenizer::test_tokenizer_comment::hbb5f854bd47bc9b2
[INFO] [stdout]                                at /opt/rustwide/workdir/src/tokenizer/tests/test_tokenizer.rs:390:9
[INFO] [stdout]   21:     0x619e6acb82b7 - fscriptv01::tokenizer::tests::test_tokenizer::test_tokenizer::test_tokenizer_comment::{{closure}}::h18af2ba048a1e0af
[INFO] [stdout]                                at /opt/rustwide/workdir/src/tokenizer/tests/test_tokenizer.rs:380:33
[INFO] [stdout]   22:     0x619e6acb1696 - core::ops::function::FnOnce::call_once::ha9f62f6d497afe6a
[INFO] [stdout]                                at /rustc/202008a1b8de96d2e5b6bc02d379db03a877d34d/library/core/src/ops/function.rs:250:5
[INFO] [stdout]   23:     0x619e6ad0363b - core::ops::function::FnOnce::call_once::h871bf86719ec9aa4
[INFO] [stdout]                                at /rustc/202008a1b8de96d2e5b6bc02d379db03a877d34d/library/core/src/ops/function.rs:250:5
[INFO] [stdout]   24:     0x619e6ad0363b - test::__rust_begin_short_backtrace::h2167df1e2b7d76fd
[INFO] [stdout]                                at /rustc/202008a1b8de96d2e5b6bc02d379db03a877d34d/library/test/src/lib.rs:632:18
[INFO] [stdout]   25:     0x619e6ad03028 - test::run_test_in_process::{{closure}}::h15d92f75a3adfb79
[INFO] [stdout]                                at /rustc/202008a1b8de96d2e5b6bc02d379db03a877d34d/library/test/src/lib.rs:655:60
[INFO] [stdout]   26:     0x619e6ad03028 - <core::panic::unwind_safe::AssertUnwindSafe<F> as core::ops::function::FnOnce<()>>::call_once::hb6c8955835a8dbbb
[INFO] [stdout]                                at /rustc/202008a1b8de96d2e5b6bc02d379db03a877d34d/library/core/src/panic/unwind_safe.rs:272:9
[INFO] [stdout]   27:     0x619e6ad03028 - std::panicking::try::do_call::hc79d0fc888a0bd30
[INFO] [stdout]                                at /rustc/202008a1b8de96d2e5b6bc02d379db03a877d34d/library/std/src/panicking.rs:557:40
[INFO] [stdout]   28:     0x619e6ad03028 - std::panicking::try::hb8a7878e3a8589d6
[INFO] [stdout]                                at /rustc/202008a1b8de96d2e5b6bc02d379db03a877d34d/library/std/src/panicking.rs:520:19
[INFO] [stdout]   29:     0x619e6ad03028 - std::panic::catch_unwind::hb8e4600ff0ff5cfa
[INFO] [stdout]                                at /rustc/202008a1b8de96d2e5b6bc02d379db03a877d34d/library/std/src/panic.rs:358:14
[INFO] [stdout]   30:     0x619e6ad03028 - test::run_test_in_process::hc2900b0b18688dd6
[INFO] [stdout]                                at /rustc/202008a1b8de96d2e5b6bc02d379db03a877d34d/library/test/src/lib.rs:655:27
[INFO] [stdout]   31:     0x619e6ad03028 - test::run_test::{{closure}}::hac2a9cb07be3d48d
[INFO] [stdout]                                at /rustc/202008a1b8de96d2e5b6bc02d379db03a877d34d/library/test/src/lib.rs:576:43
[INFO] [stdout]   32:     0x619e6acc6aca - test::run_test::{{closure}}::h4a5b729e66a38cd8
[INFO] [stdout]                                at /rustc/202008a1b8de96d2e5b6bc02d379db03a877d34d/library/test/src/lib.rs:606:41
[INFO] [stdout]   33:     0x619e6acc6aca - std::sys::backtrace::__rust_begin_short_backtrace::h0496fb742492f573
[INFO] [stdout]                                at /rustc/202008a1b8de96d2e5b6bc02d379db03a877d34d/library/std/src/sys/backtrace.rs:154:18
[INFO] [stdout]   34:     0x619e6acca444 - std::thread::Builder::spawn_unchecked_::{{closure}}::{{closure}}::hbb6d257c550a54bd
[INFO] [stdout]                                at /rustc/202008a1b8de96d2e5b6bc02d379db03a877d34d/library/std/src/thread/mod.rs:561:17
[INFO] [stdout]   35:     0x619e6acca444 - <core::panic::unwind_safe::AssertUnwindSafe<F> as core::ops::function::FnOnce<()>>::call_once::h46696fe4a6832328
[INFO] [stdout]                                at /rustc/202008a1b8de96d2e5b6bc02d379db03a877d34d/library/core/src/panic/unwind_safe.rs:272:9
[INFO] [stdout]   36:     0x619e6acca444 - std::panicking::try::do_call::h2625a51b667bfb64
[INFO] [stdout]                                at /rustc/202008a1b8de96d2e5b6bc02d379db03a877d34d/library/std/src/panicking.rs:557:40
[INFO] [stdout]   37:     0x619e6acca444 - std::panicking::try::hb956a59a1973aa4c
[INFO] [stdout]                                at /rustc/202008a1b8de96d2e5b6bc02d379db03a877d34d/library/std/src/panicking.rs:520:19
[INFO] [stdout]   38:     0x619e6acca444 - std::panic::catch_unwind::h64f3b9d1067ef6a0
[INFO] [stdout]                                at /rustc/202008a1b8de96d2e5b6bc02d379db03a877d34d/library/std/src/panic.rs:358:14
[INFO] [stdout]   39:     0x619e6acca444 - std::thread::Builder::spawn_unchecked_::{{closure}}::h42b2841295b6c0b2
[INFO] [stdout]                                at /rustc/202008a1b8de96d2e5b6bc02d379db03a877d34d/library/std/src/thread/mod.rs:559:30
[INFO] [stdout]   40:     0x619e6acca444 - core::ops::function::FnOnce::call_once{{vtable.shim}}::h6127de71b8124639
[INFO] [stdout]                                at /rustc/202008a1b8de96d2e5b6bc02d379db03a877d34d/library/core/src/ops/function.rs:250:5
[INFO] [stdout]   41:     0x619e6ae6b21b - <alloc::boxed::Box<F,A> as core::ops::function::FnOnce<Args>>::call_once::h42f0ba71002a1b2c
[INFO] [stdout]                                at /rustc/202008a1b8de96d2e5b6bc02d379db03a877d34d/library/alloc/src/boxed.rs:1972:9
[INFO] [stdout]   42:     0x619e6ae6b21b - <alloc::boxed::Box<F,A> as core::ops::function::FnOnce<Args>>::call_once::had9e47d7a3dcecb8
[INFO] [stdout]                                at /rustc/202008a1b8de96d2e5b6bc02d379db03a877d34d/library/alloc/src/boxed.rs:1972:9
[INFO] [stdout]   43:     0x619e6ae6b21b - std::sys::pal::unix::thread::Thread::new::thread_start::h48cf765408f6f5f2
[INFO] [stdout]                                at /rustc/202008a1b8de96d2e5b6bc02d379db03a877d34d/library/std/src/sys/pal/unix/thread.rs:105:17
[INFO] [stdout]   44:     0x79e92d34bac3 - <unknown>
[INFO] [stdout]   45:     0x79e92d3dca04 - clone
[INFO] [stdout]   46:                0x0 - <unknown>
[INFO] [stdout] 
[INFO] [stdout] ---- tokenizer::tests::test_tokenizer::test_tokenizer::test_tokenizer_comment_4 stdout ----
[INFO] [stdout] Token ( BOF )
[INFO] [stdout] Stream {
[INFO] [stdout]     Token ( None )
[INFO] [stdout]     Token ( MultiLineCommentClose )
[INFO] [stdout] }
[INFO] [stdout] Token ( EOF )
[INFO] [stdout] 
[INFO] [stdout] thread 'tokenizer::tests::test_tokenizer::test_tokenizer::test_tokenizer_comment_4' panicked at src/tokenizer/tests/test_tokenizer.rs:471:9:
[INFO] [stdout] assertion `left == right` failed
[INFO] [stdout]   left: "Token ( BOF )\nStream {\n    Token ( None )\n    Token ( MultiLineCommentClose )\n}\nToken ( EOF )\n"
[INFO] [stdout]  right: "Token ( BOF )\nStream {\n    Token ( MultiLineCommentOpen )\n    Token ( None )\n    Token ( MultiLineCommentClose )\n}\nToken ( EOF )\n"
[INFO] [stdout] stack backtrace:
[INFO] [stdout]    0:     0x619e6ae657aa - std::backtrace_rs::backtrace::libunwind::trace::h8810477743020387
[INFO] [stdout]                                at /rustc/202008a1b8de96d2e5b6bc02d379db03a877d34d/library/std/src/../../backtrace/src/backtrace/libunwind.rs:116:5
[INFO] [stdout]    1:     0x619e6ae657aa - std::backtrace_rs::backtrace::trace_unsynchronized::h3aa55355dd6c54a6
[INFO] [stdout]                                at /rustc/202008a1b8de96d2e5b6bc02d379db03a877d34d/library/std/src/../../backtrace/src/backtrace/mod.rs:66:5
[INFO] [stdout]    2:     0x619e6ae657aa - std::sys::backtrace::_print_fmt::h8588b0f62410823f
[INFO] [stdout]                                at /rustc/202008a1b8de96d2e5b6bc02d379db03a877d34d/library/std/src/sys/backtrace.rs:66:9
[INFO] [stdout]    3:     0x619e6ae657aa - <std::sys::backtrace::BacktraceLock::print::DisplayBacktrace as core::fmt::Display>::fmt::h98c26ac25ffe89bb
[INFO] [stdout]                                at /rustc/202008a1b8de96d2e5b6bc02d379db03a877d34d/library/std/src/sys/backtrace.rs:39:26
[INFO] [stdout]    4:     0x619e6ae8b2e3 - core::fmt::rt::Argument::fmt::hf95377f4aebd453b
[INFO] [stdout]                                at /rustc/202008a1b8de96d2e5b6bc02d379db03a877d34d/library/core/src/fmt/rt.rs:177:76
[INFO] [stdout]    5:     0x619e6ae8b2e3 - core::fmt::write::h0dd5f6e2238c7982
[INFO] [stdout]                                at /rustc/202008a1b8de96d2e5b6bc02d379db03a877d34d/library/core/src/fmt/mod.rs:1189:21
[INFO] [stdout]    6:     0x619e6ae62943 - std::io::Write::write_fmt::h03bb0ca26e6faf8c
[INFO] [stdout]                                at /rustc/202008a1b8de96d2e5b6bc02d379db03a877d34d/library/std/src/io/mod.rs:1884:15
[INFO] [stdout]    7:     0x619e6ae655f2 - std::sys::backtrace::BacktraceLock::print::h5c19c1c038ee186d
[INFO] [stdout]                                at /rustc/202008a1b8de96d2e5b6bc02d379db03a877d34d/library/std/src/sys/backtrace.rs:42:9
[INFO] [stdout]    8:     0x619e6ae66c2d - std::panicking::default_hook::{{closure}}::h77172f079a1fcb13
[INFO] [stdout]                                at /rustc/202008a1b8de96d2e5b6bc02d379db03a877d34d/library/std/src/panicking.rs:268:22
[INFO] [stdout]    9:     0x619e6ae66a37 - std::panicking::default_hook::he5f8e3b203ccddba
[INFO] [stdout]                                at /rustc/202008a1b8de96d2e5b6bc02d379db03a877d34d/library/std/src/panicking.rs:292:9
[INFO] [stdout]   10:     0x619e6acfeb17 - <alloc::boxed::Box<F,A> as core::ops::function::Fn<Args>>::call::h7a3c7b4a1ae77f2f
[INFO] [stdout]                                at /rustc/202008a1b8de96d2e5b6bc02d379db03a877d34d/library/alloc/src/boxed.rs:1986:9
[INFO] [stdout]   11:     0x619e6acfeb17 - test::test_main::{{closure}}::hf0d3b69ae9b353d1
[INFO] [stdout]                                at /rustc/202008a1b8de96d2e5b6bc02d379db03a877d34d/library/test/src/lib.rs:134:21
[INFO] [stdout]   12:     0x619e6ae672d8 - <alloc::boxed::Box<F,A> as core::ops::function::Fn<Args>>::call::h6332e82e7b189abd
[INFO] [stdout]                                at /rustc/202008a1b8de96d2e5b6bc02d379db03a877d34d/library/alloc/src/boxed.rs:1986:9
[INFO] [stdout]   13:     0x619e6ae672d8 - std::panicking::rust_panic_with_hook::h53863d4e9018df39
[INFO] [stdout]                                at /rustc/202008a1b8de96d2e5b6bc02d379db03a877d34d/library/std/src/panicking.rs:809:13
[INFO] [stdout]   14:     0x619e6ae6709a - std::panicking::begin_panic_handler::{{closure}}::h67280e6fa0757873
[INFO] [stdout]                                at /rustc/202008a1b8de96d2e5b6bc02d379db03a877d34d/library/std/src/panicking.rs:674:13
[INFO] [stdout]   15:     0x619e6ae65c89 - std::sys::backtrace::__rust_end_short_backtrace::h1dac3f54d6fbbeb2
[INFO] [stdout]                                at /rustc/202008a1b8de96d2e5b6bc02d379db03a877d34d/library/std/src/sys/backtrace.rs:170:18
[INFO] [stdout]   16:     0x619e6ae66d2c - rust_begin_unwind
[INFO] [stdout]                                at /rustc/202008a1b8de96d2e5b6bc02d379db03a877d34d/library/std/src/panicking.rs:665:5
[INFO] [stdout]   17:     0x619e6acb0120 - core::panicking::panic_fmt::h6792bd1b2bf01041
[INFO] [stdout]                                at /rustc/202008a1b8de96d2e5b6bc02d379db03a877d34d/library/core/src/panicking.rs:76:14
[INFO] [stdout]   18:     0x619e6acb0524 - core::panicking::assert_failed_inner::hf2c17e6d30928787
[INFO] [stdout]   19:     0x619e6acb2afb - core::panicking::assert_failed::hd01031ebe0783511
[INFO] [stdout]                                at /rustc/202008a1b8de96d2e5b6bc02d379db03a877d34d/library/core/src/panicking.rs:373:5
[INFO] [stdout]   20:     0x619e6acb8ee0 - fscriptv01::tokenizer::tests::test_tokenizer::test_tokenizer::test_tokenizer_comment_4::h09146e6e3de0b145
[INFO] [stdout]                                at /opt/rustwide/workdir/src/tokenizer/tests/test_tokenizer.rs:471:9
[INFO] [stdout]   21:     0x619e6acb8c17 - fscriptv01::tokenizer::tests::test_tokenizer::test_tokenizer::test_tokenizer_comment_4::{{closure}}::h8c4ecd22e12ab81b
[INFO] [stdout]                                at /opt/rustwide/workdir/src/tokenizer/tests/test_tokenizer.rs:461:35
[INFO] [stdout]   22:     0x619e6acb1446 - core::ops::function::FnOnce::call_once::h7bb639e21ea73cc6
[INFO] [stdout]                                at /rustc/202008a1b8de96d2e5b6bc02d379db03a877d34d/library/core/src/ops/function.rs:250:5
[INFO] [stdout]   23:     0x619e6ad0363b - core::ops::function::FnOnce::call_once::h871bf86719ec9aa4
[INFO] [stdout]                                at /rustc/202008a1b8de96d2e5b6bc02d379db03a877d34d/library/core/src/ops/function.rs:250:5
[INFO] [stdout]   24:     0x619e6ad0363b - test::__rust_begin_short_backtrace::h2167df1e2b7d76fd
[INFO] [stdout]                                at /rustc/202008a1b8de96d2e5b6bc02d379db03a877d34d/library/test/src/lib.rs:632:18
[INFO] [stdout]   25:     0x619e6ad03028 - test::run_test_in_process::{{closure}}::h15d92f75a3adfb79
[INFO] [stdout]                                at /rustc/202008a1b8de96d2e5b6bc02d379db03a877d34d/library/test/src/lib.rs:655:60
[INFO] [stdout]   26:     0x619e6ad03028 - <core::panic::unwind_safe::AssertUnwindSafe<F> as core::ops::function::FnOnce<()>>::call_once::hb6c8955835a8dbbb
[INFO] [stderr] error: test failed, to rerun pass `--bin fscriptv01`
[INFO] [stdout]                                at /rustc/202008a1b8de96d2e5b6bc02d379db03a877d34d/library/core/src/panic/unwind_safe.rs:272:9
[INFO] [stdout]   27:     0x619e6ad03028 - std::panicking::try::do_call::hc79d0fc888a0bd30
[INFO] [stdout]                                at /rustc/202008a1b8de96d2e5b6bc02d379db03a877d34d/library/std/src/panicking.rs:557:40
[INFO] [stdout]   28:     0x619e6ad03028 - std::panicking::try::hb8a7878e3a8589d6
[INFO] [stdout]                                at /rustc/202008a1b8de96d2e5b6bc02d379db03a877d34d/library/std/src/panicking.rs:520:19
[INFO] [stdout]   29:     0x619e6ad03028 - std::panic::catch_unwind::hb8e4600ff0ff5cfa
[INFO] [stdout]                                at /rustc/202008a1b8de96d2e5b6bc02d379db03a877d34d/library/std/src/panic.rs:358:14
[INFO] [stdout]   30:     0x619e6ad03028 - test::run_test_in_process::hc2900b0b18688dd6
[INFO] [stdout]                                at /rustc/202008a1b8de96d2e5b6bc02d379db03a877d34d/library/test/src/lib.rs:655:27
[INFO] [stdout]   31:     0x619e6ad03028 - test::run_test::{{closure}}::hac2a9cb07be3d48d
[INFO] [stdout]                                at /rustc/202008a1b8de96d2e5b6bc02d379db03a877d34d/library/test/src/lib.rs:576:43
[INFO] [stdout]   32:     0x619e6acc6aca - test::run_test::{{closure}}::h4a5b729e66a38cd8
[INFO] [stdout]                                at /rustc/202008a1b8de96d2e5b6bc02d379db03a877d34d/library/test/src/lib.rs:606:41
[INFO] [stdout]   33:     0x619e6acc6aca - std::sys::backtrace::__rust_begin_short_backtrace::h0496fb742492f573
[INFO] [stdout]                                at /rustc/202008a1b8de96d2e5b6bc02d379db03a877d34d/library/std/src/sys/backtrace.rs:154:18
[INFO] [stdout]   34:     0x619e6acca444 - std::thread::Builder::spawn_unchecked_::{{closure}}::{{closure}}::hbb6d257c550a54bd
[INFO] [stdout]                                at /rustc/202008a1b8de96d2e5b6bc02d379db03a877d34d/library/std/src/thread/mod.rs:561:17
[INFO] [stdout]   35:     0x619e6acca444 - <core::panic::unwind_safe::AssertUnwindSafe<F> as core::ops::function::FnOnce<()>>::call_once::h46696fe4a6832328
[INFO] [stdout]                                at /rustc/202008a1b8de96d2e5b6bc02d379db03a877d34d/library/core/src/panic/unwind_safe.rs:272:9
[INFO] [stdout]   36:     0x619e6acca444 - std::panicking::try::do_call::h2625a51b667bfb64
[INFO] [stdout]                                at /rustc/202008a1b8de96d2e5b6bc02d379db03a877d34d/library/std/src/panicking.rs:557:40
[INFO] [stdout]   37:     0x619e6acca444 - std::panicking::try::hb956a59a1973aa4c
[INFO] [stdout]                                at /rustc/202008a1b8de96d2e5b6bc02d379db03a877d34d/library/std/src/panicking.rs:520:19
[INFO] [stdout]   38:     0x619e6acca444 - std::panic::catch_unwind::h64f3b9d1067ef6a0
[INFO] [stdout]                                at /rustc/202008a1b8de96d2e5b6bc02d379db03a877d34d/library/std/src/panic.rs:358:14
[INFO] [stdout]   39:     0x619e6acca444 - std::thread::Builder::spawn_unchecked_::{{closure}}::h42b2841295b6c0b2
[INFO] [stdout]                                at /rustc/202008a1b8de96d2e5b6bc02d379db03a877d34d/library/std/src/thread/mod.rs:559:30
[INFO] [stdout]   40:     0x619e6acca444 - core::ops::function::FnOnce::call_once{{vtable.shim}}::h6127de71b8124639
[INFO] [stdout]                                at /rustc/202008a1b8de96d2e5b6bc02d379db03a877d34d/library/core/src/ops/function.rs:250:5
[INFO] [stdout]   41:     0x619e6ae6b21b - <alloc::boxed::Box<F,A> as core::ops::function::FnOnce<Args>>::call_once::h42f0ba71002a1b2c
[INFO] [stdout]                                at /rustc/202008a1b8de96d2e5b6bc02d379db03a877d34d/library/alloc/src/boxed.rs:1972:9
[INFO] [stdout]   42:     0x619e6ae6b21b - <alloc::boxed::Box<F,A> as core::ops::function::FnOnce<Args>>::call_once::had9e47d7a3dcecb8
[INFO] [stdout]                                at /rustc/202008a1b8de96d2e5b6bc02d379db03a877d34d/library/alloc/src/boxed.rs:1972:9
[INFO] [stdout]   43:     0x619e6ae6b21b - std::sys::pal::unix::thread::Thread::new::thread_start::h48cf765408f6f5f2
[INFO] [stdout]                                at /rustc/202008a1b8de96d2e5b6bc02d379db03a877d34d/library/std/src/sys/pal/unix/thread.rs:105:17
[INFO] [stdout]   44:     0x79e92d34bac3 - <unknown>
[INFO] [stdout]   45:     0x79e92d3dca04 - clone
[INFO] [stdout]   46:                0x0 - <unknown>
[INFO] [stdout] 
[INFO] [stdout] ---- tokenizer::tests::test_tokenizer::test_tokenizer::test_tokenizer_comment_5 stdout ----
[INFO] [stdout] Token ( BOF )
[INFO] [stdout] Stream {
[INFO] [stdout]     Token ( None )
[INFO] [stdout]     Token ( SingleLineCommentClose )
[INFO] [stdout] }
[INFO] [stdout] Stream {
[INFO] [stdout]     Token ( None )
[INFO] [stdout]     Token ( SingleLineCommentClose )
[INFO] [stdout] }
[INFO] [stdout] Stream {
[INFO] [stdout]     Token ( None )
[INFO] [stdout]     Token ( MultiLineCommentClose )
[INFO] [stdout] }
[INFO] [stdout] Token ( EOF )
[INFO] [stdout] 
[INFO] [stdout] thread 'tokenizer::tests::test_tokenizer::test_tokenizer::test_tokenizer_comment_5' panicked at src/tokenizer/tests/test_tokenizer.rs:492:9:
[INFO] [stdout] assertion `left == right` failed
[INFO] [stdout]   left: "Token ( BOF )\nStream {\n    Token ( None )\n    Token ( SingleLineCommentClose )\n}\nStream {\n    Token ( None )\n    Token ( SingleLineCommentClose )\n}\nStream {\n    Token ( None )\n    Token ( MultiLineCommentClose )\n}\nToken ( EOF )\n"
[INFO] [stdout]  right: "Token ( BOF )\nStream {\n    Token ( SingleLineCommentOpen )\n    Token ( None )\n    Token ( SingleLineCommentClose )\n}\nStream {\n    Token ( SingleLineCommentOpen )\n    Token ( None )\n    Token ( SingleLineCommentClose )\n}\nStream {\n    Token ( MultiLineCommentOpen )\n    Token ( None )\n    Token ( MultiLineCommentClose )\n}\nToken ( EOF )\n"
[INFO] [stdout] stack backtrace:
[INFO] [stdout]    0:     0x619e6ae657aa - std::backtrace_rs::backtrace::libunwind::trace::h8810477743020387
[INFO] [stdout]                                at /rustc/202008a1b8de96d2e5b6bc02d379db03a877d34d/library/std/src/../../backtrace/src/backtrace/libunwind.rs:116:5
[INFO] [stdout]    1:     0x619e6ae657aa - std::backtrace_rs::backtrace::trace_unsynchronized::h3aa55355dd6c54a6
[INFO] [stdout]                                at /rustc/202008a1b8de96d2e5b6bc02d379db03a877d34d/library/std/src/../../backtrace/src/backtrace/mod.rs:66:5
[INFO] [stdout]    2:     0x619e6ae657aa - std::sys::backtrace::_print_fmt::h8588b0f62410823f
[INFO] [stdout]                                at /rustc/202008a1b8de96d2e5b6bc02d379db03a877d34d/library/std/src/sys/backtrace.rs:66:9
[INFO] [stdout]    3:     0x619e6ae657aa - <std::sys::backtrace::BacktraceLock::print::DisplayBacktrace as core::fmt::Display>::fmt::h98c26ac25ffe89bb
[INFO] [stdout]                                at /rustc/202008a1b8de96d2e5b6bc02d379db03a877d34d/library/std/src/sys/backtrace.rs:39:26
[INFO] [stdout]    4:     0x619e6ae8b2e3 - core::fmt::rt::Argument::fmt::hf95377f4aebd453b
[INFO] [stdout]                                at /rustc/202008a1b8de96d2e5b6bc02d379db03a877d34d/library/core/src/fmt/rt.rs:177:76
[INFO] [stdout]    5:     0x619e6ae8b2e3 - core::fmt::write::h0dd5f6e2238c7982
[INFO] [stdout]                                at /rustc/202008a1b8de96d2e5b6bc02d379db03a877d34d/library/core/src/fmt/mod.rs:1189:21
[INFO] [stdout]    6:     0x619e6ae62943 - std::io::Write::write_fmt::h03bb0ca26e6faf8c
[INFO] [stdout]                                at /rustc/202008a1b8de96d2e5b6bc02d379db03a877d34d/library/std/src/io/mod.rs:1884:15
[INFO] [stdout]    7:     0x619e6ae655f2 - std::sys::backtrace::BacktraceLock::print::h5c19c1c038ee186d
[INFO] [stdout]                                at /rustc/202008a1b8de96d2e5b6bc02d379db03a877d34d/library/std/src/sys/backtrace.rs:42:9
[INFO] [stdout]    8:     0x619e6ae66c2d - std::panicking::default_hook::{{closure}}::h77172f079a1fcb13
[INFO] [stdout]                                at /rustc/202008a1b8de96d2e5b6bc02d379db03a877d34d/library/std/src/panicking.rs:268:22
[INFO] [stdout]    9:     0x619e6ae66a37 - std::panicking::default_hook::he5f8e3b203ccddba
[INFO] [stdout]                                at /rustc/202008a1b8de96d2e5b6bc02d379db03a877d34d/library/std/src/panicking.rs:292:9
[INFO] [stdout]   10:     0x619e6acfeb17 - <alloc::boxed::Box<F,A> as core::ops::function::Fn<Args>>::call::h7a3c7b4a1ae77f2f
[INFO] [stdout]                                at /rustc/202008a1b8de96d2e5b6bc02d379db03a877d34d/library/alloc/src/boxed.rs:1986:9
[INFO] [stdout]   11:     0x619e6acfeb17 - test::test_main::{{closure}}::hf0d3b69ae9b353d1
[INFO] [stdout]                                at /rustc/202008a1b8de96d2e5b6bc02d379db03a877d34d/library/test/src/lib.rs:134:21
[INFO] [stdout]   12:     0x619e6ae672d8 - <alloc::boxed::Box<F,A> as core::ops::function::Fn<Args>>::call::h6332e82e7b189abd
[INFO] [stdout]                                at /rustc/202008a1b8de96d2e5b6bc02d379db03a877d34d/library/alloc/src/boxed.rs:1986:9
[INFO] [stdout]   13:     0x619e6ae672d8 - std::panicking::rust_panic_with_hook::h53863d4e9018df39
[INFO] [stdout]                                at /rustc/202008a1b8de96d2e5b6bc02d379db03a877d34d/library/std/src/panicking.rs:809:13
[INFO] [stdout]   14:     0x619e6ae6709a - std::panicking::begin_panic_handler::{{closure}}::h67280e6fa0757873
[INFO] [stdout]                                at /rustc/202008a1b8de96d2e5b6bc02d379db03a877d34d/library/std/src/panicking.rs:674:13
[INFO] [stdout]   15:     0x619e6ae65c89 - std::sys::backtrace::__rust_end_short_backtrace::h1dac3f54d6fbbeb2
[INFO] [stdout]                                at /rustc/202008a1b8de96d2e5b6bc02d379db03a877d34d/library/std/src/sys/backtrace.rs:170:18
[INFO] [stdout]   16:     0x619e6ae66d2c - rust_begin_unwind
[INFO] [stdout]                                at /rustc/202008a1b8de96d2e5b6bc02d379db03a877d34d/library/std/src/panicking.rs:665:5
[INFO] [stdout]   17:     0x619e6acb0120 - core::panicking::panic_fmt::h6792bd1b2bf01041
[INFO] [stdout]                                at /rustc/202008a1b8de96d2e5b6bc02d379db03a877d34d/library/core/src/panicking.rs:76:14
[INFO] [stdout]   18:     0x619e6acb0524 - core::panicking::assert_failed_inner::hf2c17e6d30928787
[INFO] [stdout]   19:     0x619e6acb2afb - core::panicking::assert_failed::hd01031ebe0783511
[INFO] [stdout]                                at /rustc/202008a1b8de96d2e5b6bc02d379db03a877d34d/library/core/src/panicking.rs:373:5
[INFO] [stdout]   20:     0x619e6acb9200 - fscriptv01::tokenizer::tests::test_tokenizer::test_tokenizer::test_tokenizer_comment_5::h75a4fcb7ed290a02
[INFO] [stdout]                                at /opt/rustwide/workdir/src/tokenizer/tests/test_tokenizer.rs:492:9
[INFO] [stdout]   21:     0x619e6acb8f37 - fscriptv01::tokenizer::tests::test_tokenizer::test_tokenizer::test_tokenizer_comment_5::{{closure}}::h648fced1e2e234d9
[INFO] [stdout]                                at /opt/rustwide/workdir/src/tokenizer/tests/test_tokenizer.rs:482:35
[INFO] [stdout]   22:     0x619e6acb1206 - core::ops::function::FnOnce::call_once::h2b0e7c2eb9e01dde
[INFO] [stdout]                                at /rustc/202008a1b8de96d2e5b6bc02d379db03a877d34d/library/core/src/ops/function.rs:250:5
[INFO] [stdout]   23:     0x619e6ad0363b - core::ops::function::FnOnce::call_once::h871bf86719ec9aa4
[INFO] [stdout]                                at /rustc/202008a1b8de96d2e5b6bc02d379db03a877d34d/library/core/src/ops/function.rs:250:5
[INFO] [stdout]   24:     0x619e6ad0363b - test::__rust_begin_short_backtrace::h2167df1e2b7d76fd
[INFO] [stdout]                                at /rustc/202008a1b8de96d2e5b6bc02d379db03a877d34d/library/test/src/lib.rs:632:18
[INFO] [stdout]   25:     0x619e6ad03028 - test::run_test_in_process::{{closure}}::h15d92f75a3adfb79
[INFO] [stdout]                                at /rustc/202008a1b8de96d2e5b6bc02d379db03a877d34d/library/test/src/lib.rs:655:60
[INFO] [stdout]   26:     0x619e6ad03028 - <core::panic::unwind_safe::AssertUnwindSafe<F> as core::ops::function::FnOnce<()>>::call_once::hb6c8955835a8dbbb
[INFO] [stdout]                                at /rustc/202008a1b8de96d2e5b6bc02d379db03a877d34d/library/core/src/panic/unwind_safe.rs:272:9
[INFO] [stdout]   27:     0x619e6ad03028 - std::panicking::try::do_call::hc79d0fc888a0bd30
[INFO] [stdout]                                at /rustc/202008a1b8de96d2e5b6bc02d379db03a877d34d/library/std/src/panicking.rs:557:40
[INFO] [stdout]   28:     0x619e6ad03028 - std::panicking::try::hb8a7878e3a8589d6
[INFO] [stdout]                                at /rustc/202008a1b8de96d2e5b6bc02d379db03a877d34d/library/std/src/panicking.rs:520:19
[INFO] [stdout]   29:     0x619e6ad03028 - std::panic::catch_unwind::hb8e4600ff0ff5cfa
[INFO] [stdout]                                at /rustc/202008a1b8de96d2e5b6bc02d379db03a877d34d/library/std/src/panic.rs:358:14
[INFO] [stdout]   30:     0x619e6ad03028 - test::run_test_in_process::hc2900b0b18688dd6
[INFO] [stdout]                                at /rustc/202008a1b8de96d2e5b6bc02d379db03a877d34d/library/test/src/lib.rs:655:27
[INFO] [stdout]   31:     0x619e6ad03028 - test::run_test::{{closure}}::hac2a9cb07be3d48d
[INFO] [stdout]                                at /rustc/202008a1b8de96d2e5b6bc02d379db03a877d34d/library/test/src/lib.rs:576:43
[INFO] [stdout]   32:     0x619e6acc6aca - test::run_test::{{closure}}::h4a5b729e66a38cd8
[INFO] [stdout]                                at /rustc/202008a1b8de96d2e5b6bc02d379db03a877d34d/library/test/src/lib.rs:606:41
[INFO] [stdout]   33:     0x619e6acc6aca - std::sys::backtrace::__rust_begin_short_backtrace::h0496fb742492f573
[INFO] [stdout]                                at /rustc/202008a1b8de96d2e5b6bc02d379db03a877d34d/library/std/src/sys/backtrace.rs:154:18
[INFO] [stdout]   34:     0x619e6acca444 - std::thread::Builder::spawn_unchecked_::{{closure}}::{{closure}}::hbb6d257c550a54bd
[INFO] [stdout]                                at /rustc/202008a1b8de96d2e5b6bc02d379db03a877d34d/library/std/src/thread/mod.rs:561:17
[INFO] [stdout]   35:     0x619e6acca444 - <core::panic::unwind_safe::AssertUnwindSafe<F> as core::ops::function::FnOnce<()>>::call_once::h46696fe4a6832328
[INFO] [stdout]                                at /rustc/202008a1b8de96d2e5b6bc02d379db03a877d34d/library/core/src/panic/unwind_safe.rs:272:9
[INFO] [stdout]   36:     0x619e6acca444 - std::panicking::try::do_call::h2625a51b667bfb64
[INFO] [stdout]                                at /rustc/202008a1b8de96d2e5b6bc02d379db03a877d34d/library/std/src/panicking.rs:557:40
[INFO] [stdout]   37:     0x619e6acca444 - std::panicking::try::hb956a59a1973aa4c
[INFO] [stdout]                                at /rustc/202008a1b8de96d2e5b6bc02d379db03a877d34d/library/std/src/panicking.rs:520:19
[INFO] [stdout]   38:     0x619e6acca444 - std::panic::catch_unwind::h64f3b9d1067ef6a0
[INFO] [stdout]                                at /rustc/202008a1b8de96d2e5b6bc02d379db03a877d34d/library/std/src/panic.rs:358:14
[INFO] [stdout]   39:     0x619e6acca444 - std::thread::Builder::spawn_unchecked_::{{closure}}::h42b2841295b6c0b2
[INFO] [stdout]                                at /rustc/202008a1b8de96d2e5b6bc02d379db03a877d34d/library/std/src/thread/mod.rs:559:30
[INFO] [stdout]   40:     0x619e6acca444 - core::ops::function::FnOnce::call_once{{vtable.shim}}::h6127de71b8124639
[INFO] [stdout]                                at /rustc/202008a1b8de96d2e5b6bc02d379db03a877d34d/library/core/src/ops/function.rs:250:5
[INFO] [stdout]   41:     0x619e6ae6b21b - <alloc::boxed::Box<F,A> as core::ops::function::FnOnce<Args>>::call_once::h42f0ba71002a1b2c
[INFO] [stdout]                                at /rustc/202008a1b8de96d2e5b6bc02d379db03a877d34d/library/alloc/src/boxed.rs:1972:9
[INFO] [stdout]   42:     0x619e6ae6b21b - <alloc::boxed::Box<F,A> as core::ops::function::FnOnce<Args>>::call_once::had9e47d7a3dcecb8
[INFO] [stdout]                                at /rustc/202008a1b8de96d2e5b6bc02d379db03a877d34d/library/alloc/src/boxed.rs:1972:9
[INFO] [stdout]   43:     0x619e6ae6b21b - std::sys::pal::unix::thread::Thread::new::thread_start::h48cf765408f6f5f2
[INFO] [stdout]                                at /rustc/202008a1b8de96d2e5b6bc02d379db03a877d34d/library/std/src/sys/pal/unix/thread.rs:105:17
[INFO] [stdout]   44:     0x79e92d34bac3 - <unknown>
[INFO] [stdout]   45:     0x79e92d3dca04 - clone
[INFO] [stdout]   46:                0x0 - <unknown>
[INFO] [stdout] 
[INFO] [stdout] ---- tokenizer::tests::test_tokenizer::test_tokenizer::test_tokenizer_comment_6 stdout ----
[INFO] [stdout] Token ( BOF )
[INFO] [stdout] Stream {
[INFO] [stdout]     Token ( None )
[INFO] [stdout]     Token ( SingleLineCommentClose )
[INFO] [stdout] }
[INFO] [stdout] Token ( EOF )
[INFO] [stdout] 
[INFO] [stdout] thread 'tokenizer::tests::test_tokenizer::test_tokenizer::test_tokenizer_comment_6' panicked at src/tokenizer/tests/test_tokenizer.rs:524:9:
[INFO] [stdout] assertion `left == right` failed
[INFO] [stdout]   left: "Token ( BOF )\nStream {\n    Token ( None )\n    Token ( SingleLineCommentClose )\n}\nToken ( EOF )\n"
[INFO] [stdout]  right: "Token ( BOF )\nStream {\n    Token ( SingleLineCommentOpen )\n    Token ( None )\n    Token ( SingleLineCommentClose )\n}\nToken ( EOF )\n"
[INFO] [stdout] stack backtrace:
[INFO] [stdout]    0:     0x619e6ae657aa - std::backtrace_rs::backtrace::libunwind::trace::h8810477743020387
[INFO] [stdout]                                at /rustc/202008a1b8de96d2e5b6bc02d379db03a877d34d/library/std/src/../../backtrace/src/backtrace/libunwind.rs:116:5
[INFO] [stdout]    1:     0x619e6ae657aa - std::backtrace_rs::backtrace::trace_unsynchronized::h3aa55355dd6c54a6
[INFO] [stdout]                                at /rustc/202008a1b8de96d2e5b6bc02d379db03a877d34d/library/std/src/../../backtrace/src/backtrace/mod.rs:66:5
[INFO] [stdout]    2:     0x619e6ae657aa - std::sys::backtrace::_print_fmt::h8588b0f62410823f
[INFO] [stdout]                                at /rustc/202008a1b8de96d2e5b6bc02d379db03a877d34d/library/std/src/sys/backtrace.rs:66:9
[INFO] [stdout]    3:     0x619e6ae657aa - <std::sys::backtrace::BacktraceLock::print::DisplayBacktrace as core::fmt::Display>::fmt::h98c26ac25ffe89bb
[INFO] [stdout]                                at /rustc/202008a1b8de96d2e5b6bc02d379db03a877d34d/library/std/src/sys/backtrace.rs:39:26
[INFO] [stdout]    4:     0x619e6ae8b2e3 - core::fmt::rt::Argument::fmt::hf95377f4aebd453b
[INFO] [stdout]                                at /rustc/202008a1b8de96d2e5b6bc02d379db03a877d34d/library/core/src/fmt/rt.rs:177:76
[INFO] [stdout]    5:     0x619e6ae8b2e3 - core::fmt::write::h0dd5f6e2238c7982
[INFO] [stdout]                                at /rustc/202008a1b8de96d2e5b6bc02d379db03a877d34d/library/core/src/fmt/mod.rs:1189:21
[INFO] [stdout]    6:     0x619e6ae62943 - std::io::Write::write_fmt::h03bb0ca26e6faf8c
[INFO] [stdout]                                at /rustc/202008a1b8de96d2e5b6bc02d379db03a877d34d/library/std/src/io/mod.rs:1884:15
[INFO] [stdout]    7:     0x619e6ae655f2 - std::sys::backtrace::BacktraceLock::print::h5c19c1c038ee186d
[INFO] [stdout]                                at /rustc/202008a1b8de96d2e5b6bc02d379db03a877d34d/library/std/src/sys/backtrace.rs:42:9
[INFO] [stdout]    8:     0x619e6ae66c2d - std::panicking::default_hook::{{closure}}::h77172f079a1fcb13
[INFO] [stdout]                                at /rustc/202008a1b8de96d2e5b6bc02d379db03a877d34d/library/std/src/panicking.rs:268:22
[INFO] [stdout]    9:     0x619e6ae66a37 - std::panicking::default_hook::he5f8e3b203ccddba
[INFO] [stdout]                                at /rustc/202008a1b8de96d2e5b6bc02d379db03a877d34d/library/std/src/panicking.rs:292:9
[INFO] [stdout]   10:     0x619e6acfeb17 - <alloc::boxed::Box<F,A> as core::ops::function::Fn<Args>>::call::h7a3c7b4a1ae77f2f
[INFO] [stdout]                                at /rustc/202008a1b8de96d2e5b6bc02d379db03a877d34d/library/alloc/src/boxed.rs:1986:9
[INFO] [stdout]   11:     0x619e6acfeb17 - test::test_main::{{closure}}::hf0d3b69ae9b353d1
[INFO] [stdout]                                at /rustc/202008a1b8de96d2e5b6bc02d379db03a877d34d/library/test/src/lib.rs:134:21
[INFO] [stdout]   12:     0x619e6ae672d8 - <alloc::boxed::Box<F,A> as core::ops::function::Fn<Args>>::call::h6332e82e7b189abd
[INFO] [stdout]                                at /rustc/202008a1b8de96d2e5b6bc02d379db03a877d34d/library/alloc/src/boxed.rs:1986:9
[INFO] [stdout]   13:     0x619e6ae672d8 - std::panicking::rust_panic_with_hook::h53863d4e9018df39
[INFO] [stdout]                                at /rustc/202008a1b8de96d2e5b6bc02d379db03a877d34d/library/std/src/panicking.rs:809:13
[INFO] [stdout]   14:     0x619e6ae6709a - std::panicking::begin_panic_handler::{{closure}}::h67280e6fa0757873
[INFO] [stdout]                                at /rustc/202008a1b8de96d2e5b6bc02d379db03a877d34d/library/std/src/panicking.rs:674:13
[INFO] [stdout]   15:     0x619e6ae65c89 - std::sys::backtrace::__rust_end_short_backtrace::h1dac3f54d6fbbeb2
[INFO] [stdout]                                at /rustc/202008a1b8de96d2e5b6bc02d379db03a877d34d/library/std/src/sys/backtrace.rs:170:18
[INFO] [stdout]   16:     0x619e6ae66d2c - rust_begin_unwind
[INFO] [stdout]                                at /rustc/202008a1b8de96d2e5b6bc02d379db03a877d34d/library/std/src/panicking.rs:665:5
[INFO] [stdout]   17:     0x619e6acb0120 - core::panicking::panic_fmt::h6792bd1b2bf01041
[INFO] [stdout]                                at /rustc/202008a1b8de96d2e5b6bc02d379db03a877d34d/library/core/src/panicking.rs:76:14
[INFO] [stdout]   18:     0x619e6acb0524 - core::panicking::assert_failed_inner::hf2c17e6d30928787
[INFO] [stdout]   19:     0x619e6acb2afb - core::panicking::assert_failed::hd01031ebe0783511
[INFO] [stdout]                                at /rustc/202008a1b8de96d2e5b6bc02d379db03a877d34d/library/core/src/panicking.rs:373:5
[INFO] [stdout]   20:     0x619e6acb9520 - fscriptv01::tokenizer::tests::test_tokenizer::test_tokenizer::test_tokenizer_comment_6::hc25ea1709b726ae6
[INFO] [stdout]                                at /opt/rustwide/workdir/src/tokenizer/tests/test_tokenizer.rs:524:9
[INFO] [stdout]   21:     0x619e6acb9257 - fscriptv01::tokenizer::tests::test_tokenizer::test_tokenizer::test_tokenizer_comment_6::{{closure}}::h92c5726ff05f0ca5
[INFO] [stdout]                                at /opt/rustwide/workdir/src/tokenizer/tests/test_tokenizer.rs:514:35
[INFO] [stdout]   22:     0x619e6acb1106 - core::ops::function::FnOnce::call_once::h0f996d460fdc4695
[INFO] [stdout]                                at /rustc/202008a1b8de96d2e5b6bc02d379db03a877d34d/library/core/src/ops/function.rs:250:5
[INFO] [stdout]   23:     0x619e6ad0363b - core::ops::function::FnOnce::call_once::h871bf86719ec9aa4
[INFO] [stdout]                                at /rustc/202008a1b8de96d2e5b6bc02d379db03a877d34d/library/core/src/ops/function.rs:250:5
[INFO] [stdout]   24:     0x619e6ad0363b - test::__rust_begin_short_backtrace::h2167df1e2b7d76fd
[INFO] [stdout]                                at /rustc/202008a1b8de96d2e5b6bc02d379db03a877d34d/library/test/src/lib.rs:632:18
[INFO] [stdout]   25:     0x619e6ad03028 - test::run_test_in_process::{{closure}}::h15d92f75a3adfb79
[INFO] [stdout]                                at /rustc/202008a1b8de96d2e5b6bc02d379db03a877d34d/library/test/src/lib.rs:655:60
[INFO] [stdout]   26:     0x619e6ad03028 - <core::panic::unwind_safe::AssertUnwindSafe<F> as core::ops::function::FnOnce<()>>::call_once::hb6c8955835a8dbbb
[INFO] [stdout]                                at /rustc/202008a1b8de96d2e5b6bc02d379db03a877d34d/library/core/src/panic/unwind_safe.rs:272:9
[INFO] [stdout]   27:     0x619e6ad03028 - std::panicking::try::do_call::hc79d0fc888a0bd30
[INFO] [stdout]                                at /rustc/202008a1b8de96d2e5b6bc02d379db03a877d34d/library/std/src/panicking.rs:557:40
[INFO] [stdout]   28:     0x619e6ad03028 - std::panicking::try::hb8a7878e3a8589d6
[INFO] [stdout]                                at /rustc/202008a1b8de96d2e5b6bc02d379db03a877d34d/library/std/src/panicking.rs:520:19
[INFO] [stdout]   29:     0x619e6ad03028 - std::panic::catch_unwind::hb8e4600ff0ff5cfa
[INFO] [stdout]                                at /rustc/202008a1b8de96d2e5b6bc02d379db03a877d34d/library/std/src/panic.rs:358:14
[INFO] [stdout]   30:     0x619e6ad03028 - test::run_test_in_process::hc2900b0b18688dd6
[INFO] [stdout]                                at /rustc/202008a1b8de96d2e5b6bc02d379db03a877d34d/library/test/src/lib.rs:655:27
[INFO] [stdout]   31:     0x619e6ad03028 - test::run_test::{{closure}}::hac2a9cb07be3d48d
[INFO] [stdout]                                at /rustc/202008a1b8de96d2e5b6bc02d379db03a877d34d/library/test/src/lib.rs:576:43
[INFO] [stdout]   32:     0x619e6acc6aca - test::run_test::{{closure}}::h4a5b729e66a38cd8
[INFO] [stdout]                                at /rustc/202008a1b8de96d2e5b6bc02d379db03a877d34d/library/test/src/lib.rs:606:41
[INFO] [stdout]   33:     0x619e6acc6aca - std::sys::backtrace::__rust_begin_short_backtrace::h0496fb742492f573
[INFO] [stdout]                                at /rustc/202008a1b8de96d2e5b6bc02d379db03a877d34d/library/std/src/sys/backtrace.rs:154:18
[INFO] [stdout]   34:     0x619e6acca444 - std::thread::Builder::spawn_unchecked_::{{closure}}::{{closure}}::hbb6d257c550a54bd
[INFO] [stdout]                                at /rustc/202008a1b8de96d2e5b6bc02d379db03a877d34d/library/std/src/thread/mod.rs:561:17
[INFO] [stdout]   35:     0x619e6acca444 - <core::panic::unwind_safe::AssertUnwindSafe<F> as core::ops::function::FnOnce<()>>::call_once::h46696fe4a6832328
[INFO] [stdout]                                at /rustc/202008a1b8de96d2e5b6bc02d379db03a877d34d/library/core/src/panic/unwind_safe.rs:272:9
[INFO] [stdout]   36:     0x619e6acca444 - std::panicking::try::do_call::h2625a51b667bfb64
[INFO] [stdout]                                at /rustc/202008a1b8de96d2e5b6bc02d379db03a877d34d/library/std/src/panicking.rs:557:40
[INFO] [stdout]   37:     0x619e6acca444 - std::panicking::try::hb956a59a1973aa4c
[INFO] [stdout]                                at /rustc/202008a1b8de96d2e5b6bc02d379db03a877d34d/library/std/src/panicking.rs:520:19
[INFO] [stdout]   38:     0x619e6acca444 - std::panic::catch_unwind::h64f3b9d1067ef6a0
[INFO] [stdout]                                at /rustc/202008a1b8de96d2e5b6bc02d379db03a877d34d/library/std/src/panic.rs:358:14
[INFO] [stdout]   39:     0x619e6acca444 - std::thread::Builder::spawn_unchecked_::{{closure}}::h42b2841295b6c0b2
[INFO] [stdout]                                at /rustc/202008a1b8de96d2e5b6bc02d379db03a877d34d/library/std/src/thread/mod.rs:559:30
[INFO] [stdout]   40:     0x619e6acca444 - core::ops::function::FnOnce::call_once{{vtable.shim}}::h6127de71b8124639
[INFO] [stdout]                                at /rustc/202008a1b8de96d2e5b6bc02d379db03a877d34d/library/core/src/ops/function.rs:250:5
[INFO] [stdout]   41:     0x619e6ae6b21b - <alloc::boxed::Box<F,A> as core::ops::function::FnOnce<Args>>::call_once::h42f0ba71002a1b2c
[INFO] [stdout]                                at /rustc/202008a1b8de96d2e5b6bc02d379db03a877d34d/library/alloc/src/boxed.rs:1972:9
[INFO] [stdout]   42:     0x619e6ae6b21b - <alloc::boxed::Box<F,A> as core::ops::function::FnOnce<Args>>::call_once::had9e47d7a3dcecb8
[INFO] [stdout]                                at /rustc/202008a1b8de96d2e5b6bc02d379db03a877d34d/library/alloc/src/boxed.rs:1972:9
[INFO] [stdout]   43:     0x619e6ae6b21b - std::sys::pal::unix::thread::Thread::new::thread_start::h48cf765408f6f5f2
[INFO] [stdout]                                at /rustc/202008a1b8de96d2e5b6bc02d379db03a877d34d/library/std/src/sys/pal/unix/thread.rs:105:17
[INFO] [stdout]   44:     0x79e92d34bac3 - <unknown>
[INFO] [stdout]   45:     0x79e92d3dca04 - clone
[INFO] [stdout]   46:                0x0 - <unknown>
[INFO] [stdout] 
[INFO] [stdout] 
[INFO] [stdout] failures:
[INFO] [stdout]     tokenizer::tests::test_tokenizer::test_tokenizer::test_tokenizer_comment
[INFO] [stdout]     tokenizer::tests::test_tokenizer::test_tokenizer::test_tokenizer_comment_2
[INFO] [stdout]     tokenizer::tests::test_tokenizer::test_tokenizer::test_tokenizer_comment_3
[INFO] [stdout]     tokenizer::tests::test_tokenizer::test_tokenizer::test_tokenizer_comment_4
[INFO] [stdout]     tokenizer::tests::test_tokenizer::test_tokenizer::test_tokenizer_comment_5
[INFO] [stdout]     tokenizer::tests::test_tokenizer::test_tokenizer::test_tokenizer_comment_6
[INFO] [stdout] 
[INFO] [stdout] test result: FAILED. 29 passed; 6 failed; 0 ignored; 0 measured; 0 filtered out; finished in 0.14s
[INFO] [stdout] 
[INFO] running `Command { std: "docker" "inspect" "83e204eec2878922da5a88ffbb09d03846229919525c1fb12659140a5ea0db46", kill_on_drop: false }`
[INFO] running `Command { std: "docker" "rm" "-f" "83e204eec2878922da5a88ffbb09d03846229919525c1fb12659140a5ea0db46", kill_on_drop: false }`
[INFO] [stdout] 83e204eec2878922da5a88ffbb09d03846229919525c1fb12659140a5ea0db46
