[INFO] cloning repository https://github.com/LucDeCaf/mogen
[INFO] running `Command { std: "git" "-c" "credential.helper=" "-c" "credential.helper=/workspace/cargo-home/bin/git-credential-null" "clone" "--bare" "https://github.com/LucDeCaf/mogen" "/workspace/cache/git-repos/https%3A%2F%2Fgithub.com%2FLucDeCaf%2Fmogen", kill_on_drop: false }`
[INFO] [stderr] Cloning into bare repository '/workspace/cache/git-repos/https%3A%2F%2Fgithub.com%2FLucDeCaf%2Fmogen'...
[INFO] running `Command { std: "git" "rev-parse" "HEAD", kill_on_drop: false }`
[INFO] [stdout] 1ed382005e29ca0e1a5d0d5b9357e87773ea5878
[INFO] testing LucDeCaf/mogen against 1.83.0 for beta-1.84.0-4-retry
[INFO] running `Command { std: "git" "clone" "/workspace/cache/git-repos/https%3A%2F%2Fgithub.com%2FLucDeCaf%2Fmogen" "/workspace/builds/worker-4-tc1/source", kill_on_drop: false }`
[INFO] [stderr] Cloning into '/workspace/builds/worker-4-tc1/source'...
[INFO] [stderr] done.
[INFO] validating manifest of git repo https://github.com/LucDeCaf/mogen on toolchain 1.83.0
[INFO] running `Command { std: CARGO_HOME="/workspace/cargo-home" RUSTUP_HOME="/workspace/rustup-home" "/workspace/cargo-home/bin/cargo" "+1.83.0" "metadata" "--manifest-path" "Cargo.toml" "--no-deps", kill_on_drop: false }`
[INFO] started tweaking git repo https://github.com/LucDeCaf/mogen
[INFO] finished tweaking git repo https://github.com/LucDeCaf/mogen
[INFO] tweaked toml for git repo https://github.com/LucDeCaf/mogen written to /workspace/builds/worker-4-tc1/source/Cargo.toml
[INFO] crate git repo https://github.com/LucDeCaf/mogen already has a lockfile, it will not be regenerated
[INFO] running `Command { std: CARGO_HOME="/workspace/cargo-home" RUSTUP_HOME="/workspace/rustup-home" "/workspace/cargo-home/bin/cargo" "+1.83.0" "fetch" "--manifest-path" "Cargo.toml", kill_on_drop: false }`
[INFO] running `Command { std: "docker" "create" "-v" "/var/lib/crater-agent-workspace/builds/worker-4-tc1/target:/opt/rustwide/target:rw,Z" "-v" "/var/lib/crater-agent-workspace/builds/worker-4-tc1/source:/opt/rustwide/workdir:ro,Z" "-v" "/var/lib/crater-agent-workspace/cargo-home:/opt/rustwide/cargo-home:ro,Z" "-v" "/var/lib/crater-agent-workspace/rustup-home:/opt/rustwide/rustup-home:ro,Z" "-e" "SOURCE_DIR=/opt/rustwide/workdir" "-e" "CARGO_TARGET_DIR=/opt/rustwide/target" "-e" "CARGO_HOME=/opt/rustwide/cargo-home" "-e" "RUSTUP_HOME=/opt/rustwide/rustup-home" "-w" "/opt/rustwide/workdir" "-m" "1610612736" "--user" "0:0" "--network" "none" "ghcr.io/rust-lang/crates-build-env/linux@sha256:f3a9d4ad9d972b27faf3965f35b62e55ba32bbce8f20bc8fe909558a86702fde" "/opt/rustwide/cargo-home/bin/cargo" "+1.83.0" "metadata" "--no-deps" "--format-version=1", kill_on_drop: false }`
[INFO] [stdout] 035475ef84f3b180ea5149f70d9107fb12e864a503411ac456bd6680278d1ec1
[INFO] running `Command { std: "docker" "start" "-a" "035475ef84f3b180ea5149f70d9107fb12e864a503411ac456bd6680278d1ec1", kill_on_drop: false }`
[INFO] running `Command { std: "docker" "inspect" "035475ef84f3b180ea5149f70d9107fb12e864a503411ac456bd6680278d1ec1", kill_on_drop: false }`
[INFO] running `Command { std: "docker" "rm" "-f" "035475ef84f3b180ea5149f70d9107fb12e864a503411ac456bd6680278d1ec1", kill_on_drop: false }`
[INFO] [stdout] 035475ef84f3b180ea5149f70d9107fb12e864a503411ac456bd6680278d1ec1
[INFO] running `Command { std: "docker" "create" "-v" "/var/lib/crater-agent-workspace/builds/worker-4-tc1/target:/opt/rustwide/target:rw,Z" "-v" "/var/lib/crater-agent-workspace/builds/worker-4-tc1/source:/opt/rustwide/workdir:ro,Z" "-v" "/var/lib/crater-agent-workspace/cargo-home:/opt/rustwide/cargo-home:ro,Z" "-v" "/var/lib/crater-agent-workspace/rustup-home:/opt/rustwide/rustup-home:ro,Z" "-e" "SOURCE_DIR=/opt/rustwide/workdir" "-e" "CARGO_TARGET_DIR=/opt/rustwide/target" "-e" "CARGO_INCREMENTAL=0" "-e" "RUST_BACKTRACE=full" "-e" "RUSTFLAGS=--cap-lints=warn" "-e" "RUSTDOCFLAGS=--cap-lints=warn" "-e" "CARGO_HOME=/opt/rustwide/cargo-home" "-e" "RUSTUP_HOME=/opt/rustwide/rustup-home" "-w" "/opt/rustwide/workdir" "-m" "1610612736" "--user" "0:0" "--network" "none" "ghcr.io/rust-lang/crates-build-env/linux@sha256:f3a9d4ad9d972b27faf3965f35b62e55ba32bbce8f20bc8fe909558a86702fde" "/opt/rustwide/cargo-home/bin/cargo" "+1.83.0" "build" "--frozen" "--message-format=json", kill_on_drop: false }`
[INFO] [stdout] e67c7ac46a1c8e2873f94c0610fc4721683c17bebc9d877b8585aabbdbcedc09
[INFO] running `Command { std: "docker" "start" "-a" "e67c7ac46a1c8e2873f94c0610fc4721683c17bebc9d877b8585aabbdbcedc09", kill_on_drop: false }`
[INFO] [stderr]    Compiling proc-macro2 v1.0.86
[INFO] [stderr]    Compiling unicode-ident v1.0.12
[INFO] [stderr]    Compiling libc v0.2.158
[INFO] [stderr]    Compiling cfg-if v1.0.0
[INFO] [stderr]    Compiling byteorder v1.5.0
[INFO] [stderr]    Compiling utf8parse v0.2.2
[INFO] [stderr]    Compiling colorchoice v1.0.2
[INFO] [stderr]    Compiling is_terminal_polyfill v1.70.1
[INFO] [stderr]    Compiling anstyle-query v1.1.1
[INFO] [stderr]    Compiling anstyle v1.0.8
[INFO] [stderr]    Compiling heck v0.5.0
[INFO] [stderr]    Compiling clap_lex v0.7.2
[INFO] [stderr]    Compiling strsim v0.11.1
[INFO] [stderr]    Compiling anstyle-parse v0.2.5
[INFO] [stderr]    Compiling anstream v0.6.15
[INFO] [stderr]    Compiling clap_builder v4.5.17
[INFO] [stderr]    Compiling quote v1.0.37
[INFO] [stderr]    Compiling syn v2.0.77
[INFO] [stderr]    Compiling getrandom v0.2.15
[INFO] [stderr]    Compiling rand_core v0.6.4
[INFO] [stderr]    Compiling zerocopy-derive v0.7.35
[INFO] [stderr]    Compiling clap_derive v4.5.13
[INFO] [stderr]    Compiling zerocopy v0.7.35
[INFO] [stderr]    Compiling ppv-lite86 v0.2.20
[INFO] [stderr]    Compiling clap v4.5.17
[INFO] [stderr]    Compiling rand_chacha v0.3.1
[INFO] [stderr]    Compiling rand v0.8.5
[INFO] [stderr]    Compiling mogen v0.1.0 (/opt/rustwide/workdir/mogen)
[INFO] [stderr]    Compiling mogen_test v0.1.0 (/opt/rustwide/workdir/mogen_test)
[INFO] [stdout] warning: unused import: `piece::Piece`
[INFO] [stdout]  --> mogen_test/src/bin/main.rs:5:27
[INFO] [stdout]   |
[INFO] [stdout] 5 |     board::{color::Color, piece::Piece, r#move::Move, square::Square, Board},
[INFO] [stdout]   |                           ^^^^^^^^^^^^
[INFO] [stdout]   |
[INFO] [stdout]   = note: `#[warn(unused_imports)]` on by default
[INFO] [stdout] 
[INFO] [stdout] 
[INFO] [stderr]     Finished `dev` profile [optimized + debuginfo] target(s) in 17.16s
[INFO] running `Command { std: "docker" "inspect" "e67c7ac46a1c8e2873f94c0610fc4721683c17bebc9d877b8585aabbdbcedc09", kill_on_drop: false }`
[INFO] running `Command { std: "docker" "rm" "-f" "e67c7ac46a1c8e2873f94c0610fc4721683c17bebc9d877b8585aabbdbcedc09", kill_on_drop: false }`
[INFO] [stdout] e67c7ac46a1c8e2873f94c0610fc4721683c17bebc9d877b8585aabbdbcedc09
[INFO] running `Command { std: "docker" "create" "-v" "/var/lib/crater-agent-workspace/builds/worker-4-tc1/target:/opt/rustwide/target:rw,Z" "-v" "/var/lib/crater-agent-workspace/builds/worker-4-tc1/source:/opt/rustwide/workdir:ro,Z" "-v" "/var/lib/crater-agent-workspace/cargo-home:/opt/rustwide/cargo-home:ro,Z" "-v" "/var/lib/crater-agent-workspace/rustup-home:/opt/rustwide/rustup-home:ro,Z" "-e" "SOURCE_DIR=/opt/rustwide/workdir" "-e" "CARGO_TARGET_DIR=/opt/rustwide/target" "-e" "CARGO_INCREMENTAL=0" "-e" "RUST_BACKTRACE=full" "-e" "RUSTFLAGS=--cap-lints=warn" "-e" "RUSTDOCFLAGS=--cap-lints=warn" "-e" "CARGO_HOME=/opt/rustwide/cargo-home" "-e" "RUSTUP_HOME=/opt/rustwide/rustup-home" "-w" "/opt/rustwide/workdir" "-m" "1610612736" "--user" "0:0" "--network" "none" "ghcr.io/rust-lang/crates-build-env/linux@sha256:f3a9d4ad9d972b27faf3965f35b62e55ba32bbce8f20bc8fe909558a86702fde" "/opt/rustwide/cargo-home/bin/cargo" "+1.83.0" "test" "--frozen" "--no-run" "--message-format=json", kill_on_drop: false }`
[INFO] [stdout] 8c44869dda5ee7f65daba3e917a1fb38c6dc0cf7b48866e6d5ee0222df963ee3
[INFO] running `Command { std: "docker" "start" "-a" "8c44869dda5ee7f65daba3e917a1fb38c6dc0cf7b48866e6d5ee0222df963ee3", kill_on_drop: false }`
[INFO] [stderr]    Compiling mogen v0.1.0 (/opt/rustwide/workdir/mogen)
[INFO] [stderr]    Compiling mogen_test v0.1.0 (/opt/rustwide/workdir/mogen_test)
[INFO] [stdout] warning: unused import: `piece::Piece`
[INFO] [stdout]  --> mogen_test/src/bin/main.rs:5:27
[INFO] [stdout]   |
[INFO] [stdout] 5 |     board::{color::Color, piece::Piece, r#move::Move, square::Square, Board},
[INFO] [stdout]   |                           ^^^^^^^^^^^^
[INFO] [stdout]   |
[INFO] [stdout]   = note: `#[warn(unused_imports)]` on by default
[INFO] [stdout] 
[INFO] [stdout] 
[INFO] [stdout] warning: unused import: `r#move`
[INFO] [stdout]    --> mogen/src/lib.rs:226:37
[INFO] [stdout]     |
[INFO] [stdout] 226 |     use board::{bitboard::Bitboard, r#move};
[INFO] [stdout]     |                                     ^^^^^^
[INFO] [stdout]     |
[INFO] [stdout]     = note: `#[warn(unused_imports)]` on by default
[INFO] [stdout] 
[INFO] [stdout] 
[INFO] [stderr]     Finished `test` profile [optimized + debuginfo] target(s) in 1.15s
[INFO] running `Command { std: "docker" "inspect" "8c44869dda5ee7f65daba3e917a1fb38c6dc0cf7b48866e6d5ee0222df963ee3", kill_on_drop: false }`
[INFO] running `Command { std: "docker" "rm" "-f" "8c44869dda5ee7f65daba3e917a1fb38c6dc0cf7b48866e6d5ee0222df963ee3", kill_on_drop: false }`
[INFO] [stdout] 8c44869dda5ee7f65daba3e917a1fb38c6dc0cf7b48866e6d5ee0222df963ee3
[INFO] running `Command { std: "docker" "create" "-v" "/var/lib/crater-agent-workspace/builds/worker-4-tc1/target:/opt/rustwide/target:rw,Z" "-v" "/var/lib/crater-agent-workspace/builds/worker-4-tc1/source:/opt/rustwide/workdir:ro,Z" "-v" "/var/lib/crater-agent-workspace/cargo-home:/opt/rustwide/cargo-home:ro,Z" "-v" "/var/lib/crater-agent-workspace/rustup-home:/opt/rustwide/rustup-home:ro,Z" "-e" "SOURCE_DIR=/opt/rustwide/workdir" "-e" "CARGO_TARGET_DIR=/opt/rustwide/target" "-e" "CARGO_INCREMENTAL=0" "-e" "RUST_BACKTRACE=full" "-e" "RUSTFLAGS=--cap-lints=warn" "-e" "RUSTDOCFLAGS=--cap-lints=warn" "-e" "CARGO_HOME=/opt/rustwide/cargo-home" "-e" "RUSTUP_HOME=/opt/rustwide/rustup-home" "-w" "/opt/rustwide/workdir" "-m" "1610612736" "--user" "0:0" "--network" "none" "ghcr.io/rust-lang/crates-build-env/linux@sha256:f3a9d4ad9d972b27faf3965f35b62e55ba32bbce8f20bc8fe909558a86702fde" "/opt/rustwide/cargo-home/bin/cargo" "+1.83.0" "test" "--frozen", kill_on_drop: false }`
[INFO] [stdout] cee371750a605ddc0af0864e409ddad1314e0e6e4b9c6de7f489df02b9c7843b
[INFO] running `Command { std: "docker" "start" "-a" "cee371750a605ddc0af0864e409ddad1314e0e6e4b9c6de7f489df02b9c7843b", kill_on_drop: false }`
[INFO] [stderr] warning: unused import: `r#move`
[INFO] [stderr]    --> mogen/src/lib.rs:226:37
[INFO] [stderr]     |
[INFO] [stderr] 226 |     use board::{bitboard::Bitboard, r#move};
[INFO] [stderr]     |                                     ^^^^^^
[INFO] [stderr]     |
[INFO] [stderr]     = note: `#[warn(unused_imports)]` on by default
[INFO] [stderr] 
[INFO] [stderr] warning: `mogen` (lib test) generated 1 warning (run `cargo fix --lib -p mogen --tests` to apply 1 suggestion)
[INFO] [stderr] warning: unused import: `piece::Piece`
[INFO] [stderr]  --> mogen_test/src/bin/main.rs:5:27
[INFO] [stderr]   |
[INFO] [stderr] 5 |     board::{color::Color, piece::Piece, r#move::Move, square::Square, Board},
[INFO] [stderr]   |                           ^^^^^^^^^^^^
[INFO] [stderr]   |
[INFO] [stderr]   = note: `#[warn(unused_imports)]` on by default
[INFO] [stderr] 
[INFO] [stderr] warning: `mogen_test` (bin "main" test) generated 1 warning (run `cargo fix --bin "main" --tests` to apply 1 suggestion)
[INFO] [stderr]     Finished `test` profile [optimized + debuginfo] target(s) in 0.05s
[INFO] [stderr]      Running unittests src/lib.rs (/opt/rustwide/target/debug/deps/mogen-07662fbf03b100ab)
[INFO] [stdout] 
[INFO] [stdout] running 37 tests
[INFO] [stdout] test board::bitboard::tests::test_bitand ... ok
[INFO] [stdout] test board::bitboard::tests::test_bitor ... ok
[INFO] [stdout] test board::bitboard::tests::test_bitor_assign ... ok
[INFO] [stdout] test board::bitboard::tests::test_bitxor_assign ... ok
[INFO] [stdout] test board::bitboard::tests::test_shift ... ok
[INFO] [stdout] test board::bitboard::tests::test_subsets ... ok
[INFO] [stdout] test board::r#move::tests::test_display ... ok
[INFO] [stdout] test board::r#move::tests::test_new_move ... ok
[INFO] [stdout] test board::square::tests::test_square_display ... ok
[INFO] [stdout] test board::square::tests::test_square_from_coords ... ok
[INFO] [stdout] test board::tests::test_black_en_passant ... ok
[INFO] [stdout] test board::tests::test_fen_generation ... ok
[INFO] [stdout] test board::tests::test_fen_startpos ... ok
[INFO] [stdout] test board::tests::test_make_move_capture ... ok
[INFO] [stdout] test board::tests::test_piece_at ... ok
[INFO] [stdout] test board::tests::test_make_move_quiet ... ok
[INFO] [stdout] test board::tests::test_white_en_passant ... ok
[INFO] [stdout] test r#static::generation::tests::test_bishop_move_mask ... ok
[INFO] [stdout] test r#static::generation::tests::test_king_move_mask ... ok
[INFO] [stdout] test r#static::generation::tests::test_pawn_capture_mask ... ok
[INFO] [stdout] test r#static::generation::tests::test_rook_move_mask ... ok
[INFO] [stdout] test tests::test_pawn_captures ... ok
[INFO] [stdout] test r#static::generation::tests::test_coords ... ok
[INFO] [stdout] test tests::test_pawn_en_passant ... ok
[INFO] [stdout] test board::bitboard::tests::test_bitand_assign ... ok
[INFO] [stdout] test tests::test_black_pawn_captures ... ok
[INFO] [stdout] test r#static::generation::tests::test_knight_move_mask ... ok
[INFO] [stdout] test tests::test_king_moves ... ok
[INFO] [stdout] test magic::tests::test_bishop_sliding_moves ... ok
[INFO] [stdout] test tests::test_knight_captures ... ok
[INFO] [stdout] test magic::tests::test_rook_sliding_moves ... ok
[INFO] [stdout] test tests::test_white_pawn_captures ... ok
[INFO] [stdout] test tests::test_pawn_moves ... ok
[INFO] [stdout] test tests::test_knight_moves ... ok
[INFO] [stdout] test board::bitboard::tests::test_bitxor ... ok
[INFO] [stdout] test tests::test_bishop_moves ... FAILED
[INFO] [stdout] test tests::test_rook_moves ... ok
[INFO] [stdout] 
[INFO] [stdout] failures:
[INFO] [stdout] 
[INFO] [stdout] ---- tests::test_bishop_moves stdout ----
[INFO] [stdout] thread 'tests::test_bishop_moves' panicked at mogen/src/lib.rs:340:9:
[INFO] [stdout] assertion `left == right` failed
[INFO] [stdout]   left: Bitboard(0)
[INFO] [stdout]  right: Bitboard(8404992)
[INFO] [stdout] stack backtrace:
[INFO] [stdout]    0:     0x6208a1011d3a - std::backtrace_rs::backtrace::libunwind::trace::h5a5b8284f2d0c266
[INFO] [stdout]                                at /rustc/90b35a6239c3d8bdabc530a6a0816f7ff89a0aaf/library/std/src/../../backtrace/src/backtrace/libunwind.rs:116:5
[INFO] [stdout]    1:     0x6208a1011d3a - std::backtrace_rs::backtrace::trace_unsynchronized::h76d4f1c9b0b875e3
[INFO] [stdout]                                at /rustc/90b35a6239c3d8bdabc530a6a0816f7ff89a0aaf/library/std/src/../../backtrace/src/backtrace/mod.rs:66:5
[INFO] [stdout]    2:     0x6208a1011d3a - std::sys::backtrace::_print_fmt::hc4546b8364a537c6
[INFO] [stdout]                                at /rustc/90b35a6239c3d8bdabc530a6a0816f7ff89a0aaf/library/std/src/sys/backtrace.rs:66:9
[INFO] [stdout]    3:     0x6208a1011d3a - <std::sys::backtrace::BacktraceLock::print::DisplayBacktrace as core::fmt::Display>::fmt::h5b6bd5631a6d1f6b
[INFO] [stdout]                                at /rustc/90b35a6239c3d8bdabc530a6a0816f7ff89a0aaf/library/std/src/sys/backtrace.rs:39:26
[INFO] [stdout]    4:     0x6208a1036fe3 - core::fmt::rt::Argument::fmt::h270f6602a2b96f62
[INFO] [stdout]                                at /rustc/90b35a6239c3d8bdabc530a6a0816f7ff89a0aaf/library/core/src/fmt/rt.rs:177:76
[INFO] [stdout]    5:     0x6208a1036fe3 - core::fmt::write::h7550c97b06c86515
[INFO] [stdout]                                at /rustc/90b35a6239c3d8bdabc530a6a0816f7ff89a0aaf/library/core/src/fmt/mod.rs:1186:21
[INFO] [stdout]    6:     0x6208a100ef03 - std::io::Write::write_fmt::h509ff860e5956e5e
[INFO] [stdout]                                at /rustc/90b35a6239c3d8bdabc530a6a0816f7ff89a0aaf/library/std/src/io/mod.rs:1839:15
[INFO] [stdout]    7:     0x6208a1011b82 - std::sys::backtrace::BacktraceLock::print::h2395ccd2c84ba3aa
[INFO] [stdout]                                at /rustc/90b35a6239c3d8bdabc530a6a0816f7ff89a0aaf/library/std/src/sys/backtrace.rs:42:9
[INFO] [stdout]    8:     0x6208a101319a - std::panicking::default_hook::{{closure}}::he19d4c7230e07961
[INFO] [stdout]                                at /rustc/90b35a6239c3d8bdabc530a6a0816f7ff89a0aaf/library/std/src/panicking.rs:268:22
[INFO] [stdout]    9:     0x6208a1012fa4 - std::panicking::default_hook::hf614597d3c67bbdb
[INFO] [stdout]                                at /rustc/90b35a6239c3d8bdabc530a6a0816f7ff89a0aaf/library/std/src/panicking.rs:292:9
[INFO] [stdout]   10:     0x6208a0fdab49 - <alloc::boxed::Box<F,A> as core::ops::function::Fn<Args>>::call::h39b51ce4599c23d1
[INFO] [stdout]                                at /rustc/90b35a6239c3d8bdabc530a6a0816f7ff89a0aaf/library/alloc/src/boxed.rs:2468:9
[INFO] [stdout]   11:     0x6208a0fdab49 - test::test_main::{{closure}}::he977ae839a582784
[INFO] [stdout]                                at /rustc/90b35a6239c3d8bdabc530a6a0816f7ff89a0aaf/library/test/src/lib.rs:133:21
[INFO] [stdout]   12:     0x6208a1013838 - <alloc::boxed::Box<F,A> as core::ops::function::Fn<Args>>::call::h9455091b6b06f9fb
[INFO] [stdout]                                at /rustc/90b35a6239c3d8bdabc530a6a0816f7ff89a0aaf/library/alloc/src/boxed.rs:2468:9
[INFO] [stdout]   13:     0x6208a1013838 - std::panicking::rust_panic_with_hook::h8942133a8b252070
[INFO] [stdout]                                at /rustc/90b35a6239c3d8bdabc530a6a0816f7ff89a0aaf/library/std/src/panicking.rs:809:13
[INFO] [stdout]   14:     0x6208a10135fa - std::panicking::begin_panic_handler::{{closure}}::hb5f5963570096b29
[INFO] [stdout]                                at /rustc/90b35a6239c3d8bdabc530a6a0816f7ff89a0aaf/library/std/src/panicking.rs:674:13
[INFO] [stdout]   15:     0x6208a1012219 - std::sys::backtrace::__rust_end_short_backtrace::h6208cedc1922feda
[INFO] [stdout]                                at /rustc/90b35a6239c3d8bdabc530a6a0816f7ff89a0aaf/library/std/src/sys/backtrace.rs:170:18
[INFO] [stdout]   16:     0x6208a101328c - rust_begin_unwind
[INFO] [stdout]                                at /rustc/90b35a6239c3d8bdabc530a6a0816f7ff89a0aaf/library/std/src/panicking.rs:665:5
[INFO] [stdout]   17:     0x6208a0f97580 - core::panicking::panic_fmt::h0c3082644d1bf418
[INFO] [stdout]                                at /rustc/90b35a6239c3d8bdabc530a6a0816f7ff89a0aaf/library/core/src/panicking.rs:74:14
[INFO] [stdout]   18:     0x6208a0f9794b - core::panicking::assert_failed_inner::h2ddf1fcc067fa858
[INFO] [stdout]   19:     0x6208a0f94182 - core::panicking::assert_failed::h7cb5162a4db7229f
[INFO] [stdout]                                at /rustc/90b35a6239c3d8bdabc530a6a0816f7ff89a0aaf/library/core/src/panicking.rs:367:5
[INFO] [stdout]   20:     0x6208a0f9c511 - mogen::tests::test_bishop_moves::h7a221e180ecf424b
[INFO] [stdout]   21:     0x6208a0fa1cf9 - mogen::tests::test_bishop_moves::{{closure}}::h7d53f89c75344598
[INFO] [stdout]                                at /opt/rustwide/workdir/mogen/src/lib.rs:295:27
[INFO] [stdout]   22:     0x6208a0fa1cf9 - core::ops::function::FnOnce::call_once::h08d761ab51c0d172
[INFO] [stdout]                                at /rustc/90b35a6239c3d8bdabc530a6a0816f7ff89a0aaf/library/core/src/ops/function.rs:250:5
[INFO] [stdout]   23:     0x6208a0fdf50b - core::ops::function::FnOnce::call_once::h109cf8051a59b34e
[INFO] [stdout]                                at /rustc/90b35a6239c3d8bdabc530a6a0816f7ff89a0aaf/library/core/src/ops/function.rs:250:5
[INFO] [stdout]   24:     0x6208a0fdf50b - test::__rust_begin_short_backtrace::hf4fff89d377446ba
[INFO] [stdout]                                at /rustc/90b35a6239c3d8bdabc530a6a0816f7ff89a0aaf/library/test/src/lib.rs:621:18
[INFO] [stdout]   25:     0x6208a0fded47 - test::run_test_in_process::{{closure}}::h0e39181dd7ee5a43
[INFO] [stdout]                                at /rustc/90b35a6239c3d8bdabc530a6a0816f7ff89a0aaf/library/test/src/lib.rs:644:60
[INFO] [stdout]   26:     0x6208a0fded47 - <core::panic::unwind_safe::AssertUnwindSafe<F> as core::ops::function::FnOnce<()>>::call_once::hc5a66a30f0bdfd1f
[INFO] [stdout]                                at /rustc/90b35a6239c3d8bdabc530a6a0816f7ff89a0aaf/library/core/src/panic/unwind_safe.rs:272:9
[INFO] [stdout]   27:     0x6208a0fded47 - std::panicking::try::do_call::h873b7cf639554a5e
[INFO] [stdout]                                at /rustc/90b35a6239c3d8bdabc530a6a0816f7ff89a0aaf/library/std/src/panicking.rs:557:40
[INFO] [stdout]   28:     0x6208a0fded47 - std::panicking::try::hdb19862fad9c8bd1
[INFO] [stdout]                                at /rustc/90b35a6239c3d8bdabc530a6a0816f7ff89a0aaf/library/std/src/panicking.rs:520:19
[INFO] [stdout]   29:     0x6208a0fded47 - std::panic::catch_unwind::h281fe732d236d260
[INFO] [stdout]                                at /rustc/90b35a6239c3d8bdabc530a6a0816f7ff89a0aaf/library/std/src/panic.rs:358:14
[INFO] [stdout]   30:     0x6208a0fded47 - test::run_test_in_process::h949b6df8457ed338
[INFO] [stdout]                                at /rustc/90b35a6239c3d8bdabc530a6a0816f7ff89a0aaf/library/test/src/lib.rs:644:27
[INFO] [stdout]   31:     0x6208a0fded47 - test::run_test::{{closure}}::h52c556a6d4740e10
[INFO] [stdout]                                at /rustc/90b35a6239c3d8bdabc530a6a0816f7ff89a0aaf/library/test/src/lib.rs:565:43
[INFO] [stdout]   32:     0x6208a0fa4024 - test::run_test::{{closure}}::h4237f6381c45ccb9
[INFO] [stdout]                                at /rustc/90b35a6239c3d8bdabc530a6a0816f7ff89a0aaf/library/test/src/lib.rs:595:41
[INFO] [stdout]   33:     0x6208a0fa4024 - std::sys::backtrace::__rust_begin_short_backtrace::h505c97a579eca628
[INFO] [stdout]                                at /rustc/90b35a6239c3d8bdabc530a6a0816f7ff89a0aaf/library/std/src/sys/backtrace.rs:154:18
[INFO] [stdout]   34:     0x6208a0fa76ee - std::thread::Builder::spawn_unchecked_::{{closure}}::{{closure}}::h9e86b2e2bc107ea3
[INFO] [stdout]                                at /rustc/90b35a6239c3d8bdabc530a6a0816f7ff89a0aaf/library/std/src/thread/mod.rs:538:17
[INFO] [stdout]   35:     0x6208a0fa76ee - <core::panic::unwind_safe::AssertUnwindSafe<F> as core::ops::function::FnOnce<()>>::call_once::h8b06ddb275ff4a25
[INFO] [stdout]                                at /rustc/90b35a6239c3d8bdabc530a6a0816f7ff89a0aaf/library/core/src/panic/unwind_safe.rs:272:9
[INFO] [stdout]   36:     0x6208a0fa76ee - std::panicking::try::do_call::hb26ecd7cd9a9355d
[INFO] [stdout]                                at /rustc/90b35a6239c3d8bdabc530a6a0816f7ff89a0aaf/library/std/src/panicking.rs:557:40
[INFO] [stdout]   37:     0x6208a0fa76ee - std::panicking::try::h8ddeca9d705f9069
[INFO] [stdout]                                at /rustc/90b35a6239c3d8bdabc530a6a0816f7ff89a0aaf/library/std/src/panicking.rs:520:19
[INFO] [stdout]   38:     0x6208a0fa76ee - std::panic::catch_unwind::h49e1c33078844c46
[INFO] [stdout]                                at /rustc/90b35a6239c3d8bdabc530a6a0816f7ff89a0aaf/library/std/src/panic.rs:358:14
[INFO] [stdout]   39:     0x6208a0fa76ee - std::thread::Builder::spawn_unchecked_::{{closure}}::h6073db6ff56ad35d
[INFO] [stdout]                                at /rustc/90b35a6239c3d8bdabc530a6a0816f7ff89a0aaf/library/std/src/thread/mod.rs:537:30
[INFO] [stdout]   40:     0x6208a0fa76ee - core::ops::function::FnOnce::call_once{{vtable.shim}}::h2c5a5f3779c774f1
[INFO] [stdout]                                at /rustc/90b35a6239c3d8bdabc530a6a0816f7ff89a0aaf/library/core/src/ops/function.rs:250:5
[INFO] [stdout]   41:     0x6208a101758b - <alloc::boxed::Box<F,A> as core::ops::function::FnOnce<Args>>::call_once::hf75717d9f28faebf
[INFO] [stdout]                                at /rustc/90b35a6239c3d8bdabc530a6a0816f7ff89a0aaf/library/alloc/src/boxed.rs:2454:9
[INFO] [stdout]   42:     0x6208a101758b - <alloc::boxed::Box<F,A> as core::ops::function::FnOnce<Args>>::call_once::h7bd883a5f3c5f3c1
[INFO] [stdout]                                at /rustc/90b35a6239c3d8bdabc530a6a0816f7ff89a0aaf/library/alloc/src/boxed.rs:2454:9
[INFO] [stdout]   43:     0x6208a101758b - std::sys::pal::unix::thread::Thread::new::thread_start::hcc78f3943333fa94
[INFO] [stdout]                                at /rustc/90b35a6239c3d8bdabc530a6a0816f7ff89a0aaf/library/std/src/sys/pal/unix/thread.rs:105:17
[INFO] [stdout]   44:     0x7c2ca0a4cac3 - <unknown>
[INFO] [stdout]   45:     0x7c2ca0adda04 - clone
[INFO] [stdout]   46:                0x0 - <unknown>
[INFO] [stdout] 
[INFO] [stdout] 
[INFO] [stdout] failures:
[INFO] [stdout]     tests::test_bishop_moves
[INFO] [stdout] 
[INFO] [stdout] test result: FAILED. 36 passed; 1 failed; 0 ignored; 0 measured; 0 filtered out; finished in 0.93s
[INFO] [stdout] 
[INFO] [stderr] error: test failed, to rerun pass `-p mogen --lib`
[INFO] running `Command { std: "docker" "inspect" "cee371750a605ddc0af0864e409ddad1314e0e6e4b9c6de7f489df02b9c7843b", kill_on_drop: false }`
[INFO] running `Command { std: "docker" "rm" "-f" "cee371750a605ddc0af0864e409ddad1314e0e6e4b9c6de7f489df02b9c7843b", kill_on_drop: false }`
[INFO] [stdout] cee371750a605ddc0af0864e409ddad1314e0e6e4b9c6de7f489df02b9c7843b
