[INFO] cloning repository https://github.com/LoudnessWar/acrust
[INFO] running `Command { std: "git" "-c" "credential.helper=" "-c" "credential.helper=/workspace/cargo-home/bin/git-credential-null" "clone" "--bare" "https://github.com/LoudnessWar/acrust" "/workspace/cache/git-repos/https%3A%2F%2Fgithub.com%2FLoudnessWar%2Facrust", kill_on_drop: false }`
[INFO] [stderr] Cloning into bare repository '/workspace/cache/git-repos/https%3A%2F%2Fgithub.com%2FLoudnessWar%2Facrust'...
[INFO] running `Command { std: "git" "rev-parse" "HEAD", kill_on_drop: false }`
[INFO] [stdout] 0275858503fbfbf0c039f8100261faeae71c438b
[INFO] testing LoudnessWar/acrust against 1.83.0 for beta-1.84.0-4-retry
[INFO] running `Command { std: "git" "clone" "/workspace/cache/git-repos/https%3A%2F%2Fgithub.com%2FLoudnessWar%2Facrust" "/workspace/builds/worker-6-tc1/source", kill_on_drop: false }`
[INFO] [stderr] Cloning into '/workspace/builds/worker-6-tc1/source'...
[INFO] [stderr] done.
[INFO] [stderr] Updating files:  38% (650/1696)
Updating files:  39% (662/1696)
Updating files:  40% (679/1696)
Updating files:  41% (696/1696)
Updating files:  42% (713/1696)
Updating files:  43% (730/1696)
Updating files:  44% (747/1696)
Updating files:  45% (764/1696)
Updating files:  45% (775/1696)
Updating files:  46% (781/1696)
Updating files:  47% (798/1696)
Updating files:  48% (815/1696)
Updating files:  49% (832/1696)
Updating files:  50% (848/1696)
Updating files:  51% (865/1696)
Updating files:  52% (882/1696)
Updating files:  53% (899/1696)
Updating files:  54% (916/1696)
Updating files:  55% (933/1696)
Updating files:  56% (950/1696)
Updating files:  57% (967/1696)
Updating files:  58% (984/1696)
Updating files:  59% (1001/1696)
Updating files:  60% (1018/1696)
Updating files:  61% (1035/1696)
Updating files:  62% (1052/1696)
Updating files:  63% (1069/1696)
Updating files:  64% (1086/1696)
Updating files:  65% (1103/1696)
Updating files:  66% (1120/1696)
Updating files:  67% (1137/1696)
Updating files:  68% (1154/1696)
Updating files:  69% (1171/1696)
Updating files:  70% (1188/1696)
Updating files:  71% (1205/1696)
Updating files:  72% (1222/1696)
Updating files:  73% (1239/1696)
Updating files:  74% (1256/1696)
Updating files:  75% (1272/1696)
Updating files:  76% (1289/1696)
Updating files:  77% (1306/1696)
Updating files:  78% (1323/1696)
Updating files:  79% (1340/1696)
Updating files:  80% (1357/1696)
Updating files:  81% (1374/1696)
Updating files:  82% (1391/1696)
Updating files:  83% (1408/1696)
Updating files:  84% (1425/1696)
Updating files:  85% (1442/1696)
Updating files:  86% (1459/1696)
Updating files:  87% (1476/1696)
Updating files:  88% (1493/1696)
Updating files:  89% (1510/1696)
Updating files:  90% (1527/1696)
Updating files:  91% (1544/1696)
Updating files:  92% (1561/1696)
Updating files:  92% (1575/1696)
Updating files:  93% (1578/1696)
Updating files:  94% (1595/1696)
Updating files:  95% (1612/1696)
Updating files:  96% (1629/1696)
Updating files:  97% (1646/1696)
Updating files:  98% (1663/1696)
Updating files:  99% (1680/1696)
Updating files: 100% (1696/1696)
Updating files: 100% (1696/1696), done.
[INFO] validating manifest of git repo https://github.com/LoudnessWar/acrust on toolchain 1.83.0
[INFO] running `Command { std: CARGO_HOME="/workspace/cargo-home" RUSTUP_HOME="/workspace/rustup-home" "/workspace/cargo-home/bin/cargo" "+1.83.0" "metadata" "--manifest-path" "Cargo.toml" "--no-deps", kill_on_drop: false }`
[INFO] started tweaking git repo https://github.com/LoudnessWar/acrust
[INFO] finished tweaking git repo https://github.com/LoudnessWar/acrust
[INFO] tweaked toml for git repo https://github.com/LoudnessWar/acrust written to /workspace/builds/worker-6-tc1/source/Cargo.toml
[INFO] crate git repo https://github.com/LoudnessWar/acrust already has a lockfile, it will not be regenerated
[INFO] running `Command { std: CARGO_HOME="/workspace/cargo-home" RUSTUP_HOME="/workspace/rustup-home" "/workspace/cargo-home/bin/cargo" "+1.83.0" "fetch" "--manifest-path" "Cargo.toml", kill_on_drop: false }`
[INFO] [stderr]  Downloading crates ...
[INFO] [stderr]   Downloaded glfw v0.58.0
[INFO] running `Command { std: "docker" "create" "-v" "/var/lib/crater-agent-workspace/builds/worker-6-tc1/target:/opt/rustwide/target:rw,Z" "-v" "/var/lib/crater-agent-workspace/builds/worker-6-tc1/source:/opt/rustwide/workdir:ro,Z" "-v" "/var/lib/crater-agent-workspace/cargo-home:/opt/rustwide/cargo-home:ro,Z" "-v" "/var/lib/crater-agent-workspace/rustup-home:/opt/rustwide/rustup-home:ro,Z" "-e" "SOURCE_DIR=/opt/rustwide/workdir" "-e" "CARGO_TARGET_DIR=/opt/rustwide/target" "-e" "CARGO_HOME=/opt/rustwide/cargo-home" "-e" "RUSTUP_HOME=/opt/rustwide/rustup-home" "-w" "/opt/rustwide/workdir" "-m" "1610612736" "--user" "0:0" "--network" "none" "ghcr.io/rust-lang/crates-build-env/linux@sha256:f3a9d4ad9d972b27faf3965f35b62e55ba32bbce8f20bc8fe909558a86702fde" "/opt/rustwide/cargo-home/bin/cargo" "+1.83.0" "metadata" "--no-deps" "--format-version=1", kill_on_drop: false }`
[INFO] [stdout] 43bf5f0f42e0163be6efaa58ee380a2abb4a11001a7de32b8d6dde76d473249b
[INFO] running `Command { std: "docker" "start" "-a" "43bf5f0f42e0163be6efaa58ee380a2abb4a11001a7de32b8d6dde76d473249b", kill_on_drop: false }`
[INFO] running `Command { std: "docker" "inspect" "43bf5f0f42e0163be6efaa58ee380a2abb4a11001a7de32b8d6dde76d473249b", kill_on_drop: false }`
[INFO] running `Command { std: "docker" "rm" "-f" "43bf5f0f42e0163be6efaa58ee380a2abb4a11001a7de32b8d6dde76d473249b", kill_on_drop: false }`
[INFO] [stdout] 43bf5f0f42e0163be6efaa58ee380a2abb4a11001a7de32b8d6dde76d473249b
[INFO] running `Command { std: "docker" "create" "-v" "/var/lib/crater-agent-workspace/builds/worker-6-tc1/target:/opt/rustwide/target:rw,Z" "-v" "/var/lib/crater-agent-workspace/builds/worker-6-tc1/source:/opt/rustwide/workdir:ro,Z" "-v" "/var/lib/crater-agent-workspace/cargo-home:/opt/rustwide/cargo-home:ro,Z" "-v" "/var/lib/crater-agent-workspace/rustup-home:/opt/rustwide/rustup-home:ro,Z" "-e" "SOURCE_DIR=/opt/rustwide/workdir" "-e" "CARGO_TARGET_DIR=/opt/rustwide/target" "-e" "CARGO_INCREMENTAL=0" "-e" "RUST_BACKTRACE=full" "-e" "RUSTFLAGS=--cap-lints=warn" "-e" "RUSTDOCFLAGS=--cap-lints=warn" "-e" "CARGO_HOME=/opt/rustwide/cargo-home" "-e" "RUSTUP_HOME=/opt/rustwide/rustup-home" "-w" "/opt/rustwide/workdir" "-m" "1610612736" "--user" "0:0" "--network" "none" "ghcr.io/rust-lang/crates-build-env/linux@sha256:f3a9d4ad9d972b27faf3965f35b62e55ba32bbce8f20bc8fe909558a86702fde" "/opt/rustwide/cargo-home/bin/cargo" "+1.83.0" "build" "--frozen" "--message-format=json", kill_on_drop: false }`
[INFO] [stdout] b0be79cd82a28cdba1cb31d76b16f9cddf49eaa717c48d3a192772ec898c04a5
[INFO] running `Command { std: "docker" "start" "-a" "b0be79cd82a28cdba1cb31d76b16f9cddf49eaa717c48d3a192772ec898c04a5", kill_on_drop: false }`
[INFO] [stderr]    Compiling shlex v1.3.0
[INFO] [stderr]    Compiling proc-macro2 v1.0.89
[INFO] [stderr]    Compiling khronos_api v3.1.0
[INFO] [stderr]    Compiling unicode-ident v1.0.13
[INFO] [stderr]    Compiling memchr v2.7.4
[INFO] [stderr]    Compiling autocfg v1.4.0
[INFO] [stderr]    Compiling log v0.4.22
[INFO] [stderr]    Compiling xml-rs v0.8.22
[INFO] [stderr]    Compiling regex-syntax v0.8.5
[INFO] [stderr]    Compiling utf8parse v0.2.2
[INFO] [stderr]    Compiling is_terminal_polyfill v1.70.1
[INFO] [stderr]    Compiling cgmath v0.18.0
[INFO] [stderr]    Compiling anstyle-query v1.1.1
[INFO] [stderr]    Compiling colorchoice v1.0.2
[INFO] [stderr]    Compiling anstyle v1.0.8
[INFO] [stderr]    Compiling thiserror v1.0.65
[INFO] [stderr]    Compiling bitflags v1.3.2
[INFO] [stderr]    Compiling anstyle-parse v0.2.5
[INFO] [stderr]    Compiling cc v1.1.31
[INFO] [stderr]    Compiling raw-window-handle v0.6.2
[INFO] [stderr]    Compiling humantime v2.1.0
[INFO] [stderr]    Compiling anstream v0.6.15
[INFO] [stderr]    Compiling num-traits v0.2.19
[INFO] [stderr]    Compiling aho-corasick v1.1.3
[INFO] [stderr]    Compiling cmake v0.1.51
[INFO] [stderr]    Compiling quote v1.0.37
[INFO] [stderr]    Compiling gl_generator v0.14.0
[INFO] [stderr]    Compiling syn v2.0.85
[INFO] [stderr]    Compiling glfw-sys v5.0.0+3.3.9
[INFO] [stderr]    Compiling gl v0.14.0
[INFO] [stderr]    Compiling regex-automata v0.4.8
[INFO] [stderr]    Compiling approx v0.4.0
[INFO] [stderr]    Compiling thiserror-impl v1.0.65
[INFO] [stderr]    Compiling regex v1.11.1
[INFO] [stderr]    Compiling glfw v0.58.0
[INFO] [stderr]    Compiling env_filter v0.1.2
[INFO] [stderr]    Compiling env_logger v0.11.5
[INFO] [stderr]    Compiling acrust v0.1.0 (/opt/rustwide/workdir)
[INFO] [stderr]     Finished `dev` profile [unoptimized + debuginfo] target(s) in 18.58s
[INFO] running `Command { std: "docker" "inspect" "b0be79cd82a28cdba1cb31d76b16f9cddf49eaa717c48d3a192772ec898c04a5", kill_on_drop: false }`
[INFO] running `Command { std: "docker" "rm" "-f" "b0be79cd82a28cdba1cb31d76b16f9cddf49eaa717c48d3a192772ec898c04a5", kill_on_drop: false }`
[INFO] [stdout] b0be79cd82a28cdba1cb31d76b16f9cddf49eaa717c48d3a192772ec898c04a5
[INFO] running `Command { std: "docker" "create" "-v" "/var/lib/crater-agent-workspace/builds/worker-6-tc1/target:/opt/rustwide/target:rw,Z" "-v" "/var/lib/crater-agent-workspace/builds/worker-6-tc1/source:/opt/rustwide/workdir:ro,Z" "-v" "/var/lib/crater-agent-workspace/cargo-home:/opt/rustwide/cargo-home:ro,Z" "-v" "/var/lib/crater-agent-workspace/rustup-home:/opt/rustwide/rustup-home:ro,Z" "-e" "SOURCE_DIR=/opt/rustwide/workdir" "-e" "CARGO_TARGET_DIR=/opt/rustwide/target" "-e" "CARGO_INCREMENTAL=0" "-e" "RUST_BACKTRACE=full" "-e" "RUSTFLAGS=--cap-lints=warn" "-e" "RUSTDOCFLAGS=--cap-lints=warn" "-e" "CARGO_HOME=/opt/rustwide/cargo-home" "-e" "RUSTUP_HOME=/opt/rustwide/rustup-home" "-w" "/opt/rustwide/workdir" "-m" "1610612736" "--user" "0:0" "--network" "none" "ghcr.io/rust-lang/crates-build-env/linux@sha256:f3a9d4ad9d972b27faf3965f35b62e55ba32bbce8f20bc8fe909558a86702fde" "/opt/rustwide/cargo-home/bin/cargo" "+1.83.0" "test" "--frozen" "--no-run" "--message-format=json", kill_on_drop: false }`
[INFO] [stdout] 5bfec500bf597e846600e85234e48b0429d86f6e3121e0b2d6d7352c497a3db7
[INFO] running `Command { std: "docker" "start" "-a" "5bfec500bf597e846600e85234e48b0429d86f6e3121e0b2d6d7352c497a3db7", kill_on_drop: false }`
[INFO] [stderr]    Compiling acrust v0.1.0 (/opt/rustwide/workdir)
[INFO] [stderr]     Finished `test` profile [unoptimized + debuginfo] target(s) in 0.73s
[INFO] running `Command { std: "docker" "inspect" "5bfec500bf597e846600e85234e48b0429d86f6e3121e0b2d6d7352c497a3db7", kill_on_drop: false }`
[INFO] running `Command { std: "docker" "rm" "-f" "5bfec500bf597e846600e85234e48b0429d86f6e3121e0b2d6d7352c497a3db7", kill_on_drop: false }`
[INFO] [stdout] 5bfec500bf597e846600e85234e48b0429d86f6e3121e0b2d6d7352c497a3db7
[INFO] running `Command { std: "docker" "create" "-v" "/var/lib/crater-agent-workspace/builds/worker-6-tc1/target:/opt/rustwide/target:rw,Z" "-v" "/var/lib/crater-agent-workspace/builds/worker-6-tc1/source:/opt/rustwide/workdir:ro,Z" "-v" "/var/lib/crater-agent-workspace/cargo-home:/opt/rustwide/cargo-home:ro,Z" "-v" "/var/lib/crater-agent-workspace/rustup-home:/opt/rustwide/rustup-home:ro,Z" "-e" "SOURCE_DIR=/opt/rustwide/workdir" "-e" "CARGO_TARGET_DIR=/opt/rustwide/target" "-e" "CARGO_INCREMENTAL=0" "-e" "RUST_BACKTRACE=full" "-e" "RUSTFLAGS=--cap-lints=warn" "-e" "RUSTDOCFLAGS=--cap-lints=warn" "-e" "CARGO_HOME=/opt/rustwide/cargo-home" "-e" "RUSTUP_HOME=/opt/rustwide/rustup-home" "-w" "/opt/rustwide/workdir" "-m" "1610612736" "--user" "0:0" "--network" "none" "ghcr.io/rust-lang/crates-build-env/linux@sha256:f3a9d4ad9d972b27faf3965f35b62e55ba32bbce8f20bc8fe909558a86702fde" "/opt/rustwide/cargo-home/bin/cargo" "+1.83.0" "test" "--frozen", kill_on_drop: false }`
[INFO] [stdout] 1d60f6a9e858f9fe08aa644baadc9faac5f66e7e91cb41cc0fc0e50c5580baf1
[INFO] running `Command { std: "docker" "start" "-a" "1d60f6a9e858f9fe08aa644baadc9faac5f66e7e91cb41cc0fc0e50c5580baf1", kill_on_drop: false }`
[INFO] [stderr]     Finished `test` profile [unoptimized + debuginfo] target(s) in 0.05s
[INFO] [stderr]      Running unittests src/lib.rs (/opt/rustwide/target/debug/deps/acrust-844477c6bac96794)
[INFO] [stdout] 
[INFO] [stdout] running 1 test
[INFO] [stdout] test tests::it_works ... ok
[INFO] [stdout] 
[INFO] [stdout] test result: ok. 1 passed; 0 failed; 0 ignored; 0 measured; 0 filtered out; finished in 0.00s
[INFO] [stdout] 
[INFO] [stderr]    Doc-tests acrust
[INFO] [stdout] 
[INFO] [stdout] running 3 tests
[INFO] [stdout] test src/graphics/gl_wrapper.rs - graphics::gl_wrapper::BufferObject (line 49) ... FAILED
[INFO] [stdout] test src/graphics/gl_wrapper.rs - graphics::gl_wrapper::Vao (line 14) ... FAILED
[INFO] [stdout] test src/graphics/gl_wrapper.rs - graphics::gl_wrapper::VertexAttribute (line 109) ... FAILED
[INFO] [stdout] 
[INFO] [stdout] failures:
[INFO] [stdout] 
[INFO] [stdout] ---- src/graphics/gl_wrapper.rs - graphics::gl_wrapper::BufferObject (line 49) stdout ----
[INFO] [stdout] error[E0433]: failed to resolve: use of undeclared type `BufferObject`
[INFO] [stdout]  --> src/graphics/gl_wrapper.rs:50:11
[INFO] [stdout]   |
[INFO] [stdout] 3 | let vbo = BufferObject::new(gl::ARRAY_BUFFER, gl::STATIC_DRAW);
[INFO] [stdout]   |           ^^^^^^^^^^^^ use of undeclared type `BufferObject`
[INFO] [stdout]   |
[INFO] [stdout] help: consider importing this struct
[INFO] [stdout]   |
[INFO] [stdout] 2 + use acrust::graphics::gl_wrapper::BufferObject;
[INFO] [stdout]   |
[INFO] [stdout] 
[INFO] [stdout] error[E0425]: cannot find value `float32_array` in this scope
[INFO] [stdout]  --> src/graphics/gl_wrapper.rs:53:21
[INFO] [stdout]   |
[INFO] [stdout] 6 | vbo.store_f32_data(&float32_array);
[INFO] [stdout]   |                     ^^^^^^^^^^^^^ not found in this scope
[INFO] [stdout] 
[INFO] [stdout] error: aborting due to 2 previous errors
[INFO] [stdout] 
[INFO] [stdout] Some errors have detailed explanations: E0425, E0433.
[INFO] [stdout] For more information about an error, try `rustc --explain E0425`.
[INFO] [stdout] Couldn't compile the test.
[INFO] [stdout] ---- src/graphics/gl_wrapper.rs - graphics::gl_wrapper::Vao (line 14) stdout ----
[INFO] [stdout] error[E0433]: failed to resolve: use of undeclared type `Vao`
[INFO] [stdout]  --> src/graphics/gl_wrapper.rs:15:11
[INFO] [stdout]   |
[INFO] [stdout] 3 | let vao = Vao::new();
[INFO] [stdout]   |           ^^^ use of undeclared type `Vao`
[INFO] [stdout]   |
[INFO] [stdout] help: consider importing this struct
[INFO] [stdout]   |
[INFO] [stdout] 2 + use acrust::graphics::gl_wrapper::Vao;
[INFO] [stdout]   |
[INFO] [stdout] 
[INFO] [stdout] error: aborting due to 1 previous error
[INFO] [stdout] 
[INFO] [stdout] For more information about this error, try `rustc --explain E0433`.
[INFO] [stdout] Couldn't compile the test.
[INFO] [stdout] ---- src/graphics/gl_wrapper.rs - graphics::gl_wrapper::VertexAttribute (line 109) stdout ----
[INFO] [stdout] error[E0433]: failed to resolve: use of undeclared type `VertexAttribute`
[INFO] [stdout]  --> src/graphics/gl_wrapper.rs:110:26
[INFO] [stdout]   |
[INFO] [stdout] 3 | let position_attribute = VertexAttribute::new(0, 3, gl::FLOAT, gl::FALSE, 3 * mem::size_of::<GLfloat>() as GLsizei, ptr::null());
[INFO] [stdout]   |                          ^^^^^^^^^^^^^^^ use of undeclared type `VertexAttribute`
[INFO] [stdout]   |
[INFO] [stdout] help: consider importing this struct
[INFO] [stdout]   |
[INFO] [stdout] 2 + use acrust::graphics::gl_wrapper::VertexAttribute;
[INFO] [stdout]   |
[INFO] [stdout] 
[INFO] [stdout] error[E0433]: failed to resolve: use of undeclared crate or module `mem`
[INFO] [stdout]  --> src/graphics/gl_wrapper.rs:110:79
[INFO] [stdout]   |
[INFO] [stdout] 3 | let position_attribute = VertexAttribute::new(0, 3, gl::FLOAT, gl::FALSE, 3 * mem::size_of::<GLfloat>() as GLsizei, ptr::null());
[INFO] [stdout]   |                                                                               ^^^ use of undeclared crate or module `mem`
[INFO] [stdout]   |
[INFO] [stdout] help: consider importing this module
[INFO] [stdout]   |
[INFO] [stdout] 2 + use std::mem;
[INFO] [stdout]   |
[INFO] [stdout] 
[INFO] [stdout] error[E0412]: cannot find type `GLfloat` in this scope
[INFO] [stdout]  --> src/graphics/gl_wrapper.rs:110:94
[INFO] [stdout]   |
[INFO] [stdout] 3 | let position_attribute = VertexAttribute::new(0, 3, gl::FLOAT, gl::FALSE, 3 * mem::size_of::<GLfloat>() as GLsizei, ptr::null());
[INFO] [stdout]   |                                                                                              ^^^^^^^ not found in this scope
[INFO] [stdout]   |
[INFO] [stdout] help: consider importing this type alias
[INFO] [stdout]   |
[INFO] [stdout] 2 + use gl::types::GLfloat;
[INFO] [stdout]   |
[INFO] [stdout] 
[INFO] [stdout] error[E0412]: cannot find type `GLsizei` in this scope
[INFO] [stdout]  --> src/graphics/gl_wrapper.rs:110:108
[INFO] [stdout]   |
[INFO] [stdout] 3 | let position_attribute = VertexAttribute::new(0, 3, gl::FLOAT, gl::FALSE, 3 * mem::size_of::<GLfloat>() as GLsizei, ptr::null());
[INFO] [stdout]   |                                                                                                            ^^^^^^^ not found in this scope
[INFO] [stdout]   |
[INFO] [stdout] help: consider importing this type alias
[INFO] [stdout]   |
[INFO] [stdout] 2 + use gl::types::GLsizei;
[INFO] [stdout]   |
[INFO] [stdout] 
[INFO] [stdout] error[E0433]: failed to resolve: use of undeclared crate or module `ptr`
[INFO] [stdout]  --> src/graphics/gl_wrapper.rs:110:117
[INFO] [stdout]   |
[INFO] [stdout] 3 | let position_attribute = VertexAttribute::new(0, 3, gl::FLOAT, gl::FALSE, 3 * mem::size_of::<GLfloat>() as GLsizei, ptr::null());
[INFO] [stdout]   |                                                                                                                     ^^^ use of undeclared crate or module `ptr`
[INFO] [stdout]   |
[INFO] [stdout] help: a builtin type with a similar name exists
[INFO] [stdout]   |
[INFO] [stdout] 3 | let position_attribute = VertexAttribute::new(0, 3, gl::FLOAT, gl::FALSE, 3 * mem::size_of::<GLfloat>() as GLsizei, str::null());
[INFO] [stdout]   |                                                                                                                     ~~~
[INFO] [stdout] help: consider importing this module
[INFO] [stdout]   |
[INFO] [stdout] 2 + use std::ptr;
[INFO] [stdout]   |
[INFO] [stdout] 
[INFO] [stdout] error: aborting due to 5 previous errors
[INFO] [stdout] 
[INFO] [stdout] Some errors have detailed explanations: E0412, E0433.
[INFO] [stdout] For more information about an error, try `rustc --explain E0412`.
[INFO] [stdout] Couldn't compile the test.
[INFO] [stdout] 
[INFO] [stdout] failures:
[INFO] [stdout]     src/graphics/gl_wrapper.rs - graphics::gl_wrapper::BufferObject (line 49)
[INFO] [stdout]     src/graphics/gl_wrapper.rs - graphics::gl_wrapper::Vao (line 14)
[INFO] [stdout]     src/graphics/gl_wrapper.rs - graphics::gl_wrapper::VertexAttribute (line 109)
[INFO] [stdout] 
[INFO] [stdout] test result: FAILED. 0 passed; 3 failed; 0 ignored; 0 measured; 0 filtered out; finished in 0.13s
[INFO] [stdout] 
[INFO] [stderr] error: doctest failed, to rerun pass `--doc`
[INFO] running `Command { std: "docker" "inspect" "1d60f6a9e858f9fe08aa644baadc9faac5f66e7e91cb41cc0fc0e50c5580baf1", kill_on_drop: false }`
[INFO] running `Command { std: "docker" "rm" "-f" "1d60f6a9e858f9fe08aa644baadc9faac5f66e7e91cb41cc0fc0e50c5580baf1", kill_on_drop: false }`
[INFO] [stdout] 1d60f6a9e858f9fe08aa644baadc9faac5f66e7e91cb41cc0fc0e50c5580baf1
