[INFO] cloning repository https://github.com/LordFoom/torrentox
[INFO] running `Command { std: "git" "-c" "credential.helper=" "-c" "credential.helper=/workspace/cargo-home/bin/git-credential-null" "clone" "--bare" "https://github.com/LordFoom/torrentox" "/workspace/cache/git-repos/https%3A%2F%2Fgithub.com%2FLordFoom%2Ftorrentox", kill_on_drop: false }`
[INFO] [stderr] Cloning into bare repository '/workspace/cache/git-repos/https%3A%2F%2Fgithub.com%2FLordFoom%2Ftorrentox'...
[INFO] running `Command { std: "git" "rev-parse" "HEAD", kill_on_drop: false }`
[INFO] [stdout] 3752a395bc4c9f1f4b99c9ab0c95015477048042
[INFO] testing LordFoom/torrentox against 1.83.0 for beta-1.84.0-4-retry
[INFO] running `Command { std: "git" "clone" "/workspace/cache/git-repos/https%3A%2F%2Fgithub.com%2FLordFoom%2Ftorrentox" "/workspace/builds/worker-4-tc1/source", kill_on_drop: false }`
[INFO] [stderr] Cloning into '/workspace/builds/worker-4-tc1/source'...
[INFO] [stderr] done.
[INFO] validating manifest of git repo https://github.com/LordFoom/torrentox on toolchain 1.83.0
[INFO] running `Command { std: CARGO_HOME="/workspace/cargo-home" RUSTUP_HOME="/workspace/rustup-home" "/workspace/cargo-home/bin/cargo" "+1.83.0" "metadata" "--manifest-path" "Cargo.toml" "--no-deps", kill_on_drop: false }`
[INFO] started tweaking git repo https://github.com/LordFoom/torrentox
[INFO] finished tweaking git repo https://github.com/LordFoom/torrentox
[INFO] tweaked toml for git repo https://github.com/LordFoom/torrentox written to /workspace/builds/worker-4-tc1/source/Cargo.toml
[INFO] crate git repo https://github.com/LordFoom/torrentox already has a lockfile, it will not be regenerated
[INFO] running `Command { std: CARGO_HOME="/workspace/cargo-home" RUSTUP_HOME="/workspace/rustup-home" "/workspace/cargo-home/bin/cargo" "+1.83.0" "fetch" "--manifest-path" "Cargo.toml", kill_on_drop: false }`
[INFO] [stderr] warning: unused manifest key: dependencies.color-eyre.feature
[INFO] [stderr]     Blocking waiting for file lock on package cache
[INFO] [stderr]  Downloading crates ...
[INFO] [stderr]   Downloaded serde_bencode v0.2.4
[INFO] running `Command { std: "docker" "create" "-v" "/var/lib/crater-agent-workspace/builds/worker-4-tc1/target:/opt/rustwide/target:rw,Z" "-v" "/var/lib/crater-agent-workspace/builds/worker-4-tc1/source:/opt/rustwide/workdir:ro,Z" "-v" "/var/lib/crater-agent-workspace/cargo-home:/opt/rustwide/cargo-home:ro,Z" "-v" "/var/lib/crater-agent-workspace/rustup-home:/opt/rustwide/rustup-home:ro,Z" "-e" "SOURCE_DIR=/opt/rustwide/workdir" "-e" "CARGO_TARGET_DIR=/opt/rustwide/target" "-e" "CARGO_HOME=/opt/rustwide/cargo-home" "-e" "RUSTUP_HOME=/opt/rustwide/rustup-home" "-w" "/opt/rustwide/workdir" "-m" "1610612736" "--user" "0:0" "--network" "none" "ghcr.io/rust-lang/crates-build-env/linux@sha256:f3a9d4ad9d972b27faf3965f35b62e55ba32bbce8f20bc8fe909558a86702fde" "/opt/rustwide/cargo-home/bin/cargo" "+1.83.0" "metadata" "--no-deps" "--format-version=1", kill_on_drop: false }`
[INFO] [stdout] 55130a9f8a43f2baad3cdd5753f46e22992b1ae29da000dedfd2cb414b09f828
[INFO] running `Command { std: "docker" "start" "-a" "55130a9f8a43f2baad3cdd5753f46e22992b1ae29da000dedfd2cb414b09f828", kill_on_drop: false }`
[INFO] running `Command { std: "docker" "inspect" "55130a9f8a43f2baad3cdd5753f46e22992b1ae29da000dedfd2cb414b09f828", kill_on_drop: false }`
[INFO] running `Command { std: "docker" "rm" "-f" "55130a9f8a43f2baad3cdd5753f46e22992b1ae29da000dedfd2cb414b09f828", kill_on_drop: false }`
[INFO] [stdout] 55130a9f8a43f2baad3cdd5753f46e22992b1ae29da000dedfd2cb414b09f828
[INFO] running `Command { std: "docker" "create" "-v" "/var/lib/crater-agent-workspace/builds/worker-4-tc1/target:/opt/rustwide/target:rw,Z" "-v" "/var/lib/crater-agent-workspace/builds/worker-4-tc1/source:/opt/rustwide/workdir:ro,Z" "-v" "/var/lib/crater-agent-workspace/cargo-home:/opt/rustwide/cargo-home:ro,Z" "-v" "/var/lib/crater-agent-workspace/rustup-home:/opt/rustwide/rustup-home:ro,Z" "-e" "SOURCE_DIR=/opt/rustwide/workdir" "-e" "CARGO_TARGET_DIR=/opt/rustwide/target" "-e" "CARGO_INCREMENTAL=0" "-e" "RUST_BACKTRACE=full" "-e" "RUSTFLAGS=--cap-lints=warn" "-e" "RUSTDOCFLAGS=--cap-lints=warn" "-e" "CARGO_HOME=/opt/rustwide/cargo-home" "-e" "RUSTUP_HOME=/opt/rustwide/rustup-home" "-w" "/opt/rustwide/workdir" "-m" "1610612736" "--user" "0:0" "--network" "none" "ghcr.io/rust-lang/crates-build-env/linux@sha256:f3a9d4ad9d972b27faf3965f35b62e55ba32bbce8f20bc8fe909558a86702fde" "/opt/rustwide/cargo-home/bin/cargo" "+1.83.0" "build" "--frozen" "--message-format=json", kill_on_drop: false }`
[INFO] [stdout] 983f2e7f8d4ed6b561e18db5fe39b951d4486b6dc238ad1a835dc52ec472906b
[INFO] running `Command { std: "docker" "start" "-a" "983f2e7f8d4ed6b561e18db5fe39b951d4486b6dc238ad1a835dc52ec472906b", kill_on_drop: false }`
[INFO] [stderr] warning: unused manifest key: dependencies.color-eyre.feature
[INFO] [stderr]    Compiling proc-macro2 v1.0.86
[INFO] [stderr]    Compiling unicode-ident v1.0.12
[INFO] [stderr]    Compiling cfg-if v1.0.0
[INFO] [stderr]    Compiling libc v0.2.159
[INFO] [stderr]    Compiling once_cell v1.20.1
[INFO] [stderr]    Compiling autocfg v1.4.0
[INFO] [stderr]    Compiling byteorder v1.5.0
[INFO] [stderr]    Compiling shlex v1.3.0
[INFO] [stderr]    Compiling version_check v0.9.5
[INFO] [stderr]    Compiling vcpkg v0.2.15
[INFO] [stderr]    Compiling serde v1.0.210
[INFO] [stderr]    Compiling pkg-config v0.3.31
[INFO] [stderr]    Compiling pin-project-lite v0.2.14
[INFO] [stderr]    Compiling itoa v1.0.11
[INFO] [stderr]    Compiling bytes v1.8.0
[INFO] [stderr]    Compiling futures-core v0.3.31
[INFO] [stderr]    Compiling fnv v1.0.7
[INFO] [stderr]    Compiling smallvec v1.13.2
[INFO] [stderr]    Compiling cc v1.1.24
[INFO] [stderr]    Compiling equivalent v1.0.1
[INFO] [stderr]    Compiling openssl v0.10.68
[INFO] [stderr]    Compiling pin-utils v0.1.0
[INFO] [stderr]    Compiling foreign-types-shared v0.1.1
[INFO] [stderr]    Compiling httparse v1.9.5
[INFO] [stderr]    Compiling lazy_static v1.5.0
[INFO] [stderr]    Compiling bitflags v2.6.0
[INFO] [stderr]    Compiling futures-sink v0.3.31
[INFO] [stderr]    Compiling http v1.1.0
[INFO] [stderr]    Compiling futures-task v0.3.31
[INFO] [stderr]    Compiling foreign-types v0.3.2
[INFO] [stderr]    Compiling memchr v2.7.4
[INFO] [stderr]    Compiling futures-util v0.3.31
[INFO] [stderr]    Compiling try-lock v0.2.5
[INFO] [stderr]    Compiling native-tls v0.2.12
[INFO] [stderr]    Compiling tinyvec_macros v0.1.1
[INFO] [stderr]    Compiling atomic-waker v1.1.2
[INFO] [stderr]    Compiling ahash v0.8.11
[INFO] [stderr]    Compiling ryu v1.0.18
[INFO] [stderr]    Compiling tracing-core v0.1.32
[INFO] [stderr]    Compiling thread_local v1.1.8
[INFO] [stderr]    Compiling slab v0.4.9
[INFO] [stderr]    Compiling num-traits v0.2.19
[INFO] [stderr]    Compiling lock_api v0.4.12
[INFO] [stderr]    Compiling tinyvec v1.8.0
[INFO] [stderr]    Compiling want v0.3.1
[INFO] [stderr]    Compiling sharded-slab v0.1.7
[INFO] [stderr]    Compiling futures-channel v0.3.31
[INFO] [stderr]    Compiling openssl-probe v0.1.5
[INFO] [stderr]    Compiling syn v1.0.109
[INFO] [stderr]    Compiling percent-encoding v2.3.1
[INFO] [stderr]    Compiling parking_lot_core v0.9.10
[INFO] [stderr]    Compiling utf8parse v0.2.2
[INFO] [stderr]    Compiling tracing v0.1.40
[INFO] [stderr]    Compiling anstyle-parse v0.2.5
[INFO] [stderr]    Compiling libsqlite3-sys v0.30.1
[INFO] [stderr]    Compiling form_urlencoded v1.2.1
[INFO] [stderr]    Compiling quote v1.0.37
[INFO] [stderr]    Compiling destructure_traitobject v0.2.0
[INFO] [stderr]    Compiling mio v1.0.2
[INFO] [stderr]    Compiling socket2 v0.5.7
[INFO] [stderr]    Compiling getrandom v0.2.15
[INFO] [stderr]    Compiling http-body v1.0.1
[INFO] [stderr]    Compiling syn v2.0.77
[INFO] [stderr]    Compiling tower-service v0.3.3
[INFO] [stderr]    Compiling is_terminal_polyfill v1.70.1
[INFO] [stderr]    Compiling adler v1.0.2
[INFO] [stderr]    Compiling thiserror v1.0.63
[INFO] [stderr]    Compiling gimli v0.28.1
[INFO] [stderr]    Compiling anstyle v1.0.8
[INFO] [stderr]    Compiling scopeguard v1.2.0
[INFO] [stderr]    Compiling eyre v0.6.12
[INFO] [stderr]    Compiling anstyle-query v1.1.1
[INFO] [stderr]    Compiling rand_core v0.6.4
[INFO] [stderr]    Compiling unicode-normalization v0.1.24
[INFO] [stderr]    Compiling unicode-bidi v0.3.17
[INFO] [stderr]    Compiling colorchoice v1.0.2
[INFO] [stderr]    Compiling anyhow v1.0.90
[INFO] [stderr]    Compiling tokio v1.41.0
[INFO] [stderr]    Compiling tracing-subscriber v0.3.18
[INFO] [stderr]    Compiling serde_json v1.0.128
[INFO] [stderr]    Compiling anstream v0.6.15
[INFO] [stderr]    Compiling http-body-util v0.1.2
[INFO] [stderr]    Compiling ordered-float v2.10.1
[INFO] [stderr]    Compiling miniz_oxide v0.7.4
[INFO] [stderr]    Compiling openssl-sys v0.9.104
[INFO] [stderr]    Compiling backtrace v0.3.71
[INFO] [stderr]    Compiling unsafe-any-ors v1.0.0
[INFO] [stderr]    Compiling object v0.32.2
[INFO] [stderr]    Compiling clap_lex v0.7.2
[INFO] [stderr]    Compiling idna v0.5.0
[INFO] [stderr]    Compiling indenter v0.3.3
[INFO] [stderr]    Compiling unsafe-libyaml v0.2.11
[INFO] [stderr]    Compiling iana-time-zone v0.1.61
[INFO] [stderr]    Compiling rustls-pki-types v1.10.0
[INFO] [stderr]    Compiling rustc-demangle v0.1.24
[INFO] [stderr]    Compiling heck v0.5.0
[INFO] [stderr]    Compiling strsim v0.11.1
[INFO] [stderr]    Compiling owo-colors v3.5.0
[INFO] [stderr]    Compiling parking_lot v0.12.3
[INFO] [stderr]    Compiling chrono v0.4.38
[INFO] [stderr]    Compiling rustls-pemfile v2.2.0
[INFO] [stderr]    Compiling clap_builder v4.5.15
[INFO] [stderr]    Compiling tracing-error v0.2.0
[INFO] [stderr]    Compiling url v2.5.2
[INFO] [stderr]    Compiling typemap-ors v1.0.0
[INFO] [stderr]    Compiling thread-id v4.2.2
[INFO] [stderr]    Compiling sync_wrapper v1.0.1
[INFO] [stderr]    Compiling encoding_rs v0.8.35
[INFO] [stderr]    Compiling fallible-iterator v0.3.0
[INFO] [stderr]    Compiling log-mdc v0.1.0
[INFO] [stderr]    Compiling base64 v0.22.1
[INFO] [stderr]    Compiling fallible-streaming-iterator v0.1.9
[INFO] [stderr]    Compiling color-spantrace v0.2.1
[INFO] [stderr]    Compiling mime v0.3.17
[INFO] [stderr]    Compiling humantime v2.1.0
[INFO] [stderr]    Compiling ipnet v2.10.1
[INFO] [stderr]    Compiling arc-swap v1.7.1
[INFO] [stderr]    Compiling colored v2.1.0
[INFO] [stderr]    Compiling addr2line v0.21.0
[INFO] [stderr]    Compiling derivative v2.2.0
[INFO] [stderr]    Compiling zerocopy-derive v0.7.35
[INFO] [stderr]    Compiling serde_derive v1.0.210
[INFO] [stderr]    Compiling openssl-macros v0.1.1
[INFO] [stderr]    Compiling thiserror-impl v1.0.63
[INFO] [stderr]    Compiling clap_derive v4.5.13
[INFO] [stderr]    Compiling ctor v0.2.8
[INFO] [stderr]    Compiling zerocopy v0.7.35
[INFO] [stderr]    Compiling tokio-util v0.7.12
[INFO] [stderr]    Compiling clap v4.5.16
[INFO] [stderr]    Compiling color-eyre v0.6.3
[INFO] [stderr]    Compiling ppv-lite86 v0.2.20
[INFO] [stderr]    Compiling hashbrown v0.14.5
[INFO] [stderr]    Compiling rand_chacha v0.3.1
[INFO] [stderr]    Compiling rand v0.8.5
[INFO] [stderr]    Compiling indexmap v2.5.0
[INFO] [stderr]    Compiling hashlink v0.9.1
[INFO] [stderr]    Compiling rusqlite v0.32.1
[INFO] [stderr]    Compiling h2 v0.4.6
[INFO] [stderr]    Compiling hyper v1.5.0
[INFO] [stderr]    Compiling log v0.4.22
[INFO] [stderr]    Compiling serde-value v0.7.0
[INFO] [stderr]    Compiling serde_urlencoded v0.7.1
[INFO] [stderr]    Compiling serde_yaml v0.9.34+deprecated
[INFO] [stderr]    Compiling serde_bytes v0.11.15
[INFO] [stderr]    Compiling serde_bencode v0.2.4
[INFO] [stderr]    Compiling tokio-native-tls v0.3.1
[INFO] [stderr]    Compiling log4rs v1.3.0
[INFO] [stderr]    Compiling hyper-util v0.1.10
[INFO] [stderr]    Compiling hyper-tls v0.6.0
[INFO] [stderr]    Compiling reqwest v0.12.9
[INFO] [stderr]    Compiling torrentox v0.1.0 (/opt/rustwide/workdir)
[INFO] [stdout] warning: unused import: `error_types::TorrentParseError`
[INFO] [stdout]  --> src/parser.rs:9:5
[INFO] [stdout]   |
[INFO] [stdout] 9 |     error_types::TorrentParseError,
[INFO] [stdout]   |     ^^^^^^^^^^^^^^^^^^^^^^^^^^^^^^
[INFO] [stdout]   |
[INFO] [stdout]   = note: `#[warn(unused_imports)]` on by default
[INFO] [stdout] 
[INFO] [stdout] 
[INFO] [stdout] warning: unused variable: `torrent`
[INFO] [stdout]   --> src/parser.rs:39:24
[INFO] [stdout]    |
[INFO] [stdout] 39 | pub fn parse_info_hash(torrent: &Torrent) -> Result<Vec<u8>> {
[INFO] [stdout]    |                        ^^^^^^^ help: if this is intentional, prefix it with an underscore: `_torrent`
[INFO] [stdout]    |
[INFO] [stdout]    = note: `#[warn(unused_variables)]` on by default
[INFO] [stdout] 
[INFO] [stdout] 
[INFO] [stdout] warning: fields `db_name` and `name` are never read
[INFO] [stdout]   --> src/database.rs:12:9
[INFO] [stdout]    |
[INFO] [stdout] 9  | pub struct DbConnection {
[INFO] [stdout]    |            ------------ fields in this struct
[INFO] [stdout] ...
[INFO] [stdout] 12 |     pub db_name: String,
[INFO] [stdout]    |         ^^^^^^^
[INFO] [stdout] 13 |     pub name: String,
[INFO] [stdout]    |         ^^^^
[INFO] [stdout]    |
[INFO] [stdout]    = note: `#[warn(dead_code)]` on by default
[INFO] [stdout] 
[INFO] [stdout] 
[INFO] [stdout] warning: function `list_torrent_files` is never used
[INFO] [stdout]   --> src/database.rs:47:8
[INFO] [stdout]    |
[INFO] [stdout] 47 | pub fn list_torrent_files(db: &DbConnection) -> Result<Vec<Torrent>> {
[INFO] [stdout]    |        ^^^^^^^^^^^^^^^^^^
[INFO] [stdout] 
[INFO] [stdout] 
[INFO] [stdout] warning: function `select_torrent_file` is never used
[INFO] [stdout]   --> src/database.rs:91:8
[INFO] [stdout]    |
[INFO] [stdout] 91 | pub fn select_torrent_file(name: &str, db: &DbConnection) -> Result<Torrent> {
[INFO] [stdout]    |        ^^^^^^^^^^^^^^^^^^^
[INFO] [stdout] 
[INFO] [stdout] 
[INFO] [stdout] warning: function `parse_info_hash` is never used
[INFO] [stdout]   --> src/parser.rs:39:8
[INFO] [stdout]    |
[INFO] [stdout] 39 | pub fn parse_info_hash(torrent: &Torrent) -> Result<Vec<u8>> {
[INFO] [stdout]    |        ^^^^^^^^^^^^^^^
[INFO] [stdout] 
[INFO] [stdout] 
[INFO] [stderr]     Finished `dev` profile [unoptimized + debuginfo] target(s) in 49.72s
[INFO] running `Command { std: "docker" "inspect" "983f2e7f8d4ed6b561e18db5fe39b951d4486b6dc238ad1a835dc52ec472906b", kill_on_drop: false }`
[INFO] running `Command { std: "docker" "rm" "-f" "983f2e7f8d4ed6b561e18db5fe39b951d4486b6dc238ad1a835dc52ec472906b", kill_on_drop: false }`
[INFO] [stdout] 983f2e7f8d4ed6b561e18db5fe39b951d4486b6dc238ad1a835dc52ec472906b
[INFO] running `Command { std: "docker" "create" "-v" "/var/lib/crater-agent-workspace/builds/worker-4-tc1/target:/opt/rustwide/target:rw,Z" "-v" "/var/lib/crater-agent-workspace/builds/worker-4-tc1/source:/opt/rustwide/workdir:ro,Z" "-v" "/var/lib/crater-agent-workspace/cargo-home:/opt/rustwide/cargo-home:ro,Z" "-v" "/var/lib/crater-agent-workspace/rustup-home:/opt/rustwide/rustup-home:ro,Z" "-e" "SOURCE_DIR=/opt/rustwide/workdir" "-e" "CARGO_TARGET_DIR=/opt/rustwide/target" "-e" "CARGO_INCREMENTAL=0" "-e" "RUST_BACKTRACE=full" "-e" "RUSTFLAGS=--cap-lints=warn" "-e" "RUSTDOCFLAGS=--cap-lints=warn" "-e" "CARGO_HOME=/opt/rustwide/cargo-home" "-e" "RUSTUP_HOME=/opt/rustwide/rustup-home" "-w" "/opt/rustwide/workdir" "-m" "1610612736" "--user" "0:0" "--network" "none" "ghcr.io/rust-lang/crates-build-env/linux@sha256:f3a9d4ad9d972b27faf3965f35b62e55ba32bbce8f20bc8fe909558a86702fde" "/opt/rustwide/cargo-home/bin/cargo" "+1.83.0" "test" "--frozen" "--no-run" "--message-format=json", kill_on_drop: false }`
[INFO] [stdout] 032fac2e0d2be124a20545a597f6955b801b999084e92da64e645bd7ae4deae1
[INFO] running `Command { std: "docker" "start" "-a" "032fac2e0d2be124a20545a597f6955b801b999084e92da64e645bd7ae4deae1", kill_on_drop: false }`
[INFO] [stderr] warning: unused manifest key: dependencies.color-eyre.feature
[INFO] [stderr]    Compiling torrentox v0.1.0 (/opt/rustwide/workdir)
[INFO] [stdout] warning: unused import: `error_types::TorrentParseError`
[INFO] [stdout]  --> src/parser.rs:9:5
[INFO] [stdout]   |
[INFO] [stdout] 9 |     error_types::TorrentParseError,
[INFO] [stdout]   |     ^^^^^^^^^^^^^^^^^^^^^^^^^^^^^^
[INFO] [stdout]   |
[INFO] [stdout]   = note: `#[warn(unused_imports)]` on by default
[INFO] [stdout] 
[INFO] [stdout] 
[INFO] [stdout] warning: unused variable: `torrent`
[INFO] [stdout]   --> src/parser.rs:39:24
[INFO] [stdout]    |
[INFO] [stdout] 39 | pub fn parse_info_hash(torrent: &Torrent) -> Result<Vec<u8>> {
[INFO] [stdout]    |                        ^^^^^^^ help: if this is intentional, prefix it with an underscore: `_torrent`
[INFO] [stdout]    |
[INFO] [stdout]    = note: `#[warn(unused_variables)]` on by default
[INFO] [stdout] 
[INFO] [stdout] 
[INFO] [stdout] warning: fields `db_name` and `name` are never read
[INFO] [stdout]   --> src/database.rs:12:9
[INFO] [stdout]    |
[INFO] [stdout] 9  | pub struct DbConnection {
[INFO] [stdout]    |            ------------ fields in this struct
[INFO] [stdout] ...
[INFO] [stdout] 12 |     pub db_name: String,
[INFO] [stdout]    |         ^^^^^^^
[INFO] [stdout] 13 |     pub name: String,
[INFO] [stdout]    |         ^^^^
[INFO] [stdout]    |
[INFO] [stdout]    = note: `#[warn(dead_code)]` on by default
[INFO] [stdout] 
[INFO] [stdout] 
[INFO] [stdout] warning: function `parse_info_hash` is never used
[INFO] [stdout]   --> src/parser.rs:39:8
[INFO] [stdout]    |
[INFO] [stdout] 39 | pub fn parse_info_hash(torrent: &Torrent) -> Result<Vec<u8>> {
[INFO] [stdout]    |        ^^^^^^^^^^^^^^^
[INFO] [stdout] 
[INFO] [stdout] 
[INFO] [stderr]     Finished `test` profile [unoptimized + debuginfo] target(s) in 3.72s
[INFO] running `Command { std: "docker" "inspect" "032fac2e0d2be124a20545a597f6955b801b999084e92da64e645bd7ae4deae1", kill_on_drop: false }`
[INFO] running `Command { std: "docker" "rm" "-f" "032fac2e0d2be124a20545a597f6955b801b999084e92da64e645bd7ae4deae1", kill_on_drop: false }`
[INFO] [stdout] 032fac2e0d2be124a20545a597f6955b801b999084e92da64e645bd7ae4deae1
[INFO] running `Command { std: "docker" "create" "-v" "/var/lib/crater-agent-workspace/builds/worker-4-tc1/target:/opt/rustwide/target:rw,Z" "-v" "/var/lib/crater-agent-workspace/builds/worker-4-tc1/source:/opt/rustwide/workdir:ro,Z" "-v" "/var/lib/crater-agent-workspace/cargo-home:/opt/rustwide/cargo-home:ro,Z" "-v" "/var/lib/crater-agent-workspace/rustup-home:/opt/rustwide/rustup-home:ro,Z" "-e" "SOURCE_DIR=/opt/rustwide/workdir" "-e" "CARGO_TARGET_DIR=/opt/rustwide/target" "-e" "CARGO_INCREMENTAL=0" "-e" "RUST_BACKTRACE=full" "-e" "RUSTFLAGS=--cap-lints=warn" "-e" "RUSTDOCFLAGS=--cap-lints=warn" "-e" "CARGO_HOME=/opt/rustwide/cargo-home" "-e" "RUSTUP_HOME=/opt/rustwide/rustup-home" "-w" "/opt/rustwide/workdir" "-m" "1610612736" "--user" "0:0" "--network" "none" "ghcr.io/rust-lang/crates-build-env/linux@sha256:f3a9d4ad9d972b27faf3965f35b62e55ba32bbce8f20bc8fe909558a86702fde" "/opt/rustwide/cargo-home/bin/cargo" "+1.83.0" "test" "--frozen", kill_on_drop: false }`
[INFO] [stdout] f7ff9524ef7af28df518814d248f1d78a9bf8df3f10e5d54b964c8b02e9962d5
[INFO] running `Command { std: "docker" "start" "-a" "f7ff9524ef7af28df518814d248f1d78a9bf8df3f10e5d54b964c8b02e9962d5", kill_on_drop: false }`
[INFO] [stderr] warning: unused manifest key: dependencies.color-eyre.feature
[INFO] [stderr] warning: unused import: `error_types::TorrentParseError`
[INFO] [stderr]  --> src/parser.rs:9:5
[INFO] [stderr]   |
[INFO] [stderr] 9 |     error_types::TorrentParseError,
[INFO] [stderr]   |     ^^^^^^^^^^^^^^^^^^^^^^^^^^^^^^
[INFO] [stderr]   |
[INFO] [stderr]   = note: `#[warn(unused_imports)]` on by default
[INFO] [stderr] 
[INFO] [stderr] warning: unused variable: `torrent`
[INFO] [stderr]   --> src/parser.rs:39:24
[INFO] [stderr]    |
[INFO] [stderr] 39 | pub fn parse_info_hash(torrent: &Torrent) -> Result<Vec<u8>> {
[INFO] [stderr]    |                        ^^^^^^^ help: if this is intentional, prefix it with an underscore: `_torrent`
[INFO] [stderr]    |
[INFO] [stderr]    = note: `#[warn(unused_variables)]` on by default
[INFO] [stderr] 
[INFO] [stderr] warning: fields `db_name` and `name` are never read
[INFO] [stderr]   --> src/database.rs:12:9
[INFO] [stderr]    |
[INFO] [stderr] 9  | pub struct DbConnection {
[INFO] [stderr]    |            ------------ fields in this struct
[INFO] [stderr] ...
[INFO] [stderr] 12 |     pub db_name: String,
[INFO] [stderr]    |         ^^^^^^^
[INFO] [stderr] 13 |     pub name: String,
[INFO] [stderr]    |         ^^^^
[INFO] [stderr]    |
[INFO] [stderr]    = note: `#[warn(dead_code)]` on by default
[INFO] [stderr] 
[INFO] [stderr] warning: function `parse_info_hash` is never used
[INFO] [stderr]   --> src/parser.rs:39:8
[INFO] [stderr]    |
[INFO] [stderr] 39 | pub fn parse_info_hash(torrent: &Torrent) -> Result<Vec<u8>> {
[INFO] [stderr]    |        ^^^^^^^^^^^^^^^
[INFO] [stderr] 
[INFO] [stderr] warning: `torrentox` (bin "torrentox" test) generated 4 warnings (run `cargo fix --bin "torrentox" --tests` to apply 1 suggestion)
[INFO] [stderr]     Finished `test` profile [unoptimized + debuginfo] target(s) in 0.23s
[INFO] [stderr]      Running unittests src/main.rs (/opt/rustwide/target/debug/deps/torrentox-4124def6e305ddfb)
[INFO] [stdout] 
[INFO] [stdout] running 3 tests
[INFO] [stdout] 2024-12-14T05:38:02.779987630+00:00 [INFO] torrentox::parser::test - Test is starting!
[INFO] [stdout] 2024-12-14T05:38:02.780214420+00:00 [DEBUG] torrentox::parser - Parsing Fedora-KDE-Live-x86_64-40.torrent
[INFO] [stdout] 2024-12-14T05:38:02.780238460+00:00 [DEBUG] torrentox::parser - Parsed Fedora-KDE-Live-x86_64-40.torrent
[INFO] [stdout] 2024-12-14T05:38:02.780250490+00:00 [DEBUG] torrentox::parser - Reading Fedora-KDE-Live-x86_64-40.torrent into byte vec...
[INFO] [stdout] 2024-12-14T05:38:02.780577470+00:00 [DEBUG] torrentox::parser - Read Fedora-KDE-Live-x86_64-40.torrent into byte vec
[INFO] [stdout] 2024-12-14T05:38:02.780607750+00:00 [DEBUG] torrentox::parser - Deserializing torrent file
[INFO] [stdout] 2024-12-14T05:38:02.781199620+00:00 [DEBUG] torrentox::parser - TorrentFile parsed - the Ox rides again!!!
[INFO] [stdout] 2024-12-14T05:38:02.781236700+00:00 [INFO] torrentox::parser::test - Name of this torrent info: Fedora-KDE-Live-x86_64-40
[INFO] [stdout] 2024-12-14T05:38:02.781248710+00:00 [INFO] torrentox::parser::test - This is the torrent file piece length: 262144
[INFO] [stdout] 2024-12-14T05:38:02.781259460+00:00 [INFO] torrentox::parser::test - Had a files element
[INFO] [stdout] 2024-12-14T05:38:02.781271350+00:00 [INFO] torrentox::parser::test - We had 2 files in the files element
[INFO] [stdout] 2024-12-14T05:38:02.781282270+00:00 [INFO] torrentox::parser::test - File length:  2645645312
[INFO] [stdout] 2024-12-14T05:38:02.781293200+00:00 [INFO] torrentox::parser::test - No path was found
[INFO] [stdout] 2024-12-14T05:38:02.781302240+00:00 [INFO] torrentox::parser::test - File length:  2582
[INFO] [stdout] 2024-12-14T05:38:02.781310790+00:00 [INFO] torrentox::parser::test - No path was found
[INFO] [stdout] 2024-12-14T05:38:02.781320910+00:00 [INFO] torrentox::parser::test - We had NO length element
[INFO] [stdout] 2024-12-14T05:38:02.781329330+00:00 [INFO] torrentox::parser::test - This is the announce url http://torrent.fedoraproject.org:6969/announce
[INFO] [stdout] 2024-12-14T05:38:02.784168420+00:00 [INFO] torrentox::database::test - num tables found: 2
[INFO] [stdout] 2024-12-14T05:38:02.784533550+00:00 [DEBUG] torrentox::parser - Parsing Fedora-KDE-Live-x86_64-40.torrent
[INFO] [stdout] 2024-12-14T05:38:02.784652160+00:00 [DEBUG] torrentox::parser - Parsed Fedora-KDE-Live-x86_64-40.torrent
[INFO] [stdout] 2024-12-14T05:38:02.784666490+00:00 [DEBUG] torrentox::parser - Reading Fedora-KDE-Live-x86_64-40.torrent into byte vec...
[INFO] [stdout] 2024-12-14T05:38:02.784867180+00:00 [DEBUG] torrentox::parser - Read Fedora-KDE-Live-x86_64-40.torrent into byte vec
[INFO] [stdout] 2024-12-14T05:38:02.784880720+00:00 [DEBUG] torrentox::parser - Deserializing torrent file
[INFO] [stdout] test parser::test::test_parse_torrent_file ... ok
[INFO] [stdout] 2024-12-14T05:38:02.785459610+00:00 [DEBUG] torrentox::parser - TorrentFile parsed - the Ox rides again!!!
[INFO] [stdout] 2024-12-14T05:38:02.786604670+00:00 [INFO] torrentox::database::test - This is the name of the torrent: Fedora-KDE-Live-x86_64-40
[INFO] [stdout] 2024-12-14T05:38:02.786632230+00:00 [INFO] torrentox::database - Our select statment: SELECT name, file_path, announce_url, torrent_file_raw FROM torrent where name = ?1
[INFO] [stdout] 2024-12-14T05:38:02.786642180+00:00 [INFO] torrentox::database - The name we will use: Fedora-KDE-Live-x86_64-40
[INFO] [stdout] test database::test::test_init_tables ... ok
[INFO] [stdout] test database::test::test_save_torrent_file ... FAILED
[INFO] [stdout] 
[INFO] [stdout] failures:
[INFO] [stdout] 
[INFO] [stdout] ---- database::test::test_save_torrent_file stdout ----
[INFO] [stdout] thread 'database::test::test_save_torrent_file' panicked at src/database.rs:171:9:
[INFO] [stdout] assertion `left == right` failed
[INFO] [stdout]   left: None
[INFO] [stdout]  right: Some("http://torrent.fedoraproject.org:6969/announce")
[INFO] [stdout] stack backtrace:
[INFO] [stdout]    0:     0x61c2f5efcbea - std::backtrace_rs::backtrace::libunwind::trace::h5a5b8284f2d0c266
[INFO] [stdout]                                at /rustc/90b35a6239c3d8bdabc530a6a0816f7ff89a0aaf/library/std/src/../../backtrace/src/backtrace/libunwind.rs:116:5
[INFO] [stdout]    1:     0x61c2f5efcbea - std::backtrace_rs::backtrace::trace_unsynchronized::h76d4f1c9b0b875e3
[INFO] [stdout]                                at /rustc/90b35a6239c3d8bdabc530a6a0816f7ff89a0aaf/library/std/src/../../backtrace/src/backtrace/mod.rs:66:5
[INFO] [stdout]    2:     0x61c2f5efcbea - std::sys::backtrace::_print_fmt::hc4546b8364a537c6
[INFO] [stdout]                                at /rustc/90b35a6239c3d8bdabc530a6a0816f7ff89a0aaf/library/std/src/sys/backtrace.rs:66:9
[INFO] [stdout]    3:     0x61c2f5efcbea - <std::sys::backtrace::BacktraceLock::print::DisplayBacktrace as core::fmt::Display>::fmt::h5b6bd5631a6d1f6b
[INFO] [stdout]                                at /rustc/90b35a6239c3d8bdabc530a6a0816f7ff89a0aaf/library/std/src/sys/backtrace.rs:39:26
[INFO] [stdout]    4:     0x61c2f5f22663 - core::fmt::rt::Argument::fmt::h270f6602a2b96f62
[INFO] [stdout]                                at /rustc/90b35a6239c3d8bdabc530a6a0816f7ff89a0aaf/library/core/src/fmt/rt.rs:177:76
[INFO] [stdout]    5:     0x61c2f5f22663 - core::fmt::write::h7550c97b06c86515
[INFO] [stdout]                                at /rustc/90b35a6239c3d8bdabc530a6a0816f7ff89a0aaf/library/core/src/fmt/mod.rs:1186:21
[INFO] [stdout]    6:     0x61c2f5ef9a13 - std::io::Write::write_fmt::h509ff860e5956e5e
[INFO] [stdout]                                at /rustc/90b35a6239c3d8bdabc530a6a0816f7ff89a0aaf/library/std/src/io/mod.rs:1839:15
[INFO] [stdout]    7:     0x61c2f5efca32 - std::sys::backtrace::BacktraceLock::print::h2395ccd2c84ba3aa
[INFO] [stdout]                                at /rustc/90b35a6239c3d8bdabc530a6a0816f7ff89a0aaf/library/std/src/sys/backtrace.rs:42:9
[INFO] [stdout]    8:     0x61c2f5efe04a - std::panicking::default_hook::{{closure}}::he19d4c7230e07961
[INFO] [stdout]                                at /rustc/90b35a6239c3d8bdabc530a6a0816f7ff89a0aaf/library/std/src/panicking.rs:268:22
[INFO] [stdout]    9:     0x61c2f5efde54 - std::panicking::default_hook::hf614597d3c67bbdb
[INFO] [stdout]                                at /rustc/90b35a6239c3d8bdabc530a6a0816f7ff89a0aaf/library/std/src/panicking.rs:292:9
[INFO] [stdout]   10:     0x61c2f5e091f9 - <alloc::boxed::Box<F,A> as core::ops::function::Fn<Args>>::call::h39b51ce4599c23d1
[INFO] [stdout]                                at /rustc/90b35a6239c3d8bdabc530a6a0816f7ff89a0aaf/library/alloc/src/boxed.rs:2468:9
[INFO] [stdout]   11:     0x61c2f5e091f9 - test::test_main::{{closure}}::he977ae839a582784
[INFO] [stdout]                                at /rustc/90b35a6239c3d8bdabc530a6a0816f7ff89a0aaf/library/test/src/lib.rs:133:21
[INFO] [stdout]   12:     0x61c2f5efe6e8 - <alloc::boxed::Box<F,A> as core::ops::function::Fn<Args>>::call::h9455091b6b06f9fb
[INFO] [stdout]                                at /rustc/90b35a6239c3d8bdabc530a6a0816f7ff89a0aaf/library/alloc/src/boxed.rs:2468:9
[INFO] [stdout]   13:     0x61c2f5efe6e8 - std::panicking::rust_panic_with_hook::h8942133a8b252070
[INFO] [stdout]                                at /rustc/90b35a6239c3d8bdabc530a6a0816f7ff89a0aaf/library/std/src/panicking.rs:809:13
[INFO] [stdout]   14:     0x61c2f5efe4aa - std::panicking::begin_panic_handler::{{closure}}::hb5f5963570096b29
[INFO] [stdout]                                at /rustc/90b35a6239c3d8bdabc530a6a0816f7ff89a0aaf/library/std/src/panicking.rs:674:13
[INFO] [stdout]   15:     0x61c2f5efd0c9 - std::sys::backtrace::__rust_end_short_backtrace::h6208cedc1922feda
[INFO] [stdout]                                at /rustc/90b35a6239c3d8bdabc530a6a0816f7ff89a0aaf/library/std/src/sys/backtrace.rs:170:18
[INFO] [stdout]   16:     0x61c2f5efe13c - rust_begin_unwind
[INFO] [stdout]                                at /rustc/90b35a6239c3d8bdabc530a6a0816f7ff89a0aaf/library/std/src/panicking.rs:665:5
[INFO] [stdout]   17:     0x61c2f5da1bc0 - core::panicking::panic_fmt::h0c3082644d1bf418
[INFO] [stdout]                                at /rustc/90b35a6239c3d8bdabc530a6a0816f7ff89a0aaf/library/core/src/panicking.rs:74:14
[INFO] [stdout]   18:     0x61c2f5da1f8b - core::panicking::assert_failed_inner::h2ddf1fcc067fa858
[INFO] [stdout]   19:     0x61c2f5ec7881 - core::panicking::assert_failed::hbd8669bfd7383695
[INFO] [stdout]                                at /rustc/90b35a6239c3d8bdabc530a6a0816f7ff89a0aaf/library/core/src/panicking.rs:367:5
[INFO] [stdout]   20:     0x61c2f5dbc4dd - torrentox::database::test::test_save_torrent_file::h7b166af830fad673
[INFO] [stdout]                                at /opt/rustwide/workdir/src/database.rs:171:9
[INFO] [stdout]   21:     0x61c2f5dbbe17 - torrentox::database::test::test_save_torrent_file::{{closure}}::h9cf392b1b63e18cd
[INFO] [stdout]                                at /opt/rustwide/workdir/src/database.rs:155:32
[INFO] [stdout]   22:     0x61c2f5dbceb6 - core::ops::function::FnOnce::call_once::hbd8a99325548114d
[INFO] [stdout]                                at /rustc/90b35a6239c3d8bdabc530a6a0816f7ff89a0aaf/library/core/src/ops/function.rs:250:5
[INFO] [stdout]   23:     0x61c2f5e0dbbb - core::ops::function::FnOnce::call_once::h109cf8051a59b34e
[INFO] [stdout]                                at /rustc/90b35a6239c3d8bdabc530a6a0816f7ff89a0aaf/library/core/src/ops/function.rs:250:5
[INFO] [stdout]   24:     0x61c2f5e0dbbb - test::__rust_begin_short_backtrace::hf4fff89d377446ba
[INFO] [stdout]                                at /rustc/90b35a6239c3d8bdabc530a6a0816f7ff89a0aaf/library/test/src/lib.rs:621:18
[INFO] [stdout]   25:     0x61c2f5e0d3f7 - test::run_test_in_process::{{closure}}::h0e39181dd7ee5a43
[INFO] [stdout]                                at /rustc/90b35a6239c3d8bdabc530a6a0816f7ff89a0aaf/library/test/src/lib.rs:644:60
[INFO] [stdout]   26:     0x61c2f5e0d3f7 - <core::panic::unwind_safe::AssertUnwindSafe<F> as core::ops::function::FnOnce<()>>::call_once::hc5a66a30f0bdfd1f
[INFO] [stdout]                                at /rustc/90b35a6239c3d8bdabc530a6a0816f7ff89a0aaf/library/core/src/panic/unwind_safe.rs:272:9
[INFO] [stdout]   27:     0x61c2f5e0d3f7 - std::panicking::try::do_call::h873b7cf639554a5e
[INFO] [stdout]                                at /rustc/90b35a6239c3d8bdabc530a6a0816f7ff89a0aaf/library/std/src/panicking.rs:557:40
[INFO] [stdout]   28:     0x61c2f5e0d3f7 - std::panicking::try::hdb19862fad9c8bd1
[INFO] [stdout]                                at /rustc/90b35a6239c3d8bdabc530a6a0816f7ff89a0aaf/library/std/src/panicking.rs:520:19
[INFO] [stdout]   29:     0x61c2f5e0d3f7 - std::panic::catch_unwind::h281fe732d236d260
[INFO] [stdout]                                at /rustc/90b35a6239c3d8bdabc530a6a0816f7ff89a0aaf/library/std/src/panic.rs:358:14
[INFO] [stdout]   30:     0x61c2f5e0d3f7 - test::run_test_in_process::h949b6df8457ed338
[INFO] [stdout]                                at /rustc/90b35a6239c3d8bdabc530a6a0816f7ff89a0aaf/library/test/src/lib.rs:644:27
[INFO] [stdout]   31:     0x61c2f5e0d3f7 - test::run_test::{{closure}}::h52c556a6d4740e10
[INFO] [stdout]                                at /rustc/90b35a6239c3d8bdabc530a6a0816f7ff89a0aaf/library/test/src/lib.rs:565:43
[INFO] [stdout]   32:     0x61c2f5dd26d4 - test::run_test::{{closure}}::h4237f6381c45ccb9
[INFO] [stdout]                                at /rustc/90b35a6239c3d8bdabc530a6a0816f7ff89a0aaf/library/test/src/lib.rs:595:41
[INFO] [stdout]   33:     0x61c2f5dd26d4 - std::sys::backtrace::__rust_begin_short_backtrace::h505c97a579eca628
[INFO] [stdout]                                at /rustc/90b35a6239c3d8bdabc530a6a0816f7ff89a0aaf/library/std/src/sys/backtrace.rs:154:18
[INFO] [stdout]   34:     0x61c2f5dd5d9e - std::thread::Builder::spawn_unchecked_::{{closure}}::{{closure}}::h9e86b2e2bc107ea3
[INFO] [stdout]                                at /rustc/90b35a6239c3d8bdabc530a6a0816f7ff89a0aaf/library/std/src/thread/mod.rs:538:17
[INFO] [stdout]   35:     0x61c2f5dd5d9e - <core::panic::unwind_safe::AssertUnwindSafe<F> as core::ops::function::FnOnce<()>>::call_once::h8b06ddb275ff4a25
[INFO] [stdout]                                at /rustc/90b35a6239c3d8bdabc530a6a0816f7ff89a0aaf/library/core/src/panic/unwind_safe.rs:272:9
[INFO] [stdout]   36:     0x61c2f5dd5d9e - std::panicking::try::do_call::hb26ecd7cd9a9355d
[INFO] [stdout]                                at /rustc/90b35a6239c3d8bdabc530a6a0816f7ff89a0aaf/library/std/src/panicking.rs:557:40
[INFO] [stdout]   37:     0x61c2f5dd5d9e - std::panicking::try::h8ddeca9d705f9069
[INFO] [stdout]                                at /rustc/90b35a6239c3d8bdabc530a6a0816f7ff89a0aaf/library/std/src/panicking.rs:520:19
[INFO] [stdout]   38:     0x61c2f5dd5d9e - std::panic::catch_unwind::h49e1c33078844c46
[INFO] [stdout]                                at /rustc/90b35a6239c3d8bdabc530a6a0816f7ff89a0aaf/library/std/src/panic.rs:358:14
[INFO] [stdout]   39:     0x61c2f5dd5d9e - std::thread::Builder::spawn_unchecked_::{{closure}}::h6073db6ff56ad35d
[INFO] [stdout]                                at /rustc/90b35a6239c3d8bdabc530a6a0816f7ff89a0aaf/library/std/src/thread/mod.rs:537:30
[INFO] [stdout]   40:     0x61c2f5dd5d9e - core::ops::function::FnOnce::call_once{{vtable.shim}}::h2c5a5f3779c774f1
[INFO] [stdout]                                at /rustc/90b35a6239c3d8bdabc530a6a0816f7ff89a0aaf/library/core/src/ops/function.rs:250:5
[INFO] [stdout]   41:     0x61c2f5f0271b - <alloc::boxed::Box<F,A> as core::ops::function::FnOnce<Args>>::call_once::hf75717d9f28faebf
[INFO] [stdout]                                at /rustc/90b35a6239c3d8bdabc530a6a0816f7ff89a0aaf/library/alloc/src/boxed.rs:2454:9
[INFO] [stdout]   42:     0x61c2f5f0271b - <alloc::boxed::Box<F,A> as core::ops::function::FnOnce<Args>>::call_once::h7bd883a5f3c5f3c1
[INFO] [stdout]                                at /rustc/90b35a6239c3d8bdabc530a6a0816f7ff89a0aaf/library/alloc/src/boxed.rs:2454:9
[INFO] [stdout]   43:     0x61c2f5f0271b - std::sys::pal::unix::thread::Thread::new::thread_start::hcc78f3943333fa94
[INFO] [stdout]                                at /rustc/90b35a6239c3d8bdabc530a6a0816f7ff89a0aaf/library/std/src/sys/pal/unix/thread.rs:105:17
[INFO] [stdout]   44:     0x74637d06fac3 - <unknown>
[INFO] [stdout]   45:     0x74637d100a04 - clone
[INFO] [stdout]   46:                0x0 - <unknown>
[INFO] [stdout] 
[INFO] [stdout] 
[INFO] [stdout] failures:
[INFO] [stdout]     database::test::test_save_torrent_file
[INFO] [stdout] 
[INFO] [stdout] test result: FAILED. 2 passed; 1 failed; 0 ignored; 0 measured; 0 filtered out; finished in 0.08s
[INFO] [stdout] 
[INFO] [stderr] error: test failed, to rerun pass `--bin torrentox`
[INFO] running `Command { std: "docker" "inspect" "f7ff9524ef7af28df518814d248f1d78a9bf8df3f10e5d54b964c8b02e9962d5", kill_on_drop: false }`
[INFO] running `Command { std: "docker" "rm" "-f" "f7ff9524ef7af28df518814d248f1d78a9bf8df3f10e5d54b964c8b02e9962d5", kill_on_drop: false }`
[INFO] [stdout] f7ff9524ef7af28df518814d248f1d78a9bf8df3f10e5d54b964c8b02e9962d5
