[INFO] cloning repository https://github.com/Logan-010/rsv-data
[INFO] running `Command { std: "git" "-c" "credential.helper=" "-c" "credential.helper=/workspace/cargo-home/bin/git-credential-null" "clone" "--bare" "https://github.com/Logan-010/rsv-data" "/workspace/cache/git-repos/https%3A%2F%2Fgithub.com%2FLogan-010%2Frsv-data", kill_on_drop: false }`
[INFO] [stderr] Cloning into bare repository '/workspace/cache/git-repos/https%3A%2F%2Fgithub.com%2FLogan-010%2Frsv-data'...
[INFO] running `Command { std: "git" "rev-parse" "HEAD", kill_on_drop: false }`
[INFO] [stdout] fbe0fbbc20f5c343fe581c3a7a7de84b2a1a2946
[INFO] testing Logan-010/rsv-data against beta-2024-12-08 for beta-1.84.0-4-retry
[INFO] running `Command { std: "git" "clone" "/workspace/cache/git-repos/https%3A%2F%2Fgithub.com%2FLogan-010%2Frsv-data" "/workspace/builds/worker-7-tc2/source", kill_on_drop: false }`
[INFO] [stderr] Cloning into '/workspace/builds/worker-7-tc2/source'...
[INFO] [stderr] done.
[INFO] validating manifest of git repo https://github.com/Logan-010/rsv-data on toolchain beta-2024-12-08
[INFO] running `Command { std: CARGO_HOME="/workspace/cargo-home" RUSTUP_HOME="/workspace/rustup-home" "/workspace/cargo-home/bin/cargo" "+beta-2024-12-08" "metadata" "--manifest-path" "Cargo.toml" "--no-deps", kill_on_drop: false }`
[INFO] started tweaking git repo https://github.com/Logan-010/rsv-data
[INFO] finished tweaking git repo https://github.com/Logan-010/rsv-data
[INFO] tweaked toml for git repo https://github.com/Logan-010/rsv-data written to /workspace/builds/worker-7-tc2/source/Cargo.toml
[INFO] crate git repo https://github.com/Logan-010/rsv-data already has a lockfile, it will not be regenerated
[INFO] running `Command { std: CARGO_HOME="/workspace/cargo-home" RUSTUP_HOME="/workspace/rustup-home" "/workspace/cargo-home/bin/cargo" "+beta-2024-12-08" "fetch" "--manifest-path" "Cargo.toml", kill_on_drop: false }`
[INFO] running `Command { std: "docker" "create" "-v" "/var/lib/crater-agent-workspace/builds/worker-7-tc2/target:/opt/rustwide/target:rw,Z" "-v" "/var/lib/crater-agent-workspace/builds/worker-7-tc2/source:/opt/rustwide/workdir:ro,Z" "-v" "/var/lib/crater-agent-workspace/cargo-home:/opt/rustwide/cargo-home:ro,Z" "-v" "/var/lib/crater-agent-workspace/rustup-home:/opt/rustwide/rustup-home:ro,Z" "-e" "SOURCE_DIR=/opt/rustwide/workdir" "-e" "CARGO_TARGET_DIR=/opt/rustwide/target" "-e" "CARGO_HOME=/opt/rustwide/cargo-home" "-e" "RUSTUP_HOME=/opt/rustwide/rustup-home" "-w" "/opt/rustwide/workdir" "-m" "1610612736" "--user" "0:0" "--network" "none" "ghcr.io/rust-lang/crates-build-env/linux@sha256:f3a9d4ad9d972b27faf3965f35b62e55ba32bbce8f20bc8fe909558a86702fde" "/opt/rustwide/cargo-home/bin/cargo" "+beta-2024-12-08" "metadata" "--no-deps" "--format-version=1", kill_on_drop: false }`
[INFO] [stdout] f6de1025fa21e6170c8b2edf0e7e9ba1ad15a2dd3279d5167c45fa9807e11e78
[INFO] running `Command { std: "docker" "start" "-a" "f6de1025fa21e6170c8b2edf0e7e9ba1ad15a2dd3279d5167c45fa9807e11e78", kill_on_drop: false }`
[INFO] running `Command { std: "docker" "inspect" "f6de1025fa21e6170c8b2edf0e7e9ba1ad15a2dd3279d5167c45fa9807e11e78", kill_on_drop: false }`
[INFO] running `Command { std: "docker" "rm" "-f" "f6de1025fa21e6170c8b2edf0e7e9ba1ad15a2dd3279d5167c45fa9807e11e78", kill_on_drop: false }`
[INFO] [stdout] f6de1025fa21e6170c8b2edf0e7e9ba1ad15a2dd3279d5167c45fa9807e11e78
[INFO] running `Command { std: "docker" "create" "-v" "/var/lib/crater-agent-workspace/builds/worker-7-tc2/target:/opt/rustwide/target:rw,Z" "-v" "/var/lib/crater-agent-workspace/builds/worker-7-tc2/source:/opt/rustwide/workdir:ro,Z" "-v" "/var/lib/crater-agent-workspace/cargo-home:/opt/rustwide/cargo-home:ro,Z" "-v" "/var/lib/crater-agent-workspace/rustup-home:/opt/rustwide/rustup-home:ro,Z" "-e" "SOURCE_DIR=/opt/rustwide/workdir" "-e" "CARGO_TARGET_DIR=/opt/rustwide/target" "-e" "CARGO_INCREMENTAL=0" "-e" "RUST_BACKTRACE=full" "-e" "RUSTFLAGS=--cap-lints=warn" "-e" "RUSTDOCFLAGS=--cap-lints=warn" "-e" "CARGO_HOME=/opt/rustwide/cargo-home" "-e" "RUSTUP_HOME=/opt/rustwide/rustup-home" "-w" "/opt/rustwide/workdir" "-m" "1610612736" "--user" "0:0" "--network" "none" "ghcr.io/rust-lang/crates-build-env/linux@sha256:f3a9d4ad9d972b27faf3965f35b62e55ba32bbce8f20bc8fe909558a86702fde" "/opt/rustwide/cargo-home/bin/cargo" "+beta-2024-12-08" "build" "--frozen" "--message-format=json", kill_on_drop: false }`
[INFO] [stdout] f113a2c01996f9f96837823168aee16f4f70c1a2f5edca3f645a0ab078506084
[INFO] running `Command { std: "docker" "start" "-a" "f113a2c01996f9f96837823168aee16f4f70c1a2f5edca3f645a0ab078506084", kill_on_drop: false }`
[INFO] [stderr]    Compiling rsv-data v0.1.0 (/opt/rustwide/workdir)
[INFO] [stderr]     Finished `dev` profile [unoptimized + debuginfo] target(s) in 0.25s
[INFO] running `Command { std: "docker" "inspect" "f113a2c01996f9f96837823168aee16f4f70c1a2f5edca3f645a0ab078506084", kill_on_drop: false }`
[INFO] running `Command { std: "docker" "rm" "-f" "f113a2c01996f9f96837823168aee16f4f70c1a2f5edca3f645a0ab078506084", kill_on_drop: false }`
[INFO] [stdout] f113a2c01996f9f96837823168aee16f4f70c1a2f5edca3f645a0ab078506084
[INFO] running `Command { std: "docker" "create" "-v" "/var/lib/crater-agent-workspace/builds/worker-7-tc2/target:/opt/rustwide/target:rw,Z" "-v" "/var/lib/crater-agent-workspace/builds/worker-7-tc2/source:/opt/rustwide/workdir:ro,Z" "-v" "/var/lib/crater-agent-workspace/cargo-home:/opt/rustwide/cargo-home:ro,Z" "-v" "/var/lib/crater-agent-workspace/rustup-home:/opt/rustwide/rustup-home:ro,Z" "-e" "SOURCE_DIR=/opt/rustwide/workdir" "-e" "CARGO_TARGET_DIR=/opt/rustwide/target" "-e" "CARGO_INCREMENTAL=0" "-e" "RUST_BACKTRACE=full" "-e" "RUSTFLAGS=--cap-lints=warn" "-e" "RUSTDOCFLAGS=--cap-lints=warn" "-e" "CARGO_HOME=/opt/rustwide/cargo-home" "-e" "RUSTUP_HOME=/opt/rustwide/rustup-home" "-w" "/opt/rustwide/workdir" "-m" "1610612736" "--user" "0:0" "--network" "none" "ghcr.io/rust-lang/crates-build-env/linux@sha256:f3a9d4ad9d972b27faf3965f35b62e55ba32bbce8f20bc8fe909558a86702fde" "/opt/rustwide/cargo-home/bin/cargo" "+beta-2024-12-08" "test" "--frozen" "--no-run" "--message-format=json", kill_on_drop: false }`
[INFO] [stdout] c01e0520080242f861df3d1011c5c0b651ae2a6735f954bc9ff9a46eb9a33392
[INFO] running `Command { std: "docker" "start" "-a" "c01e0520080242f861df3d1011c5c0b651ae2a6735f954bc9ff9a46eb9a33392", kill_on_drop: false }`
[INFO] [stderr]    Compiling rsv-data v0.1.0 (/opt/rustwide/workdir)
[INFO] [stderr]     Finished `test` profile [unoptimized + debuginfo] target(s) in 0.52s
[INFO] running `Command { std: "docker" "inspect" "c01e0520080242f861df3d1011c5c0b651ae2a6735f954bc9ff9a46eb9a33392", kill_on_drop: false }`
[INFO] running `Command { std: "docker" "rm" "-f" "c01e0520080242f861df3d1011c5c0b651ae2a6735f954bc9ff9a46eb9a33392", kill_on_drop: false }`
[INFO] [stdout] c01e0520080242f861df3d1011c5c0b651ae2a6735f954bc9ff9a46eb9a33392
[INFO] running `Command { std: "docker" "create" "-v" "/var/lib/crater-agent-workspace/builds/worker-7-tc2/target:/opt/rustwide/target:rw,Z" "-v" "/var/lib/crater-agent-workspace/builds/worker-7-tc2/source:/opt/rustwide/workdir:ro,Z" "-v" "/var/lib/crater-agent-workspace/cargo-home:/opt/rustwide/cargo-home:ro,Z" "-v" "/var/lib/crater-agent-workspace/rustup-home:/opt/rustwide/rustup-home:ro,Z" "-e" "SOURCE_DIR=/opt/rustwide/workdir" "-e" "CARGO_TARGET_DIR=/opt/rustwide/target" "-e" "CARGO_INCREMENTAL=0" "-e" "RUST_BACKTRACE=full" "-e" "RUSTFLAGS=--cap-lints=warn" "-e" "RUSTDOCFLAGS=--cap-lints=warn" "-e" "CARGO_HOME=/opt/rustwide/cargo-home" "-e" "RUSTUP_HOME=/opt/rustwide/rustup-home" "-w" "/opt/rustwide/workdir" "-m" "1610612736" "--user" "0:0" "--network" "none" "ghcr.io/rust-lang/crates-build-env/linux@sha256:f3a9d4ad9d972b27faf3965f35b62e55ba32bbce8f20bc8fe909558a86702fde" "/opt/rustwide/cargo-home/bin/cargo" "+beta-2024-12-08" "test" "--frozen", kill_on_drop: false }`
[INFO] [stdout] 716aaba59bac308c9058826feff346a1a9bd5c707778ad59f24988b189908127
[INFO] running `Command { std: "docker" "start" "-a" "716aaba59bac308c9058826feff346a1a9bd5c707778ad59f24988b189908127", kill_on_drop: false }`
[INFO] [stderr]     Finished `test` profile [unoptimized + debuginfo] target(s) in 0.01s
[INFO] [stderr]      Running unittests src/lib.rs (/opt/rustwide/target/debug/deps/rsv_data-fd85c45938d7a3e9)
[INFO] [stdout] 
[INFO] [stdout] running 2 tests
[INFO] [stdout] test tests::test_encode_decode ... ok
[INFO] [stdout] test tests::test_decode_error ... ok
[INFO] [stdout] 
[INFO] [stdout] test result: ok. 2 passed; 0 failed; 0 ignored; 0 measured; 0 filtered out; finished in 0.00s
[INFO] [stdout] 
[INFO] [stderr]    Doc-tests rsv_data
[INFO] [stdout] 
[INFO] [stdout] running 3 tests
[INFO] [stdout] test src/lib.rs - (line 9) ... FAILED
[INFO] [stdout] test src/lib.rs - (line 20) ... FAILED
[INFO] [stdout] test src/core.rs - core (line 5) ... ok
[INFO] [stdout] 
[INFO] [stdout] failures:
[INFO] [stdout] 
[INFO] [stdout] ---- src/lib.rs - (line 9) stdout ----
[INFO] [stdout] error[E0412]: cannot find type `Rsv` in this scope
[INFO] [stdout]  --> src/lib.rs:10:15
[INFO] [stdout]   |
[INFO] [stdout] 3 | let mut data: Rsv = Rsv::open("myRsv.rsv").unwrap();
[INFO] [stdout]   |               ^^^ not found in this scope
[INFO] [stdout]   |
[INFO] [stdout] help: consider importing this struct
[INFO] [stdout]   |
[INFO] [stdout] 2 + use rsv_data::Rsv;
[INFO] [stdout]   |
[INFO] [stdout] 
[INFO] [stdout] error[E0433]: failed to resolve: use of undeclared type `Rsv`
[INFO] [stdout]  --> src/lib.rs:10:21
[INFO] [stdout]   |
[INFO] [stdout] 3 | let mut data: Rsv = Rsv::open("myRsv.rsv").unwrap();
[INFO] [stdout]   |                     ^^^ use of undeclared type `Rsv`
[INFO] [stdout]   |
[INFO] [stdout] help: consider importing this struct
[INFO] [stdout]   |
[INFO] [stdout] 2 + use rsv_data::Rsv;
[INFO] [stdout]   |
[INFO] [stdout] 
[INFO] [stdout] error: aborting due to 2 previous errors
[INFO] [stdout] 
[INFO] [stderr] error: doctest failed, to rerun pass `--doc`
[INFO] [stdout] Some errors have detailed explanations: E0412, E0433.
[INFO] [stdout] For more information about an error, try `rustc --explain E0412`.
[INFO] [stdout] Couldn't compile the test.
[INFO] [stdout] ---- src/lib.rs - (line 20) stdout ----
[INFO] [stdout] error[E0412]: cannot find type `Rsv` in this scope
[INFO] [stdout]  --> src/lib.rs:21:15
[INFO] [stdout]   |
[INFO] [stdout] 3 | let mut data: Rsv = Rsv::create("myRsv.rsv").unwrap();
[INFO] [stdout]   |               ^^^ not found in this scope
[INFO] [stdout]   |
[INFO] [stdout] help: consider importing this struct
[INFO] [stdout]   |
[INFO] [stdout] 2 + use rsv_data::Rsv;
[INFO] [stdout]   |
[INFO] [stdout] 
[INFO] [stdout] error[E0433]: failed to resolve: use of undeclared type `Rsv`
[INFO] [stdout]  --> src/lib.rs:21:21
[INFO] [stdout]   |
[INFO] [stdout] 3 | let mut data: Rsv = Rsv::create("myRsv.rsv").unwrap();
[INFO] [stdout]   |                     ^^^ use of undeclared type `Rsv`
[INFO] [stdout]   |
[INFO] [stdout] help: consider importing this struct
[INFO] [stdout]   |
[INFO] [stdout] 2 + use rsv_data::Rsv;
[INFO] [stdout]   |
[INFO] [stdout] 
[INFO] [stdout] error: aborting due to 2 previous errors
[INFO] [stdout] 
[INFO] [stdout] Some errors have detailed explanations: E0412, E0433.
[INFO] [stdout] For more information about an error, try `rustc --explain E0412`.
[INFO] [stdout] Couldn't compile the test.
[INFO] [stdout] 
[INFO] [stdout] failures:
[INFO] [stdout]     src/lib.rs - (line 20)
[INFO] [stdout]     src/lib.rs - (line 9)
[INFO] [stdout] 
[INFO] [stdout] test result: FAILED. 1 passed; 2 failed; 0 ignored; 0 measured; 0 filtered out; finished in 0.33s
[INFO] [stdout] 
[INFO] running `Command { std: "docker" "inspect" "716aaba59bac308c9058826feff346a1a9bd5c707778ad59f24988b189908127", kill_on_drop: false }`
[INFO] running `Command { std: "docker" "rm" "-f" "716aaba59bac308c9058826feff346a1a9bd5c707778ad59f24988b189908127", kill_on_drop: false }`
[INFO] [stdout] 716aaba59bac308c9058826feff346a1a9bd5c707778ad59f24988b189908127
