[INFO] cloning repository https://github.com/Lilith-In-Starlight/kismesis
[INFO] running `Command { std: "git" "-c" "credential.helper=" "-c" "credential.helper=/workspace/cargo-home/bin/git-credential-null" "clone" "--bare" "https://github.com/Lilith-In-Starlight/kismesis" "/workspace/cache/git-repos/https%3A%2F%2Fgithub.com%2FLilith-In-Starlight%2Fkismesis", kill_on_drop: false }`
[INFO] [stderr] Cloning into bare repository '/workspace/cache/git-repos/https%3A%2F%2Fgithub.com%2FLilith-In-Starlight%2Fkismesis'...
[INFO] running `Command { std: "git" "rev-parse" "HEAD", kill_on_drop: false }`
[INFO] [stdout] b071d2d327aab2ec6ff0ff9cbb29917408803d78
[INFO] testing Lilith-In-Starlight/kismesis against 1.83.0 for beta-1.84.0-4-retry
[INFO] running `Command { std: "git" "clone" "/workspace/cache/git-repos/https%3A%2F%2Fgithub.com%2FLilith-In-Starlight%2Fkismesis" "/workspace/builds/worker-4-tc1/source", kill_on_drop: false }`
[INFO] [stderr] Cloning into '/workspace/builds/worker-4-tc1/source'...
[INFO] [stderr] done.
[INFO] validating manifest of git repo https://github.com/Lilith-In-Starlight/kismesis on toolchain 1.83.0
[INFO] running `Command { std: CARGO_HOME="/workspace/cargo-home" RUSTUP_HOME="/workspace/rustup-home" "/workspace/cargo-home/bin/cargo" "+1.83.0" "metadata" "--manifest-path" "Cargo.toml" "--no-deps", kill_on_drop: false }`
[INFO] started tweaking git repo https://github.com/Lilith-In-Starlight/kismesis
[INFO] finished tweaking git repo https://github.com/Lilith-In-Starlight/kismesis
[INFO] tweaked toml for git repo https://github.com/Lilith-In-Starlight/kismesis written to /workspace/builds/worker-4-tc1/source/Cargo.toml
[INFO] crate git repo https://github.com/Lilith-In-Starlight/kismesis already has a lockfile, it will not be regenerated
[INFO] running `Command { std: CARGO_HOME="/workspace/cargo-home" RUSTUP_HOME="/workspace/rustup-home" "/workspace/cargo-home/bin/cargo" "+1.83.0" "fetch" "--manifest-path" "Cargo.toml", kill_on_drop: false }`
[INFO] [stderr]     Blocking waiting for file lock on package cache
[INFO] [stderr]     Updating crates.io index
[INFO] [stderr]     Blocking waiting for file lock on package cache
[INFO] [stderr]  Downloading crates ...
[INFO] [stderr]   Downloaded extism-convert-macros v1.4.1
[INFO] [stderr]   Downloaded extism-manifest v1.4.1
[INFO] [stderr]   Downloaded termion v1.5.6
[INFO] [stderr]   Downloaded termsize v0.1.6
[INFO] [stderr]   Downloaded extism-pdk-derive v1.2.0
[INFO] [stderr]   Downloaded manyhow v0.11.1
[INFO] [stderr]   Downloaded ittapi v0.4.0
[INFO] [stderr]   Downloaded cap-time-ext v2.0.1
[INFO] [stderr]   Downloaded cap-net-ext v2.0.1
[INFO] [stderr]   Downloaded system-interface v0.26.1
[INFO] [stderr]   Downloaded cap-primitives v2.0.1
[INFO] [stderr]   Downloaded wasmtime-cranelift v16.0.0
[INFO] [stderr]   Downloaded ittapi-sys v0.4.0
[INFO] [stderr]   Downloaded wasmparser v0.118.1
[INFO] [stderr]   Downloaded wasi-common v16.0.0
[INFO] [stderr]   Downloaded cranelift-wasm v0.103.0
[INFO] [stderr]   Downloaded cbindgen v0.26.0
[INFO] [stderr]   Downloaded wasmtime v16.0.0
[INFO] [stderr]   Downloaded wasmtime-runtime v16.0.0
[INFO] [stderr]   Downloaded wasmtime-environ v16.0.0
[INFO] [stderr]   Downloaded wasmtime-wasi v16.0.0
[INFO] [stderr]   Downloaded wast v69.0.1
[INFO] [stderr]   Downloaded wit-parser v0.13.0
[INFO] [stderr]   Downloaded wasmtime-cache v16.0.0
[INFO] [stderr]   Downloaded cranelift-entity v0.103.0
[INFO] [stderr]   Downloaded cap-rand v2.0.1
[INFO] [stderr]   Downloaded cap-std v2.0.1
[INFO] [stderr]   Downloaded io-lifetimes v2.0.3
[INFO] [stderr]   Downloaded io-extras v0.18.1
[INFO] [stderr]   Downloaded fxprof-processed-profile v0.6.0
[INFO] [stderr]   Downloaded cranelift-codegen-meta v0.103.0
[INFO] [stderr]   Downloaded cranelift-isle v0.103.0
[INFO] [stderr]   Downloaded winch-codegen v0.14.0
[INFO] [stderr]   Downloaded wasm-encoder v0.38.1
[INFO] [stderr]   Downloaded extism-pdk v1.2.0
[INFO] [stderr]   Downloaded cap-fs-ext v2.0.1
[INFO] [stderr]   Downloaded wasi-cap-std-sync v16.0.0
[INFO] [stderr]   Downloaded fs-set-times v0.20.1
[INFO] [stderr]   Downloaded cranelift-codegen v0.103.0
[INFO] [stderr]   Downloaded winx v0.36.3
[INFO] [stderr]   Downloaded wasmtime-wit-bindgen v16.0.0
[INFO] [stderr]   Downloaded wasmtime-component-macro v16.0.0
[INFO] [stderr]   Downloaded cranelift-frontend v0.103.0
[INFO] [stderr]   Downloaded wasmtime-jit-icache-coherence v16.0.0
[INFO] [stderr]   Downloaded wasmtime-jit v16.0.0
[INFO] [stderr]   Downloaded cranelift-bforest v0.103.0
[INFO] [stderr]   Downloaded wasmprinter v0.2.75
[INFO] [stderr]   Downloaded wasmtime-types v16.0.0
[INFO] [stderr]   Downloaded wasmtime-winch v16.0.0
[INFO] [stderr]   Downloaded wat v1.0.82
[INFO] [stderr]   Downloaded wiggle-generate v16.0.0
[INFO] [stderr]   Downloaded wiggle-macro v16.0.0
[INFO] [stderr]   Downloaded wiggle v16.0.0
[INFO] [stderr]   Downloaded sptr v0.3.2
[INFO] [stderr]   Downloaded wasmtime-asm-macros v16.0.0
[INFO] [stderr]   Downloaded wasmtime-fiber v16.0.0
[INFO] [stderr]   Downloaded wasmtime-jit-debug v16.0.0
[INFO] [stderr]   Downloaded wasmtime-versioned-export-macros v16.0.0
[INFO] [stderr]   Downloaded wasmtime-wmemcheck v16.0.0
[INFO] [stderr]   Downloaded cranelift-native v0.103.0
[INFO] [stderr]   Downloaded wasmtime-cranelift-shared v16.0.0
[INFO] [stderr]   Downloaded cranelift-codegen-shared v0.103.0
[INFO] [stderr]   Downloaded cranelift-control v0.103.0
[INFO] [stderr]   Downloaded wasmtime-component-util v16.0.0
[INFO] [stderr]   Downloaded manyhow-macros v0.11.0
[INFO] [stderr]   Downloaded extism-convert v1.4.1
[INFO] [stderr]   Downloaded htmlize v1.0.3
[INFO] [stderr]   Downloaded extism v1.0.0
[INFO] running `Command { std: "docker" "create" "-v" "/var/lib/crater-agent-workspace/builds/worker-4-tc1/target:/opt/rustwide/target:rw,Z" "-v" "/var/lib/crater-agent-workspace/builds/worker-4-tc1/source:/opt/rustwide/workdir:ro,Z" "-v" "/var/lib/crater-agent-workspace/cargo-home:/opt/rustwide/cargo-home:ro,Z" "-v" "/var/lib/crater-agent-workspace/rustup-home:/opt/rustwide/rustup-home:ro,Z" "-e" "SOURCE_DIR=/opt/rustwide/workdir" "-e" "CARGO_TARGET_DIR=/opt/rustwide/target" "-e" "CARGO_HOME=/opt/rustwide/cargo-home" "-e" "RUSTUP_HOME=/opt/rustwide/rustup-home" "-w" "/opt/rustwide/workdir" "-m" "1610612736" "--user" "0:0" "--network" "none" "ghcr.io/rust-lang/crates-build-env/linux@sha256:f3a9d4ad9d972b27faf3965f35b62e55ba32bbce8f20bc8fe909558a86702fde" "/opt/rustwide/cargo-home/bin/cargo" "+1.83.0" "metadata" "--no-deps" "--format-version=1", kill_on_drop: false }`
[INFO] [stdout] 8f09d5cc08707d52197a336dc0ff35b5359ce21f3fb68aca6bebc2faa424127d
[INFO] running `Command { std: "docker" "start" "-a" "8f09d5cc08707d52197a336dc0ff35b5359ce21f3fb68aca6bebc2faa424127d", kill_on_drop: false }`
[INFO] running `Command { std: "docker" "inspect" "8f09d5cc08707d52197a336dc0ff35b5359ce21f3fb68aca6bebc2faa424127d", kill_on_drop: false }`
[INFO] running `Command { std: "docker" "rm" "-f" "8f09d5cc08707d52197a336dc0ff35b5359ce21f3fb68aca6bebc2faa424127d", kill_on_drop: false }`
[INFO] [stdout] 8f09d5cc08707d52197a336dc0ff35b5359ce21f3fb68aca6bebc2faa424127d
[INFO] running `Command { std: "docker" "create" "-v" "/var/lib/crater-agent-workspace/builds/worker-4-tc1/target:/opt/rustwide/target:rw,Z" "-v" "/var/lib/crater-agent-workspace/builds/worker-4-tc1/source:/opt/rustwide/workdir:ro,Z" "-v" "/var/lib/crater-agent-workspace/cargo-home:/opt/rustwide/cargo-home:ro,Z" "-v" "/var/lib/crater-agent-workspace/rustup-home:/opt/rustwide/rustup-home:ro,Z" "-e" "SOURCE_DIR=/opt/rustwide/workdir" "-e" "CARGO_TARGET_DIR=/opt/rustwide/target" "-e" "CARGO_INCREMENTAL=0" "-e" "RUST_BACKTRACE=full" "-e" "RUSTFLAGS=--cap-lints=warn" "-e" "RUSTDOCFLAGS=--cap-lints=warn" "-e" "CARGO_HOME=/opt/rustwide/cargo-home" "-e" "RUSTUP_HOME=/opt/rustwide/rustup-home" "-w" "/opt/rustwide/workdir" "-m" "1610612736" "--user" "0:0" "--network" "none" "ghcr.io/rust-lang/crates-build-env/linux@sha256:f3a9d4ad9d972b27faf3965f35b62e55ba32bbce8f20bc8fe909558a86702fde" "/opt/rustwide/cargo-home/bin/cargo" "+1.83.0" "build" "--frozen" "--message-format=json", kill_on_drop: false }`
[INFO] [stdout] 387e0fabad8c4fb885ac752f02d913ae0456ee25dd18dc179956f430716494df
[INFO] running `Command { std: "docker" "start" "-a" "387e0fabad8c4fb885ac752f02d913ae0456ee25dd18dc179956f430716494df", kill_on_drop: false }`
[INFO] [stderr]    Compiling paste v1.0.14
[INFO] [stderr]    Compiling htmlize v1.0.3
[INFO] [stderr]    Compiling memchr v2.7.1
[INFO] [stderr]    Compiling kismesis v0.5.0 (/opt/rustwide/workdir)
[INFO] [stdout] warning: elided lifetime has a name
[INFO] [stdout]    --> src/parser/types.rs:290:70
[INFO] [stdout]     |
[INFO] [stdout] 290 |     pub fn get_path_slice<'a>(&'a self, engine: &'a Kismesis) -> Option<&Path> {
[INFO] [stdout]     |                           -- lifetime `'a` declared here                ^ this elided lifetime gets resolved as `'a`
[INFO] [stdout]     |
[INFO] [stdout]     = note: `#[warn(elided_named_lifetimes)]` on by default
[INFO] [stdout] 
[INFO] [stdout] 
[INFO] [stdout] warning: elided lifetime has a name
[INFO] [stdout]    --> src/parser/types.rs:325:86
[INFO] [stdout]     |
[INFO] [stdout] 325 |     pub fn get_macro_scope<'a>(&'a self, engine: &'a Kismesis) -> HashMap<String, Scoped<&Macro>> {
[INFO] [stdout]     |                            -- lifetime `'a` declared here                               ^ this elided lifetime gets resolved as `'a`
[INFO] [stdout] 
[INFO] [stdout] 
[INFO] [stdout] warning: elided lifetime has a name
[INFO] [stdout]    --> src/parser/types.rs:325:87
[INFO] [stdout]     |
[INFO] [stdout] 325 |     pub fn get_macro_scope<'a>(&'a self, engine: &'a Kismesis) -> HashMap<String, Scoped<&Macro>> {
[INFO] [stdout]     |                            -- lifetime `'a` declared here                                ^ this elided lifetime gets resolved as `'a`
[INFO] [stdout] 
[INFO] [stdout] 
[INFO] [stdout] warning: elided lifetime has a name
[INFO] [stdout]    --> src/parser/types.rs:350:23
[INFO] [stdout]     |
[INFO] [stdout] 346 |     pub fn get_variable_scope<'a>(
[INFO] [stdout]     |                               -- lifetime `'a` declared here
[INFO] [stdout] ...
[INFO] [stdout] 350 |     ) -> HashMap<String, ScopedExpression> {
[INFO] [stdout]     |                          ^^^^^^^^^^^^^^^^ this elided lifetime gets resolved as `'a`
[INFO] [stdout] 
[INFO] [stdout] 
[INFO] [stderr]     Finished `dev` profile [unoptimized + debuginfo] target(s) in 3.93s
[INFO] running `Command { std: "docker" "inspect" "387e0fabad8c4fb885ac752f02d913ae0456ee25dd18dc179956f430716494df", kill_on_drop: false }`
[INFO] running `Command { std: "docker" "rm" "-f" "387e0fabad8c4fb885ac752f02d913ae0456ee25dd18dc179956f430716494df", kill_on_drop: false }`
[INFO] [stdout] 387e0fabad8c4fb885ac752f02d913ae0456ee25dd18dc179956f430716494df
[INFO] running `Command { std: "docker" "create" "-v" "/var/lib/crater-agent-workspace/builds/worker-4-tc1/target:/opt/rustwide/target:rw,Z" "-v" "/var/lib/crater-agent-workspace/builds/worker-4-tc1/source:/opt/rustwide/workdir:ro,Z" "-v" "/var/lib/crater-agent-workspace/cargo-home:/opt/rustwide/cargo-home:ro,Z" "-v" "/var/lib/crater-agent-workspace/rustup-home:/opt/rustwide/rustup-home:ro,Z" "-e" "SOURCE_DIR=/opt/rustwide/workdir" "-e" "CARGO_TARGET_DIR=/opt/rustwide/target" "-e" "CARGO_INCREMENTAL=0" "-e" "RUST_BACKTRACE=full" "-e" "RUSTFLAGS=--cap-lints=warn" "-e" "RUSTDOCFLAGS=--cap-lints=warn" "-e" "CARGO_HOME=/opt/rustwide/cargo-home" "-e" "RUSTUP_HOME=/opt/rustwide/rustup-home" "-w" "/opt/rustwide/workdir" "-m" "1610612736" "--user" "0:0" "--network" "none" "ghcr.io/rust-lang/crates-build-env/linux@sha256:f3a9d4ad9d972b27faf3965f35b62e55ba32bbce8f20bc8fe909558a86702fde" "/opt/rustwide/cargo-home/bin/cargo" "+1.83.0" "test" "--frozen" "--no-run" "--message-format=json", kill_on_drop: false }`
[INFO] [stdout] 7ebe0e30217b12c59b00d564d000d402e8c7e67c6f4f2971f0d3e1c9b15ce68b
[INFO] running `Command { std: "docker" "start" "-a" "7ebe0e30217b12c59b00d564d000d402e8c7e67c6f4f2971f0d3e1c9b15ce68b", kill_on_drop: false }`
[INFO] [stderr]    Compiling kismesis v0.5.0 (/opt/rustwide/workdir)
[INFO] [stdout] warning: elided lifetime has a name
[INFO] [stdout]    --> src/parser/types.rs:290:70
[INFO] [stdout]     |
[INFO] [stdout] 290 |     pub fn get_path_slice<'a>(&'a self, engine: &'a Kismesis) -> Option<&Path> {
[INFO] [stdout]     |                           -- lifetime `'a` declared here                ^ this elided lifetime gets resolved as `'a`
[INFO] [stdout]     |
[INFO] [stdout]     = note: `#[warn(elided_named_lifetimes)]` on by default
[INFO] [stdout] 
[INFO] [stdout] 
[INFO] [stdout] warning: elided lifetime has a name
[INFO] [stdout]    --> src/parser/types.rs:325:86
[INFO] [stdout]     |
[INFO] [stdout] 325 |     pub fn get_macro_scope<'a>(&'a self, engine: &'a Kismesis) -> HashMap<String, Scoped<&Macro>> {
[INFO] [stdout]     |                            -- lifetime `'a` declared here                               ^ this elided lifetime gets resolved as `'a`
[INFO] [stdout] 
[INFO] [stdout] 
[INFO] [stdout] warning: elided lifetime has a name
[INFO] [stdout]    --> src/parser/types.rs:325:87
[INFO] [stdout]     |
[INFO] [stdout] 325 |     pub fn get_macro_scope<'a>(&'a self, engine: &'a Kismesis) -> HashMap<String, Scoped<&Macro>> {
[INFO] [stdout]     |                            -- lifetime `'a` declared here                                ^ this elided lifetime gets resolved as `'a`
[INFO] [stdout] 
[INFO] [stdout] 
[INFO] [stdout] warning: elided lifetime has a name
[INFO] [stdout]    --> src/parser/types.rs:350:23
[INFO] [stdout]     |
[INFO] [stdout] 346 |     pub fn get_variable_scope<'a>(
[INFO] [stdout]     |                               -- lifetime `'a` declared here
[INFO] [stdout] ...
[INFO] [stdout] 350 |     ) -> HashMap<String, ScopedExpression> {
[INFO] [stdout]     |                          ^^^^^^^^^^^^^^^^ this elided lifetime gets resolved as `'a`
[INFO] [stdout] 
[INFO] [stdout] 
[INFO] [stdout] warning: elided lifetime has a name
[INFO] [stdout]    --> src/parser/types.rs:290:70
[INFO] [stdout]     |
[INFO] [stdout] 290 |     pub fn get_path_slice<'a>(&'a self, engine: &'a Kismesis) -> Option<&Path> {
[INFO] [stdout]     |                           -- lifetime `'a` declared here                ^ this elided lifetime gets resolved as `'a`
[INFO] [stdout]     |
[INFO] [stdout]     = note: `#[warn(elided_named_lifetimes)]` on by default
[INFO] [stdout] 
[INFO] [stdout] 
[INFO] [stdout] warning: elided lifetime has a name
[INFO] [stdout]    --> src/parser/types.rs:325:86
[INFO] [stdout]     |
[INFO] [stdout] 325 |     pub fn get_macro_scope<'a>(&'a self, engine: &'a Kismesis) -> HashMap<String, Scoped<&Macro>> {
[INFO] [stdout]     |                            -- lifetime `'a` declared here                               ^ this elided lifetime gets resolved as `'a`
[INFO] [stdout] 
[INFO] [stdout] 
[INFO] [stdout] warning: elided lifetime has a name
[INFO] [stdout]    --> src/parser/types.rs:325:87
[INFO] [stdout]     |
[INFO] [stdout] 325 |     pub fn get_macro_scope<'a>(&'a self, engine: &'a Kismesis) -> HashMap<String, Scoped<&Macro>> {
[INFO] [stdout]     |                            -- lifetime `'a` declared here                                ^ this elided lifetime gets resolved as `'a`
[INFO] [stdout] 
[INFO] [stdout] 
[INFO] [stdout] warning: elided lifetime has a name
[INFO] [stdout]    --> src/parser/types.rs:350:23
[INFO] [stdout]     |
[INFO] [stdout] 346 |     pub fn get_variable_scope<'a>(
[INFO] [stdout]     |                               -- lifetime `'a` declared here
[INFO] [stdout] ...
[INFO] [stdout] 350 |     ) -> HashMap<String, ScopedExpression> {
[INFO] [stdout]     |                          ^^^^^^^^^^^^^^^^ this elided lifetime gets resolved as `'a`
[INFO] [stdout] 
[INFO] [stdout] 
[INFO] [stderr]     Finished `test` profile [unoptimized + debuginfo] target(s) in 3.03s
[INFO] running `Command { std: "docker" "inspect" "7ebe0e30217b12c59b00d564d000d402e8c7e67c6f4f2971f0d3e1c9b15ce68b", kill_on_drop: false }`
[INFO] running `Command { std: "docker" "rm" "-f" "7ebe0e30217b12c59b00d564d000d402e8c7e67c6f4f2971f0d3e1c9b15ce68b", kill_on_drop: false }`
[INFO] [stdout] 7ebe0e30217b12c59b00d564d000d402e8c7e67c6f4f2971f0d3e1c9b15ce68b
[INFO] running `Command { std: "docker" "create" "-v" "/var/lib/crater-agent-workspace/builds/worker-4-tc1/target:/opt/rustwide/target:rw,Z" "-v" "/var/lib/crater-agent-workspace/builds/worker-4-tc1/source:/opt/rustwide/workdir:ro,Z" "-v" "/var/lib/crater-agent-workspace/cargo-home:/opt/rustwide/cargo-home:ro,Z" "-v" "/var/lib/crater-agent-workspace/rustup-home:/opt/rustwide/rustup-home:ro,Z" "-e" "SOURCE_DIR=/opt/rustwide/workdir" "-e" "CARGO_TARGET_DIR=/opt/rustwide/target" "-e" "CARGO_INCREMENTAL=0" "-e" "RUST_BACKTRACE=full" "-e" "RUSTFLAGS=--cap-lints=warn" "-e" "RUSTDOCFLAGS=--cap-lints=warn" "-e" "CARGO_HOME=/opt/rustwide/cargo-home" "-e" "RUSTUP_HOME=/opt/rustwide/rustup-home" "-w" "/opt/rustwide/workdir" "-m" "1610612736" "--user" "0:0" "--network" "none" "ghcr.io/rust-lang/crates-build-env/linux@sha256:f3a9d4ad9d972b27faf3965f35b62e55ba32bbce8f20bc8fe909558a86702fde" "/opt/rustwide/cargo-home/bin/cargo" "+1.83.0" "test" "--frozen", kill_on_drop: false }`
[INFO] [stdout] b923a6110d91961d33b2f6eebc9c110df1aa3882a1308cbb5234fcf7da086d69
[INFO] running `Command { std: "docker" "start" "-a" "b923a6110d91961d33b2f6eebc9c110df1aa3882a1308cbb5234fcf7da086d69", kill_on_drop: false }`
[INFO] [stderr] warning: elided lifetime has a name
[INFO] [stderr]    --> src/parser/types.rs:290:70
[INFO] [stderr]     |
[INFO] [stderr] 290 |     pub fn get_path_slice<'a>(&'a self, engine: &'a Kismesis) -> Option<&Path> {
[INFO] [stderr]     |                           -- lifetime `'a` declared here                ^ this elided lifetime gets resolved as `'a`
[INFO] [stderr]     |
[INFO] [stderr]     = note: `#[warn(elided_named_lifetimes)]` on by default
[INFO] [stderr] 
[INFO] [stderr] warning: elided lifetime has a name
[INFO] [stderr]    --> src/parser/types.rs:325:86
[INFO] [stderr]     |
[INFO] [stderr] 325 |     pub fn get_macro_scope<'a>(&'a self, engine: &'a Kismesis) -> HashMap<String, Scoped<&Macro>> {
[INFO] [stderr]     |                            -- lifetime `'a` declared here                               ^ this elided lifetime gets resolved as `'a`
[INFO] [stderr] 
[INFO] [stderr] warning: elided lifetime has a name
[INFO] [stderr]    --> src/parser/types.rs:325:87
[INFO] [stderr]     |
[INFO] [stderr] 325 |     pub fn get_macro_scope<'a>(&'a self, engine: &'a Kismesis) -> HashMap<String, Scoped<&Macro>> {
[INFO] [stderr]     |                            -- lifetime `'a` declared here                                ^ this elided lifetime gets resolved as `'a`
[INFO] [stderr] 
[INFO] [stderr] warning: elided lifetime has a name
[INFO] [stderr]    --> src/parser/types.rs:350:23
[INFO] [stderr]     |
[INFO] [stderr] 346 |     pub fn get_variable_scope<'a>(
[INFO] [stderr]     |                               -- lifetime `'a` declared here
[INFO] [stderr] ...
[INFO] [stderr] 350 |     ) -> HashMap<String, ScopedExpression> {
[INFO] [stderr]     |                          ^^^^^^^^^^^^^^^^ this elided lifetime gets resolved as `'a`
[INFO] [stderr] 
[INFO] [stderr] warning: `kismesis` (lib) generated 4 warnings
[INFO] [stderr] warning: `kismesis` (lib test) generated 4 warnings (4 duplicates)
[INFO] [stderr]     Finished `test` profile [unoptimized + debuginfo] target(s) in 0.12s
[INFO] [stderr]      Running unittests src/lib.rs (/opt/rustwide/target/debug/deps/kismesis-790d7b0f94746d55)
[INFO] [stdout] 
[INFO] [stdout] running 1 test
[INFO] [stdout] test test::test_file ... FAILED
[INFO] [stdout] 
[INFO] [stdout] failures:
[INFO] [stdout] 
[INFO] [stdout] ---- test::test_file stdout ----
[INFO] [stdout] thread 'test::test_file' panicked at src/lib.rs:519:48:
[INFO] [stdout] called `Result::unwrap_err()` on an `Ok` value: Output { parts: [Html("<html>\n\t<p>owo</p>\n\t<p>hiii</p>\n</html>")] }
[INFO] [stdout] stack backtrace:
[INFO] [stdout]    0:     0x5f625827a96a - std::backtrace_rs::backtrace::libunwind::trace::h5a5b8284f2d0c266
[INFO] [stdout]                                at /rustc/90b35a6239c3d8bdabc530a6a0816f7ff89a0aaf/library/std/src/../../backtrace/src/backtrace/libunwind.rs:116:5
[INFO] [stdout]    1:     0x5f625827a96a - std::backtrace_rs::backtrace::trace_unsynchronized::h76d4f1c9b0b875e3
[INFO] [stdout]                                at /rustc/90b35a6239c3d8bdabc530a6a0816f7ff89a0aaf/library/std/src/../../backtrace/src/backtrace/mod.rs:66:5
[INFO] [stdout]    2:     0x5f625827a96a - std::sys::backtrace::_print_fmt::hc4546b8364a537c6
[INFO] [stdout]                                at /rustc/90b35a6239c3d8bdabc530a6a0816f7ff89a0aaf/library/std/src/sys/backtrace.rs:66:9
[INFO] [stdout]    3:     0x5f625827a96a - <std::sys::backtrace::BacktraceLock::print::DisplayBacktrace as core::fmt::Display>::fmt::h5b6bd5631a6d1f6b
[INFO] [stdout]                                at /rustc/90b35a6239c3d8bdabc530a6a0816f7ff89a0aaf/library/std/src/sys/backtrace.rs:39:26
[INFO] [stdout]    4:     0x5f625829fe33 - core::fmt::rt::Argument::fmt::h270f6602a2b96f62
[INFO] [stdout]                                at /rustc/90b35a6239c3d8bdabc530a6a0816f7ff89a0aaf/library/core/src/fmt/rt.rs:177:76
[INFO] [stdout]    5:     0x5f625829fe33 - core::fmt::write::h7550c97b06c86515
[INFO] [stdout]                                at /rustc/90b35a6239c3d8bdabc530a6a0816f7ff89a0aaf/library/core/src/fmt/mod.rs:1186:21
[INFO] [stdout]    6:     0x5f6258277b03 - std::io::Write::write_fmt::h509ff860e5956e5e
[INFO] [stdout]                                at /rustc/90b35a6239c3d8bdabc530a6a0816f7ff89a0aaf/library/std/src/io/mod.rs:1839:15
[INFO] [stdout]    7:     0x5f625827a7b2 - std::sys::backtrace::BacktraceLock::print::h2395ccd2c84ba3aa
[INFO] [stdout]                                at /rustc/90b35a6239c3d8bdabc530a6a0816f7ff89a0aaf/library/std/src/sys/backtrace.rs:42:9
[INFO] [stdout]    8:     0x5f625827bdca - std::panicking::default_hook::{{closure}}::he19d4c7230e07961
[INFO] [stdout]                                at /rustc/90b35a6239c3d8bdabc530a6a0816f7ff89a0aaf/library/std/src/panicking.rs:268:22
[INFO] [stdout]    9:     0x5f625827bbd4 - std::panicking::default_hook::hf614597d3c67bbdb
[INFO] [stdout]                                at /rustc/90b35a6239c3d8bdabc530a6a0816f7ff89a0aaf/library/std/src/panicking.rs:292:9
[INFO] [stdout]   10:     0x5f6258246869 - <alloc::boxed::Box<F,A> as core::ops::function::Fn<Args>>::call::h39b51ce4599c23d1
[INFO] [stdout]                                at /rustc/90b35a6239c3d8bdabc530a6a0816f7ff89a0aaf/library/alloc/src/boxed.rs:2468:9
[INFO] [stdout]   11:     0x5f6258246869 - test::test_main::{{closure}}::he977ae839a582784
[INFO] [stdout]                                at /rustc/90b35a6239c3d8bdabc530a6a0816f7ff89a0aaf/library/test/src/lib.rs:133:21
[INFO] [stdout]   12:     0x5f625827c468 - <alloc::boxed::Box<F,A> as core::ops::function::Fn<Args>>::call::h9455091b6b06f9fb
[INFO] [stdout]                                at /rustc/90b35a6239c3d8bdabc530a6a0816f7ff89a0aaf/library/alloc/src/boxed.rs:2468:9
[INFO] [stdout]   13:     0x5f625827c468 - std::panicking::rust_panic_with_hook::h8942133a8b252070
[INFO] [stdout]                                at /rustc/90b35a6239c3d8bdabc530a6a0816f7ff89a0aaf/library/std/src/panicking.rs:809:13
[INFO] [stdout]   14:     0x5f625827c22a - std::panicking::begin_panic_handler::{{closure}}::hb5f5963570096b29
[INFO] [stdout]                                at /rustc/90b35a6239c3d8bdabc530a6a0816f7ff89a0aaf/library/std/src/panicking.rs:674:13
[INFO] [stdout]   15:     0x5f625827ae49 - std::sys::backtrace::__rust_end_short_backtrace::h6208cedc1922feda
[INFO] [stdout]                                at /rustc/90b35a6239c3d8bdabc530a6a0816f7ff89a0aaf/library/std/src/sys/backtrace.rs:170:18
[INFO] [stdout]   16:     0x5f625827bebc - rust_begin_unwind
[INFO] [stdout]                                at /rustc/90b35a6239c3d8bdabc530a6a0816f7ff89a0aaf/library/std/src/panicking.rs:665:5
[INFO] [stdout]   17:     0x5f625813ea60 - core::panicking::panic_fmt::h0c3082644d1bf418
[INFO] [stdout]                                at /rustc/90b35a6239c3d8bdabc530a6a0816f7ff89a0aaf/library/core/src/panicking.rs:74:14
[INFO] [stdout]   18:     0x5f625813eea6 - core::result::unwrap_failed::hd20b4aa073bda1e2
[INFO] [stdout]                                at /rustc/90b35a6239c3d8bdabc530a6a0816f7ff89a0aaf/library/core/src/result.rs:1700:5
[INFO] [stdout]   19:     0x5f62581dba19 - core::result::Result<T,E>::unwrap_err::h6b858a2dc6f305fc
[INFO] [stdout]                                at /rustc/90b35a6239c3d8bdabc530a6a0816f7ff89a0aaf/library/core/src/result.rs:1198:22
[INFO] [stdout]   20:     0x5f625820e262 - kismesis::test::test_file::h5859e46f75c98ad3
[INFO] [stdout]                                at /opt/rustwide/workdir/src/lib.rs:519:11
[INFO] [stdout]   21:     0x5f625820ddf7 - kismesis::test::test_file::{{closure}}::haf7e1d0b34d83338
[INFO] [stdout]                                at /opt/rustwide/workdir/src/lib.rs:509:16
[INFO] [stdout]   22:     0x5f62581c56c6 - core::ops::function::FnOnce::call_once::h977688cc2d4b0d82
[INFO] [stdout]                                at /rustc/90b35a6239c3d8bdabc530a6a0816f7ff89a0aaf/library/core/src/ops/function.rs:250:5
[INFO] [stdout]   23:     0x5f625824b22b - core::ops::function::FnOnce::call_once::h109cf8051a59b34e
[INFO] [stdout]                                at /rustc/90b35a6239c3d8bdabc530a6a0816f7ff89a0aaf/library/core/src/ops/function.rs:250:5
[INFO] [stdout]   24:     0x5f625824b22b - test::__rust_begin_short_backtrace::hf4fff89d377446ba
[INFO] [stdout]                                at /rustc/90b35a6239c3d8bdabc530a6a0816f7ff89a0aaf/library/test/src/lib.rs:621:18
[INFO] [stdout]   25:     0x5f625824aa67 - test::run_test_in_process::{{closure}}::h0e39181dd7ee5a43
[INFO] [stdout]                                at /rustc/90b35a6239c3d8bdabc530a6a0816f7ff89a0aaf/library/test/src/lib.rs:644:60
[INFO] [stdout]   26:     0x5f625824aa67 - <core::panic::unwind_safe::AssertUnwindSafe<F> as core::ops::function::FnOnce<()>>::call_once::hc5a66a30f0bdfd1f
[INFO] [stdout]                                at /rustc/90b35a6239c3d8bdabc530a6a0816f7ff89a0aaf/library/core/src/panic/unwind_safe.rs:272:9
[INFO] [stdout]   27:     0x5f625824aa67 - std::panicking::try::do_call::h873b7cf639554a5e
[INFO] [stdout]                                at /rustc/90b35a6239c3d8bdabc530a6a0816f7ff89a0aaf/library/std/src/panicking.rs:557:40
[INFO] [stdout]   28:     0x5f625824aa67 - std::panicking::try::hdb19862fad9c8bd1
[INFO] [stdout]                                at /rustc/90b35a6239c3d8bdabc530a6a0816f7ff89a0aaf/library/std/src/panicking.rs:520:19
[INFO] [stdout]   29:     0x5f625824aa67 - std::panic::catch_unwind::h281fe732d236d260
[INFO] [stdout]                                at /rustc/90b35a6239c3d8bdabc530a6a0816f7ff89a0aaf/library/std/src/panic.rs:358:14
[INFO] [stdout]   30:     0x5f625824aa67 - test::run_test_in_process::h949b6df8457ed338
[INFO] [stdout]                                at /rustc/90b35a6239c3d8bdabc530a6a0816f7ff89a0aaf/library/test/src/lib.rs:644:27
[INFO] [stdout]   31:     0x5f625824aa67 - test::run_test::{{closure}}::h52c556a6d4740e10
[INFO] [stdout]                                at /rustc/90b35a6239c3d8bdabc530a6a0816f7ff89a0aaf/library/test/src/lib.rs:565:43
[INFO] [stdout]   32:     0x5f625820fd44 - test::run_test::{{closure}}::h4237f6381c45ccb9
[INFO] [stdout]                                at /rustc/90b35a6239c3d8bdabc530a6a0816f7ff89a0aaf/library/test/src/lib.rs:595:41
[INFO] [stdout]   33:     0x5f625820fd44 - std::sys::backtrace::__rust_begin_short_backtrace::h505c97a579eca628
[INFO] [stdout]                                at /rustc/90b35a6239c3d8bdabc530a6a0816f7ff89a0aaf/library/std/src/sys/backtrace.rs:154:18
[INFO] [stdout]   34:     0x5f625821340e - std::thread::Builder::spawn_unchecked_::{{closure}}::{{closure}}::h9e86b2e2bc107ea3
[INFO] [stdout]                                at /rustc/90b35a6239c3d8bdabc530a6a0816f7ff89a0aaf/library/std/src/thread/mod.rs:538:17
[INFO] [stdout]   35:     0x5f625821340e - <core::panic::unwind_safe::AssertUnwindSafe<F> as core::ops::function::FnOnce<()>>::call_once::h8b06ddb275ff4a25
[INFO] [stdout]                                at /rustc/90b35a6239c3d8bdabc530a6a0816f7ff89a0aaf/library/core/src/panic/unwind_safe.rs:272:9
[INFO] [stdout]   36:     0x5f625821340e - std::panicking::try::do_call::hb26ecd7cd9a9355d
[INFO] [stdout]                                at /rustc/90b35a6239c3d8bdabc530a6a0816f7ff89a0aaf/library/std/src/panicking.rs:557:40
[INFO] [stdout]   37:     0x5f625821340e - std::panicking::try::h8ddeca9d705f9069
[INFO] [stdout]                                at /rustc/90b35a6239c3d8bdabc530a6a0816f7ff89a0aaf/library/std/src/panicking.rs:520:19
[INFO] [stdout]   38:     0x5f625821340e - std::panic::catch_unwind::h49e1c33078844c46
[INFO] [stdout]                                at /rustc/90b35a6239c3d8bdabc530a6a0816f7ff89a0aaf/library/std/src/panic.rs:358:14
[INFO] [stdout]   39:     0x5f625821340e - std::thread::Builder::spawn_unchecked_::{{closure}}::h6073db6ff56ad35d
[INFO] [stdout]                                at /rustc/90b35a6239c3d8bdabc530a6a0816f7ff89a0aaf/library/std/src/thread/mod.rs:537:30
[INFO] [stdout]   40:     0x5f625821340e - core::ops::function::FnOnce::call_once{{vtable.shim}}::h2c5a5f3779c774f1
[INFO] [stdout]                                at /rustc/90b35a6239c3d8bdabc530a6a0816f7ff89a0aaf/library/core/src/ops/function.rs:250:5
[INFO] [stdout]   41:     0x5f62582801bb - <alloc::boxed::Box<F,A> as core::ops::function::FnOnce<Args>>::call_once::hf75717d9f28faebf
[INFO] [stdout]                                at /rustc/90b35a6239c3d8bdabc530a6a0816f7ff89a0aaf/library/alloc/src/boxed.rs:2454:9
[INFO] [stdout]   42:     0x5f62582801bb - <alloc::boxed::Box<F,A> as core::ops::function::FnOnce<Args>>::call_once::h7bd883a5f3c5f3c1
[INFO] [stdout]                                at /rustc/90b35a6239c3d8bdabc530a6a0816f7ff89a0aaf/library/alloc/src/boxed.rs:2454:9
[INFO] [stdout]   43:     0x5f62582801bb - std::sys::pal::unix::thread::Thread::new::thread_start::hcc78f3943333fa94
[INFO] [stdout]                                at /rustc/90b35a6239c3d8bdabc530a6a0816f7ff89a0aaf/library/std/src/sys/pal/unix/thread.rs:105:17
[INFO] [stdout]   44:     0x7d86f357bac3 - <unknown>
[INFO] [stdout]   45:     0x7d86f360ca04 - clone
[INFO] [stdout]   46:                0x0 - <unknown>
[INFO] [stdout] 
[INFO] [stdout] 
[INFO] [stdout] failures:
[INFO] [stdout]     test::test_file
[INFO] [stdout] 
[INFO] [stdout] test result: FAILED. 0 passed; 1 failed; 0 ignored; 0 measured; 0 filtered out; finished in 0.03s
[INFO] [stdout] 
[INFO] [stderr] error: test failed, to rerun pass `--lib`
[INFO] running `Command { std: "docker" "inspect" "b923a6110d91961d33b2f6eebc9c110df1aa3882a1308cbb5234fcf7da086d69", kill_on_drop: false }`
[INFO] running `Command { std: "docker" "rm" "-f" "b923a6110d91961d33b2f6eebc9c110df1aa3882a1308cbb5234fcf7da086d69", kill_on_drop: false }`
[INFO] [stdout] b923a6110d91961d33b2f6eebc9c110df1aa3882a1308cbb5234fcf7da086d69
