[INFO] cloning repository https://github.com/LiYanLance/keystone-sdk
[INFO] running `Command { std: "git" "-c" "credential.helper=" "-c" "credential.helper=/workspace/cargo-home/bin/git-credential-null" "clone" "--bare" "https://github.com/LiYanLance/keystone-sdk" "/workspace/cache/git-repos/https%3A%2F%2Fgithub.com%2FLiYanLance%2Fkeystone-sdk", kill_on_drop: false }`
[INFO] [stderr] Cloning into bare repository '/workspace/cache/git-repos/https%3A%2F%2Fgithub.com%2FLiYanLance%2Fkeystone-sdk'...
[INFO] running `Command { std: "git" "rev-parse" "HEAD", kill_on_drop: false }`
[INFO] [stdout] e48f379e8c1ae5b0fd0c2334f1985b2d0b02e752
[INFO] testing LiYanLance/keystone-sdk against 1.83.0 for beta-1.84.0-4-retry
[INFO] running `Command { std: "git" "clone" "/workspace/cache/git-repos/https%3A%2F%2Fgithub.com%2FLiYanLance%2Fkeystone-sdk" "/workspace/builds/worker-6-tc1/source", kill_on_drop: false }`
[INFO] [stderr] Cloning into '/workspace/builds/worker-6-tc1/source'...
[INFO] [stderr] done.
[INFO] validating manifest of git repo https://github.com/LiYanLance/keystone-sdk on toolchain 1.83.0
[INFO] running `Command { std: CARGO_HOME="/workspace/cargo-home" RUSTUP_HOME="/workspace/rustup-home" "/workspace/cargo-home/bin/cargo" "+1.83.0" "metadata" "--manifest-path" "Cargo.toml" "--no-deps", kill_on_drop: false }`
[INFO] started tweaking git repo https://github.com/LiYanLance/keystone-sdk
[INFO] finished tweaking git repo https://github.com/LiYanLance/keystone-sdk
[INFO] tweaked toml for git repo https://github.com/LiYanLance/keystone-sdk written to /workspace/builds/worker-6-tc1/source/Cargo.toml
[INFO] crate git repo https://github.com/LiYanLance/keystone-sdk already has a lockfile, it will not be regenerated
[INFO] running `Command { std: CARGO_HOME="/workspace/cargo-home" RUSTUP_HOME="/workspace/rustup-home" "/workspace/cargo-home/bin/cargo" "+1.83.0" "fetch" "--manifest-path" "Cargo.toml", kill_on_drop: false }`
[INFO] [stderr] warning: virtual workspace defaulting to `resolver = "1"` despite one or more workspace members being on edition 2021 which implies `resolver = "2"`
[INFO] [stderr] note: to keep the current resolver, specify `workspace.resolver = "1"` in the workspace root's manifest
[INFO] [stderr] note: to use the edition 2021 resolver, specify `workspace.resolver = "2"` in the workspace root's manifest
[INFO] [stderr] note: for more details see https://doc.rust-lang.org/cargo/reference/resolver.html#resolver-versions
[INFO] [stderr]     Updating git repository `https://github.com/KeystoneHQ/ur-rs`
[INFO] [stderr]     Updating crates.io index
[INFO] [stderr]  Downloading crates ...
[INFO] [stderr]   Downloaded bitcoin_hashes v0.10.0
[INFO] [stderr]   Downloaded ffi-support v0.4.4
[INFO] [stderr]   Downloaded jni v0.16.0
[INFO] running `Command { std: "docker" "create" "-v" "/var/lib/crater-agent-workspace/builds/worker-6-tc1/target:/opt/rustwide/target:rw,Z" "-v" "/var/lib/crater-agent-workspace/builds/worker-6-tc1/source:/opt/rustwide/workdir:ro,Z" "-v" "/var/lib/crater-agent-workspace/cargo-home:/opt/rustwide/cargo-home:ro,Z" "-v" "/var/lib/crater-agent-workspace/rustup-home:/opt/rustwide/rustup-home:ro,Z" "-e" "SOURCE_DIR=/opt/rustwide/workdir" "-e" "CARGO_TARGET_DIR=/opt/rustwide/target" "-e" "CARGO_HOME=/opt/rustwide/cargo-home" "-e" "RUSTUP_HOME=/opt/rustwide/rustup-home" "-w" "/opt/rustwide/workdir" "-m" "1610612736" "--user" "0:0" "--network" "none" "ghcr.io/rust-lang/crates-build-env/linux@sha256:f3a9d4ad9d972b27faf3965f35b62e55ba32bbce8f20bc8fe909558a86702fde" "/opt/rustwide/cargo-home/bin/cargo" "+1.83.0" "metadata" "--no-deps" "--format-version=1", kill_on_drop: false }`
[INFO] [stdout] f358c44e4e666518d05bb2cefd83bf80e383fff28440e15ced06a6d71d4c0eb2
[INFO] running `Command { std: "docker" "start" "-a" "f358c44e4e666518d05bb2cefd83bf80e383fff28440e15ced06a6d71d4c0eb2", kill_on_drop: false }`
[INFO] running `Command { std: "docker" "inspect" "f358c44e4e666518d05bb2cefd83bf80e383fff28440e15ced06a6d71d4c0eb2", kill_on_drop: false }`
[INFO] running `Command { std: "docker" "rm" "-f" "f358c44e4e666518d05bb2cefd83bf80e383fff28440e15ced06a6d71d4c0eb2", kill_on_drop: false }`
[INFO] [stdout] f358c44e4e666518d05bb2cefd83bf80e383fff28440e15ced06a6d71d4c0eb2
[INFO] running `Command { std: "docker" "create" "-v" "/var/lib/crater-agent-workspace/builds/worker-6-tc1/target:/opt/rustwide/target:rw,Z" "-v" "/var/lib/crater-agent-workspace/builds/worker-6-tc1/source:/opt/rustwide/workdir:ro,Z" "-v" "/var/lib/crater-agent-workspace/cargo-home:/opt/rustwide/cargo-home:ro,Z" "-v" "/var/lib/crater-agent-workspace/rustup-home:/opt/rustwide/rustup-home:ro,Z" "-e" "SOURCE_DIR=/opt/rustwide/workdir" "-e" "CARGO_TARGET_DIR=/opt/rustwide/target" "-e" "CARGO_INCREMENTAL=0" "-e" "RUST_BACKTRACE=full" "-e" "RUSTFLAGS=--cap-lints=warn" "-e" "RUSTDOCFLAGS=--cap-lints=warn" "-e" "CARGO_HOME=/opt/rustwide/cargo-home" "-e" "RUSTUP_HOME=/opt/rustwide/rustup-home" "-w" "/opt/rustwide/workdir" "-m" "1610612736" "--user" "0:0" "--network" "none" "ghcr.io/rust-lang/crates-build-env/linux@sha256:f3a9d4ad9d972b27faf3965f35b62e55ba32bbce8f20bc8fe909558a86702fde" "/opt/rustwide/cargo-home/bin/cargo" "+1.83.0" "build" "--frozen" "--message-format=json", kill_on_drop: false }`
[INFO] [stdout] c40a010a5ed33e0916b453aff76567d7b483ea0b2fd803c4f8ec9d7d9d74d2ce
[INFO] running `Command { std: "docker" "start" "-a" "c40a010a5ed33e0916b453aff76567d7b483ea0b2fd803c4f8ec9d7d9d74d2ce", kill_on_drop: false }`
[INFO] [stderr] warning: virtual workspace defaulting to `resolver = "1"` despite one or more workspace members being on edition 2021 which implies `resolver = "2"`
[INFO] [stderr] note: to keep the current resolver, specify `workspace.resolver = "1"` in the workspace root's manifest
[INFO] [stderr] note: to use the edition 2021 resolver, specify `workspace.resolver = "2"` in the workspace root's manifest
[INFO] [stderr] note: for more details see https://doc.rust-lang.org/cargo/reference/resolver.html#resolver-versions
[INFO] [stderr]    Compiling version_check v0.9.4
[INFO] [stderr]    Compiling typenum v1.16.0
[INFO] [stderr]    Compiling log v0.4.17
[INFO] [stderr]    Compiling proc-macro2 v1.0.51
[INFO] [stderr]    Compiling quote v1.0.23
[INFO] [stderr]    Compiling unicode-ident v1.0.6
[INFO] [stderr]    Compiling memchr v2.5.0
[INFO] [stderr]    Compiling once_cell v1.17.1
[INFO] [stderr]    Compiling syn v1.0.109
[INFO] [stderr]    Compiling serde v1.0.152
[INFO] [stderr]    Compiling wasm-bindgen-shared v0.2.84
[INFO] [stderr]    Compiling cc v1.0.79
[INFO] [stderr]    Compiling libc v0.2.139
[INFO] [stderr]    Compiling adler v1.0.2
[INFO] [stderr]    Compiling same-file v1.0.6
[INFO] [stderr]    Compiling gimli v0.27.2
[INFO] [stderr]    Compiling bumpalo v3.12.0
[INFO] [stderr]    Compiling anyhow v1.0.69
[INFO] [stderr]    Compiling miniz_oxide v0.6.2
[INFO] [stderr]    Compiling walkdir v2.3.2
[INFO] [stderr]    Compiling cpufeatures v0.2.5
[INFO] [stderr]    Compiling half v1.8.2
[INFO] [stderr]    Compiling opaque-debug v0.3.0
[INFO] [stderr]    Compiling crc-catalog v2.2.0
[INFO] [stderr]    Compiling rand_core v0.6.4
[INFO] [stderr]    Compiling generic-array v0.14.6
[INFO] [stderr]    Compiling error-chain v0.12.4
[INFO] [stderr]    Compiling rustc-demangle v0.1.21
[INFO] [stderr]    Compiling void v1.0.2
[INFO] [stderr]    Compiling jni v0.16.0
[INFO] [stderr]    Compiling unreachable v1.0.0
[INFO] [stderr]    Compiling rand_xoshiro v0.6.0
[INFO] [stderr]    Compiling crc v3.0.1
[INFO] [stderr]    Compiling serde_json v1.0.94
[INFO] [stderr]    Compiling ascii v0.9.3
[INFO] [stderr]    Compiling wasm-bindgen v0.2.84
[INFO] [stderr]    Compiling either v1.8.1
[INFO] [stderr]    Compiling byteorder v1.4.3
[INFO] [stderr]    Compiling hex v0.4.3
[INFO] [stderr]    Compiling bitcoin_hashes v0.10.0
[INFO] [stderr]    Compiling itoa v1.0.6
[INFO] [stderr]    Compiling ryu v1.0.13
[INFO] [stderr]    Compiling object v0.30.3
[INFO] [stderr]    Compiling jni-sys v0.3.0
[INFO] [stderr]    Compiling cesu8 v1.1.0
[INFO] [stderr]    Compiling ffi-support v0.4.4
[INFO] [stderr]    Compiling combine v3.8.1
[INFO] [stderr]    Compiling uuid v1.3.0
[INFO] [stderr]    Compiling backtrace v0.3.67
[INFO] [stderr]    Compiling block-buffer v0.9.0
[INFO] [stderr]    Compiling digest v0.9.0
[INFO] [stderr]    Compiling sha2 v0.9.9
[INFO] [stderr]    Compiling addr2line v0.19.0
[INFO] [stderr]    Compiling bs58 v0.4.0
[INFO] [stderr]    Compiling serde_cbor v0.11.2
[INFO] [stderr]    Compiling wasm-bindgen-backend v0.2.84
[INFO] [stderr]    Compiling wasm-bindgen-macro-support v0.2.84
[INFO] [stderr]    Compiling ur v0.2.0 (https://github.com/KeystoneHQ/ur-rs?branch=master#5f673a15)
[INFO] [stderr]    Compiling wasm-bindgen-macro v0.2.84
[INFO] [stderr]    Compiling ur-registry v0.1.0 (/opt/rustwide/workdir/libs/ur-registry)
[INFO] [stdout] warning: method `get_float` is never used
[INFO] [stdout]   --> libs/ur-registry/src/cbor_value.rs:66:12
[INFO] [stdout]    |
[INFO] [stdout] 17 | impl CborValue {
[INFO] [stdout]    | -------------- method in this implementation
[INFO] [stdout] ...
[INFO] [stdout] 66 |     pub fn get_float(&self) -> Result<f64, String> {
[INFO] [stdout]    |            ^^^^^^^^^
[INFO] [stdout]    |
[INFO] [stdout]    = note: `#[warn(dead_code)]` on by default
[INFO] [stdout] 
[INFO] [stdout] 
[INFO] [stdout] warning: call to `.clone()` on a reference in this situation does nothing
[INFO] [stdout]    --> libs/ur-registry/src/crypto_key_path.rs:191:37
[INFO] [stdout]     |
[INFO] [stdout] 191 |             .map(|chunk| match chunk.clone() {
[INFO] [stdout]     |                                     ^^^^^^^^ help: remove this redundant call
[INFO] [stdout]     |
[INFO] [stdout]     = note: the type `[Value]` does not implement `Clone`, so calling `clone` on `&[Value]` copies the reference, which does not do anything and can be removed
[INFO] [stdout]     = note: `#[warn(noop_method_call)]` on by default
[INFO] [stdout] 
[INFO] [stdout] 
[INFO] [stderr]    Compiling ur-registry-ffi v0.1.0 (/opt/rustwide/workdir/libs/ur-registry-ffi)
[INFO] [stdout] warning: unused import: `serde_cbor::to_vec`
[INFO] [stdout]  --> libs/ur-registry-ffi/src/solana/solana_sign_request.rs:3:5
[INFO] [stdout]   |
[INFO] [stdout] 3 | use serde_cbor::to_vec;
[INFO] [stdout]   |     ^^^^^^^^^^^^^^^^^^
[INFO] [stdout]   |
[INFO] [stdout]   = note: `#[warn(unused_imports)]` on by default
[INFO] [stdout] 
[INFO] [stdout] 
[INFO] [stdout] warning: unused import: `ur_registry::solana::sol_signature::SolSignature`
[INFO] [stdout]  --> libs/ur-registry-ffi/src/solana/solana_sign_request.rs:4:5
[INFO] [stdout]   |
[INFO] [stdout] 4 | use ur_registry::solana::sol_signature::SolSignature;
[INFO] [stdout]   |     ^^^^^^^^^^^^^^^^^^^^^^^^^^^^^^^^^^^^^^^^^^^^^^^^
[INFO] [stdout] 
[INFO] [stdout] 
[INFO] [stdout] warning: unused import: `From`
[INFO] [stdout]  --> libs/ur-registry-ffi/src/solana/solana_sign_request.rs:5:27
[INFO] [stdout]   |
[INFO] [stdout] 5 | use ur_registry::traits::{From, To};
[INFO] [stdout]   |                           ^^^^
[INFO] [stdout] 
[INFO] [stdout] 
[INFO] [stdout] warning: unused import: `uuid`
[INFO] [stdout]  --> libs/ur-registry-ffi/src/solana/solana_sign_request.rs:6:12
[INFO] [stdout]   |
[INFO] [stdout] 6 | use uuid::{uuid, Uuid};
[INFO] [stdout]   |            ^^^^
[INFO] [stdout] 
[INFO] [stdout] 
[INFO] [stdout] warning: unused import: `wasm_bindgen::convert::IntoWasmAbi`
[INFO] [stdout]  --> libs/ur-registry-ffi/src/solana/solana_sign_request.rs:7:5
[INFO] [stdout]   |
[INFO] [stdout] 7 | use wasm_bindgen::convert::IntoWasmAbi;
[INFO] [stdout]   |     ^^^^^^^^^^^^^^^^^^^^^^^^^^^^^^^^^^
[INFO] [stdout] 
[INFO] [stdout] 
[INFO] [stdout] warning: unused import: `arg::*`
[INFO] [stdout]  --> libs/ur-registry-ffi/src/export/android/mod.rs:4:9
[INFO] [stdout]   |
[INFO] [stdout] 4 | pub use arg::*;
[INFO] [stdout]   |         ^^^^^^
[INFO] [stdout] 
[INFO] [stdout] 
[INFO] [stdout] warning: unused import: `ret::*`
[INFO] [stdout]  --> libs/ur-registry-ffi/src/export/android/mod.rs:5:9
[INFO] [stdout]   |
[INFO] [stdout] 5 | pub use ret::*;
[INFO] [stdout]   |         ^^^^^^
[INFO] [stdout] 
[INFO] [stdout] 
[INFO] [stdout] warning: unused import: `anyhow`
[INFO] [stdout]  --> libs/ur-registry-ffi/src/export/mod.rs:6:9
[INFO] [stdout]   |
[INFO] [stdout] 6 | pub use anyhow;
[INFO] [stdout]   |         ^^^^^^
[INFO] [stdout] 
[INFO] [stdout] 
[INFO] [stdout] warning: unused import: `ffi_support`
[INFO] [stdout]  --> libs/ur-registry-ffi/src/export/mod.rs:7:9
[INFO] [stdout]   |
[INFO] [stdout] 7 | pub use ffi_support;
[INFO] [stdout]   |         ^^^^^^^^^^^
[INFO] [stdout] 
[INFO] [stdout] 
[INFO] [stderr]     Finished `dev` profile [unoptimized + debuginfo] target(s) in 30.62s
[INFO] [stderr] warning: the following packages contain code that will be rejected by a future version of Rust: wasm-bindgen v0.2.84
[INFO] [stderr] note: to see what the problems were, use the option `--future-incompat-report`, or run `cargo report future-incompatibilities --id 1`
[INFO] running `Command { std: "docker" "inspect" "c40a010a5ed33e0916b453aff76567d7b483ea0b2fd803c4f8ec9d7d9d74d2ce", kill_on_drop: false }`
[INFO] running `Command { std: "docker" "rm" "-f" "c40a010a5ed33e0916b453aff76567d7b483ea0b2fd803c4f8ec9d7d9d74d2ce", kill_on_drop: false }`
[INFO] [stdout] c40a010a5ed33e0916b453aff76567d7b483ea0b2fd803c4f8ec9d7d9d74d2ce
[INFO] running `Command { std: "docker" "create" "-v" "/var/lib/crater-agent-workspace/builds/worker-6-tc1/target:/opt/rustwide/target:rw,Z" "-v" "/var/lib/crater-agent-workspace/builds/worker-6-tc1/source:/opt/rustwide/workdir:ro,Z" "-v" "/var/lib/crater-agent-workspace/cargo-home:/opt/rustwide/cargo-home:ro,Z" "-v" "/var/lib/crater-agent-workspace/rustup-home:/opt/rustwide/rustup-home:ro,Z" "-e" "SOURCE_DIR=/opt/rustwide/workdir" "-e" "CARGO_TARGET_DIR=/opt/rustwide/target" "-e" "CARGO_INCREMENTAL=0" "-e" "RUST_BACKTRACE=full" "-e" "RUSTFLAGS=--cap-lints=warn" "-e" "RUSTDOCFLAGS=--cap-lints=warn" "-e" "CARGO_HOME=/opt/rustwide/cargo-home" "-e" "RUSTUP_HOME=/opt/rustwide/rustup-home" "-w" "/opt/rustwide/workdir" "-m" "1610612736" "--user" "0:0" "--network" "none" "ghcr.io/rust-lang/crates-build-env/linux@sha256:f3a9d4ad9d972b27faf3965f35b62e55ba32bbce8f20bc8fe909558a86702fde" "/opt/rustwide/cargo-home/bin/cargo" "+1.83.0" "test" "--frozen" "--no-run" "--message-format=json", kill_on_drop: false }`
[INFO] [stdout] f999422311a048aad0084fc3832e126f585168230f83247294fa39299781b669
[INFO] running `Command { std: "docker" "start" "-a" "f999422311a048aad0084fc3832e126f585168230f83247294fa39299781b669", kill_on_drop: false }`
[INFO] [stderr] warning: virtual workspace defaulting to `resolver = "1"` despite one or more workspace members being on edition 2021 which implies `resolver = "2"`
[INFO] [stderr] note: to keep the current resolver, specify `workspace.resolver = "1"` in the workspace root's manifest
[INFO] [stderr] note: to use the edition 2021 resolver, specify `workspace.resolver = "2"` in the workspace root's manifest
[INFO] [stderr] note: for more details see https://doc.rust-lang.org/cargo/reference/resolver.html#resolver-versions
[INFO] [stdout] warning: method `get_float` is never used
[INFO] [stdout]   --> libs/ur-registry/src/cbor_value.rs:66:12
[INFO] [stdout]    |
[INFO] [stdout] 17 | impl CborValue {
[INFO] [stdout]    | -------------- method in this implementation
[INFO] [stdout] ...
[INFO] [stdout] 66 |     pub fn get_float(&self) -> Result<f64, String> {
[INFO] [stdout]    |            ^^^^^^^^^
[INFO] [stdout]    |
[INFO] [stdout]    = note: `#[warn(dead_code)]` on by default
[INFO] [stdout] 
[INFO] [stdout] 
[INFO] [stdout] warning: call to `.clone()` on a reference in this situation does nothing
[INFO] [stdout]    --> libs/ur-registry/src/crypto_key_path.rs:191:37
[INFO] [stdout]     |
[INFO] [stdout] 191 |             .map(|chunk| match chunk.clone() {
[INFO] [stdout]     |                                     ^^^^^^^^ help: remove this redundant call
[INFO] [stdout]     |
[INFO] [stdout]     = note: the type `[Value]` does not implement `Clone`, so calling `clone` on `&[Value]` copies the reference, which does not do anything and can be removed
[INFO] [stdout]     = note: `#[warn(noop_method_call)]` on by default
[INFO] [stdout] 
[INFO] [stdout] 
[INFO] [stderr]    Compiling ur-registry v0.1.0 (/opt/rustwide/workdir/libs/ur-registry)
[INFO] [stderr]    Compiling ur-registry-ffi v0.1.0 (/opt/rustwide/workdir/libs/ur-registry-ffi)
[INFO] [stdout] warning: unused import: `serde_cbor::to_vec`
[INFO] [stdout]  --> libs/ur-registry-ffi/src/solana/solana_sign_request.rs:3:5
[INFO] [stdout]   |
[INFO] [stdout] 3 | use serde_cbor::to_vec;
[INFO] [stdout]   |     ^^^^^^^^^^^^^^^^^^
[INFO] [stdout]   |
[INFO] [stdout]   = note: `#[warn(unused_imports)]` on by default
[INFO] [stdout] 
[INFO] [stdout] 
[INFO] [stdout] warning: unused import: `ur_registry::solana::sol_signature::SolSignature`
[INFO] [stdout]  --> libs/ur-registry-ffi/src/solana/solana_sign_request.rs:4:5
[INFO] [stdout]   |
[INFO] [stdout] 4 | use ur_registry::solana::sol_signature::SolSignature;
[INFO] [stdout]   |     ^^^^^^^^^^^^^^^^^^^^^^^^^^^^^^^^^^^^^^^^^^^^^^^^
[INFO] [stdout] 
[INFO] [stdout] 
[INFO] [stdout] warning: unused import: `From`
[INFO] [stdout]  --> libs/ur-registry-ffi/src/solana/solana_sign_request.rs:5:27
[INFO] [stdout]   |
[INFO] [stdout] 5 | use ur_registry::traits::{From, To};
[INFO] [stdout]   |                           ^^^^
[INFO] [stdout] 
[INFO] [stdout] 
[INFO] [stdout] warning: unused import: `uuid`
[INFO] [stdout]  --> libs/ur-registry-ffi/src/solana/solana_sign_request.rs:6:12
[INFO] [stdout]   |
[INFO] [stdout] 6 | use uuid::{uuid, Uuid};
[INFO] [stdout]   |            ^^^^
[INFO] [stdout] 
[INFO] [stdout] 
[INFO] [stdout] warning: unused import: `wasm_bindgen::convert::IntoWasmAbi`
[INFO] [stdout]  --> libs/ur-registry-ffi/src/solana/solana_sign_request.rs:7:5
[INFO] [stdout]   |
[INFO] [stdout] 7 | use wasm_bindgen::convert::IntoWasmAbi;
[INFO] [stdout]   |     ^^^^^^^^^^^^^^^^^^^^^^^^^^^^^^^^^^
[INFO] [stdout] 
[INFO] [stdout] 
[INFO] [stdout] warning: unused import: `arg::*`
[INFO] [stdout]  --> libs/ur-registry-ffi/src/export/android/mod.rs:4:9
[INFO] [stdout]   |
[INFO] [stdout] 4 | pub use arg::*;
[INFO] [stdout]   |         ^^^^^^
[INFO] [stdout] 
[INFO] [stdout] 
[INFO] [stdout] warning: unused import: `ret::*`
[INFO] [stdout]  --> libs/ur-registry-ffi/src/export/android/mod.rs:5:9
[INFO] [stdout]   |
[INFO] [stdout] 5 | pub use ret::*;
[INFO] [stdout]   |         ^^^^^^
[INFO] [stdout] 
[INFO] [stdout] 
[INFO] [stdout] warning: unused import: `anyhow`
[INFO] [stdout]  --> libs/ur-registry-ffi/src/export/mod.rs:6:9
[INFO] [stdout]   |
[INFO] [stdout] 6 | pub use anyhow;
[INFO] [stdout]   |         ^^^^^^
[INFO] [stdout] 
[INFO] [stdout] 
[INFO] [stdout] warning: unused import: `ffi_support`
[INFO] [stdout]  --> libs/ur-registry-ffi/src/export/mod.rs:7:9
[INFO] [stdout]   |
[INFO] [stdout] 7 | pub use ffi_support;
[INFO] [stdout]   |         ^^^^^^^^^^^
[INFO] [stdout] 
[INFO] [stdout] 
[INFO] [stdout] warning: method `get_float` is never used
[INFO] [stdout]   --> libs/ur-registry/src/cbor_value.rs:66:12
[INFO] [stdout]    |
[INFO] [stdout] 17 | impl CborValue {
[INFO] [stdout]    | -------------- method in this implementation
[INFO] [stdout] ...
[INFO] [stdout] 66 |     pub fn get_float(&self) -> Result<f64, String> {
[INFO] [stdout]    |            ^^^^^^^^^
[INFO] [stdout]    |
[INFO] [stdout]    = note: `#[warn(dead_code)]` on by default
[INFO] [stdout] 
[INFO] [stdout] 
[INFO] [stdout] warning: call to `.clone()` on a reference in this situation does nothing
[INFO] [stdout]    --> libs/ur-registry/src/crypto_key_path.rs:191:37
[INFO] [stdout]     |
[INFO] [stdout] 191 |             .map(|chunk| match chunk.clone() {
[INFO] [stdout]     |                                     ^^^^^^^^ help: remove this redundant call
[INFO] [stdout]     |
[INFO] [stdout]     = note: the type `[Value]` does not implement `Clone`, so calling `clone` on `&[Value]` copies the reference, which does not do anything and can be removed
[INFO] [stdout]     = note: `#[warn(noop_method_call)]` on by default
[INFO] [stdout] 
[INFO] [stdout] 
[INFO] [stderr]     Finished `test` profile [unoptimized + debuginfo] target(s) in 1.94s
[INFO] [stderr] warning: the following packages contain code that will be rejected by a future version of Rust: wasm-bindgen v0.2.84
[INFO] [stderr] note: to see what the problems were, use the option `--future-incompat-report`, or run `cargo report future-incompatibilities --id 1`
[INFO] running `Command { std: "docker" "inspect" "f999422311a048aad0084fc3832e126f585168230f83247294fa39299781b669", kill_on_drop: false }`
[INFO] running `Command { std: "docker" "rm" "-f" "f999422311a048aad0084fc3832e126f585168230f83247294fa39299781b669", kill_on_drop: false }`
[INFO] [stdout] f999422311a048aad0084fc3832e126f585168230f83247294fa39299781b669
[INFO] running `Command { std: "docker" "create" "-v" "/var/lib/crater-agent-workspace/builds/worker-6-tc1/target:/opt/rustwide/target:rw,Z" "-v" "/var/lib/crater-agent-workspace/builds/worker-6-tc1/source:/opt/rustwide/workdir:ro,Z" "-v" "/var/lib/crater-agent-workspace/cargo-home:/opt/rustwide/cargo-home:ro,Z" "-v" "/var/lib/crater-agent-workspace/rustup-home:/opt/rustwide/rustup-home:ro,Z" "-e" "SOURCE_DIR=/opt/rustwide/workdir" "-e" "CARGO_TARGET_DIR=/opt/rustwide/target" "-e" "CARGO_INCREMENTAL=0" "-e" "RUST_BACKTRACE=full" "-e" "RUSTFLAGS=--cap-lints=warn" "-e" "RUSTDOCFLAGS=--cap-lints=warn" "-e" "CARGO_HOME=/opt/rustwide/cargo-home" "-e" "RUSTUP_HOME=/opt/rustwide/rustup-home" "-w" "/opt/rustwide/workdir" "-m" "1610612736" "--user" "0:0" "--network" "none" "ghcr.io/rust-lang/crates-build-env/linux@sha256:f3a9d4ad9d972b27faf3965f35b62e55ba32bbce8f20bc8fe909558a86702fde" "/opt/rustwide/cargo-home/bin/cargo" "+1.83.0" "test" "--frozen", kill_on_drop: false }`
[INFO] [stdout] 861f43c7049c285ce5ed03d31a1b331b70ebd29bc117f3d4094900fe38c73d61
[INFO] running `Command { std: "docker" "start" "-a" "861f43c7049c285ce5ed03d31a1b331b70ebd29bc117f3d4094900fe38c73d61", kill_on_drop: false }`
[INFO] [stderr] warning: virtual workspace defaulting to `resolver = "1"` despite one or more workspace members being on edition 2021 which implies `resolver = "2"`
[INFO] [stderr] note: to keep the current resolver, specify `workspace.resolver = "1"` in the workspace root's manifest
[INFO] [stderr] note: to use the edition 2021 resolver, specify `workspace.resolver = "2"` in the workspace root's manifest
[INFO] [stderr] note: for more details see https://doc.rust-lang.org/cargo/reference/resolver.html#resolver-versions
[INFO] [stderr] warning: method `get_float` is never used
[INFO] [stderr]   --> libs/ur-registry/src/cbor_value.rs:66:12
[INFO] [stderr]    |
[INFO] [stderr] 17 | impl CborValue {
[INFO] [stderr]    | -------------- method in this implementation
[INFO] [stderr] ...
[INFO] [stderr] 66 |     pub fn get_float(&self) -> Result<f64, String> {
[INFO] [stderr]    |            ^^^^^^^^^
[INFO] [stderr]    |
[INFO] [stderr]    = note: `#[warn(dead_code)]` on by default
[INFO] [stderr] 
[INFO] [stderr] warning: call to `.clone()` on a reference in this situation does nothing
[INFO] [stderr]    --> libs/ur-registry/src/crypto_key_path.rs:191:37
[INFO] [stderr]     |
[INFO] [stderr] 191 |             .map(|chunk| match chunk.clone() {
[INFO] [stderr]     |                                     ^^^^^^^^ help: remove this redundant call
[INFO] [stderr]     |
[INFO] [stderr]     = note: the type `[Value]` does not implement `Clone`, so calling `clone` on `&[Value]` copies the reference, which does not do anything and can be removed
[INFO] [stderr]     = note: `#[warn(noop_method_call)]` on by default
[INFO] [stderr] 
[INFO] [stderr] warning: `ur-registry` (lib) generated 2 warnings (run `cargo fix --lib -p ur-registry` to apply 1 suggestion)
[INFO] [stderr] warning: `ur-registry` (lib test) generated 2 warnings (2 duplicates)
[INFO] [stderr] warning: unused import: `serde_cbor::to_vec`
[INFO] [stderr]  --> libs/ur-registry-ffi/src/solana/solana_sign_request.rs:3:5
[INFO] [stderr]   |
[INFO] [stderr] 3 | use serde_cbor::to_vec;
[INFO] [stderr]   |     ^^^^^^^^^^^^^^^^^^
[INFO] [stderr]   |
[INFO] [stderr]   = note: `#[warn(unused_imports)]` on by default
[INFO] [stderr] 
[INFO] [stderr] warning: unused import: `ur_registry::solana::sol_signature::SolSignature`
[INFO] [stderr]  --> libs/ur-registry-ffi/src/solana/solana_sign_request.rs:4:5
[INFO] [stderr]   |
[INFO] [stderr] 4 | use ur_registry::solana::sol_signature::SolSignature;
[INFO] [stderr]   |     ^^^^^^^^^^^^^^^^^^^^^^^^^^^^^^^^^^^^^^^^^^^^^^^^
[INFO] [stderr] 
[INFO] [stderr] warning: unused import: `From`
[INFO] [stderr]  --> libs/ur-registry-ffi/src/solana/solana_sign_request.rs:5:27
[INFO] [stderr]   |
[INFO] [stderr] 5 | use ur_registry::traits::{From, To};
[INFO] [stderr]   |                           ^^^^
[INFO] [stderr] 
[INFO] [stderr] warning: unused import: `uuid`
[INFO] [stderr]  --> libs/ur-registry-ffi/src/solana/solana_sign_request.rs:6:12
[INFO] [stderr]   |
[INFO] [stderr] 6 | use uuid::{uuid, Uuid};
[INFO] [stderr]   |            ^^^^
[INFO] [stderr] 
[INFO] [stderr] warning: unused import: `wasm_bindgen::convert::IntoWasmAbi`
[INFO] [stderr]  --> libs/ur-registry-ffi/src/solana/solana_sign_request.rs:7:5
[INFO] [stderr]   |
[INFO] [stderr] 7 | use wasm_bindgen::convert::IntoWasmAbi;
[INFO] [stderr]   |     ^^^^^^^^^^^^^^^^^^^^^^^^^^^^^^^^^^
[INFO] [stderr] 
[INFO] [stderr] warning: unused import: `arg::*`
[INFO] [stderr]  --> libs/ur-registry-ffi/src/export/android/mod.rs:4:9
[INFO] [stderr]   |
[INFO] [stderr] 4 | pub use arg::*;
[INFO] [stderr]   |         ^^^^^^
[INFO] [stderr] 
[INFO] [stderr] warning: unused import: `ret::*`
[INFO] [stderr]  --> libs/ur-registry-ffi/src/export/android/mod.rs:5:9
[INFO] [stderr]   |
[INFO] [stderr] 5 | pub use ret::*;
[INFO] [stderr]   |         ^^^^^^
[INFO] [stderr] 
[INFO] [stderr] warning: unused import: `anyhow`
[INFO] [stderr]  --> libs/ur-registry-ffi/src/export/mod.rs:6:9
[INFO] [stderr]   |
[INFO] [stderr] 6 | pub use anyhow;
[INFO] [stderr]   |         ^^^^^^
[INFO] [stderr] 
[INFO] [stderr] warning: unused import: `ffi_support`
[INFO] [stderr]  --> libs/ur-registry-ffi/src/export/mod.rs:7:9
[INFO] [stderr]   |
[INFO] [stderr] 7 | pub use ffi_support;
[INFO] [stderr]   |         ^^^^^^^^^^^
[INFO] [stderr] 
[INFO] [stderr] warning: `ur-registry-ffi` (lib test) generated 9 warnings (run `cargo fix --lib -p ur-registry-ffi --tests` to apply 9 suggestions)
[INFO] [stderr]     Finished `test` profile [unoptimized + debuginfo] target(s) in 0.08s
[INFO] [stderr] warning: the following packages contain code that will be rejected by a future version of Rust: wasm-bindgen v0.2.84
[INFO] [stderr] note: to see what the problems were, use the option `--future-incompat-report`, or run `cargo report future-incompatibilities --id 1`
[INFO] [stderr]      Running unittests src/lib.rs (/opt/rustwide/target/debug/deps/ur_registry-1d384ce74abb9950)
[INFO] [stdout] 
[INFO] [stdout] running 4 tests
[INFO] [stdout] test crypto_ec_key::tests::test_decode ... ok
[INFO] [stdout] test crypto_hd_key::tests::test_decode ... ok
[INFO] [stdout] test crypto_hd_key::tests::test_encode ... ok
[INFO] [stdout] test crypto_ec_key::tests::test_encode ... FAILED
[INFO] [stdout] 
[INFO] [stdout] failures:
[INFO] [stdout] 
[INFO] [stdout] ---- crypto_ec_key::tests::test_encode stdout ----
[INFO] [stdout] thread 'crypto_ec_key::tests::test_encode' panicked at libs/ur-registry/src/crypto_ec_key.rs:138:9:
[INFO] [stdout] assertion `left == right` failed
[INFO] [stdout]   left: "ur:crypto-eckey/1-1/lpadadcsdscyrphsmyidhddsoeaoykaxhdcxlkahssqzwfvslofzoxwkrewngotktbmwjkwdcmnefsaaehrlolkskncnktlbaypkntkndehg"
[INFO] [stdout]  right: "ur:crypto-eckey/oeaoykaxhdcxlkahssqzwfvslofzoxwkrewngotktbmwjkwdcmnefsaaehrlolkskncnktlbaypkrphsmyid"
[INFO] [stdout] stack backtrace:
[INFO] [stdout]    0:     0x5f2cb42aea6a - std::backtrace_rs::backtrace::libunwind::trace::h5a5b8284f2d0c266
[INFO] [stdout]                                at /rustc/90b35a6239c3d8bdabc530a6a0816f7ff89a0aaf/library/std/src/../../backtrace/src/backtrace/libunwind.rs:116:5
[INFO] [stdout]    1:     0x5f2cb42aea6a - std::backtrace_rs::backtrace::trace_unsynchronized::h76d4f1c9b0b875e3
[INFO] [stdout]                                at /rustc/90b35a6239c3d8bdabc530a6a0816f7ff89a0aaf/library/std/src/../../backtrace/src/backtrace/mod.rs:66:5
[INFO] [stdout]    2:     0x5f2cb42aea6a - std::sys::backtrace::_print_fmt::hc4546b8364a537c6
[INFO] [stdout]                                at /rustc/90b35a6239c3d8bdabc530a6a0816f7ff89a0aaf/library/std/src/sys/backtrace.rs:66:9
[INFO] [stdout]    3:     0x5f2cb42aea6a - <std::sys::backtrace::BacktraceLock::print::DisplayBacktrace as core::fmt::Display>::fmt::h5b6bd5631a6d1f6b
[INFO] [stdout]                                at /rustc/90b35a6239c3d8bdabc530a6a0816f7ff89a0aaf/library/std/src/sys/backtrace.rs:39:26
[INFO] [stdout]    4:     0x5f2cb42d53c3 - core::fmt::rt::Argument::fmt::h270f6602a2b96f62
[INFO] [stdout]                                at /rustc/90b35a6239c3d8bdabc530a6a0816f7ff89a0aaf/library/core/src/fmt/rt.rs:177:76
[INFO] [stdout]    5:     0x5f2cb42d53c3 - core::fmt::write::h7550c97b06c86515
[INFO] [stdout]                                at /rustc/90b35a6239c3d8bdabc530a6a0816f7ff89a0aaf/library/core/src/fmt/mod.rs:1186:21
[INFO] [stdout]    6:     0x5f2cb42abc33 - std::io::Write::write_fmt::h509ff860e5956e5e
[INFO] [stdout]                                at /rustc/90b35a6239c3d8bdabc530a6a0816f7ff89a0aaf/library/std/src/io/mod.rs:1839:15
[INFO] [stdout]    7:     0x5f2cb42ae8b2 - std::sys::backtrace::BacktraceLock::print::h2395ccd2c84ba3aa
[INFO] [stdout]                                at /rustc/90b35a6239c3d8bdabc530a6a0816f7ff89a0aaf/library/std/src/sys/backtrace.rs:42:9
[INFO] [stdout]    8:     0x5f2cb42afeca - std::panicking::default_hook::{{closure}}::he19d4c7230e07961
[INFO] [stdout]                                at /rustc/90b35a6239c3d8bdabc530a6a0816f7ff89a0aaf/library/std/src/panicking.rs:268:22
[INFO] [stdout]    9:     0x5f2cb42afcd4 - std::panicking::default_hook::hf614597d3c67bbdb
[INFO] [stdout]                                at /rustc/90b35a6239c3d8bdabc530a6a0816f7ff89a0aaf/library/std/src/panicking.rs:292:9
[INFO] [stdout]   10:     0x5f2cb4221f79 - <alloc::boxed::Box<F,A> as core::ops::function::Fn<Args>>::call::h39b51ce4599c23d1
[INFO] [stdout]                                at /rustc/90b35a6239c3d8bdabc530a6a0816f7ff89a0aaf/library/alloc/src/boxed.rs:2468:9
[INFO] [stdout]   11:     0x5f2cb4221f79 - test::test_main::{{closure}}::he977ae839a582784
[INFO] [stdout]                                at /rustc/90b35a6239c3d8bdabc530a6a0816f7ff89a0aaf/library/test/src/lib.rs:133:21
[INFO] [stdout]   12:     0x5f2cb42b0568 - <alloc::boxed::Box<F,A> as core::ops::function::Fn<Args>>::call::h9455091b6b06f9fb
[INFO] [stdout]                                at /rustc/90b35a6239c3d8bdabc530a6a0816f7ff89a0aaf/library/alloc/src/boxed.rs:2468:9
[INFO] [stdout]   13:     0x5f2cb42b0568 - std::panicking::rust_panic_with_hook::h8942133a8b252070
[INFO] [stdout]                                at /rustc/90b35a6239c3d8bdabc530a6a0816f7ff89a0aaf/library/std/src/panicking.rs:809:13
[INFO] [stdout]   14:     0x5f2cb42b032a - std::panicking::begin_panic_handler::{{closure}}::hb5f5963570096b29
[INFO] [stdout]                                at /rustc/90b35a6239c3d8bdabc530a6a0816f7ff89a0aaf/library/std/src/panicking.rs:674:13
[INFO] [stdout]   15:     0x5f2cb42aef49 - std::sys::backtrace::__rust_end_short_backtrace::h6208cedc1922feda
[INFO] [stdout]                                at /rustc/90b35a6239c3d8bdabc530a6a0816f7ff89a0aaf/library/std/src/sys/backtrace.rs:170:18
[INFO] [stdout]   16:     0x5f2cb42affbc - rust_begin_unwind
[INFO] [stdout]                                at /rustc/90b35a6239c3d8bdabc530a6a0816f7ff89a0aaf/library/std/src/panicking.rs:665:5
[INFO] [stdout]   17:     0x5f2cb41b4b00 - core::panicking::panic_fmt::h0c3082644d1bf418
[INFO] [stdout]                                at /rustc/90b35a6239c3d8bdabc530a6a0816f7ff89a0aaf/library/core/src/panicking.rs:74:14
[INFO] [stdout]   18:     0x5f2cb41b4ecb - core::panicking::assert_failed_inner::h2ddf1fcc067fa858
[INFO] [stdout]   19:     0x5f2cb41ca64d - core::panicking::assert_failed::h5cb74f60cbe4536a
[INFO] [stdout]                                at /rustc/90b35a6239c3d8bdabc530a6a0816f7ff89a0aaf/library/core/src/panicking.rs:367:5
[INFO] [stdout]   20:     0x5f2cb41ceee7 - ur_registry::crypto_ec_key::tests::test_encode::h3f59c9c17f0d1cca
[INFO] [stdout]                                at /opt/rustwide/workdir/libs/ur-registry/src/crypto_ec_key.rs:138:9
[INFO] [stdout]   21:     0x5f2cb41ce9f7 - ur_registry::crypto_ec_key::tests::test_encode::{{closure}}::hbc9dc48df146e871
[INFO] [stdout]                                at /opt/rustwide/workdir/libs/ur-registry/src/crypto_ec_key.rs:124:21
[INFO] [stdout]   22:     0x5f2cb41d1ee6 - core::ops::function::FnOnce::call_once::hf86ab965ec6078db
[INFO] [stdout]                                at /rustc/90b35a6239c3d8bdabc530a6a0816f7ff89a0aaf/library/core/src/ops/function.rs:250:5
[INFO] [stdout]   23:     0x5f2cb422693b - core::ops::function::FnOnce::call_once::h109cf8051a59b34e
[INFO] [stdout]                                at /rustc/90b35a6239c3d8bdabc530a6a0816f7ff89a0aaf/library/core/src/ops/function.rs:250:5
[INFO] [stdout]   24:     0x5f2cb422693b - test::__rust_begin_short_backtrace::hf4fff89d377446ba
[INFO] [stdout]                                at /rustc/90b35a6239c3d8bdabc530a6a0816f7ff89a0aaf/library/test/src/lib.rs:621:18
[INFO] [stdout]   25:     0x5f2cb4226177 - test::run_test_in_process::{{closure}}::h0e39181dd7ee5a43
[INFO] [stdout]                                at /rustc/90b35a6239c3d8bdabc530a6a0816f7ff89a0aaf/library/test/src/lib.rs:644:60
[INFO] [stdout]   26:     0x5f2cb4226177 - <core::panic::unwind_safe::AssertUnwindSafe<F> as core::ops::function::FnOnce<()>>::call_once::hc5a66a30f0bdfd1f
[INFO] [stdout]                                at /rustc/90b35a6239c3d8bdabc530a6a0816f7ff89a0aaf/library/core/src/panic/unwind_safe.rs:272:9
[INFO] [stdout]   27:     0x5f2cb4226177 - std::panicking::try::do_call::h873b7cf639554a5e
[INFO] [stdout]                                at /rustc/90b35a6239c3d8bdabc530a6a0816f7ff89a0aaf/library/std/src/panicking.rs:557:40
[INFO] [stdout]   28:     0x5f2cb4226177 - std::panicking::try::hdb19862fad9c8bd1
[INFO] [stdout]                                at /rustc/90b35a6239c3d8bdabc530a6a0816f7ff89a0aaf/library/std/src/panicking.rs:520:19
[INFO] [stdout]   29:     0x5f2cb4226177 - std::panic::catch_unwind::h281fe732d236d260
[INFO] [stdout]                                at /rustc/90b35a6239c3d8bdabc530a6a0816f7ff89a0aaf/library/std/src/panic.rs:358:14
[INFO] [stdout]   30:     0x5f2cb4226177 - test::run_test_in_process::h949b6df8457ed338
[INFO] [stdout]                                at /rustc/90b35a6239c3d8bdabc530a6a0816f7ff89a0aaf/library/test/src/lib.rs:644:27
[INFO] [stdout]   31:     0x5f2cb4226177 - test::run_test::{{closure}}::h52c556a6d4740e10
[INFO] [stdout]                                at /rustc/90b35a6239c3d8bdabc530a6a0816f7ff89a0aaf/library/test/src/lib.rs:565:43
[INFO] [stdout]   32:     0x5f2cb41eb454 - test::run_test::{{closure}}::h4237f6381c45ccb9
[INFO] [stdout]                                at /rustc/90b35a6239c3d8bdabc530a6a0816f7ff89a0aaf/library/test/src/lib.rs:595:41
[INFO] [stdout]   33:     0x5f2cb41eb454 - std::sys::backtrace::__rust_begin_short_backtrace::h505c97a579eca628
[INFO] [stdout]                                at /rustc/90b35a6239c3d8bdabc530a6a0816f7ff89a0aaf/library/std/src/sys/backtrace.rs:154:18
[INFO] [stdout]   34:     0x5f2cb41eeb1e - std::thread::Builder::spawn_unchecked_::{{closure}}::{{closure}}::h9e86b2e2bc107ea3
[INFO] [stdout]                                at /rustc/90b35a6239c3d8bdabc530a6a0816f7ff89a0aaf/library/std/src/thread/mod.rs:538:17
[INFO] [stdout]   35:     0x5f2cb41eeb1e - <core::panic::unwind_safe::AssertUnwindSafe<F> as core::ops::function::FnOnce<()>>::call_once::h8b06ddb275ff4a25
[INFO] [stdout]                                at /rustc/90b35a6239c3d8bdabc530a6a0816f7ff89a0aaf/library/core/src/panic/unwind_safe.rs:272:9
[INFO] [stdout]   36:     0x5f2cb41eeb1e - std::panicking::try::do_call::hb26ecd7cd9a9355d
[INFO] [stdout]                                at /rustc/90b35a6239c3d8bdabc530a6a0816f7ff89a0aaf/library/std/src/panicking.rs:557:40
[INFO] [stdout]   37:     0x5f2cb41eeb1e - std::panicking::try::h8ddeca9d705f9069
[INFO] [stdout]                                at /rustc/90b35a6239c3d8bdabc530a6a0816f7ff89a0aaf/library/std/src/panicking.rs:520:19
[INFO] [stdout]   38:     0x5f2cb41eeb1e - std::panic::catch_unwind::h49e1c33078844c46
[INFO] [stdout]                                at /rustc/90b35a6239c3d8bdabc530a6a0816f7ff89a0aaf/library/std/src/panic.rs:358:14
[INFO] [stdout]   39:     0x5f2cb41eeb1e - std::thread::Builder::spawn_unchecked_::{{closure}}::h6073db6ff56ad35d
[INFO] [stdout]                                at /rustc/90b35a6239c3d8bdabc530a6a0816f7ff89a0aaf/library/std/src/thread/mod.rs:537:30
[INFO] [stdout]   40:     0x5f2cb41eeb1e - core::ops::function::FnOnce::call_once{{vtable.shim}}::h2c5a5f3779c774f1
[INFO] [stdout]                                at /rustc/90b35a6239c3d8bdabc530a6a0816f7ff89a0aaf/library/core/src/ops/function.rs:250:5
[INFO] [stdout]   41:     0x5f2cb42b42bb - <alloc::boxed::Box<F,A> as core::ops::function::FnOnce<Args>>::call_once::hf75717d9f28faebf
[INFO] [stdout]                                at /rustc/90b35a6239c3d8bdabc530a6a0816f7ff89a0aaf/library/alloc/src/boxed.rs:2454:9
[INFO] [stdout]   42:     0x5f2cb42b42bb - <alloc::boxed::Box<F,A> as core::ops::function::FnOnce<Args>>::call_once::h7bd883a5f3c5f3c1
[INFO] [stdout]                                at /rustc/90b35a6239c3d8bdabc530a6a0816f7ff89a0aaf/library/alloc/src/boxed.rs:2454:9
[INFO] [stdout]   43:     0x5f2cb42b42bb - std::sys::pal::unix::thread::Thread::new::thread_start::hcc78f3943333fa94
[INFO] [stdout]                                at /rustc/90b35a6239c3d8bdabc530a6a0816f7ff89a0aaf/library/std/src/sys/pal/unix/thread.rs:105:17
[INFO] [stdout]   44:     0x759696c3fac3 - <unknown>
[INFO] [stdout]   45:     0x759696cd0a04 - clone
[INFO] [stdout]   46:                0x0 - <unknown>
[INFO] [stdout] 
[INFO] [stdout] 
[INFO] [stdout] failures:
[INFO] [stdout]     crypto_ec_key::tests::test_encode
[INFO] [stdout] 
[INFO] [stdout] test result: FAILED. 3 passed; 1 failed; 0 ignored; 0 measured; 0 filtered out; finished in 0.04s
[INFO] [stdout] 
[INFO] [stderr] error: test failed, to rerun pass `-p ur-registry --lib`
[INFO] running `Command { std: "docker" "inspect" "861f43c7049c285ce5ed03d31a1b331b70ebd29bc117f3d4094900fe38c73d61", kill_on_drop: false }`
[INFO] running `Command { std: "docker" "rm" "-f" "861f43c7049c285ce5ed03d31a1b331b70ebd29bc117f3d4094900fe38c73d61", kill_on_drop: false }`
[INFO] [stdout] 861f43c7049c285ce5ed03d31a1b331b70ebd29bc117f3d4094900fe38c73d61
