[INFO] cloning repository https://github.com/Lexicality/libmburs
[INFO] running `Command { std: "git" "-c" "credential.helper=" "-c" "credential.helper=/workspace/cargo-home/bin/git-credential-null" "clone" "--bare" "https://github.com/Lexicality/libmburs" "/workspace/cache/git-repos/https%3A%2F%2Fgithub.com%2FLexicality%2Flibmburs", kill_on_drop: false }`
[INFO] [stderr] Cloning into bare repository '/workspace/cache/git-repos/https%3A%2F%2Fgithub.com%2FLexicality%2Flibmburs'...
[INFO] running `Command { std: "git" "rev-parse" "HEAD", kill_on_drop: false }`
[INFO] [stdout] 775ea53e2d3d590bdffea8e65706b4f6afadbb4c
[INFO] testing Lexicality/libmburs against 1.83.0 for beta-1.84.0-4-retry
[INFO] running `Command { std: "git" "clone" "/workspace/cache/git-repos/https%3A%2F%2Fgithub.com%2FLexicality%2Flibmburs" "/workspace/builds/worker-0-tc1/source", kill_on_drop: false }`
[INFO] [stderr] Cloning into '/workspace/builds/worker-0-tc1/source'...
[INFO] [stderr] done.
[INFO] validating manifest of git repo https://github.com/Lexicality/libmburs on toolchain 1.83.0
[INFO] running `Command { std: CARGO_HOME="/workspace/cargo-home" RUSTUP_HOME="/workspace/rustup-home" "/workspace/cargo-home/bin/cargo" "+1.83.0" "metadata" "--manifest-path" "Cargo.toml" "--no-deps", kill_on_drop: false }`
[INFO] started tweaking git repo https://github.com/Lexicality/libmburs
[INFO] finished tweaking git repo https://github.com/Lexicality/libmburs
[INFO] tweaked toml for git repo https://github.com/Lexicality/libmburs written to /workspace/builds/worker-0-tc1/source/Cargo.toml
[INFO] crate git repo https://github.com/Lexicality/libmburs already has a lockfile, it will not be regenerated
[INFO] running `Command { std: CARGO_HOME="/workspace/cargo-home" RUSTUP_HOME="/workspace/rustup-home" "/workspace/cargo-home/bin/cargo" "+1.83.0" "fetch" "--manifest-path" "Cargo.toml", kill_on_drop: false }`
[INFO] [stderr]     Updating crates.io index
[INFO] [stderr]  Downloading crates ...
[INFO] [stderr]   Downloaded relative-path v1.9.2
[INFO] [stderr]   Downloaded rstest_macros v0.19.0
[INFO] [stderr]   Downloaded rstest v0.19.0
[INFO] running `Command { std: "docker" "create" "-v" "/var/lib/crater-agent-workspace/builds/worker-0-tc1/target:/opt/rustwide/target:rw,Z" "-v" "/var/lib/crater-agent-workspace/builds/worker-0-tc1/source:/opt/rustwide/workdir:ro,Z" "-v" "/var/lib/crater-agent-workspace/cargo-home:/opt/rustwide/cargo-home:ro,Z" "-v" "/var/lib/crater-agent-workspace/rustup-home:/opt/rustwide/rustup-home:ro,Z" "-e" "SOURCE_DIR=/opt/rustwide/workdir" "-e" "CARGO_TARGET_DIR=/opt/rustwide/target" "-e" "CARGO_HOME=/opt/rustwide/cargo-home" "-e" "RUSTUP_HOME=/opt/rustwide/rustup-home" "-w" "/opt/rustwide/workdir" "-m" "1610612736" "--user" "0:0" "--network" "none" "ghcr.io/rust-lang/crates-build-env/linux@sha256:f3a9d4ad9d972b27faf3965f35b62e55ba32bbce8f20bc8fe909558a86702fde" "/opt/rustwide/cargo-home/bin/cargo" "+1.83.0" "metadata" "--no-deps" "--format-version=1", kill_on_drop: false }`
[INFO] [stdout] f268c72eb6821580a269c920b946bf90bbcef54d372cb01c128985cdbb6c5e07
[INFO] running `Command { std: "docker" "start" "-a" "f268c72eb6821580a269c920b946bf90bbcef54d372cb01c128985cdbb6c5e07", kill_on_drop: false }`
[INFO] running `Command { std: "docker" "inspect" "f268c72eb6821580a269c920b946bf90bbcef54d372cb01c128985cdbb6c5e07", kill_on_drop: false }`
[INFO] running `Command { std: "docker" "rm" "-f" "f268c72eb6821580a269c920b946bf90bbcef54d372cb01c128985cdbb6c5e07", kill_on_drop: false }`
[INFO] [stdout] f268c72eb6821580a269c920b946bf90bbcef54d372cb01c128985cdbb6c5e07
[INFO] running `Command { std: "docker" "create" "-v" "/var/lib/crater-agent-workspace/builds/worker-0-tc1/target:/opt/rustwide/target:rw,Z" "-v" "/var/lib/crater-agent-workspace/builds/worker-0-tc1/source:/opt/rustwide/workdir:ro,Z" "-v" "/var/lib/crater-agent-workspace/cargo-home:/opt/rustwide/cargo-home:ro,Z" "-v" "/var/lib/crater-agent-workspace/rustup-home:/opt/rustwide/rustup-home:ro,Z" "-e" "SOURCE_DIR=/opt/rustwide/workdir" "-e" "CARGO_TARGET_DIR=/opt/rustwide/target" "-e" "CARGO_INCREMENTAL=0" "-e" "RUST_BACKTRACE=full" "-e" "RUSTFLAGS=--cap-lints=warn" "-e" "RUSTDOCFLAGS=--cap-lints=warn" "-e" "CARGO_HOME=/opt/rustwide/cargo-home" "-e" "RUSTUP_HOME=/opt/rustwide/rustup-home" "-w" "/opt/rustwide/workdir" "-m" "1610612736" "--user" "0:0" "--network" "none" "ghcr.io/rust-lang/crates-build-env/linux@sha256:f3a9d4ad9d972b27faf3965f35b62e55ba32bbce8f20bc8fe909558a86702fde" "/opt/rustwide/cargo-home/bin/cargo" "+1.83.0" "build" "--frozen" "--message-format=json", kill_on_drop: false }`
[INFO] [stdout] c049da78ec829f72697294a61451bbb1c6bb00881f43c1fe3cbfd6bdce59d939
[INFO] running `Command { std: "docker" "start" "-a" "c049da78ec829f72697294a61451bbb1c6bb00881f43c1fe3cbfd6bdce59d939", kill_on_drop: false }`
[INFO] [stderr]    Compiling autocfg v1.2.0
[INFO] [stderr]    Compiling proc-macro2 v1.0.81
[INFO] [stderr]    Compiling unicode-ident v1.0.12
[INFO] [stderr]    Compiling semver v1.0.22
[INFO] [stderr]    Compiling futures-core v0.3.30
[INFO] [stderr]    Compiling futures-sink v0.3.30
[INFO] [stderr]    Compiling memchr v2.7.2
[INFO] [stderr]    Compiling futures-io v0.3.30
[INFO] [stderr]    Compiling futures-task v0.3.30
[INFO] [stderr]    Compiling futures-channel v0.3.30
[INFO] [stderr]    Compiling pin-project-lite v0.2.14
[INFO] [stderr]    Compiling pin-utils v0.1.0
[INFO] [stderr]    Compiling regex-syntax v0.8.3
[INFO] [stderr]    Compiling relative-path v1.9.2
[INFO] [stderr]    Compiling glob v0.3.1
[INFO] [stderr]    Compiling slab v0.4.9
[INFO] [stderr]    Compiling num-traits v0.2.18
[INFO] [stderr]    Compiling rustc_version v0.4.0
[INFO] [stderr]    Compiling quote v1.0.36
[INFO] [stderr]    Compiling aho-corasick v1.1.3
[INFO] [stderr]    Compiling rstest_macros v0.19.0
[INFO] [stderr]    Compiling syn v2.0.60
[INFO] [stderr]    Compiling iana-time-zone v0.1.60
[INFO] [stderr]    Compiling winnow v0.6.6
[INFO] [stderr]    Compiling futures-timer v3.0.3
[INFO] [stderr]    Compiling encoding_rs v0.8.33
[INFO] [stderr]    Compiling chrono v0.4.37
[INFO] [stderr]    Compiling regex-automata v0.4.6
[INFO] [stderr]    Compiling libmbus_macros v0.1.0 (/opt/rustwide/workdir/libmbus_macros)
[INFO] [stderr]    Compiling regex v1.10.4
[INFO] [stderr]    Compiling futures-macro v0.3.30
[INFO] [stderr]    Compiling futures-util v0.3.30
[INFO] [stderr]    Compiling futures-executor v0.3.30
[INFO] [stderr]    Compiling futures v0.3.30
[INFO] [stderr]    Compiling rstest v0.19.0
[INFO] [stderr]    Compiling libmbus v0.1.0 (/opt/rustwide/workdir)
[INFO] [stderr]     Finished `dev` profile [unoptimized + debuginfo] target(s) in 40.19s
[INFO] running `Command { std: "docker" "inspect" "c049da78ec829f72697294a61451bbb1c6bb00881f43c1fe3cbfd6bdce59d939", kill_on_drop: false }`
[INFO] running `Command { std: "docker" "rm" "-f" "c049da78ec829f72697294a61451bbb1c6bb00881f43c1fe3cbfd6bdce59d939", kill_on_drop: false }`
[INFO] [stdout] c049da78ec829f72697294a61451bbb1c6bb00881f43c1fe3cbfd6bdce59d939
[INFO] running `Command { std: "docker" "create" "-v" "/var/lib/crater-agent-workspace/builds/worker-0-tc1/target:/opt/rustwide/target:rw,Z" "-v" "/var/lib/crater-agent-workspace/builds/worker-0-tc1/source:/opt/rustwide/workdir:ro,Z" "-v" "/var/lib/crater-agent-workspace/cargo-home:/opt/rustwide/cargo-home:ro,Z" "-v" "/var/lib/crater-agent-workspace/rustup-home:/opt/rustwide/rustup-home:ro,Z" "-e" "SOURCE_DIR=/opt/rustwide/workdir" "-e" "CARGO_TARGET_DIR=/opt/rustwide/target" "-e" "CARGO_INCREMENTAL=0" "-e" "RUST_BACKTRACE=full" "-e" "RUSTFLAGS=--cap-lints=warn" "-e" "RUSTDOCFLAGS=--cap-lints=warn" "-e" "CARGO_HOME=/opt/rustwide/cargo-home" "-e" "RUSTUP_HOME=/opt/rustwide/rustup-home" "-w" "/opt/rustwide/workdir" "-m" "1610612736" "--user" "0:0" "--network" "none" "ghcr.io/rust-lang/crates-build-env/linux@sha256:f3a9d4ad9d972b27faf3965f35b62e55ba32bbce8f20bc8fe909558a86702fde" "/opt/rustwide/cargo-home/bin/cargo" "+1.83.0" "test" "--frozen" "--no-run" "--message-format=json", kill_on_drop: false }`
[INFO] [stdout] ea2876bf777288ebbfd9fa5f7103b627d3e11ee28cbdda4c5c1245ef825ad6fc
[INFO] running `Command { std: "docker" "start" "-a" "ea2876bf777288ebbfd9fa5f7103b627d3e11ee28cbdda4c5c1245ef825ad6fc", kill_on_drop: false }`
[INFO] [stderr]    Compiling libmbus v0.1.0 (/opt/rustwide/workdir)
[INFO] [stderr]     Finished `test` profile [unoptimized + debuginfo] target(s) in 4.87s
[INFO] running `Command { std: "docker" "inspect" "ea2876bf777288ebbfd9fa5f7103b627d3e11ee28cbdda4c5c1245ef825ad6fc", kill_on_drop: false }`
[INFO] running `Command { std: "docker" "rm" "-f" "ea2876bf777288ebbfd9fa5f7103b627d3e11ee28cbdda4c5c1245ef825ad6fc", kill_on_drop: false }`
[INFO] [stdout] ea2876bf777288ebbfd9fa5f7103b627d3e11ee28cbdda4c5c1245ef825ad6fc
[INFO] running `Command { std: "docker" "create" "-v" "/var/lib/crater-agent-workspace/builds/worker-0-tc1/target:/opt/rustwide/target:rw,Z" "-v" "/var/lib/crater-agent-workspace/builds/worker-0-tc1/source:/opt/rustwide/workdir:ro,Z" "-v" "/var/lib/crater-agent-workspace/cargo-home:/opt/rustwide/cargo-home:ro,Z" "-v" "/var/lib/crater-agent-workspace/rustup-home:/opt/rustwide/rustup-home:ro,Z" "-e" "SOURCE_DIR=/opt/rustwide/workdir" "-e" "CARGO_TARGET_DIR=/opt/rustwide/target" "-e" "CARGO_INCREMENTAL=0" "-e" "RUST_BACKTRACE=full" "-e" "RUSTFLAGS=--cap-lints=warn" "-e" "RUSTDOCFLAGS=--cap-lints=warn" "-e" "CARGO_HOME=/opt/rustwide/cargo-home" "-e" "RUSTUP_HOME=/opt/rustwide/rustup-home" "-w" "/opt/rustwide/workdir" "-m" "1610612736" "--user" "0:0" "--network" "none" "ghcr.io/rust-lang/crates-build-env/linux@sha256:f3a9d4ad9d972b27faf3965f35b62e55ba32bbce8f20bc8fe909558a86702fde" "/opt/rustwide/cargo-home/bin/cargo" "+1.83.0" "test" "--frozen", kill_on_drop: false }`
[INFO] [stdout] bf1ab2d5af03bcd4c186ed8406adbd76e7c9dc30628fee60403bf6cfb0ad8389
[INFO] running `Command { std: "docker" "start" "-a" "bf1ab2d5af03bcd4c186ed8406adbd76e7c9dc30628fee60403bf6cfb0ad8389", kill_on_drop: false }`
[INFO] [stderr]     Finished `test` profile [unoptimized + debuginfo] target(s) in 0.11s
[INFO] [stderr]      Running unittests src/lib.rs (/opt/rustwide/target/debug/deps/libmbus-c3a045dc48badb62)
[INFO] [stdout] 
[INFO] [stdout] running 210 tests
[INFO] [stdout] test parse::test_parse::test_libmbus_test_frames::filename_05___allmess_cf50_hex__ ... ok
[INFO] [stdout] test parse::test_parse::test_libmbus_test_frames::filename_04___ACW_Itron_CYBLE_M_Bus_14_hex__ ... ok
[INFO] [stdout] test parse::test_parse::test_libmbus_test_frames::filename_01___abb_delta_hex__ ... ok
[INFO] [stdout] test parse::test_parse::test_libmbus_test_frames::filename_06___amt_calec_mb_hex__ ... ok
[INFO] [stdout] test parse::test_parse::test_libmbus_test_frames::filename_07___berg_dz_plus_hex__ ... ok
[INFO] [stdout] test parse::test_parse::test_libmbus_test_frames::filename_03___ACW_Itron_BM_plus_m_hex__ ... ok
[INFO] [stdout] test parse::test_parse::test_libmbus_test_frames::filename_02___abb_f95_hex__ ... ok
[INFO] [stdout] test parse::test_parse::test_libmbus_test_frames::filename_08___eastron_sdm630_hex__ ... ok
[INFO] [stdout] test parse::test_parse::test_libmbus_test_frames::filename_09___EDC_hex__ ... ok
[INFO] [stdout] test parse::test_parse::test_libmbus_test_frames::filename_10___EFE_Engelmann_Elster_SensoStar_2_hex__ ... ok
[INFO] [stdout] test parse::test_parse::test_libmbus_test_frames::filename_11___EFE_Engelmann_WaterStar_hex__ ... ok
[INFO] [stdout] test parse::test_parse::test_libmbus_test_frames::filename_14___Elster_F2_hex__ ... ok
[INFO] [stdout] test parse::test_parse::test_libmbus_test_frames::filename_15___els_tmpa_telegramm1_hex__ ... ok
[INFO] [stdout] test parse::test_parse::test_libmbus_test_frames::filename_16___ELV_Elvaco_CMa10_hex__ ... ok
[INFO] [stdout] test parse::test_parse::test_libmbus_test_frames::filename_17___elv_temp_humid_hex__ ... ok
[INFO] [stdout] test parse::test_parse::test_libmbus_test_frames::filename_18___emh_diz_hex__ ... ok
[INFO] [stdout] test parse::test_parse::test_libmbus_test_frames::filename_20___engelmann_sensostar2c_hex__ ... ok
[INFO] [stdout] test parse::test_parse::test_libmbus_test_frames::filename_21___example_data_01_hex__ ... ok
[INFO] [stdout] test parse::test_parse::test_libmbus_test_frames::filename_22___example_data_02_hex__ ... ok
[INFO] [stdout] test parse::test_parse::test_libmbus_test_frames::filename_23___filler_hex__ ... ok
[INFO] [stdout] test parse::test_parse::test_libmbus_test_frames::filename_24___FIN_Finder_7E_23_8_230_0020_hex__ ... ok
[INFO] [stdout] test parse::test_parse::test_libmbus_test_frames::filename_25___frame1_hex__ ... ok
[INFO] [stdout] test parse::test_parse::test_libmbus_test_frames::filename_26___frame2_hex__ ... ok
[INFO] [stdout] test parse::test_parse::test_libmbus_test_frames::filename_27___gmc_emmod206_hex__ ... ok
[INFO] [stdout] test parse::test_parse::test_libmbus_test_frames::filename_12___ELS_Elster_F96_Plus_hex__ ... ok
[INFO] [stdout] test parse::test_parse::test_libmbus_test_frames::filename_13___els_falcon_hex__ ... ok
[INFO] [stdout] test parse::test_parse::test_libmbus_test_frames::filename_19___EMU_EMU_Professional_375_M_Bus_hex__ ... ok
[INFO] [stdout] test parse::test_parse::test_libmbus_test_frames::filename_28___GWF_MTKcoder_hex__ ... ok
[INFO] [stdout] test parse::test_parse::test_libmbus_test_frames::filename_29___itron_bm__m_hex__ ... ok
[INFO] [stdout] test parse::test_parse::test_libmbus_test_frames::filename_31___itron_cf_55_hex__ ... ok
[INFO] [stdout] test parse::test_parse::test_libmbus_test_frames::filename_34___itron_cyble_m_bus_v1_4_gas_hex__ ... ok
[INFO] [stdout] test parse::test_parse::test_libmbus_test_frames::filename_38___kamstrup_multical_601_hex__ ... ok
[INFO] [stdout] test parse::test_parse::test_libmbus_test_frames::filename_39___landis_gyr_ultraheat_t230_hex__ ... ok
[INFO] [stdout] test parse::test_parse::test_libmbus_test_frames::filename_41___manual_frame3_hex__ ... ok
[INFO] [stdout] test parse::test_parse::test_libmbus_test_frames::filename_42___manual_frame7_hex__ ... ok
[INFO] [stdout] test parse::test_parse::test_libmbus_test_frames::filename_43___metrona_pollutherm_hex__ ... ok
[INFO] [stdout] test parse::test_parse::test_libmbus_test_frames::filename_35___itron_cyble_m_bus_v1_4_water_hex__ ... ok
[INFO] [stdout] test parse::test_parse::test_libmbus_test_frames::filename_30___itron_cf_51_hex__ ... ok
[INFO] [stdout] test parse::test_parse::test_libmbus_test_frames::filename_32___itron_cf_echo_2_hex__ ... ok
[INFO] [stdout] test parse::test_parse::test_libmbus_test_frames::filename_33___itron_cyble_m_bus_v1_4_cold_water_hex__ ... ok
[INFO] [stdout] test parse::test_parse::test_libmbus_test_frames::filename_36___itron_integral_mk_maxx_hex__ ... ok
[INFO] [stdout] test parse::test_parse::test_libmbus_test_frames::filename_49___oms_frame2_hex__ ... ok
[INFO] [stdout] test parse::test_parse::test_libmbus_test_frames::filename_44___metrona_ultraheat_xs_hex__ ... ok
[INFO] [stdout] test parse::test_parse::test_libmbus_test_frames::filename_47___nzr_dhz_5_63_hex__ ... ok
[INFO] [stdout] test parse::test_parse::test_libmbus_test_frames::filename_46___minol_minocal_wr3_hex__ ... ok
[INFO] [stdout] test parse::test_parse::test_libmbus_test_frames::filename_45___minol_minocal_c2_hex__ ... ok
[INFO] [stdout] test parse::test_parse::test_libmbus_test_frames::filename_37___kamstrup_382_005_hex__ ... ok
[INFO] [stdout] test parse::test_parse::test_libmbus_test_frames::filename_50___oms_frame3_hex__ ... ok
[INFO] [stdout] test parse::test_parse::test_libmbus_test_frames::filename_51___ram_modularis_hex__ ... ok
[INFO] [stdout] test parse::test_parse::test_libmbus_test_frames::filename_52___rel_padpuls2_hex__ ... ok
[INFO] [stdout] test parse::test_parse::test_libmbus_test_frames::filename_55___SBC_Saia_Burgess_ALE3_hex__ ... ok
[INFO] [stdout] test parse::test_parse::test_libmbus_test_frames::filename_56___sen_pollucom_e_hex__ ... ok
[INFO] [stdout] test parse::test_parse::test_libmbus_test_frames::filename_40___LGB_G350_hex__ ... ok
[INFO] [stdout] test parse::test_parse::test_libmbus_test_frames::filename_57___SEN_Pollustat_hex__ ... ok
[INFO] [stdout] test parse::test_parse::test_libmbus_test_frames::filename_53___rel_padpuls3_hex__ ... ok
[INFO] [stdout] test parse::test_parse::test_libmbus_test_frames::filename_54___REL_Relay_Padpuls2_hex__ ... FAILED
[INFO] [stdout] test parse::test_parse::test_libmbus_test_frames::filename_59___SEN_Sensus_PolluStat_E_hex__ ... ok
[INFO] [stdout] test parse::test_parse::test_libmbus_test_frames::filename_58___sen_pollutherm_hex__ ... ok
[INFO] [stdout] test parse::test_parse::test_libmbus_test_frames::filename_48___oms_frame1_hex__ ... ok
[INFO] [stdout] test parse::test_parse::test_libmbus_test_frames::filename_61___siemens_rvd235_hex__ ... ok
[INFO] [stdout] test parse::test_parse::test_libmbus_test_frames::filename_62___siemens_water_hex__ ... ok
[INFO] [stdout] test parse::test_parse::test_libmbus_test_frames::filename_63___siemens_wfh21_hex__ ... ok
[INFO] [stdout] test parse::test_parse::test_libmbus_test_frames::filename_64___SLB_CF_Compact_Integral_MK_MaXX_hex__ ... ok
[INFO] [stdout] test parse::test_parse::test_libmbus_test_frames::filename_65___sontex_supercal_531_telegram1_hex__ ... ok
[INFO] [stdout] test parse::test_parse::test_libmbus_test_frames::filename_60___SEN_Sensus_PolluTherm_hex__ ... ok
[INFO] [stdout] test parse::test_parse::test_libmbus_test_frames::filename_70___wmbus_converted_hex__ ... ok
[INFO] [stdout] test parse::test_parse::test_libmbus_test_frames::filename_67___tch_telegramm1_hex__ ... ok
[INFO] [stdout] test parse::test_parse::test_libmbus_test_frames::filename_66___svm_f22_telegram1_hex__ ... ok
[INFO] [stdout] test parse::types::date::test_type_f_date_time::test_file_values::case_1_ACW_Itron_BM_plus_m__0 ... ok
[INFO] [stdout] test parse::types::date::test_type_f_date_time::test_file_values::case_2_amt_calec_mb ... ok
[INFO] [stdout] test parse::test_parse::test_libmbus_test_frames::filename_71___ZRM_Minol_Minocal_C2_hex__ ... ok
[INFO] [stdout] test parse::types::date::test_type_f_date_time::test_validation::case_2_invalid_bit ... ok
[INFO] [stdout] test parse::types::date::test_type_f_date_time::test_validation::case_3_reserved_bit ... ok
[INFO] [stdout] test parse::types::date::test_type_f_date_time::test_validation::case_5_invalid_hour ... ok
[INFO] [stdout] test parse::types::date::test_type_f_date_time::test_validation::case_6_invalid_month ... ok
[INFO] [stdout] test parse::types::date::test_type_f_date_time::test_validation::case_7_invalid_year ... ok
[INFO] [stdout] test parse::types::date::test_type_g_date::test_explicit_invalid_value ... ok
[INFO] [stdout] test parse::types::date::test_type_g_date::test_file_values::case_01_allmess_cf50 ... ok
[INFO] [stdout] test parse::types::date::test_type_g_date::test_file_values::case_02_EFE_Engelmann_WaterStar__0 ... ok
[INFO] [stdout] test parse::types::date::test_type_g_date::test_file_values::case_03_EFE_Engelmann_WaterStar__1 ... ok
[INFO] [stdout] test parse::types::date::test_type_g_date::test_file_values::case_04_minol_minocal_c2__0 ... ok
[INFO] [stdout] test parse::types::date::test_type_g_date::test_file_values::case_05_minol_minocal_c2__8 ... ok
[INFO] [stdout] test parse::types::date::test_type_g_date::test_file_values::case_06_minol_minocal_c2__9 ... ok
[INFO] [stdout] test parse::types::date::test_type_g_date::test_file_values::case_07_ZRM_Minol_Minocal_C2__6 ... ok
[INFO] [stdout] test parse::types::date::test_type_g_date::test_file_values::case_08_REL_Relay_Padpuls2__0 ... ok
[INFO] [stdout] test parse::types::date::test_type_g_date::test_file_values::case_09_REL_Relay_Padpuls2__1 ... ok
[INFO] [stdout] test parse::types::date::test_type_g_date::test_file_values::case_10_rel_padpuls2__0 ... ok
[INFO] [stdout] test parse::types::date::test_type_g_date::test_file_values::case_11_rel_padpuls2__1 ... ok
[INFO] [stdout] test parse::types::date::test_type_g_date::test_validation::case_1_month_13 ... ok
[INFO] [stdout] test parse::types::date::test_type_g_date::test_validation::case_2_month_14 ... ok
[INFO] [stdout] test parse::types::date::test_type_g_date::test_validation::case_3_year_100 ... ok
[INFO] [stdout] test parse::types::date::test_type_g_date::test_validation::case_4_year_126 ... ok
[INFO] [stdout] test parse::types::date::test_type_j_time::test_padding::first_byte_1_0b00::second_byte_1_0b00::third_byte_1_0b00 ... ok
[INFO] [stdout] test parse::types::date::test_type_j_time::test_padding::first_byte_1_0b00::second_byte_1_0b00::third_byte_2_0b01 ... ok
[INFO] [stdout] test parse::types::date::test_type_j_time::test_padding::first_byte_1_0b00::second_byte_1_0b00::third_byte_3_0b10 ... ok
[INFO] [stdout] test parse::types::date::test_type_f_date_time::test_validation::case_4_invalid_minute ... ok
[INFO] [stdout] test parse::test_parse::test_libmbus_test_frames::filename_69___THI_cma10_hex__ ... ok
[INFO] [stdout] test parse::test_parse::test_libmbus_test_frames::filename_68___tecson_hex__ ... ok
[INFO] [stdout] test parse::types::date::test_type_j_time::test_padding::first_byte_1_0b00::second_byte_1_0b00::third_byte_4_0b11 ... ok
[INFO] [stdout] test parse::types::date::test_type_f_date_time::test_file_values::case_3_kamstrup_multical_601 ... ok
[INFO] [stdout] test parse::types::date::test_type_f_date_time::test_validation::case_1_REL_Relay_Padpuls2 ... ok
[INFO] [stdout] test parse::types::date::test_type_g_date::test_file_values::case_12_ACW_Itron_BM_plus_m__0 ... ok
[INFO] [stdout] test parse::types::date::test_type_j_time::test_padding::first_byte_1_0b00::second_byte_2_0b01::third_byte_1_0b00 ... ok
[INFO] [stdout] test parse::types::date::test_type_j_time::test_padding::first_byte_1_0b00::second_byte_2_0b01::third_byte_3_0b10 ... ok
[INFO] [stdout] test parse::types::date::test_type_j_time::test_padding::first_byte_1_0b00::second_byte_2_0b01::third_byte_4_0b11 ... ok
[INFO] [stdout] test parse::types::date::test_type_j_time::test_padding::first_byte_1_0b00::second_byte_3_0b10::third_byte_4_0b11 ... ok
[INFO] [stdout] test parse::types::date::test_type_j_time::test_padding::first_byte_1_0b00::second_byte_4_0b11::third_byte_1_0b00 ... ok
[INFO] [stdout] test parse::types::date::test_type_j_time::test_padding::first_byte_1_0b00::second_byte_2_0b01::third_byte_2_0b01 ... ok
[INFO] [stdout] test parse::types::date::test_type_j_time::test_padding::first_byte_1_0b00::second_byte_3_0b10::third_byte_1_0b00 ... ok
[INFO] [stdout] test parse::types::date::test_type_j_time::test_padding::first_byte_1_0b00::second_byte_4_0b11::third_byte_3_0b10 ... ok
[INFO] [stdout] test parse::types::date::test_type_j_time::test_padding::first_byte_1_0b00::second_byte_4_0b11::third_byte_4_0b11 ... ok
[INFO] [stdout] test parse::types::date::test_type_j_time::test_padding::first_byte_2_0b01::second_byte_1_0b00::third_byte_2_0b01 ... ok
[INFO] [stdout] test parse::types::date::test_type_j_time::test_padding::first_byte_1_0b00::second_byte_4_0b11::third_byte_2_0b01 ... ok
[INFO] [stdout] test parse::types::date::test_type_j_time::test_padding::first_byte_1_0b00::second_byte_3_0b10::third_byte_2_0b01 ... ok
[INFO] [stdout] test parse::types::date::test_type_j_time::test_padding::first_byte_2_0b01::second_byte_1_0b00::third_byte_1_0b00 ... ok
[INFO] [stdout] test parse::types::date::test_type_j_time::test_padding::first_byte_1_0b00::second_byte_3_0b10::third_byte_3_0b10 ... ok
[INFO] [stdout] test parse::types::date::test_type_j_time::test_padding::first_byte_2_0b01::second_byte_1_0b00::third_byte_4_0b11 ... ok
[INFO] [stdout] test parse::types::date::test_type_j_time::test_padding::first_byte_2_0b01::second_byte_2_0b01::third_byte_1_0b00 ... ok
[INFO] [stdout] test parse::types::date::test_type_j_time::test_padding::first_byte_2_0b01::second_byte_1_0b00::third_byte_3_0b10 ... ok
[INFO] [stdout] test parse::types::date::test_type_j_time::test_padding::first_byte_2_0b01::second_byte_2_0b01::third_byte_2_0b01 ... ok
[INFO] [stdout] test parse::types::date::test_type_j_time::test_padding::first_byte_2_0b01::second_byte_2_0b01::third_byte_3_0b10 ... ok
[INFO] [stdout] test parse::types::date::test_type_j_time::test_padding::first_byte_2_0b01::second_byte_2_0b01::third_byte_4_0b11 ... ok
[INFO] [stdout] test parse::types::date::test_type_j_time::test_padding::first_byte_2_0b01::second_byte_3_0b10::third_byte_2_0b01 ... ok
[INFO] [stdout] test parse::types::date::test_type_j_time::test_padding::first_byte_2_0b01::second_byte_3_0b10::third_byte_1_0b00 ... ok
[INFO] [stdout] test parse::types::date::test_type_j_time::test_padding::first_byte_2_0b01::second_byte_3_0b10::third_byte_3_0b10 ... ok
[INFO] [stdout] test parse::types::date::test_type_j_time::test_padding::first_byte_2_0b01::second_byte_3_0b10::third_byte_4_0b11 ... ok
[INFO] [stdout] test parse::types::date::test_type_j_time::test_padding::first_byte_2_0b01::second_byte_4_0b11::third_byte_2_0b01 ... ok
[INFO] [stdout] test parse::types::date::test_type_j_time::test_padding::first_byte_2_0b01::second_byte_4_0b11::third_byte_3_0b10 ... ok
[INFO] [stdout] test parse::types::date::test_type_j_time::test_padding::first_byte_3_0b10::second_byte_1_0b00::third_byte_1_0b00 ... ok
[INFO] [stdout] test parse::types::date::test_type_j_time::test_padding::first_byte_3_0b10::second_byte_1_0b00::third_byte_2_0b01 ... ok
[INFO] [stdout] test parse::types::date::test_type_j_time::test_padding::first_byte_3_0b10::second_byte_1_0b00::third_byte_4_0b11 ... ok
[INFO] [stdout] test parse::types::date::test_type_j_time::test_padding::first_byte_2_0b01::second_byte_4_0b11::third_byte_1_0b00 ... ok
[INFO] [stdout] test parse::types::date::test_type_j_time::test_padding::first_byte_3_0b10::second_byte_1_0b00::third_byte_3_0b10 ... ok
[INFO] [stdout] test parse::types::date::test_type_j_time::test_padding::first_byte_3_0b10::second_byte_2_0b01::third_byte_3_0b10 ... ok
[INFO] [stdout] test parse::types::date::test_type_j_time::test_padding::first_byte_3_0b10::second_byte_2_0b01::third_byte_4_0b11 ... ok
[INFO] [stdout] test parse::types::date::test_type_j_time::test_padding::first_byte_3_0b10::second_byte_2_0b01::third_byte_2_0b01 ... ok
[INFO] [stdout] test parse::types::date::test_type_j_time::test_padding::first_byte_3_0b10::second_byte_3_0b10::third_byte_3_0b10 ... ok
[INFO] [stdout] test parse::types::date::test_type_j_time::test_padding::first_byte_3_0b10::second_byte_3_0b10::third_byte_4_0b11 ... ok
[INFO] [stdout] test parse::types::date::test_type_j_time::test_padding::first_byte_3_0b10::second_byte_4_0b11::third_byte_3_0b10 ... ok
[INFO] [stdout] test parse::types::date::test_type_j_time::test_padding::first_byte_3_0b10::second_byte_4_0b11::third_byte_4_0b11 ... ok
[INFO] [stdout] test parse::types::date::test_type_j_time::test_padding::first_byte_4_0b11::second_byte_1_0b00::third_byte_1_0b00 ... ok
[INFO] [stdout] test parse::types::date::test_type_j_time::test_padding::first_byte_3_0b10::second_byte_3_0b10::third_byte_1_0b00 ... ok
[INFO] [stdout] test parse::types::date::test_type_j_time::test_padding::first_byte_3_0b10::second_byte_3_0b10::third_byte_2_0b01 ... ok
[INFO] [stdout] test parse::types::date::test_type_j_time::test_padding::first_byte_3_0b10::second_byte_4_0b11::third_byte_1_0b00 ... ok
[INFO] [stdout] test parse::types::date::test_type_j_time::test_padding::first_byte_2_0b01::second_byte_4_0b11::third_byte_4_0b11 ... ok
[INFO] [stdout] test parse::types::date::test_type_j_time::test_padding::first_byte_3_0b10::second_byte_2_0b01::third_byte_1_0b00 ... ok
[INFO] [stdout] test parse::types::date::test_type_j_time::test_padding::first_byte_3_0b10::second_byte_4_0b11::third_byte_2_0b01 ... ok
[INFO] [stdout] test parse::types::date::test_type_j_time::test_padding::first_byte_4_0b11::second_byte_1_0b00::third_byte_2_0b01 ... ok
[INFO] [stdout] test parse::types::date::test_type_j_time::test_padding::first_byte_4_0b11::second_byte_2_0b01::third_byte_1_0b00 ... ok
[INFO] [stdout] test parse::types::date::test_type_j_time::test_padding::first_byte_4_0b11::second_byte_2_0b01::third_byte_4_0b11 ... ok
[INFO] [stdout] test parse::types::date::test_type_j_time::test_padding::first_byte_4_0b11::second_byte_2_0b01::third_byte_2_0b01 ... ok
[INFO] [stdout] test parse::types::date::test_type_j_time::test_padding::first_byte_4_0b11::second_byte_3_0b10::third_byte_1_0b00 ... ok
[INFO] [stdout] test parse::types::date::test_type_j_time::test_padding::first_byte_4_0b11::second_byte_1_0b00::third_byte_3_0b10 ... ok
[INFO] [stdout] test parse::types::date::test_type_j_time::test_padding::first_byte_4_0b11::second_byte_1_0b00::third_byte_4_0b11 ... ok
[INFO] [stdout] test parse::types::date::test_type_j_time::test_padding::first_byte_4_0b11::second_byte_2_0b01::third_byte_3_0b10 ... ok
[INFO] [stdout] test parse::types::date::test_type_j_time::test_padding::first_byte_4_0b11::second_byte_3_0b10::third_byte_2_0b01 ... ok
[INFO] [stdout] test parse::types::date::test_type_j_time::test_padding::first_byte_4_0b11::second_byte_3_0b10::third_byte_3_0b10 ... ok
[INFO] [stdout] test parse::types::date::test_type_j_time::test_padding::first_byte_4_0b11::second_byte_3_0b10::third_byte_4_0b11 ... ok
[INFO] [stdout] test parse::types::date::test_type_j_time::test_padding::first_byte_4_0b11::second_byte_4_0b11::third_byte_1_0b00 ... ok
[INFO] [stdout] test parse::types::date::test_type_j_time::test_padding::first_byte_4_0b11::second_byte_4_0b11::third_byte_2_0b01 ... ok
[INFO] [stdout] test parse::types::date::test_type_j_time::test_padding::first_byte_4_0b11::second_byte_4_0b11::third_byte_3_0b10 ... ok
[INFO] [stdout] test parse::types::date::test_type_j_time::test_padding::first_byte_4_0b11::second_byte_4_0b11::third_byte_4_0b11 ... ok
[INFO] [stdout] test parse::types::date::test_type_j_time::test_validation::case_1_invalid ... ok
[INFO] [stdout] test parse::types::date::test_type_j_time::test_validation::case_2_max_hours ... ok
[INFO] [stdout] test parse::types::date::test_type_j_time::test_works::case_2_max_hours ... ok
[INFO] [stdout] test parse::types::date::test_type_j_time::test_works::case_3_max_mins ... ok
[INFO] [stdout] test parse::types::date::test_type_j_time::test_works::case_4_max_secs ... ok
[INFO] [stdout] test parse::types::number::test_parse_bcd::test_basic_signed ... ok
[INFO] [stdout] test parse::types::number::test_parse_bcd::test_basic_unsigned ... ok
[INFO] [stdout] test parse::types::number::test_parse_bcd::test_byte_order_unsigned ... ok
[INFO] [stdout] test parse::types::date::test_type_j_time::test_validation::case_4_max_secs ... ok
[INFO] [stdout] test parse::types::date::test_type_j_time::test_works::case_5_all_the_time ... ok
[INFO] [stdout] test parse::types::number::test_parse_bcd::test_byte_order_signed ... ok
[INFO] [stdout] test parse::types::number::test_parse_bcd::test_maximum_lvar_signed ... ok
[INFO] [stdout] test parse::types::number::test_parse_bcd::test_maximum_lvar_unsigned ... ok
[INFO] [stdout] test parse::types::date::test_type_j_time::test_validation::case_3_max_mins ... ok
[INFO] [stdout] test parse::types::date::test_type_j_time::test_works::case_1_zero ... ok
[INFO] [stdout] test parse::types::number::test_parse_bcd::test_negative_zero ... ok
[INFO] [stdout] test parse::types::number::test_parse_bcd::test_parse_garbage ... ok
[INFO] [stdout] test parse::types::number::test_parse_bcd::test_parse_not_enough_data ... ok
[INFO] [stdout] test parse::types::number::test_parse_bcd::test_parse_zero ... ok
[INFO] [stdout] test parse::types::number::test_parse_binary_signed::test_i24 ... ok
[INFO] [stdout] test parse::types::number::test_parse_binary_signed::test_i32 ... ok
[INFO] [stdout] test parse::types::number::test_parse_binary_signed::test_parse_zero ... ok
[INFO] [stdout] test parse::types::number::test_parse_binary_unsigned::test_parse_not_enough_data ... ok
[INFO] [stdout] test parse::types::number::test_parse_binary_signed::test_i64 ... ok
[INFO] [stdout] test parse::types::number::test_parse_binary_signed::test_i8 ... ok
[INFO] [stdout] test parse::types::number::test_parse_binary_unsigned::test_parse_zero ... ok
[INFO] [stdout] test parse::types::number::test_parse_binary_unsigned::test_u24 ... ok
[INFO] [stdout] test parse::types::number::test_parse_binary_unsigned::test_u32 ... ok
[INFO] [stdout] test parse::types::number::test_parse_binary_signed::test_i48 ... ok
[INFO] [stdout] test parse::types::number::test_parse_binary_signed::test_parse_not_enough_data ... ok
[INFO] [stdout] test parse::types::number::test_parse_binary_unsigned::test_u48 ... ok
[INFO] [stdout] test parse::types::number::test_parse_invalid_bcd::test_basic_signed ... ok
[INFO] [stdout] test parse::types::number::test_parse_invalid_bcd::test_basic_unsigned ... ok
[INFO] [stdout] test parse::types::number::test_parse_invalid_bcd::test_byte_order_signed ... ok
[INFO] [stdout] test parse::types::number::test_parse_invalid_bcd::test_byte_order_unsigned ... ok
[INFO] [stdout] test parse::types::number::test_parse_invalid_bcd::test_hex ... ok
[INFO] [stdout] test parse::types::number::test_parse_invalid_bcd::test_negative_hex ... ok
[INFO] [stdout] test parse::types::number::test_parse_invalid_bcd::test_negative_zero ... ok
[INFO] [stdout] test parse::types::number::test_parse_binary_unsigned::test_u8 ... ok
[INFO] [stdout] test parse::types::number::test_parse_invalid_bcd::test_parse_not_enough_data ... ok
[INFO] [stdout] test parse::types::number::test_parse_binary_unsigned::test_u64 ... ok
[INFO] [stdout] test parse::types::number::test_parse_invalid_bcd::test_parse_zero ... ok
[INFO] [stdout] test parse::types::number::test_parse_real::test_works ... ok
[INFO] [stdout] test parse::types::number::test_parse_binary_unsigned::test_u16 ... ok
[INFO] [stdout] test parse::types::number::test_parse_bcd::test_parse_ten - should panic ... ok
[INFO] [stdout] test parse::types::number::test_parse_binary_signed::test_parse_ten - should panic ... ok
[INFO] [stdout] test parse::types::number::test_parse_binary_unsigned::test_parse_ten - should panic ... ok
[INFO] [stdout] test parse::types::number::test_parse_binary_signed::test_i16 ... ok
[INFO] [stdout] 
[INFO] [stdout] failures:
[INFO] [stdout] 
[INFO] [stdout] ---- parse::test_parse::test_libmbus_test_frames::filename_54___REL_Relay_Padpuls2_hex__ stdout ----
[INFO] [stdout] REL-Relay-Padpuls2.hex failed: error Many: invalid invalid bit
[INFO] [stdout]  invalid Type F Date/Time
[INFO] [stdout]   invalid frame record
[INFO] [stdout]    invalid long frame header
[INFO] [stdout] Error: MBusError(ContextError { context: [Label("invalid bit"), Label("Type F Date/Time"), Label("frame record"), Label("long frame header")], cause: None }, Many)
[INFO] [stdout] 
[INFO] [stdout] 
[INFO] [stdout] failures:
[INFO] [stdout]     parse::test_parse::test_libmbus_test_frames::filename_54___REL_Relay_Padpuls2_hex__
[INFO] [stdout] 
[INFO] [stdout] test result: FAILED. 209 passed; 1 failed; 0 ignored; 0 measured; 0 filtered out; finished in 0.24s
[INFO] [stdout] 
[INFO] [stderr] error: test failed, to rerun pass `--lib`
[INFO] running `Command { std: "docker" "inspect" "bf1ab2d5af03bcd4c186ed8406adbd76e7c9dc30628fee60403bf6cfb0ad8389", kill_on_drop: false }`
[INFO] running `Command { std: "docker" "rm" "-f" "bf1ab2d5af03bcd4c186ed8406adbd76e7c9dc30628fee60403bf6cfb0ad8389", kill_on_drop: false }`
[INFO] [stdout] bf1ab2d5af03bcd4c186ed8406adbd76e7c9dc30628fee60403bf6cfb0ad8389
