[INFO] cloning repository https://github.com/LempekPL/rust-redirect
[INFO] running `Command { std: "git" "-c" "credential.helper=" "-c" "credential.helper=/workspace/cargo-home/bin/git-credential-null" "clone" "--bare" "https://github.com/LempekPL/rust-redirect" "/workspace/cache/git-repos/https%3A%2F%2Fgithub.com%2FLempekPL%2Frust-redirect", kill_on_drop: false }`
[INFO] [stderr] Cloning into bare repository '/workspace/cache/git-repos/https%3A%2F%2Fgithub.com%2FLempekPL%2Frust-redirect'...
[INFO] running `Command { std: "git" "rev-parse" "HEAD", kill_on_drop: false }`
[INFO] [stdout] 28ce9b8b067227d0351a787c5b1bda28ce7736dc
[INFO] testing LempekPL/rust-redirect against beta-2024-12-08 for beta-1.84.0-4-retry
[INFO] running `Command { std: "git" "clone" "/workspace/cache/git-repos/https%3A%2F%2Fgithub.com%2FLempekPL%2Frust-redirect" "/workspace/builds/worker-5-tc2/source", kill_on_drop: false }`
[INFO] [stderr] Cloning into '/workspace/builds/worker-5-tc2/source'...
[INFO] [stderr] done.
[INFO] validating manifest of git repo https://github.com/LempekPL/rust-redirect on toolchain beta-2024-12-08
[INFO] running `Command { std: CARGO_HOME="/workspace/cargo-home" RUSTUP_HOME="/workspace/rustup-home" "/workspace/cargo-home/bin/cargo" "+beta-2024-12-08" "metadata" "--manifest-path" "Cargo.toml" "--no-deps", kill_on_drop: false }`
[INFO] started tweaking git repo https://github.com/LempekPL/rust-redirect
[INFO] finished tweaking git repo https://github.com/LempekPL/rust-redirect
[INFO] tweaked toml for git repo https://github.com/LempekPL/rust-redirect written to /workspace/builds/worker-5-tc2/source/Cargo.toml
[INFO] crate git repo https://github.com/LempekPL/rust-redirect already has a lockfile, it will not be regenerated
[INFO] running `Command { std: CARGO_HOME="/workspace/cargo-home" RUSTUP_HOME="/workspace/rustup-home" "/workspace/cargo-home/bin/cargo" "+beta-2024-12-08" "fetch" "--manifest-path" "Cargo.toml", kill_on_drop: false }`
[INFO] running `Command { std: "docker" "create" "-v" "/var/lib/crater-agent-workspace/builds/worker-5-tc2/target:/opt/rustwide/target:rw,Z" "-v" "/var/lib/crater-agent-workspace/builds/worker-5-tc2/source:/opt/rustwide/workdir:ro,Z" "-v" "/var/lib/crater-agent-workspace/cargo-home:/opt/rustwide/cargo-home:ro,Z" "-v" "/var/lib/crater-agent-workspace/rustup-home:/opt/rustwide/rustup-home:ro,Z" "-e" "SOURCE_DIR=/opt/rustwide/workdir" "-e" "CARGO_TARGET_DIR=/opt/rustwide/target" "-e" "CARGO_HOME=/opt/rustwide/cargo-home" "-e" "RUSTUP_HOME=/opt/rustwide/rustup-home" "-w" "/opt/rustwide/workdir" "-m" "1610612736" "--user" "0:0" "--network" "none" "ghcr.io/rust-lang/crates-build-env/linux@sha256:f3a9d4ad9d972b27faf3965f35b62e55ba32bbce8f20bc8fe909558a86702fde" "/opt/rustwide/cargo-home/bin/cargo" "+beta-2024-12-08" "metadata" "--no-deps" "--format-version=1", kill_on_drop: false }`
[INFO] [stdout] 148e661efaf82cf6afe913a7c6be1b8e03d9f0d5529d16dc5002977e4ef6e4ad
[INFO] running `Command { std: "docker" "start" "-a" "148e661efaf82cf6afe913a7c6be1b8e03d9f0d5529d16dc5002977e4ef6e4ad", kill_on_drop: false }`
[INFO] running `Command { std: "docker" "inspect" "148e661efaf82cf6afe913a7c6be1b8e03d9f0d5529d16dc5002977e4ef6e4ad", kill_on_drop: false }`
[INFO] running `Command { std: "docker" "rm" "-f" "148e661efaf82cf6afe913a7c6be1b8e03d9f0d5529d16dc5002977e4ef6e4ad", kill_on_drop: false }`
[INFO] [stdout] 148e661efaf82cf6afe913a7c6be1b8e03d9f0d5529d16dc5002977e4ef6e4ad
[INFO] running `Command { std: "docker" "create" "-v" "/var/lib/crater-agent-workspace/builds/worker-5-tc2/target:/opt/rustwide/target:rw,Z" "-v" "/var/lib/crater-agent-workspace/builds/worker-5-tc2/source:/opt/rustwide/workdir:ro,Z" "-v" "/var/lib/crater-agent-workspace/cargo-home:/opt/rustwide/cargo-home:ro,Z" "-v" "/var/lib/crater-agent-workspace/rustup-home:/opt/rustwide/rustup-home:ro,Z" "-e" "SOURCE_DIR=/opt/rustwide/workdir" "-e" "CARGO_TARGET_DIR=/opt/rustwide/target" "-e" "CARGO_INCREMENTAL=0" "-e" "RUST_BACKTRACE=full" "-e" "RUSTFLAGS=--cap-lints=warn" "-e" "RUSTDOCFLAGS=--cap-lints=warn" "-e" "CARGO_HOME=/opt/rustwide/cargo-home" "-e" "RUSTUP_HOME=/opt/rustwide/rustup-home" "-w" "/opt/rustwide/workdir" "-m" "1610612736" "--user" "0:0" "--network" "none" "ghcr.io/rust-lang/crates-build-env/linux@sha256:f3a9d4ad9d972b27faf3965f35b62e55ba32bbce8f20bc8fe909558a86702fde" "/opt/rustwide/cargo-home/bin/cargo" "+beta-2024-12-08" "build" "--frozen" "--message-format=json", kill_on_drop: false }`
[INFO] [stdout] 3143fadbb0a4d5a076ae5f5568d5cdfb64a8ec35ed1d724d04b1b55a3ad1147c
[INFO] running `Command { std: "docker" "start" "-a" "3143fadbb0a4d5a076ae5f5568d5cdfb64a8ec35ed1d724d04b1b55a3ad1147c", kill_on_drop: false }`
[INFO] [stderr]    Compiling version_check v0.9.4
[INFO] [stderr]    Compiling proc-macro2 v1.0.40
[INFO] [stderr]    Compiling quote v1.0.20
[INFO] [stderr]    Compiling unicode-ident v1.0.2
[INFO] [stderr]    Compiling syn v1.0.98
[INFO] [stderr]    Compiling libc v0.2.126
[INFO] [stderr]    Compiling cfg-if v1.0.0
[INFO] [stderr]    Compiling autocfg v1.1.0
[INFO] [stderr]    Compiling typenum v1.15.0
[INFO] [stderr]    Compiling once_cell v1.13.0
[INFO] [stderr]    Compiling pin-project-lite v0.2.9
[INFO] [stderr]    Compiling memchr v2.5.0
[INFO] [stderr]    Compiling log v0.4.17
[INFO] [stderr]    Compiling subtle v2.4.1
[INFO] [stderr]    Compiling futures-channel v0.3.21
[INFO] [stderr]    Compiling serde_derive v1.0.143
[INFO] [stderr]    Compiling itoa v1.0.2
[INFO] [stderr]    Compiling serde v1.0.143
[INFO] [stderr]    Compiling bytes v1.1.0
[INFO] [stderr]    Compiling futures-core v0.3.21
[INFO] [stderr]    Compiling fnv v1.0.7
[INFO] [stderr]    Compiling generic-array v0.14.5
[INFO] [stderr]    Compiling pin-utils v0.1.0
[INFO] [stderr]    Compiling futures-sink v0.3.21
[INFO] [stderr]    Compiling ppv-lite86 v0.2.16
[INFO] [stderr]    Compiling cpufeatures v0.2.2
[INFO] [stderr]    Compiling futures-task v0.3.21
[INFO] [stderr]    Compiling proc-macro2-diagnostics v0.9.1
[INFO] [stderr]    Compiling futures-util v0.3.21
[INFO] [stderr]    Compiling tracing-core v0.1.28
[INFO] [stderr]    Compiling yansi v0.5.1
[INFO] [stderr]    Compiling percent-encoding v2.1.0
[INFO] [stderr]    Compiling slab v0.4.6
[INFO] [stderr]    Compiling tokio v1.20.0
[INFO] [stderr]    Compiling hashbrown v0.12.2
[INFO] [stderr]    Compiling futures-io v0.3.21
[INFO] [stderr]    Compiling time-macros v0.2.4
[INFO] [stderr]    Compiling opaque-debug v0.3.0
[INFO] [stderr]    Compiling base64 v0.13.0
[INFO] [stderr]    Compiling cc v1.0.73
[INFO] [stderr]    Compiling num_threads v0.1.6
[INFO] [stderr]    Compiling indexmap v1.9.1
[INFO] [stderr]    Compiling http v0.2.8
[INFO] [stderr]    Compiling smallvec v1.9.0
[INFO] [stderr]    Compiling httparse v1.7.1
[INFO] [stderr]    Compiling try-lock v0.2.3
[INFO] [stderr]    Compiling tinyvec_macros v0.1.0
[INFO] [stderr]    Compiling getrandom v0.2.7
[INFO] [stderr]    Compiling socket2 v0.4.4
[INFO] [stderr]    Compiling num_cpus v1.13.1
[INFO] [stderr]    Compiling signal-hook-registry v1.4.0
[INFO] [stderr]    Compiling mio v0.8.4
[INFO] [stderr]    Compiling tracing v0.1.35
[INFO] [stderr]    Compiling rand_core v0.6.3
[INFO] [stderr]    Compiling tinyvec v1.6.0
[INFO] [stderr]    Compiling cookie v0.16.0
[INFO] [stderr]    Compiling spin v0.5.2
[INFO] [stderr]    Compiling rand_chacha v0.3.1
[INFO] [stderr]    Compiling untrusted v0.7.1
[INFO] [stderr]    Compiling http-body v0.4.5
[INFO] [stderr]    Compiling lock_api v0.4.7
[INFO] [stderr]    Compiling ref-cast v1.0.8
[INFO] [stderr]    Compiling rand v0.8.5
[INFO] [stderr]    Compiling bitflags v1.3.2
[INFO] [stderr]    Compiling matches v0.1.9
[INFO] [stderr]    Compiling strsim v0.10.0
[INFO] [stderr]    Compiling ident_case v1.0.1
[INFO] [stderr]    Compiling ring v0.16.20
[INFO] [stderr]    Compiling semver-parser v0.7.0
[INFO] [stderr]    Compiling parking_lot_core v0.9.3
[INFO] [stderr]    Compiling httpdate v1.0.2
[INFO] [stderr]    Compiling crypto-common v0.1.5
[INFO] [stderr]    Compiling block-buffer v0.10.2
[INFO] [stderr]    Compiling universal-hash v0.4.1
[INFO] [stderr]    Compiling cipher v0.3.0
[INFO] [stderr]    Compiling aead v0.4.3
[INFO] [stderr]    Compiling digest v0.10.3
[INFO] [stderr]    Compiling polyval v0.5.3
[INFO] [stderr]    Compiling ctr v0.8.0
[INFO] [stderr]    Compiling aes v0.7.5
[INFO] [stderr]    Compiling hmac v0.12.1
[INFO] [stderr]    Compiling sha2 v0.10.2
[INFO] [stderr]    Compiling tower-service v0.3.2
[INFO] [stderr]    Compiling async-trait v0.1.57
[INFO] [stderr]    Compiling ghash v0.4.4
[INFO] [stderr]    Compiling unicode-normalization v0.1.21
[INFO] [stderr]    Compiling inlinable_string v0.1.15
[INFO] [stderr]    Compiling hkdf v0.12.3
[INFO] [stderr]    Compiling unicode-bidi v0.3.8
[INFO] [stderr]    Compiling time v0.3.11
[INFO] [stderr]    Compiling aes-gcm v0.9.4
[INFO] [stderr]    Compiling semver v0.9.0
[INFO] [stderr]    Compiling num-traits v0.2.15
[INFO] [stderr]    Compiling uncased v0.9.7
[INFO] [stderr]    Compiling serde_json v1.0.83
[INFO] [stderr]    Compiling scopeguard v1.1.0
[INFO] [stderr]    Compiling rustc_version v0.2.3
[INFO] [stderr]    Compiling idna v0.2.3
[INFO] [stderr]    Compiling form_urlencoded v1.0.1
[INFO] [stderr]    Compiling want v0.3.0
[INFO] [stderr]    Compiling stable-pattern v0.1.0
[INFO] [stderr]    Compiling num-integer v0.1.45
[INFO] [stderr]    Compiling ahash v0.7.6
[INFO] [stderr]    Compiling ryu v1.0.10
[INFO] [stderr]    Compiling encoding_rs v0.8.31
[INFO] [stderr]    Compiling heck v0.4.0
[INFO] [stderr]    Compiling lazy_static v1.4.0
[INFO] [stderr]    Compiling match_cfg v0.1.0
[INFO] [stderr]    Compiling either v1.7.0
[INFO] [stderr]    Compiling state v0.5.3
[INFO] [stderr]    Compiling rustls v0.20.6
[INFO] [stderr]    Compiling hostname v0.3.1
[INFO] [stderr]    Compiling url v2.2.2
[INFO] [stderr]    Compiling parking_lot v0.12.1
[INFO] [stderr]    Compiling rustc_version_runtime v0.2.1
[INFO] [stderr]    Compiling inout v0.1.3
[INFO] [stderr]    Compiling atomic v0.5.1
[INFO] [stderr]    Compiling figment v0.10.6
[INFO] [stderr]    Compiling multer v2.0.3
[INFO] [stderr]    Compiling ipnet v2.5.0
[INFO] [stderr]    Compiling linked-hash-map v0.5.6
[INFO] [stderr]    Compiling data-encoding v2.3.2
[INFO] [stderr]    Compiling quick-error v1.2.3
[INFO] [stderr]    Compiling resolv-conf v0.7.0
[INFO] [stderr]    Compiling lru-cache v0.1.2
[INFO] [stderr]    Compiling cipher v0.4.3
[INFO] [stderr]    Compiling time v0.1.44
[INFO] [stderr]    Compiling rocket v0.5.0-rc.2
[INFO] [stderr]    Compiling spin v0.9.4
[INFO] [stderr]    Compiling hex v0.4.3
[INFO] [stderr]    Compiling fastrand v1.7.0
[INFO] [stderr]    Compiling remove_dir_all v0.5.3
[INFO] [stderr]    Compiling mime v0.3.16
[INFO] [stderr]    Compiling glob v0.3.0
[INFO] [stderr]    Compiling unicode-xid v0.2.3
[INFO] [stderr]    Compiling byteorder v1.4.3
[INFO] [stderr]    Compiling tempfile v3.3.0
[INFO] [stderr]    Compiling chrono v0.4.19
[INFO] [stderr]    Compiling stringprep v0.1.2
[INFO] [stderr]    Compiling blowfish v0.9.1
[INFO] [stderr]    Compiling futures v0.3.21
[INFO] [stderr]    Compiling sha-1 v0.10.0
[INFO] [stderr]    Compiling pbkdf2 v0.10.1
[INFO] [stderr]    Compiling md-5 v0.10.1
[INFO] [stderr]    Compiling uuid v0.8.2
[INFO] [stderr]    Compiling atty v0.2.14
[INFO] [stderr]    Compiling aho-corasick v0.7.18
[INFO] [stderr]    Compiling rustls-pemfile v0.3.0
[INFO] [stderr]    Compiling os_info v3.5.0
[INFO] [stderr]    Compiling binascii v0.1.4
[INFO] [stderr]    Compiling hyper v0.14.20
[INFO] [stderr]    Compiling regex-syntax v0.6.27
[INFO] [stderr]    Compiling zeroize v1.5.7
[INFO] [stderr]    Compiling take_mut v0.2.2
[INFO] [stderr]    Compiling darling_core v0.13.4
[INFO] [stderr]    Compiling bcrypt v0.13.0
[INFO] [stderr]    Compiling devise_core v0.3.1
[INFO] [stderr]    Compiling webpki v0.22.0
[INFO] [stderr]    Compiling sct v0.7.0
[INFO] [stderr]    Compiling webpki-roots v0.22.4
[INFO] [stderr]    Compiling tokio-macros v1.8.0
[INFO] [stderr]    Compiling futures-macro v0.3.21
[INFO] [stderr]    Compiling pear_codegen v0.2.3
[INFO] [stderr]    Compiling ref-cast-impl v1.0.8
[INFO] [stderr]    Compiling thiserror-impl v1.0.32
[INFO] [stderr]    Compiling enum-as-inner v0.4.0
[INFO] [stderr]    Compiling async-stream-impl v0.3.3
[INFO] [stderr]    Compiling derivative v2.2.0
[INFO] [stderr]    Compiling typed-builder v0.10.0
[INFO] [stderr]    Compiling devise_codegen v0.3.1
[INFO] [stderr]    Compiling regex v1.6.0
[INFO] [stderr]    Compiling async-recursion v1.0.0
[INFO] [stderr]    Compiling devise v0.3.1
[INFO] [stderr]    Compiling async-stream v0.3.3
[INFO] [stderr]    Compiling pear v0.2.3
[INFO] [stderr]    Compiling darling_macro v0.13.4
[INFO] [stderr]    Compiling thiserror v1.0.32
[INFO] [stderr]    Compiling rocket_http v0.5.0-rc.2
[INFO] [stderr]    Compiling darling v0.13.4
[INFO] [stderr]    Compiling serde_with_macros v1.5.2
[INFO] [stderr]    Compiling rocket_codegen v0.5.0-rc.2
[INFO] [stderr]    Compiling futures-executor v0.3.21
[INFO] [stderr]    Compiling tokio-util v0.7.3
[INFO] [stderr]    Compiling trust-dns-proto v0.21.2
[INFO] [stderr]    Compiling tokio-rustls v0.23.4
[INFO] [stderr]    Compiling tokio-stream v0.1.9
[INFO] [stderr]    Compiling uuid v1.1.2
[INFO] [stderr]    Compiling serde_bytes v0.11.7
[INFO] [stderr]    Compiling toml v0.5.9
[INFO] [stderr]    Compiling ubyte v0.10.2
[INFO] [stderr]    Compiling serde_with v1.14.0
[INFO] [stderr]    Compiling trust-dns-resolver v0.21.2
[INFO] [stderr]    Compiling h2 v0.3.13
[INFO] [stderr]    Compiling bson v2.4.0
[INFO] [stderr]    Compiling mongodb v2.3.0
[INFO] [stderr]    Compiling rust-redirect v1.0.0 (/opt/rustwide/workdir)
[INFO] [stdout] warning: unused import: `check_domains`
[INFO] [stdout]   --> src/api/v1.rs:68:10
[INFO] [stdout]    |
[INFO] [stdout] 68 | async fn check_domains(user: Json<PreAuth>) -> Json<Response> {
[INFO] [stdout]    |          ^^^^^^^^^^^^^
[INFO] [stdout]    |
[INFO] [stdout]    = note: `#[warn(unused_imports)]` on by default
[INFO] [stdout] 
[INFO] [stdout] 
[INFO] [stdout] warning: unused import: `random_redirect`
[INFO] [stdout]   --> src/api/v1.rs:92:10
[INFO] [stdout]    |
[INFO] [stdout] 92 | async fn random_redirect(domain: Option<String>, user: Json<PreAuth>) -> Json<Response> {
[INFO] [stdout]    |          ^^^^^^^^^^^^^^^
[INFO] [stdout] 
[INFO] [stdout] 
[INFO] [stdout] warning: unused import: `create_redirect`
[INFO] [stdout]    --> src/api/v1.rs:137:10
[INFO] [stdout]     |
[INFO] [stdout] 137 | async fn create_redirect(name: Option<String>, domain: Option<String>, user: Json<PreAuth>) -> Json<Response> {
[INFO] [stdout]     |          ^^^^^^^^^^^^^^^
[INFO] [stdout] 
[INFO] [stdout] 
[INFO] [stdout] warning: unused import: `edit_redirect`
[INFO] [stdout]    --> src/api/v1.rs:171:10
[INFO] [stdout]     |
[INFO] [stdout] 171 | async fn edit_redirect(name: Option<String>, newname: Option<String>, domain: Option<String>, user: Json<PreAuth>) -> Json<Response> {
[INFO] [stdout]     |          ^^^^^^^^^^^^^
[INFO] [stdout] 
[INFO] [stdout] 
[INFO] [stdout] warning: unused import: `remove_redirect`
[INFO] [stdout]    --> src/api/v1.rs:224:10
[INFO] [stdout]     |
[INFO] [stdout] 224 | async fn remove_redirect(name: Option<String>, user: Json<PreAuth>) -> Json<Response> {
[INFO] [stdout]     |          ^^^^^^^^^^^^^^^
[INFO] [stdout] 
[INFO] [stdout] 
[INFO] [stdout] warning: unused import: `list_auth`
[INFO] [stdout]    --> src/api/v1.rs:254:10
[INFO] [stdout]     |
[INFO] [stdout] 254 | async fn list_auth(user: Json<PreAuth>) -> Json<Response> {
[INFO] [stdout]     |          ^^^^^^^^^
[INFO] [stdout] 
[INFO] [stdout] 
[INFO] [stdout] warning: unused import: `create_auth`
[INFO] [stdout]    --> src/api/v1.rs:278:10
[INFO] [stdout]     |
[INFO] [stdout] 278 | async fn create_auth(name: Option<String>, password: Option<String>, permission: Option<u8>, user: Json<PreAuth>) -> Json<Response> {
[INFO] [stdout]     |          ^^^^^^^^^^^
[INFO] [stdout] 
[INFO] [stdout] 
[INFO] [stdout] warning: unused import: `edit_auth`
[INFO] [stdout]    --> src/api/v1.rs:313:10
[INFO] [stdout]     |
[INFO] [stdout] 313 | async fn edit_auth(name: Option<String>, newname: Option<String>, password: Option<String>, permission: Option<u8>, user: Json<PreAuth>) ...
[INFO] [stdout]     |          ^^^^^^^^^
[INFO] [stdout] 
[INFO] [stdout] 
[INFO] [stdout] warning: unused import: `delete_auth`
[INFO] [stdout]    --> src/api/v1.rs:382:10
[INFO] [stdout]     |
[INFO] [stdout] 382 | async fn delete_auth(name: Option<String>, user: Json<PreAuth>) -> Json<Response> {
[INFO] [stdout]     |          ^^^^^^^^^^^
[INFO] [stdout] 
[INFO] [stdout] 
[INFO] [stdout] warning: unused import: `i_create_post`
[INFO] [stdout]    --> src/api/v1.rs:460:4
[INFO] [stdout]     |
[INFO] [stdout] 460 | fn i_create_post() -> Json<Response> {
[INFO] [stdout]     |    ^^^^^^^^^^^^^
[INFO] [stdout] 
[INFO] [stdout] 
[INFO] [stdout] warning: unused import: `i_edit_put`
[INFO] [stdout]    --> src/api/v1.rs:468:4
[INFO] [stdout]     |
[INFO] [stdout] 468 | fn i_edit_put() -> Json<Response> {
[INFO] [stdout]     |    ^^^^^^^^^^
[INFO] [stdout] 
[INFO] [stdout] 
[INFO] [stdout] warning: unused import: `i_delete_delete`
[INFO] [stdout]    --> src/api/v1.rs:476:4
[INFO] [stdout]     |
[INFO] [stdout] 476 | fn i_delete_delete() -> Json<Response> {
[INFO] [stdout]     |    ^^^^^^^^^^^^^^^
[INFO] [stdout] 
[INFO] [stdout] 
[INFO] [stdout] warning: unused import: `i_random_post`
[INFO] [stdout]    --> src/api/v1.rs:484:4
[INFO] [stdout]     |
[INFO] [stdout] 484 | fn i_random_post() -> Json<Response> {
[INFO] [stdout]     |    ^^^^^^^^^^^^^
[INFO] [stdout] 
[INFO] [stdout] 
[INFO] [stdout] warning: call to `.clone()` on a reference in this situation does nothing
[INFO] [stdout]    --> src/api/v1.rs:497:31
[INFO] [stdout]     |
[INFO] [stdout] 497 |         Ok(doc! { "name": name.clone() })
[INFO] [stdout]     |                               ^^^^^^^^ help: remove this redundant call
[INFO] [stdout]     |
[INFO] [stdout]     = note: the type `str` does not implement `Clone`, so calling `clone` on `&str` copies the reference, which does not do anything and can be removed
[INFO] [stdout]     = note: `#[warn(noop_method_call)]` on by default
[INFO] [stdout] 
[INFO] [stdout] 
[INFO] [stdout] warning: call to `.clone()` on a reference in this situation does nothing
[INFO] [stdout]    --> src/api/v1.rs:499:31
[INFO] [stdout]     |
[INFO] [stdout] 499 |         Ok(doc! { "name": name.clone(), "owner": auth._id })
[INFO] [stdout]     |                               ^^^^^^^^ help: remove this redundant call
[INFO] [stdout]     |
[INFO] [stdout]     = note: the type `str` does not implement `Clone`, so calling `clone` on `&str` copies the reference, which does not do anything and can be removed
[INFO] [stdout] 
[INFO] [stdout] 
[INFO] [stderr]     Finished `dev` profile [unoptimized + debuginfo] target(s) in 1m 50s
[INFO] running `Command { std: "docker" "inspect" "3143fadbb0a4d5a076ae5f5568d5cdfb64a8ec35ed1d724d04b1b55a3ad1147c", kill_on_drop: false }`
[INFO] running `Command { std: "docker" "rm" "-f" "3143fadbb0a4d5a076ae5f5568d5cdfb64a8ec35ed1d724d04b1b55a3ad1147c", kill_on_drop: false }`
[INFO] [stdout] 3143fadbb0a4d5a076ae5f5568d5cdfb64a8ec35ed1d724d04b1b55a3ad1147c
[INFO] running `Command { std: "docker" "create" "-v" "/var/lib/crater-agent-workspace/builds/worker-5-tc2/target:/opt/rustwide/target:rw,Z" "-v" "/var/lib/crater-agent-workspace/builds/worker-5-tc2/source:/opt/rustwide/workdir:ro,Z" "-v" "/var/lib/crater-agent-workspace/cargo-home:/opt/rustwide/cargo-home:ro,Z" "-v" "/var/lib/crater-agent-workspace/rustup-home:/opt/rustwide/rustup-home:ro,Z" "-e" "SOURCE_DIR=/opt/rustwide/workdir" "-e" "CARGO_TARGET_DIR=/opt/rustwide/target" "-e" "CARGO_INCREMENTAL=0" "-e" "RUST_BACKTRACE=full" "-e" "RUSTFLAGS=--cap-lints=warn" "-e" "RUSTDOCFLAGS=--cap-lints=warn" "-e" "CARGO_HOME=/opt/rustwide/cargo-home" "-e" "RUSTUP_HOME=/opt/rustwide/rustup-home" "-w" "/opt/rustwide/workdir" "-m" "1610612736" "--user" "0:0" "--network" "none" "ghcr.io/rust-lang/crates-build-env/linux@sha256:f3a9d4ad9d972b27faf3965f35b62e55ba32bbce8f20bc8fe909558a86702fde" "/opt/rustwide/cargo-home/bin/cargo" "+beta-2024-12-08" "test" "--frozen" "--no-run" "--message-format=json", kill_on_drop: false }`
[INFO] [stdout] 1f089f8a3482f16822bd265b82a92a39602dbf10eaa3504e787bab140d21b49b
[INFO] running `Command { std: "docker" "start" "-a" "1f089f8a3482f16822bd265b82a92a39602dbf10eaa3504e787bab140d21b49b", kill_on_drop: false }`
[INFO] [stderr]    Compiling rust-redirect v1.0.0 (/opt/rustwide/workdir)
[INFO] [stdout] warning: unused import: `check_domains`
[INFO] [stdout]   --> src/api/v1.rs:68:10
[INFO] [stdout]    |
[INFO] [stdout] 68 | async fn check_domains(user: Json<PreAuth>) -> Json<Response> {
[INFO] [stdout]    |          ^^^^^^^^^^^^^
[INFO] [stdout]    |
[INFO] [stdout]    = note: `#[warn(unused_imports)]` on by default
[INFO] [stdout] 
[INFO] [stdout] 
[INFO] [stdout] warning: unused import: `random_redirect`
[INFO] [stdout]   --> src/api/v1.rs:92:10
[INFO] [stdout]    |
[INFO] [stdout] 92 | async fn random_redirect(domain: Option<String>, user: Json<PreAuth>) -> Json<Response> {
[INFO] [stdout]    |          ^^^^^^^^^^^^^^^
[INFO] [stdout] 
[INFO] [stdout] 
[INFO] [stdout] warning: unused import: `create_redirect`
[INFO] [stdout]    --> src/api/v1.rs:137:10
[INFO] [stdout]     |
[INFO] [stdout] 137 | async fn create_redirect(name: Option<String>, domain: Option<String>, user: Json<PreAuth>) -> Json<Response> {
[INFO] [stdout]     |          ^^^^^^^^^^^^^^^
[INFO] [stdout] 
[INFO] [stdout] 
[INFO] [stdout] warning: unused import: `edit_redirect`
[INFO] [stdout]    --> src/api/v1.rs:171:10
[INFO] [stdout]     |
[INFO] [stdout] 171 | async fn edit_redirect(name: Option<String>, newname: Option<String>, domain: Option<String>, user: Json<PreAuth>) -> Json<Response> {
[INFO] [stdout]     |          ^^^^^^^^^^^^^
[INFO] [stdout] 
[INFO] [stdout] 
[INFO] [stdout] warning: unused import: `remove_redirect`
[INFO] [stdout]    --> src/api/v1.rs:224:10
[INFO] [stdout]     |
[INFO] [stdout] 224 | async fn remove_redirect(name: Option<String>, user: Json<PreAuth>) -> Json<Response> {
[INFO] [stdout]     |          ^^^^^^^^^^^^^^^
[INFO] [stdout] 
[INFO] [stdout] 
[INFO] [stdout] warning: unused import: `list_auth`
[INFO] [stdout]    --> src/api/v1.rs:254:10
[INFO] [stdout]     |
[INFO] [stdout] 254 | async fn list_auth(user: Json<PreAuth>) -> Json<Response> {
[INFO] [stdout]     |          ^^^^^^^^^
[INFO] [stdout] 
[INFO] [stdout] 
[INFO] [stdout] warning: unused import: `create_auth`
[INFO] [stdout]    --> src/api/v1.rs:278:10
[INFO] [stdout]     |
[INFO] [stdout] 278 | async fn create_auth(name: Option<String>, password: Option<String>, permission: Option<u8>, user: Json<PreAuth>) -> Json<Response> {
[INFO] [stdout]     |          ^^^^^^^^^^^
[INFO] [stdout] 
[INFO] [stdout] 
[INFO] [stdout] warning: unused import: `edit_auth`
[INFO] [stdout]    --> src/api/v1.rs:313:10
[INFO] [stdout]     |
[INFO] [stdout] 313 | async fn edit_auth(name: Option<String>, newname: Option<String>, password: Option<String>, permission: Option<u8>, user: Json<PreAuth>) ...
[INFO] [stdout]     |          ^^^^^^^^^
[INFO] [stdout] 
[INFO] [stdout] 
[INFO] [stdout] warning: unused import: `delete_auth`
[INFO] [stdout]    --> src/api/v1.rs:382:10
[INFO] [stdout]     |
[INFO] [stdout] 382 | async fn delete_auth(name: Option<String>, user: Json<PreAuth>) -> Json<Response> {
[INFO] [stdout]     |          ^^^^^^^^^^^
[INFO] [stdout] 
[INFO] [stdout] 
[INFO] [stdout] warning: unused import: `i_create_post`
[INFO] [stdout]    --> src/api/v1.rs:460:4
[INFO] [stdout]     |
[INFO] [stdout] 460 | fn i_create_post() -> Json<Response> {
[INFO] [stdout]     |    ^^^^^^^^^^^^^
[INFO] [stdout] 
[INFO] [stdout] 
[INFO] [stdout] warning: unused import: `i_edit_put`
[INFO] [stdout]    --> src/api/v1.rs:468:4
[INFO] [stdout]     |
[INFO] [stdout] 468 | fn i_edit_put() -> Json<Response> {
[INFO] [stdout]     |    ^^^^^^^^^^
[INFO] [stdout] 
[INFO] [stdout] 
[INFO] [stdout] warning: unused import: `i_delete_delete`
[INFO] [stdout]    --> src/api/v1.rs:476:4
[INFO] [stdout]     |
[INFO] [stdout] 476 | fn i_delete_delete() -> Json<Response> {
[INFO] [stdout]     |    ^^^^^^^^^^^^^^^
[INFO] [stdout] 
[INFO] [stdout] 
[INFO] [stdout] warning: unused import: `i_random_post`
[INFO] [stdout]    --> src/api/v1.rs:484:4
[INFO] [stdout]     |
[INFO] [stdout] 484 | fn i_random_post() -> Json<Response> {
[INFO] [stdout]     |    ^^^^^^^^^^^^^
[INFO] [stdout] 
[INFO] [stdout] 
[INFO] [stdout] warning: call to `.clone()` on a reference in this situation does nothing
[INFO] [stdout]    --> src/api/v1.rs:497:31
[INFO] [stdout]     |
[INFO] [stdout] 497 |         Ok(doc! { "name": name.clone() })
[INFO] [stdout]     |                               ^^^^^^^^ help: remove this redundant call
[INFO] [stdout]     |
[INFO] [stdout]     = note: the type `str` does not implement `Clone`, so calling `clone` on `&str` copies the reference, which does not do anything and can be removed
[INFO] [stdout]     = note: `#[warn(noop_method_call)]` on by default
[INFO] [stdout] 
[INFO] [stdout] 
[INFO] [stdout] warning: call to `.clone()` on a reference in this situation does nothing
[INFO] [stdout]    --> src/api/v1.rs:499:31
[INFO] [stdout]     |
[INFO] [stdout] 499 |         Ok(doc! { "name": name.clone(), "owner": auth._id })
[INFO] [stdout]     |                               ^^^^^^^^ help: remove this redundant call
[INFO] [stdout]     |
[INFO] [stdout]     = note: the type `str` does not implement `Clone`, so calling `clone` on `&str` copies the reference, which does not do anything and can be removed
[INFO] [stdout] 
[INFO] [stdout] 
[INFO] [stderr]     Finished `test` profile [unoptimized + debuginfo] target(s) in 13.51s
[INFO] running `Command { std: "docker" "inspect" "1f089f8a3482f16822bd265b82a92a39602dbf10eaa3504e787bab140d21b49b", kill_on_drop: false }`
[INFO] running `Command { std: "docker" "rm" "-f" "1f089f8a3482f16822bd265b82a92a39602dbf10eaa3504e787bab140d21b49b", kill_on_drop: false }`
[INFO] [stdout] 1f089f8a3482f16822bd265b82a92a39602dbf10eaa3504e787bab140d21b49b
[INFO] running `Command { std: "docker" "create" "-v" "/var/lib/crater-agent-workspace/builds/worker-5-tc2/target:/opt/rustwide/target:rw,Z" "-v" "/var/lib/crater-agent-workspace/builds/worker-5-tc2/source:/opt/rustwide/workdir:ro,Z" "-v" "/var/lib/crater-agent-workspace/cargo-home:/opt/rustwide/cargo-home:ro,Z" "-v" "/var/lib/crater-agent-workspace/rustup-home:/opt/rustwide/rustup-home:ro,Z" "-e" "SOURCE_DIR=/opt/rustwide/workdir" "-e" "CARGO_TARGET_DIR=/opt/rustwide/target" "-e" "CARGO_INCREMENTAL=0" "-e" "RUST_BACKTRACE=full" "-e" "RUSTFLAGS=--cap-lints=warn" "-e" "RUSTDOCFLAGS=--cap-lints=warn" "-e" "CARGO_HOME=/opt/rustwide/cargo-home" "-e" "RUSTUP_HOME=/opt/rustwide/rustup-home" "-w" "/opt/rustwide/workdir" "-m" "1610612736" "--user" "0:0" "--network" "none" "ghcr.io/rust-lang/crates-build-env/linux@sha256:f3a9d4ad9d972b27faf3965f35b62e55ba32bbce8f20bc8fe909558a86702fde" "/opt/rustwide/cargo-home/bin/cargo" "+beta-2024-12-08" "test" "--frozen", kill_on_drop: false }`
[INFO] [stdout] 8c2294c128c2cc4e863367589225840c5859d67139736936d153b4cc8d1acb0a
[INFO] running `Command { std: "docker" "start" "-a" "8c2294c128c2cc4e863367589225840c5859d67139736936d153b4cc8d1acb0a", kill_on_drop: false }`
[INFO] [stderr] warning: unused import: `check_domains`
[INFO] [stderr]   --> src/api/v1.rs:68:10
[INFO] [stderr]    |
[INFO] [stderr] 68 | async fn check_domains(user: Json<PreAuth>) -> Json<Response> {
[INFO] [stderr]    |          ^^^^^^^^^^^^^
[INFO] [stderr]    |
[INFO] [stderr]    = note: `#[warn(unused_imports)]` on by default
[INFO] [stderr] 
[INFO] [stderr] warning: unused import: `random_redirect`
[INFO] [stderr]   --> src/api/v1.rs:92:10
[INFO] [stderr]    |
[INFO] [stderr] 92 | async fn random_redirect(domain: Option<String>, user: Json<PreAuth>) -> Json<Response> {
[INFO] [stderr]    |          ^^^^^^^^^^^^^^^
[INFO] [stderr] 
[INFO] [stderr] warning: unused import: `create_redirect`
[INFO] [stderr]    --> src/api/v1.rs:137:10
[INFO] [stderr]     |
[INFO] [stderr] 137 | async fn create_redirect(name: Option<String>, domain: Option<String>, user: Json<PreAuth>) -> Json<Response> {
[INFO] [stderr]     |          ^^^^^^^^^^^^^^^
[INFO] [stderr] 
[INFO] [stderr] warning: unused import: `edit_redirect`
[INFO] [stderr]    --> src/api/v1.rs:171:10
[INFO] [stderr]     |
[INFO] [stderr] 171 | async fn edit_redirect(name: Option<String>, newname: Option<String>, domain: Option<String>, user: Json<PreAuth>) -> Json<Response> {
[INFO] [stderr]     |          ^^^^^^^^^^^^^
[INFO] [stderr] 
[INFO] [stderr] warning: unused import: `remove_redirect`
[INFO] [stderr]    --> src/api/v1.rs:224:10
[INFO] [stderr]     |
[INFO] [stderr] 224 | async fn remove_redirect(name: Option<String>, user: Json<PreAuth>) -> Json<Response> {
[INFO] [stderr]     |          ^^^^^^^^^^^^^^^
[INFO] [stderr] 
[INFO] [stderr] warning: unused import: `list_auth`
[INFO] [stderr]    --> src/api/v1.rs:254:10
[INFO] [stderr]     |
[INFO] [stderr] 254 | async fn list_auth(user: Json<PreAuth>) -> Json<Response> {
[INFO] [stderr]     |          ^^^^^^^^^
[INFO] [stderr] 
[INFO] [stderr] warning: unused import: `create_auth`
[INFO] [stderr]    --> src/api/v1.rs:278:10
[INFO] [stderr]     |
[INFO] [stderr] 278 | async fn create_auth(name: Option<String>, password: Option<String>, permission: Option<u8>, user: Json<PreAuth>) -> Json<Response> {
[INFO] [stderr]     |          ^^^^^^^^^^^
[INFO] [stderr] 
[INFO] [stderr] warning: unused import: `edit_auth`
[INFO] [stderr]    --> src/api/v1.rs:313:10
[INFO] [stderr]     |
[INFO] [stderr] 313 | async fn edit_auth(name: Option<String>, newname: Option<String>, password: Option<String>, permission: Option<u8>, user: Json<PreAuth>) ...
[INFO] [stderr]     |          ^^^^^^^^^
[INFO] [stderr] 
[INFO] [stderr] warning: unused import: `delete_auth`
[INFO] [stderr]    --> src/api/v1.rs:382:10
[INFO] [stderr]     |
[INFO] [stderr] 382 | async fn delete_auth(name: Option<String>, user: Json<PreAuth>) -> Json<Response> {
[INFO] [stderr]     |          ^^^^^^^^^^^
[INFO] [stderr] 
[INFO] [stderr] warning: unused import: `i_create_post`
[INFO] [stderr]    --> src/api/v1.rs:460:4
[INFO] [stderr]     |
[INFO] [stderr] 460 | fn i_create_post() -> Json<Response> {
[INFO] [stderr]     |    ^^^^^^^^^^^^^
[INFO] [stderr] 
[INFO] [stderr] warning: unused import: `i_edit_put`
[INFO] [stderr]    --> src/api/v1.rs:468:4
[INFO] [stderr]     |
[INFO] [stderr] 468 | fn i_edit_put() -> Json<Response> {
[INFO] [stderr]     |    ^^^^^^^^^^
[INFO] [stderr] 
[INFO] [stderr] warning: unused import: `i_delete_delete`
[INFO] [stderr]    --> src/api/v1.rs:476:4
[INFO] [stderr]     |
[INFO] [stderr] 476 | fn i_delete_delete() -> Json<Response> {
[INFO] [stderr]     |    ^^^^^^^^^^^^^^^
[INFO] [stderr] 
[INFO] [stderr] warning: unused import: `i_random_post`
[INFO] [stderr]    --> src/api/v1.rs:484:4
[INFO] [stderr]     |
[INFO] [stderr] 484 | fn i_random_post() -> Json<Response> {
[INFO] [stderr]     |    ^^^^^^^^^^^^^
[INFO] [stderr] 
[INFO] [stderr] warning: call to `.clone()` on a reference in this situation does nothing
[INFO] [stderr]    --> src/api/v1.rs:497:31
[INFO] [stderr]     |
[INFO] [stderr] 497 |         Ok(doc! { "name": name.clone() })
[INFO] [stderr]     |                               ^^^^^^^^ help: remove this redundant call
[INFO] [stderr]     |
[INFO] [stderr]     = note: the type `str` does not implement `Clone`, so calling `clone` on `&str` copies the reference, which does not do anything and can be removed
[INFO] [stderr]     = note: `#[warn(noop_method_call)]` on by default
[INFO] [stderr] 
[INFO] [stderr] warning: call to `.clone()` on a reference in this situation does nothing
[INFO] [stderr]    --> src/api/v1.rs:499:31
[INFO] [stderr]     |
[INFO] [stderr] 499 |         Ok(doc! { "name": name.clone(), "owner": auth._id })
[INFO] [stderr]     |                               ^^^^^^^^ help: remove this redundant call
[INFO] [stderr]     |
[INFO] [stderr]     = note: the type `str` does not implement `Clone`, so calling `clone` on `&str` copies the reference, which does not do anything and can be removed
[INFO] [stderr] 
[INFO] [stderr] warning: `rust-redirect` (bin "rust-redirect" test) generated 15 warnings (run `cargo fix --bin "rust-redirect" --tests` to apply 15 suggestions)
[INFO] [stderr]     Finished `test` profile [unoptimized + debuginfo] target(s) in 0.16s
[INFO] [stderr]      Running unittests src/main.rs (/opt/rustwide/target/debug/deps/rust_redirect-afb12b81bf36c6d3)
[INFO] [stdout] 
[INFO] [stdout] running 2 tests
[INFO] [stdout] test tests::test::create_redirect_list_delete ... FAILED
[INFO] [stdout] test tests::test::create_edit_redirect_delete ... FAILED
[INFO] [stdout] 
[INFO] [stdout] failures:
[INFO] [stdout] 
[INFO] [stdout] ---- tests::test::create_redirect_list_delete stdout ----
[INFO] [stdout] Database config not found. Using default values
[INFO] [stdout] thread 'tests::test::create_redirect_list_delete' panicked at src/tests.rs:12:9:
[INFO] [stdout] Error { kind: ServerSelection { message: "Server selection timeout: No available servers. Topology: { Type: Unknown, Servers: [ { Address: localhost:27017, Type: Unknown, Error: Connection refused (os error 111) }, ] }" }, labels: {}, wire_version: None, source: None }
[INFO] [stdout] stack backtrace:
[INFO] [stdout]    0:     0x614f25adefca - std::backtrace_rs::backtrace::libunwind::trace::h8810477743020387
[INFO] [stdout]                                at /rustc/202008a1b8de96d2e5b6bc02d379db03a877d34d/library/std/src/../../backtrace/src/backtrace/libunwind.rs:116:5
[INFO] [stdout]    1:     0x614f25adefca - std::backtrace_rs::backtrace::trace_unsynchronized::h3aa55355dd6c54a6
[INFO] [stdout]                                at /rustc/202008a1b8de96d2e5b6bc02d379db03a877d34d/library/std/src/../../backtrace/src/backtrace/mod.rs:66:5
[INFO] [stdout]    2:     0x614f25adefca - std::sys::backtrace::_print_fmt::h8588b0f62410823f
[INFO] [stdout]                                at /rustc/202008a1b8de96d2e5b6bc02d379db03a877d34d/library/std/src/sys/backtrace.rs:66:9
[INFO] [stdout]    3:     0x614f25adefca - <std::sys::backtrace::BacktraceLock::print::DisplayBacktrace as core::fmt::Display>::fmt::h98c26ac25ffe89bb
[INFO] [stdout]                                at /rustc/202008a1b8de96d2e5b6bc02d379db03a877d34d/library/std/src/sys/backtrace.rs:39:26
[INFO] [stdout]    4:     0x614f25b0b7e3 - core::fmt::rt::Argument::fmt::hf95377f4aebd453b
[INFO] [stdout]                                at /rustc/202008a1b8de96d2e5b6bc02d379db03a877d34d/library/core/src/fmt/rt.rs:177:76
[INFO] [stdout]    5:     0x614f25b0b7e3 - core::fmt::write::h0dd5f6e2238c7982
[INFO] [stdout]                                at /rustc/202008a1b8de96d2e5b6bc02d379db03a877d34d/library/core/src/fmt/mod.rs:1189:21
[INFO] [stdout]    6:     0x614f25adb5d3 - std::io::Write::write_fmt::h03bb0ca26e6faf8c
[INFO] [stdout]                                at /rustc/202008a1b8de96d2e5b6bc02d379db03a877d34d/library/std/src/io/mod.rs:1884:15
[INFO] [stdout]    7:     0x614f25adee12 - std::sys::backtrace::BacktraceLock::print::h5c19c1c038ee186d
[INFO] [stdout]                                at /rustc/202008a1b8de96d2e5b6bc02d379db03a877d34d/library/std/src/sys/backtrace.rs:42:9
[INFO] [stdout]    8:     0x614f25ae044d - std::panicking::default_hook::{{closure}}::h77172f079a1fcb13
[INFO] [stdout]                                at /rustc/202008a1b8de96d2e5b6bc02d379db03a877d34d/library/std/src/panicking.rs:268:22
[INFO] [stdout]    9:     0x614f25ae0257 - std::panicking::default_hook::he5f8e3b203ccddba
[INFO] [stdout]                                at /rustc/202008a1b8de96d2e5b6bc02d379db03a877d34d/library/std/src/panicking.rs:292:9
[INFO] [stdout]   10:     0x614f24bed867 - <alloc::boxed::Box<F,A> as core::ops::function::Fn<Args>>::call::h7a3c7b4a1ae77f2f
[INFO] [stdout]                                at /rustc/202008a1b8de96d2e5b6bc02d379db03a877d34d/library/alloc/src/boxed.rs:1986:9
[INFO] [stdout]   11:     0x614f24bed867 - test::test_main::{{closure}}::hf0d3b69ae9b353d1
[INFO] [stdout]                                at /rustc/202008a1b8de96d2e5b6bc02d379db03a877d34d/library/test/src/lib.rs:134:21
[INFO] [stdout]   12:     0x614f25ae0af8 - <alloc::boxed::Box<F,A> as core::ops::function::Fn<Args>>::call::h6332e82e7b189abd
[INFO] [stdout]                                at /rustc/202008a1b8de96d2e5b6bc02d379db03a877d34d/library/alloc/src/boxed.rs:1986:9
[INFO] [stdout]   13:     0x614f25ae0af8 - std::panicking::rust_panic_with_hook::h53863d4e9018df39
[INFO] [stdout]                                at /rustc/202008a1b8de96d2e5b6bc02d379db03a877d34d/library/std/src/panicking.rs:809:13
[INFO] [stdout]   14:     0x614f25ae08ba - std::panicking::begin_panic_handler::{{closure}}::h67280e6fa0757873
[INFO] [stdout]                                at /rustc/202008a1b8de96d2e5b6bc02d379db03a877d34d/library/std/src/panicking.rs:674:13
[INFO] [stdout]   15:     0x614f25adf4a9 - std::sys::backtrace::__rust_end_short_backtrace::h1dac3f54d6fbbeb2
[INFO] [stdout]                                at /rustc/202008a1b8de96d2e5b6bc02d379db03a877d34d/library/std/src/sys/backtrace.rs:170:18
[INFO] [stdout]   16:     0x614f25ae054c - rust_begin_unwind
[INFO] [stdout]                                at /rustc/202008a1b8de96d2e5b6bc02d379db03a877d34d/library/std/src/panicking.rs:665:5
[INFO] [stdout]   17:     0x614f24a4d330 - core::panicking::panic_fmt::h6792bd1b2bf01041
[INFO] [stdout]                                at /rustc/202008a1b8de96d2e5b6bc02d379db03a877d34d/library/core/src/panicking.rs:76:14
[INFO] [stdout]   18:     0x614f24b8dfa2 - rust_redirect::tests::drop_if_needed::{{closure}}::hb0c7b37a139010fa
[INFO] [stdout]                                at /opt/rustwide/workdir/src/tests.rs:12:9
[INFO] [stdout]   19:     0x614f24b1c306 - <tokio::future::maybe_done::MaybeDone<Fut> as core::future::future::Future>::poll::hf604da224a5dfde8
[INFO] [stdout]                                at /opt/rustwide/cargo-home/registry/src/index.crates.io-6f17d22bba15001f/tokio-1.20.0/src/future/maybe_done.rs:68:48
[INFO] [stdout]   20:     0x614f24b8ed7b - rust_redirect::tests::rocket_build::{{closure}}::{{closure}}::hc609610bfd2f791a
[INFO] [stdout]                                at /opt/rustwide/cargo-home/registry/src/index.crates.io-6f17d22bba15001f/tokio-1.20.0/src/macros/join.rs:116:24
[INFO] [stdout]   21:     0x614f24b80b28 - <tokio::future::poll_fn::PollFn<F> as core::future::future::Future>::poll::h449e5a64e92f944a
[INFO] [stdout]                                at /opt/rustwide/cargo-home/registry/src/index.crates.io-6f17d22bba15001f/tokio-1.20.0/src/future/poll_fn.rs:38:9
[INFO] [stdout]   22:     0x614f24b8e5a1 - rust_redirect::tests::rocket_build::{{closure}}::h49f82eab6598247b
[INFO] [stdout]                                at /opt/rustwide/workdir/src/tests.rs:21:5
[INFO] [stdout]   23:     0x614f24b8f105 - rust_redirect::tests::test::create_redirect_list_delete::{{closure}}::h8e31d662d976cc40
[INFO] [stdout]                                at /opt/rustwide/workdir/src/tests.rs:69:53
[INFO] [stdout]   24:     0x614f24b3b46f - tokio::park::thread::CachedParkThread::block_on::{{closure}}::h432c12b73a55c5ba
[INFO] [stdout]                                at /opt/rustwide/cargo-home/registry/src/index.crates.io-6f17d22bba15001f/tokio-1.20.0/src/park/thread.rs:263:54
[INFO] [stdout]   25:     0x614f24b6e8f3 - tokio::coop::with_budget::{{closure}}::hf33410f1f449549e
[INFO] [stdout]                                at /opt/rustwide/cargo-home/registry/src/index.crates.io-6f17d22bba15001f/tokio-1.20.0/src/coop.rs:102:9
[INFO] [stdout]   26:     0x614f24b0f4ba - std::thread::local::LocalKey<T>::try_with::ha5b0e03e6b2104c3
[INFO] [stdout]                                at /rustc/202008a1b8de96d2e5b6bc02d379db03a877d34d/library/std/src/thread/local.rs:283:12
[INFO] [stdout]   27:     0x614f24b0f0ca - std::thread::local::LocalKey<T>::with::ha29dcaeb57b195df
[INFO] [stdout]                                at /rustc/202008a1b8de96d2e5b6bc02d379db03a877d34d/library/std/src/thread/local.rs:260:9
[INFO] [stdout]   28:     0x614f24b3ab84 - tokio::coop::with_budget::h418becb5d08ee95e
[INFO] [stdout]                                at /opt/rustwide/cargo-home/registry/src/index.crates.io-6f17d22bba15001f/tokio-1.20.0/src/coop.rs:95:5
[INFO] [stdout]   29:     0x614f24b3ab84 - tokio::coop::budget::h4de269255d63fa3e
[INFO] [stdout]                                at /opt/rustwide/cargo-home/registry/src/index.crates.io-6f17d22bba15001f/tokio-1.20.0/src/coop.rs:72:5
[INFO] [stdout]   30:     0x614f24b3ab84 - tokio::park::thread::CachedParkThread::block_on::h9aad24eb79176997
[INFO] [stdout]                                at /opt/rustwide/cargo-home/registry/src/index.crates.io-6f17d22bba15001f/tokio-1.20.0/src/park/thread.rs:263:31
[INFO] [stdout]   31:     0x614f24b879f1 - tokio::runtime::enter::Enter::block_on::h43a38e835184225a
[INFO] [stdout]                                at /opt/rustwide/cargo-home/registry/src/index.crates.io-6f17d22bba15001f/tokio-1.20.0/src/runtime/enter.rs:152:13
[INFO] [stdout]   32:     0x614f24b87684 - tokio::runtime::thread_pool::ThreadPool::block_on::h303f12e04a145af0
[INFO] [stdout]                                at /opt/rustwide/cargo-home/registry/src/index.crates.io-6f17d22bba15001f/tokio-1.20.0/src/runtime/thread_pool/mod.rs:90:9
[INFO] [stdout]   33:     0x614f24b3ebd3 - tokio::runtime::Runtime::block_on::h85a622493229fe13
[INFO] [stdout]                                at /opt/rustwide/cargo-home/registry/src/index.crates.io-6f17d22bba15001f/tokio-1.20.0/src/runtime/mod.rs:484:43
[INFO] [stdout]   34:     0x614f24b7e8cb - rocket::async_run::h10669edc88bca382
[INFO] [stdout]                                at /opt/rustwide/cargo-home/registry/src/index.crates.io-6f17d22bba15001f/rocket-0.5.0-rc.2/src/lib.rs:246:18
[INFO] [stdout]   35:     0x614f24b7e6cd - rocket::async_test::h72358f13f53528c5
[INFO] [stdout]                                at /opt/rustwide/cargo-home/registry/src/index.crates.io-6f17d22bba15001f/rocket-0.5.0-rc.2/src/lib.rs:257:5
[INFO] [stdout]   36:     0x614f24b8ee35 - rust_redirect::tests::test::create_redirect_list_delete::h4f5df0c24a4ae465
[INFO] [stdout]                                at /opt/rustwide/workdir/src/tests.rs:68:44
[INFO] [stdout]   37:     0x614f24b8ede7 - rust_redirect::tests::test::create_redirect_list_delete::{{closure}}::h3bbfdff9c5cf8ccb
[INFO] [stdout]                                at /opt/rustwide/workdir/src/tests.rs:68:43
[INFO] [stdout]   38:     0x614f24aa4b36 - core::ops::function::FnOnce::call_once::h075661d04eb23957
[INFO] [stdout]                                at /rustc/202008a1b8de96d2e5b6bc02d379db03a877d34d/library/core/src/ops/function.rs:250:5
[INFO] [stdout]   39:     0x614f24bf238b - core::ops::function::FnOnce::call_once::h871bf86719ec9aa4
[INFO] [stdout]                                at /rustc/202008a1b8de96d2e5b6bc02d379db03a877d34d/library/core/src/ops/function.rs:250:5
[INFO] [stdout]   40:     0x614f24bf238b - test::__rust_begin_short_backtrace::h2167df1e2b7d76fd
[INFO] [stdout]                                at /rustc/202008a1b8de96d2e5b6bc02d379db03a877d34d/library/test/src/lib.rs:632:18
[INFO] [stdout]   41:     0x614f24bf1d78 - test::run_test_in_process::{{closure}}::h15d92f75a3adfb79
[INFO] [stdout]                                at /rustc/202008a1b8de96d2e5b6bc02d379db03a877d34d/library/test/src/lib.rs:655:60
[INFO] [stdout]   42:     0x614f24bf1d78 - <core::panic::unwind_safe::AssertUnwindSafe<F> as core::ops::function::FnOnce<()>>::call_once::hb6c8955835a8dbbb
[INFO] [stdout]                                at /rustc/202008a1b8de96d2e5b6bc02d379db03a877d34d/library/core/src/panic/unwind_safe.rs:272:9
[INFO] [stdout]   43:     0x614f24bf1d78 - std::panicking::try::do_call::hc79d0fc888a0bd30
[INFO] [stdout]                                at /rustc/202008a1b8de96d2e5b6bc02d379db03a877d34d/library/std/src/panicking.rs:557:40
[INFO] [stdout]   44:     0x614f24bf1d78 - std::panicking::try::hb8a7878e3a8589d6
[INFO] [stdout]                                at /rustc/202008a1b8de96d2e5b6bc02d379db03a877d34d/library/std/src/panicking.rs:520:19
[INFO] [stdout]   45:     0x614f24bf1d78 - std::panic::catch_unwind::hb8e4600ff0ff5cfa
[INFO] [stdout]                                at /rustc/202008a1b8de96d2e5b6bc02d379db03a877d34d/library/std/src/panic.rs:358:14
[INFO] [stdout]   46:     0x614f24bf1d78 - test::run_test_in_process::hc2900b0b18688dd6
[INFO] [stdout]                                at /rustc/202008a1b8de96d2e5b6bc02d379db03a877d34d/library/test/src/lib.rs:655:27
[INFO] [stdout]   47:     0x614f24bf1d78 - test::run_test::{{closure}}::hac2a9cb07be3d48d
[INFO] [stdout]                                at /rustc/202008a1b8de96d2e5b6bc02d379db03a877d34d/library/test/src/lib.rs:576:43
[INFO] [stdout]   48:     0x614f24bb581a - test::run_test::{{closure}}::h4a5b729e66a38cd8
[INFO] [stdout]                                at /rustc/202008a1b8de96d2e5b6bc02d379db03a877d34d/library/test/src/lib.rs:606:41
[INFO] [stdout]   49:     0x614f24bb581a - std::sys::backtrace::__rust_begin_short_backtrace::h0496fb742492f573
[INFO] [stdout]                                at /rustc/202008a1b8de96d2e5b6bc02d379db03a877d34d/library/std/src/sys/backtrace.rs:154:18
[INFO] [stdout]   50:     0x614f24bb9194 - std::thread::Builder::spawn_unchecked_::{{closure}}::{{closure}}::hbb6d257c550a54bd
[INFO] [stdout]                                at /rustc/202008a1b8de96d2e5b6bc02d379db03a877d34d/library/std/src/thread/mod.rs:561:17
[INFO] [stdout]   51:     0x614f24bb9194 - <core::panic::unwind_safe::AssertUnwindSafe<F> as core::ops::function::FnOnce<()>>::call_once::h46696fe4a6832328
[INFO] [stdout]                                at /rustc/202008a1b8de96d2e5b6bc02d379db03a877d34d/library/core/src/panic/unwind_safe.rs:272:9
[INFO] [stdout]   52:     0x614f24bb9194 - std::panicking::try::do_call::h2625a51b667bfb64
[INFO] [stdout]                                at /rustc/202008a1b8de96d2e5b6bc02d379db03a877d34d/library/std/src/panicking.rs:557:40
[INFO] [stdout]   53:     0x614f24bb9194 - std::panicking::try::hb956a59a1973aa4c
[INFO] [stdout]                                at /rustc/202008a1b8de96d2e5b6bc02d379db03a877d34d/library/std/src/panicking.rs:520:19
[INFO] [stdout]   54:     0x614f24bb9194 - std::panic::catch_unwind::h64f3b9d1067ef6a0
[INFO] [stdout]                                at /rustc/202008a1b8de96d2e5b6bc02d379db03a877d34d/library/std/src/panic.rs:358:14
[INFO] [stdout]   55:     0x614f24bb9194 - std::thread::Builder::spawn_unchecked_::{{closure}}::h42b2841295b6c0b2
[INFO] [stdout]                                at /rustc/202008a1b8de96d2e5b6bc02d379db03a877d34d/library/std/src/thread/mod.rs:559:30
[INFO] [stdout]   56:     0x614f24bb9194 - core::ops::function::FnOnce::call_once{{vtable.shim}}::h6127de71b8124639
[INFO] [stdout]                                at /rustc/202008a1b8de96d2e5b6bc02d379db03a877d34d/library/core/src/ops/function.rs:250:5
[INFO] [stdout]   57:     0x614f25ae4ecb - <alloc::boxed::Box<F,A> as core::ops::function::FnOnce<Args>>::call_once::h42f0ba71002a1b2c
[INFO] [stdout]                                at /rustc/202008a1b8de96d2e5b6bc02d379db03a877d34d/library/alloc/src/boxed.rs:1972:9
[INFO] [stdout]   58:     0x614f25ae4ecb - <alloc::boxed::Box<F,A> as core::ops::function::FnOnce<Args>>::call_once::had9e47d7a3dcecb8
[INFO] [stdout]                                at /rustc/202008a1b8de96d2e5b6bc02d379db03a877d34d/library/alloc/src/boxed.rs:1972:9
[INFO] [stdout]   59:     0x614f25ae4ecb - std::sys::pal::unix::thread::Thread::new::thread_start::h48cf765408f6f5f2
[INFO] [stdout]                                at /rustc/202008a1b8de96d2e5b6bc02d379db03a877d34d/library/std/src/sys/pal/unix/thread.rs:105:17
[INFO] [stdout]   60:     0x7b6b4c5f9ac3 - <unknown>
[INFO] [stdout]   61:     0x7b6b4c68aa04 - clone
[INFO] [stdout]   62:                0x0 - <unknown>
[INFO] [stdout] 
[INFO] [stdout] ---- tests::test::create_edit_redirect_delete stdout ----
[INFO] [stdout] Database config not found. Using default values
[INFO] [stdout] thread 'tests::test::create_edit_redirect_delete' panicked at src/tests.rs:12:9:
[INFO] [stdout] Error { kind: ServerSelection { message: "Server selection timeout: No available servers. Topology: { Type: Unknown, Servers: [ { Address: localhost:27017, Type: Unknown, Error: Connection refused (os error 111) }, ] }" }, labels: {}, wire_version: None, source: None }
[INFO] [stdout] stack backtrace:
[INFO] [stdout]    0:     0x614f25adefca - std::backtrace_rs::backtrace::libunwind::trace::h8810477743020387
[INFO] [stdout]                                at /rustc/202008a1b8de96d2e5b6bc02d379db03a877d34d/library/std/src/../../backtrace/src/backtrace/libunwind.rs:116:5
[INFO] [stdout]    1:     0x614f25adefca - std::backtrace_rs::backtrace::trace_unsynchronized::h3aa55355dd6c54a6
[INFO] [stdout]                                at /rustc/202008a1b8de96d2e5b6bc02d379db03a877d34d/library/std/src/../../backtrace/src/backtrace/mod.rs:66:5
[INFO] [stdout]    2:     0x614f25adefca - std::sys::backtrace::_print_fmt::h8588b0f62410823f
[INFO] [stdout]                                at /rustc/202008a1b8de96d2e5b6bc02d379db03a877d34d/library/std/src/sys/backtrace.rs:66:9
[INFO] [stdout]    3:     0x614f25adefca - <std::sys::backtrace::BacktraceLock::print::DisplayBacktrace as core::fmt::Display>::fmt::h98c26ac25ffe89bb
[INFO] [stdout]                                at /rustc/202008a1b8de96d2e5b6bc02d379db03a877d34d/library/std/src/sys/backtrace.rs:39:26
[INFO] [stdout]    4:     0x614f25b0b7e3 - core::fmt::rt::Argument::fmt::hf95377f4aebd453b
[INFO] [stdout]                                at /rustc/202008a1b8de96d2e5b6bc02d379db03a877d34d/library/core/src/fmt/rt.rs:177:76
[INFO] [stdout]    5:     0x614f25b0b7e3 - core::fmt::write::h0dd5f6e2238c7982
[INFO] [stdout]                                at /rustc/202008a1b8de96d2e5b6bc02d379db03a877d34d/library/core/src/fmt/mod.rs:1189:21
[INFO] [stdout]    6:     0x614f25adb5d3 - std::io::Write::write_fmt::h03bb0ca26e6faf8c
[INFO] [stdout]                                at /rustc/202008a1b8de96d2e5b6bc02d379db03a877d34d/library/std/src/io/mod.rs:1884:15
[INFO] [stdout]    7:     0x614f25adee12 - std::sys::backtrace::BacktraceLock::print::h5c19c1c038ee186d
[INFO] [stdout]                                at /rustc/202008a1b8de96d2e5b6bc02d379db03a877d34d/library/std/src/sys/backtrace.rs:42:9
[INFO] [stdout]    8:     0x614f25ae044d - std::panicking::default_hook::{{closure}}::h77172f079a1fcb13
[INFO] [stdout]                                at /rustc/202008a1b8de96d2e5b6bc02d379db03a877d34d/library/std/src/panicking.rs:268:22
[INFO] [stdout]    9:     0x614f25ae0257 - std::panicking::default_hook::he5f8e3b203ccddba
[INFO] [stdout]                                at /rustc/202008a1b8de96d2e5b6bc02d379db03a877d34d/library/std/src/panicking.rs:292:9
[INFO] [stdout]   10:     0x614f24bed867 - <alloc::boxed::Box<F,A> as core::ops::function::Fn<Args>>::call::h7a3c7b4a1ae77f2f
[INFO] [stdout]                                at /rustc/202008a1b8de96d2e5b6bc02d379db03a877d34d/library/alloc/src/boxed.rs:1986:9
[INFO] [stdout]   11:     0x614f24bed867 - test::test_main::{{closure}}::hf0d3b69ae9b353d1
[INFO] [stdout]                                at /rustc/202008a1b8de96d2e5b6bc02d379db03a877d34d/library/test/src/lib.rs:134:21
[INFO] [stdout]   12:     0x614f25ae0af8 - <alloc::boxed::Box<F,A> as core::ops::function::Fn<Args>>::call::h6332e82e7b189abd
[INFO] [stdout]                                at /rustc/202008a1b8de96d2e5b6bc02d379db03a877d34d/library/alloc/src/boxed.rs:1986:9
[INFO] [stdout]   13:     0x614f25ae0af8 - std::panicking::rust_panic_with_hook::h53863d4e9018df39
[INFO] [stdout]                                at /rustc/202008a1b8de96d2e5b6bc02d379db03a877d34d/library/std/src/panicking.rs:809:13
[INFO] [stdout]   14:     0x614f25ae08ba - std::panicking::begin_panic_handler::{{closure}}::h67280e6fa0757873
[INFO] [stdout]                                at /rustc/202008a1b8de96d2e5b6bc02d379db03a877d34d/library/std/src/panicking.rs:674:13
[INFO] [stdout]   15:     0x614f25adf4a9 - std::sys::backtrace::__rust_end_short_backtrace::h1dac3f54d6fbbeb2
[INFO] [stdout]                                at /rustc/202008a1b8de96d2e5b6bc02d379db03a877d34d/library/std/src/sys/backtrace.rs:170:18
[INFO] [stdout]   16:     0x614f25ae054c - rust_begin_unwind
[INFO] [stdout]                                at /rustc/202008a1b8de96d2e5b6bc02d379db03a877d34d/library/std/src/panicking.rs:665:5
[INFO] [stdout]   17:     0x614f24a4d330 - core::panicking::panic_fmt::h6792bd1b2bf01041
[INFO] [stdout]                                at /rustc/202008a1b8de96d2e5b6bc02d379db03a877d34d/library/core/src/panicking.rs:76:14
[INFO] [stdout]   18:     0x614f24b8dfa2 - rust_redirect::tests::drop_if_needed::{{closure}}::hb0c7b37a139010fa
[INFO] [stdout]                                at /opt/rustwide/workdir/src/tests.rs:12:9
[INFO] [stdout]   19:     0x614f24b1c306 - <tokio::future::maybe_done::MaybeDone<Fut> as core::future::future::Future>::poll::hf604da224a5dfde8
[INFO] [stdout]                                at /opt/rustwide/cargo-home/registry/src/index.crates.io-6f17d22bba15001f/tokio-1.20.0/src/future/maybe_done.rs:68:48
[INFO] [stdout]   20:     0x614f24b8ed7b - rust_redirect::tests::rocket_build::{{closure}}::{{closure}}::hc609610bfd2f791a
[INFO] [stdout]                                at /opt/rustwide/cargo-home/registry/src/index.crates.io-6f17d22bba15001f/tokio-1.20.0/src/macros/join.rs:116:24
[INFO] [stdout]   21:     0x614f24b80b28 - <tokio::future::poll_fn::PollFn<F> as core::future::future::Future>::poll::h449e5a64e92f944a
[INFO] [stdout]                                at /opt/rustwide/cargo-home/registry/src/index.crates.io-6f17d22bba15001f/tokio-1.20.0/src/future/poll_fn.rs:38:9
[INFO] [stdout]   22:     0x614f24b8e5a1 - rust_redirect::tests::rocket_build::{{closure}}::h49f82eab6598247b
[INFO] [stdout]                                at /opt/rustwide/workdir/src/tests.rs:21:5
[INFO] [stdout]   23:     0x614f24b9250f - rust_redirect::tests::test::create_edit_redirect_delete::{{closure}}::h7bccbcc6d057e5db
[INFO] [stdout]                                at /opt/rustwide/workdir/src/tests.rs:98:53
[INFO] [stdout]   24:     0x614f24b3b4af - tokio::park::thread::CachedParkThread::block_on::{{closure}}::hac82af5fdcda9b40
[INFO] [stdout]                                at /opt/rustwide/cargo-home/registry/src/index.crates.io-6f17d22bba15001f/tokio-1.20.0/src/park/thread.rs:263:54
[INFO] [stdout]   25:     0x614f24b6e563 - tokio::coop::with_budget::{{closure}}::ha1b04a8035ac3aee
[INFO] [stdout]                                at /opt/rustwide/cargo-home/registry/src/index.crates.io-6f17d22bba15001f/tokio-1.20.0/src/coop.rs:102:9
[INFO] [stdout]   26:     0x614f24b0f7da - std::thread::local::LocalKey<T>::try_with::hb34cfb744d6eb7dc
[INFO] [stdout]                                at /rustc/202008a1b8de96d2e5b6bc02d379db03a877d34d/library/std/src/thread/local.rs:283:12
[INFO] [stdout]   27:     0x614f24b0f0fa - std::thread::local::LocalKey<T>::with::ha66f9d92c92ebe48
[INFO] [stdout]                                at /rustc/202008a1b8de96d2e5b6bc02d379db03a877d34d/library/std/src/thread/local.rs:260:9
[INFO] [stdout]   28:     0x614f24b3b304 - tokio::coop::with_budget::h236c9fa055ca560d
[INFO] [stdout]                                at /opt/rustwide/cargo-home/registry/src/index.crates.io-6f17d22bba15001f/tokio-1.20.0/src/coop.rs:95:5
[INFO] [stdout]   29:     0x614f24b3b304 - tokio::coop::budget::hc4e0f42a19ad2c29
[INFO] [stdout]                                at /opt/rustwide/cargo-home/registry/src/index.crates.io-6f17d22bba15001f/tokio-1.20.0/src/coop.rs:72:5
[INFO] [stdout]   30:     0x614f24b3b304 - tokio::park::thread::CachedParkThread::block_on::hd47bdb9566589650
[INFO] [stdout]                                at /opt/rustwide/cargo-home/registry/src/index.crates.io-6f17d22bba15001f/tokio-1.20.0/src/park/thread.rs:263:31
[INFO] [stdout]   31:     0x614f24b87911 - tokio::runtime::enter::Enter::block_on::h0c601a17ba4a49f8
[INFO] [stdout]                                at /opt/rustwide/cargo-home/registry/src/index.crates.io-6f17d22bba15001f/tokio-1.20.0/src/runtime/enter.rs:152:13
[INFO] [stdout]   32:     0x614f24b877d4 - tokio::runtime::thread_pool::ThreadPool::block_on::h96e44b40e648be4c
[INFO] [stdout]                                at /opt/rustwide/cargo-home/registry/src/index.crates.io-6f17d22bba15001f/tokio-1.20.0/src/runtime/thread_pool/mod.rs:90:9
[INFO] [stdout]   33:     0x614f24b3edb3 - tokio::runtime::Runtime::block_on::hf7675a2d436245e6
[INFO] [stdout]                                at /opt/rustwide/cargo-home/registry/src/index.crates.io-6f17d22bba15001f/tokio-1.20.0/src/runtime/mod.rs:484:43
[INFO] [stdout]   34:     0x614f24b7ec2b - rocket::async_run::h63dc6edad7022bb5
[INFO] [stdout]                                at /opt/rustwide/cargo-home/registry/src/index.crates.io-6f17d22bba15001f/rocket-0.5.0-rc.2/src/lib.rs:246:18
[INFO] [stdout]   35:     0x614f24b7e6ad - rocket::async_test::h037eb465257d5469
[INFO] [stdout]                                at /opt/rustwide/cargo-home/registry/src/index.crates.io-6f17d22bba15001f/rocket-0.5.0-rc.2/src/lib.rs:257:5
[INFO] [stdout]   36:     0x614f24b92215 - rust_redirect::tests::test::create_edit_redirect_delete::h72256aec8b156c9f
[INFO] [stdout]                                at /opt/rustwide/workdir/src/tests.rs:97:44
[INFO] [stdout]   37:     0x614f24b921c7 - rust_redirect::tests::test::create_edit_redirect_delete::{{closure}}::h26c8dc0ae2cf98cc
[INFO] [stdout]                                at /opt/rustwide/workdir/src/tests.rs:97:43
[INFO] [stdout]   38:     0x614f24aa5376 - core::ops::function::FnOnce::call_once::he2be29ba9925a048
[INFO] [stdout]                                at /rustc/202008a1b8de96d2e5b6bc02d379db03a877d34d/library/core/src/ops/function.rs:250:5
[INFO] [stdout]   39:     0x614f24bf238b - core::ops::function::FnOnce::call_once::h871bf86719ec9aa4
[INFO] [stdout]                                at /rustc/202008a1b8de96d2e5b6bc02d379db03a877d34d/library/core/src/ops/function.rs:250:5
[INFO] [stdout]   40:     0x614f24bf238b - test::__rust_begin_short_backtrace::h2167df1e2b7d76fd
[INFO] [stdout]                                at /rustc/202008a1b8de96d2e5b6bc02d379db03a877d34d/library/test/src/lib.rs:632:18
[INFO] [stdout]   41:     0x614f24bf1d78 - test::run_test_in_process::{{closure}}::h15d92f75a3adfb79
[INFO] [stdout]                                at /rustc/202008a1b8de96d2e5b6bc02d379db03a877d34d/library/test/src/lib.rs:655:60
[INFO] [stdout]   42:     0x614f24bf1d78 - <core::panic::unwind_safe::AssertUnwindSafe<F> as core::ops::function::FnOnce<()>>::call_once::hb6c8955835a8dbbb
[INFO] [stdout]                                at /rustc/202008a1b8de96d2e5b6bc02d379db03a877d34d/library/core/src/panic/unwind_safe.rs:272:9
[INFO] [stdout]   43:     0x614f24bf1d78 - std::panicking::try::do_call::hc79d0fc888a0bd30
[INFO] [stdout]                                at /rustc/202008a1b8de96d2e5b6bc02d379db03a877d34d/library/std/src/panicking.rs:557:40
[INFO] [stdout]   44:     0x614f24bf1d78 - std::panicking::try::hb8a7878e3a8589d6
[INFO] [stdout]                                at /rustc/202008a1b8de96d2e5b6bc02d379db03a877d34d/library/std/src/panicking.rs:520:19
[INFO] [stdout]   45:     0x614f24bf1d78 - std::panic::catch_unwind::hb8e4600ff0ff5cfa
[INFO] [stdout]                                at /rustc/202008a1b8de96d2e5b6bc02d379db03a877d34d/library/std/src/panic.rs:358:14
[INFO] [stdout]   46:     0x614f24bf1d78 - test::run_test_in_process::hc2900b0b18688dd6
[INFO] [stdout]                                at /rustc/202008a1b8de96d2e5b6bc02d379db03a877d34d/library/test/src/lib.rs:655:27
[INFO] [stdout]   47:     0x614f24bf1d78 - test::run_test::{{closure}}::hac2a9cb07be3d48d
[INFO] [stdout]                                at /rustc/202008a1b8de96d2e5b6bc02d379db03a877d34d/library/test/src/lib.rs:576:43
[INFO] [stdout]   48:     0x614f24bb581a - test::run_test::{{closure}}::h4a5b729e66a38cd8
[INFO] [stdout]                                at /rustc/202008a1b8de96d2e5b6bc02d379db03a877d34d/library/test/src/lib.rs:606:41
[INFO] [stdout]   49:     0x614f24bb581a - std::sys::backtrace::__rust_begin_short_backtrace::h0496fb742492f573
[INFO] [stdout]                                at /rustc/202008a1b8de96d2e5b6bc02d379db03a877d34d/library/std/src/sys/backtrace.rs:154:18
[INFO] [stdout]   50:     0x614f24bb9194 - std::thread::Builder::spawn_unchecked_::{{closure}}::{{closure}}::hbb6d257c550a54bd
[INFO] [stdout]                                at /rustc/202008a1b8de96d2e5b6bc02d379db03a877d34d/library/std/src/thread/mod.rs:561:17
[INFO] [stdout]   51:     0x614f24bb9194 - <core::panic::unwind_safe::AssertUnwindSafe<F> as core::ops::function::FnOnce<()>>::call_once::h46696fe4a6832328
[INFO] [stdout]                                at /rustc/202008a1b8de96d2e5b6bc02d379db03a877d34d/library/core/src/panic/unwind_safe.rs:272:9
[INFO] [stdout]   52:     0x614f24bb9194 - std::panicking::try::do_call::h2625a51b667bfb64
[INFO] [stdout]                                at /rustc/202008a1b8de96d2e5b6bc02d379db03a877d34d/library/std/src/panicking.rs:557:40
[INFO] [stdout]   53:     0x614f24bb9194 - std::panicking::try::hb956a59a1973aa4c
[INFO] [stdout]                                at /rustc/202008a1b8de96d2e5b6bc02d379db03a877d34d/library/std/src/panicking.rs:520:19
[INFO] [stdout]   54:     0x614f24bb9194 - std::panic::catch_unwind::h64f3b9d1067ef6a0
[INFO] [stdout]                                at /rustc/202008a1b8de96d2e5b6bc02d379db03a877d34d/library/std/src/panic.rs:358:14
[INFO] [stdout]   55:     0x614f24bb9194 - std::thread::Builder::spawn_unchecked_::{{closure}}::h42b2841295b6c0b2
[INFO] [stdout]                                at /rustc/202008a1b8de96d2e5b6bc02d379db03a877d34d/library/std/src/thread/mod.rs:559:30
[INFO] [stdout]   56:     0x614f24bb9194 - core::ops::function::FnOnce::call_once{{vtable.shim}}::h6127de71b8124639
[INFO] [stdout]                                at /rustc/202008a1b8de96d2e5b6bc02d379db03a877d34d/library/core/src/ops/function.rs:250:5
[INFO] [stdout]   57:     0x614f25ae4ecb - <alloc::boxed::Box<F,A> as core::ops::function::FnOnce<Args>>::call_once::h42f0ba71002a1b2c
[INFO] [stdout]                                at /rustc/202008a1b8de96d2e5b6bc02d379db03a877d34d/library/alloc/src/boxed.rs:1972:9
[INFO] [stdout]   58:     0x614f25ae4ecb - <alloc::boxed::Box<F,A> as core::ops::function::FnOnce<Args>>::call_once::had9e47d7a3dcecb8
[INFO] [stdout]                                at /rustc/202008a1b8de96d2e5b6bc02d379db03a877d34d/library/alloc/src/boxed.rs:1972:9
[INFO] [stdout]   59:     0x614f25ae4ecb - std::sys::pal::unix::thread::Thread::new::thread_start::h48cf765408f6f5f2
[INFO] [stdout]                                at /rustc/202008a1b8de96d2e5b6bc02d379db03a877d34d/library/std/src/sys/pal/unix/thread.rs:105:17
[INFO] [stdout]   60:     0x7b6b4c5f9ac3 - <unknown>
[INFO] [stdout]   61:     0x7b6b4c68aa04 - clone
[INFO] [stdout]   62:                0x0 - <unknown>
[INFO] [stdout] 
[INFO] [stdout] 
[INFO] [stdout] failures:
[INFO] [stdout]     tests::test::create_edit_redirect_delete
[INFO] [stdout]     tests::test::create_redirect_list_delete
[INFO] [stdout] 
[INFO] [stdout] test result: FAILED. 0 passed; 2 failed; 0 ignored; 0 measured; 0 filtered out; finished in 30.48s
[INFO] [stdout] 
[INFO] [stderr] error: test failed, to rerun pass `--bin rust-redirect`
[INFO] running `Command { std: "docker" "inspect" "8c2294c128c2cc4e863367589225840c5859d67139736936d153b4cc8d1acb0a", kill_on_drop: false }`
[INFO] running `Command { std: "docker" "rm" "-f" "8c2294c128c2cc4e863367589225840c5859d67139736936d153b4cc8d1acb0a", kill_on_drop: false }`
[INFO] [stdout] 8c2294c128c2cc4e863367589225840c5859d67139736936d153b4cc8d1acb0a
