[INFO] cloning repository https://github.com/Latias94/tiny-soft-renderer
[INFO] running `Command { std: "git" "-c" "credential.helper=" "-c" "credential.helper=/workspace/cargo-home/bin/git-credential-null" "clone" "--bare" "https://github.com/Latias94/tiny-soft-renderer" "/workspace/cache/git-repos/https%3A%2F%2Fgithub.com%2FLatias94%2Ftiny-soft-renderer", kill_on_drop: false }`
[INFO] [stderr] Cloning into bare repository '/workspace/cache/git-repos/https%3A%2F%2Fgithub.com%2FLatias94%2Ftiny-soft-renderer'...
[INFO] running `Command { std: "git" "rev-parse" "HEAD", kill_on_drop: false }`
[INFO] [stdout] b5d43c5c5feda1a69229c334d45b73fe14c879f0
[INFO] testing Latias94/tiny-soft-renderer against beta-2024-12-08 for beta-1.84.0-4-retry
[INFO] running `Command { std: "git" "clone" "/workspace/cache/git-repos/https%3A%2F%2Fgithub.com%2FLatias94%2Ftiny-soft-renderer" "/workspace/builds/worker-5-tc2/source", kill_on_drop: false }`
[INFO] [stderr] Cloning into '/workspace/builds/worker-5-tc2/source'...
[INFO] [stderr] done.
[INFO] validating manifest of git repo https://github.com/Latias94/tiny-soft-renderer on toolchain beta-2024-12-08
[INFO] running `Command { std: CARGO_HOME="/workspace/cargo-home" RUSTUP_HOME="/workspace/rustup-home" "/workspace/cargo-home/bin/cargo" "+beta-2024-12-08" "metadata" "--manifest-path" "Cargo.toml" "--no-deps", kill_on_drop: false }`
[INFO] started tweaking git repo https://github.com/Latias94/tiny-soft-renderer
[INFO] finished tweaking git repo https://github.com/Latias94/tiny-soft-renderer
[INFO] tweaked toml for git repo https://github.com/Latias94/tiny-soft-renderer written to /workspace/builds/worker-5-tc2/source/Cargo.toml
[INFO] crate git repo https://github.com/Latias94/tiny-soft-renderer already has a lockfile, it will not be regenerated
[INFO] running `Command { std: CARGO_HOME="/workspace/cargo-home" RUSTUP_HOME="/workspace/rustup-home" "/workspace/cargo-home/bin/cargo" "+beta-2024-12-08" "fetch" "--manifest-path" "Cargo.toml", kill_on_drop: false }`
[INFO] running `Command { std: "docker" "create" "-v" "/var/lib/crater-agent-workspace/builds/worker-5-tc2/target:/opt/rustwide/target:rw,Z" "-v" "/var/lib/crater-agent-workspace/builds/worker-5-tc2/source:/opt/rustwide/workdir:ro,Z" "-v" "/var/lib/crater-agent-workspace/cargo-home:/opt/rustwide/cargo-home:ro,Z" "-v" "/var/lib/crater-agent-workspace/rustup-home:/opt/rustwide/rustup-home:ro,Z" "-e" "SOURCE_DIR=/opt/rustwide/workdir" "-e" "CARGO_TARGET_DIR=/opt/rustwide/target" "-e" "CARGO_HOME=/opt/rustwide/cargo-home" "-e" "RUSTUP_HOME=/opt/rustwide/rustup-home" "-w" "/opt/rustwide/workdir" "-m" "1610612736" "--user" "0:0" "--network" "none" "ghcr.io/rust-lang/crates-build-env/linux@sha256:f3a9d4ad9d972b27faf3965f35b62e55ba32bbce8f20bc8fe909558a86702fde" "/opt/rustwide/cargo-home/bin/cargo" "+beta-2024-12-08" "metadata" "--no-deps" "--format-version=1", kill_on_drop: false }`
[INFO] [stdout] 4dd8e97e0705c07d73e2fc527b8dcf7697482754ad138b07c4374425e422d44d
[INFO] running `Command { std: "docker" "start" "-a" "4dd8e97e0705c07d73e2fc527b8dcf7697482754ad138b07c4374425e422d44d", kill_on_drop: false }`
[INFO] running `Command { std: "docker" "inspect" "4dd8e97e0705c07d73e2fc527b8dcf7697482754ad138b07c4374425e422d44d", kill_on_drop: false }`
[INFO] running `Command { std: "docker" "rm" "-f" "4dd8e97e0705c07d73e2fc527b8dcf7697482754ad138b07c4374425e422d44d", kill_on_drop: false }`
[INFO] [stdout] 4dd8e97e0705c07d73e2fc527b8dcf7697482754ad138b07c4374425e422d44d
[INFO] running `Command { std: "docker" "create" "-v" "/var/lib/crater-agent-workspace/builds/worker-5-tc2/target:/opt/rustwide/target:rw,Z" "-v" "/var/lib/crater-agent-workspace/builds/worker-5-tc2/source:/opt/rustwide/workdir:ro,Z" "-v" "/var/lib/crater-agent-workspace/cargo-home:/opt/rustwide/cargo-home:ro,Z" "-v" "/var/lib/crater-agent-workspace/rustup-home:/opt/rustwide/rustup-home:ro,Z" "-e" "SOURCE_DIR=/opt/rustwide/workdir" "-e" "CARGO_TARGET_DIR=/opt/rustwide/target" "-e" "CARGO_INCREMENTAL=0" "-e" "RUST_BACKTRACE=full" "-e" "RUSTFLAGS=--cap-lints=warn" "-e" "RUSTDOCFLAGS=--cap-lints=warn" "-e" "CARGO_HOME=/opt/rustwide/cargo-home" "-e" "RUSTUP_HOME=/opt/rustwide/rustup-home" "-w" "/opt/rustwide/workdir" "-m" "1610612736" "--user" "0:0" "--network" "none" "ghcr.io/rust-lang/crates-build-env/linux@sha256:f3a9d4ad9d972b27faf3965f35b62e55ba32bbce8f20bc8fe909558a86702fde" "/opt/rustwide/cargo-home/bin/cargo" "+beta-2024-12-08" "build" "--frozen" "--message-format=json", kill_on_drop: false }`
[INFO] [stdout] 6384e136bf7492adac5cc8d1f06c5093f11f354ec3dc6982111681b518cfad82
[INFO] running `Command { std: "docker" "start" "-a" "6384e136bf7492adac5cc8d1f06c5093f11f354ec3dc6982111681b518cfad82", kill_on_drop: false }`
[INFO] [stderr]    Compiling proc-macro2 v1.0.78
[INFO] [stderr]    Compiling crossbeam-utils v0.8.19
[INFO] [stderr]    Compiling unicode-ident v1.0.12
[INFO] [stderr]    Compiling simd-adler32 v0.3.7
[INFO] [stderr]    Compiling libc v0.2.153
[INFO] [stderr]    Compiling rayon-core v1.12.1
[INFO] [stderr]    Compiling lock_api v0.4.11
[INFO] [stderr]    Compiling crc32fast v1.4.0
[INFO] [stderr]    Compiling scopeguard v1.2.0
[INFO] [stderr]    Compiling miniz_oxide v0.7.2
[INFO] [stderr]    Compiling either v1.10.0
[INFO] [stderr]    Compiling ahash v0.8.11
[INFO] [stderr]    Compiling num-traits v0.2.18
[INFO] [stderr]    Compiling weezl v0.1.8
[INFO] [stderr]    Compiling zune-inflate v0.2.54
[INFO] [stderr]    Compiling spin v0.9.8
[INFO] [stderr]    Compiling flate2 v1.0.28
[INFO] [stderr]    Compiling flume v0.11.0
[INFO] [stderr]    Compiling crossbeam-epoch v0.9.18
[INFO] [stderr]    Compiling quote v1.0.35
[INFO] [stderr]    Compiling getrandom v0.2.12
[INFO] [stderr]    Compiling fdeflate v0.3.4
[INFO] [stderr]    Compiling crossbeam-deque v0.8.5
[INFO] [stderr]    Compiling rand_core v0.6.4
[INFO] [stderr]    Compiling half v2.4.0
[INFO] [stderr]    Compiling syn v2.0.52
[INFO] [stderr]    Compiling zerocopy v0.7.32
[INFO] [stderr]    Compiling once_cell v1.19.0
[INFO] [stderr]    Compiling smallvec v1.13.1
[INFO] [stderr]    Compiling lebe v0.5.2
[INFO] [stderr]    Compiling ppv-lite86 v0.2.17
[INFO] [stderr]    Compiling bit_field v0.10.2
[INFO] [stderr]    Compiling anyhow v1.0.80
[INFO] [stderr]    Compiling png v0.17.13
[INFO] [stderr]    Compiling gif v0.13.1
[INFO] [stderr]    Compiling rand_chacha v0.3.1
[INFO] [stderr]    Compiling byteorder v1.5.0
[INFO] [stderr]    Compiling rayon v1.9.0
[INFO] [stderr]    Compiling exr v1.72.0
[INFO] [stderr]    Compiling rand v0.8.5
[INFO] [stderr]    Compiling tobj v4.0.1
[INFO] [stderr]    Compiling bytemuck_derive v1.5.0
[INFO] [stderr]    Compiling profiling-procmacros v1.0.15
[INFO] [stderr]    Compiling jpeg-decoder v0.3.1
[INFO] [stderr]    Compiling profiling v1.0.15
[INFO] [stderr]    Compiling tiff v0.9.1
[INFO] [stderr]    Compiling bytemuck v1.14.3
[INFO] [stderr]    Compiling qoi v0.4.1
[INFO] [stderr]    Compiling image v0.24.9
[INFO] [stderr]    Compiling tiny-soft-renderer v0.1.0 (/opt/rustwide/workdir)
[INFO] [stderr]     Finished `dev` profile [unoptimized + debuginfo] target(s) in 45.73s
[INFO] running `Command { std: "docker" "inspect" "6384e136bf7492adac5cc8d1f06c5093f11f354ec3dc6982111681b518cfad82", kill_on_drop: false }`
[INFO] running `Command { std: "docker" "rm" "-f" "6384e136bf7492adac5cc8d1f06c5093f11f354ec3dc6982111681b518cfad82", kill_on_drop: false }`
[INFO] [stdout] 6384e136bf7492adac5cc8d1f06c5093f11f354ec3dc6982111681b518cfad82
[INFO] running `Command { std: "docker" "create" "-v" "/var/lib/crater-agent-workspace/builds/worker-5-tc2/target:/opt/rustwide/target:rw,Z" "-v" "/var/lib/crater-agent-workspace/builds/worker-5-tc2/source:/opt/rustwide/workdir:ro,Z" "-v" "/var/lib/crater-agent-workspace/cargo-home:/opt/rustwide/cargo-home:ro,Z" "-v" "/var/lib/crater-agent-workspace/rustup-home:/opt/rustwide/rustup-home:ro,Z" "-e" "SOURCE_DIR=/opt/rustwide/workdir" "-e" "CARGO_TARGET_DIR=/opt/rustwide/target" "-e" "CARGO_INCREMENTAL=0" "-e" "RUST_BACKTRACE=full" "-e" "RUSTFLAGS=--cap-lints=warn" "-e" "RUSTDOCFLAGS=--cap-lints=warn" "-e" "CARGO_HOME=/opt/rustwide/cargo-home" "-e" "RUSTUP_HOME=/opt/rustwide/rustup-home" "-w" "/opt/rustwide/workdir" "-m" "1610612736" "--user" "0:0" "--network" "none" "ghcr.io/rust-lang/crates-build-env/linux@sha256:f3a9d4ad9d972b27faf3965f35b62e55ba32bbce8f20bc8fe909558a86702fde" "/opt/rustwide/cargo-home/bin/cargo" "+beta-2024-12-08" "test" "--frozen" "--no-run" "--message-format=json", kill_on_drop: false }`
[INFO] [stdout] dfe0884f3ed9eb3e9d422ceeb1d05d3031c6aa3ac40d061a329041ebb93ae3c4
[INFO] running `Command { std: "docker" "start" "-a" "dfe0884f3ed9eb3e9d422ceeb1d05d3031c6aa3ac40d061a329041ebb93ae3c4", kill_on_drop: false }`
[INFO] [stderr]    Compiling libc v0.2.153
[INFO] [stderr]    Compiling cc v1.0.90
[INFO] [stderr]    Compiling version-compare v0.1.1
[INFO] [stderr]    Compiling sdl2 v0.36.0
[INFO] [stderr]    Compiling cmake v0.1.50
[INFO] [stderr]    Compiling sdl2-sys v0.36.0
[INFO] [stderr]    Compiling getrandom v0.2.12
[INFO] [stderr]    Compiling rand_core v0.6.4
[INFO] [stderr]    Compiling ahash v0.8.11
[INFO] [stderr]    Compiling rand_chacha v0.3.1
[INFO] [stderr]    Compiling tobj v4.0.1
[INFO] [stderr]    Compiling rand v0.8.5
[INFO] [stderr]    Compiling tiny-soft-renderer v0.1.0 (/opt/rustwide/workdir)
[INFO] [stderr]     Finished `test` profile [unoptimized + debuginfo] target(s) in 2m 22s
[INFO] running `Command { std: "docker" "inspect" "dfe0884f3ed9eb3e9d422ceeb1d05d3031c6aa3ac40d061a329041ebb93ae3c4", kill_on_drop: false }`
[INFO] running `Command { std: "docker" "rm" "-f" "dfe0884f3ed9eb3e9d422ceeb1d05d3031c6aa3ac40d061a329041ebb93ae3c4", kill_on_drop: false }`
[INFO] [stdout] dfe0884f3ed9eb3e9d422ceeb1d05d3031c6aa3ac40d061a329041ebb93ae3c4
[INFO] running `Command { std: "docker" "create" "-v" "/var/lib/crater-agent-workspace/builds/worker-5-tc2/target:/opt/rustwide/target:rw,Z" "-v" "/var/lib/crater-agent-workspace/builds/worker-5-tc2/source:/opt/rustwide/workdir:ro,Z" "-v" "/var/lib/crater-agent-workspace/cargo-home:/opt/rustwide/cargo-home:ro,Z" "-v" "/var/lib/crater-agent-workspace/rustup-home:/opt/rustwide/rustup-home:ro,Z" "-e" "SOURCE_DIR=/opt/rustwide/workdir" "-e" "CARGO_TARGET_DIR=/opt/rustwide/target" "-e" "CARGO_INCREMENTAL=0" "-e" "RUST_BACKTRACE=full" "-e" "RUSTFLAGS=--cap-lints=warn" "-e" "RUSTDOCFLAGS=--cap-lints=warn" "-e" "CARGO_HOME=/opt/rustwide/cargo-home" "-e" "RUSTUP_HOME=/opt/rustwide/rustup-home" "-w" "/opt/rustwide/workdir" "-m" "1610612736" "--user" "0:0" "--network" "none" "ghcr.io/rust-lang/crates-build-env/linux@sha256:f3a9d4ad9d972b27faf3965f35b62e55ba32bbce8f20bc8fe909558a86702fde" "/opt/rustwide/cargo-home/bin/cargo" "+beta-2024-12-08" "test" "--frozen", kill_on_drop: false }`
[INFO] [stdout] 334ddf70bff6d8b121c9550230664b5f18e12c391f572ce4dffa042313c353e5
[INFO] running `Command { std: "docker" "start" "-a" "334ddf70bff6d8b121c9550230664b5f18e12c391f572ce4dffa042313c353e5", kill_on_drop: false }`
[INFO] [stderr]     Finished `test` profile [unoptimized + debuginfo] target(s) in 0.19s
[INFO] [stderr]      Running unittests src/lib.rs (/opt/rustwide/target/debug/deps/tiny_soft_renderer-5ef2426fc676be18)
[INFO] [stdout] 
[INFO] [stdout] running 15 tests
[INFO] [stdout] test math::vec::tests::test_vec2_operations ... ok
[INFO] [stdout] test math::vec::tests::test_vec3_chain_operations ... ok
[INFO] [stdout] test math::vec::tests::test_vec2_scalar_mul ... ok
[INFO] [stdout] test math::vec::tests::test_vec4_assign_operations ... ok
[INFO] [stdout] test math::mat::tests::test_mat4f ... ok
[INFO] [stdout] test math::vec::tests::test_vec_cast ... ok
[INFO] [stdout] test math::vec::tests::test_vec_sqrt ... ok
[INFO] [stdout] test renderer::tests::test_barycentric ... ok
[INFO] [stdout] test math::vec::tests::test_vec_add ... ok
[INFO] [stdout] test math::vec::tests::test_vec_common_methods ... ok
[INFO] [stdout] test math::vec::tests::test_vec_neg ... ok
[INFO] [stdout] test math::vec::tests::test_vec_from_array ... ok
[INFO] [stdout] test math::vec::tests::test_vec_index_and_get ... ok
[INFO] [stdout] test math::vec::tests::test_vec_normalize ... ok
[INFO] [stdout] test math::mat::tests::test_mat4x1 ... FAILED
[INFO] [stdout] 
[INFO] [stdout] failures:
[INFO] [stdout] 
[INFO] [stdout] ---- math::mat::tests::test_mat4x1 stdout ----
[INFO] [stdout] thread 'math::mat::tests::test_mat4x1' panicked at src/math/mat.rs:484:9:
[INFO] [stdout] assertion `left == right` failed
[INFO] [stdout]   left: TVec3 { x: 0.25, y: 0.5, z: 0.75 }
[INFO] [stdout]  right: TVec3 { x: 1.0, y: 2.0, z: 3.0 }
[INFO] [stdout] stack backtrace:
[INFO] [stdout]    0:     0x5e46d70af9ea - std::backtrace_rs::backtrace::libunwind::trace::h8810477743020387
[INFO] [stdout]                                at /rustc/202008a1b8de96d2e5b6bc02d379db03a877d34d/library/std/src/../../backtrace/src/backtrace/libunwind.rs:116:5
[INFO] [stdout]    1:     0x5e46d70af9ea - std::backtrace_rs::backtrace::trace_unsynchronized::h3aa55355dd6c54a6
[INFO] [stdout]                                at /rustc/202008a1b8de96d2e5b6bc02d379db03a877d34d/library/std/src/../../backtrace/src/backtrace/mod.rs:66:5
[INFO] [stdout]    2:     0x5e46d70af9ea - std::sys::backtrace::_print_fmt::h8588b0f62410823f
[INFO] [stdout]                                at /rustc/202008a1b8de96d2e5b6bc02d379db03a877d34d/library/std/src/sys/backtrace.rs:66:9
[INFO] [stdout]    3:     0x5e46d70af9ea - <std::sys::backtrace::BacktraceLock::print::DisplayBacktrace as core::fmt::Display>::fmt::h98c26ac25ffe89bb
[INFO] [stdout]                                at /rustc/202008a1b8de96d2e5b6bc02d379db03a877d34d/library/std/src/sys/backtrace.rs:39:26
[INFO] [stdout]    4:     0x5e46d70d5f03 - core::fmt::rt::Argument::fmt::hf95377f4aebd453b
[INFO] [stdout]                                at /rustc/202008a1b8de96d2e5b6bc02d379db03a877d34d/library/core/src/fmt/rt.rs:177:76
[INFO] [stdout]    5:     0x5e46d70d5f03 - core::fmt::write::h0dd5f6e2238c7982
[INFO] [stdout]                                at /rustc/202008a1b8de96d2e5b6bc02d379db03a877d34d/library/core/src/fmt/mod.rs:1189:21
[INFO] [stdout]    6:     0x5e46d70acb83 - std::io::Write::write_fmt::h03bb0ca26e6faf8c
[INFO] [stdout]                                at /rustc/202008a1b8de96d2e5b6bc02d379db03a877d34d/library/std/src/io/mod.rs:1884:15
[INFO] [stdout]    7:     0x5e46d70af832 - std::sys::backtrace::BacktraceLock::print::h5c19c1c038ee186d
[INFO] [stdout]                                at /rustc/202008a1b8de96d2e5b6bc02d379db03a877d34d/library/std/src/sys/backtrace.rs:42:9
[INFO] [stdout]    8:     0x5e46d70b0e6d - std::panicking::default_hook::{{closure}}::h77172f079a1fcb13
[INFO] [stdout]                                at /rustc/202008a1b8de96d2e5b6bc02d379db03a877d34d/library/std/src/panicking.rs:268:22
[INFO] [stdout]    9:     0x5e46d70b0c77 - std::panicking::default_hook::he5f8e3b203ccddba
[INFO] [stdout]                                at /rustc/202008a1b8de96d2e5b6bc02d379db03a877d34d/library/std/src/panicking.rs:292:9
[INFO] [stdout]   10:     0x5e46d7079217 - <alloc::boxed::Box<F,A> as core::ops::function::Fn<Args>>::call::h7a3c7b4a1ae77f2f
[INFO] [stdout]                                at /rustc/202008a1b8de96d2e5b6bc02d379db03a877d34d/library/alloc/src/boxed.rs:1986:9
[INFO] [stdout]   11:     0x5e46d7079217 - test::test_main::{{closure}}::hf0d3b69ae9b353d1
[INFO] [stdout]                                at /rustc/202008a1b8de96d2e5b6bc02d379db03a877d34d/library/test/src/lib.rs:134:21
[INFO] [stdout]   12:     0x5e46d70b1518 - <alloc::boxed::Box<F,A> as core::ops::function::Fn<Args>>::call::h6332e82e7b189abd
[INFO] [stdout]                                at /rustc/202008a1b8de96d2e5b6bc02d379db03a877d34d/library/alloc/src/boxed.rs:1986:9
[INFO] [stdout]   13:     0x5e46d70b1518 - std::panicking::rust_panic_with_hook::h53863d4e9018df39
[INFO] [stdout]                                at /rustc/202008a1b8de96d2e5b6bc02d379db03a877d34d/library/std/src/panicking.rs:809:13
[INFO] [stdout]   14:     0x5e46d70b12da - std::panicking::begin_panic_handler::{{closure}}::h67280e6fa0757873
[INFO] [stdout]                                at /rustc/202008a1b8de96d2e5b6bc02d379db03a877d34d/library/std/src/panicking.rs:674:13
[INFO] [stdout]   15:     0x5e46d70afec9 - std::sys::backtrace::__rust_end_short_backtrace::h1dac3f54d6fbbeb2
[INFO] [stdout]                                at /rustc/202008a1b8de96d2e5b6bc02d379db03a877d34d/library/std/src/sys/backtrace.rs:170:18
[INFO] [stdout]   16:     0x5e46d70b0f6c - rust_begin_unwind
[INFO] [stdout]                                at /rustc/202008a1b8de96d2e5b6bc02d379db03a877d34d/library/std/src/panicking.rs:665:5
[INFO] [stdout]   17:     0x5e46d7036a90 - core::panicking::panic_fmt::h6792bd1b2bf01041
[INFO] [stdout]                                at /rustc/202008a1b8de96d2e5b6bc02d379db03a877d34d/library/core/src/panicking.rs:76:14
[INFO] [stdout]   18:     0x5e46d7036dbb - core::panicking::assert_failed_inner::hf2c17e6d30928787
[INFO] [stdout]   19:     0x5e46d7037e8e - core::panicking::assert_failed::h9ba1a79635615656
[INFO] [stdout]                                at /rustc/202008a1b8de96d2e5b6bc02d379db03a877d34d/library/core/src/panicking.rs:373:5
[INFO] [stdout]   20:     0x5e46d703c126 - tiny_soft_renderer::math::mat::tests::test_mat4x1::hb2ee812df9a1299e
[INFO] [stdout]                                at /opt/rustwide/workdir/src/math/mat.rs:484:9
[INFO] [stdout]   21:     0x5e46d703b467 - tiny_soft_renderer::math::mat::tests::test_mat4x1::{{closure}}::h24fe1d1eabd731af
[INFO] [stdout]                                at /opt/rustwide/workdir/src/math/mat.rs:445:21
[INFO] [stdout]   22:     0x5e46d7037976 - core::ops::function::FnOnce::call_once::h4261215b62f16c7f
[INFO] [stdout]                                at /rustc/202008a1b8de96d2e5b6bc02d379db03a877d34d/library/core/src/ops/function.rs:250:5
[INFO] [stdout]   23:     0x5e46d707dd3b - core::ops::function::FnOnce::call_once::h871bf86719ec9aa4
[INFO] [stdout]                                at /rustc/202008a1b8de96d2e5b6bc02d379db03a877d34d/library/core/src/ops/function.rs:250:5
[INFO] [stdout]   24:     0x5e46d707dd3b - test::__rust_begin_short_backtrace::h2167df1e2b7d76fd
[INFO] [stdout]                                at /rustc/202008a1b8de96d2e5b6bc02d379db03a877d34d/library/test/src/lib.rs:632:18
[INFO] [stdout]   25:     0x5e46d707d728 - test::run_test_in_process::{{closure}}::h15d92f75a3adfb79
[INFO] [stdout]                                at /rustc/202008a1b8de96d2e5b6bc02d379db03a877d34d/library/test/src/lib.rs:655:60
[INFO] [stdout]   26:     0x5e46d707d728 - <core::panic::unwind_safe::AssertUnwindSafe<F> as core::ops::function::FnOnce<()>>::call_once::hb6c8955835a8dbbb
[INFO] [stdout]                                at /rustc/202008a1b8de96d2e5b6bc02d379db03a877d34d/library/core/src/panic/unwind_safe.rs:272:9
[INFO] [stdout]   27:     0x5e46d707d728 - std::panicking::try::do_call::hc79d0fc888a0bd30
[INFO] [stdout]                                at /rustc/202008a1b8de96d2e5b6bc02d379db03a877d34d/library/std/src/panicking.rs:557:40
[INFO] [stdout]   28:     0x5e46d707d728 - std::panicking::try::hb8a7878e3a8589d6
[INFO] [stdout]                                at /rustc/202008a1b8de96d2e5b6bc02d379db03a877d34d/library/std/src/panicking.rs:520:19
[INFO] [stdout]   29:     0x5e46d707d728 - std::panic::catch_unwind::hb8e4600ff0ff5cfa
[INFO] [stdout]                                at /rustc/202008a1b8de96d2e5b6bc02d379db03a877d34d/library/std/src/panic.rs:358:14
[INFO] [stdout]   30:     0x5e46d707d728 - test::run_test_in_process::hc2900b0b18688dd6
[INFO] [stdout]                                at /rustc/202008a1b8de96d2e5b6bc02d379db03a877d34d/library/test/src/lib.rs:655:27
[INFO] [stdout]   31:     0x5e46d707d728 - test::run_test::{{closure}}::hac2a9cb07be3d48d
[INFO] [stdout]                                at /rustc/202008a1b8de96d2e5b6bc02d379db03a877d34d/library/test/src/lib.rs:576:43
[INFO] [stdout]   32:     0x5e46d70411ca - test::run_test::{{closure}}::h4a5b729e66a38cd8
[INFO] [stdout]                                at /rustc/202008a1b8de96d2e5b6bc02d379db03a877d34d/library/test/src/lib.rs:606:41
[INFO] [stdout]   33:     0x5e46d70411ca - std::sys::backtrace::__rust_begin_short_backtrace::h0496fb742492f573
[INFO] [stdout]                                at /rustc/202008a1b8de96d2e5b6bc02d379db03a877d34d/library/std/src/sys/backtrace.rs:154:18
[INFO] [stdout]   34:     0x5e46d7044b44 - std::thread::Builder::spawn_unchecked_::{{closure}}::{{closure}}::hbb6d257c550a54bd
[INFO] [stdout]                                at /rustc/202008a1b8de96d2e5b6bc02d379db03a877d34d/library/std/src/thread/mod.rs:561:17
[INFO] [stdout]   35:     0x5e46d7044b44 - <core::panic::unwind_safe::AssertUnwindSafe<F> as core::ops::function::FnOnce<()>>::call_once::h46696fe4a6832328
[INFO] [stdout]                                at /rustc/202008a1b8de96d2e5b6bc02d379db03a877d34d/library/core/src/panic/unwind_safe.rs:272:9
[INFO] [stdout]   36:     0x5e46d7044b44 - std::panicking::try::do_call::h2625a51b667bfb64
[INFO] [stdout]                                at /rustc/202008a1b8de96d2e5b6bc02d379db03a877d34d/library/std/src/panicking.rs:557:40
[INFO] [stdout]   37:     0x5e46d7044b44 - std::panicking::try::hb956a59a1973aa4c
[INFO] [stdout]                                at /rustc/202008a1b8de96d2e5b6bc02d379db03a877d34d/library/std/src/panicking.rs:520:19
[INFO] [stdout]   38:     0x5e46d7044b44 - std::panic::catch_unwind::h64f3b9d1067ef6a0
[INFO] [stdout]                                at /rustc/202008a1b8de96d2e5b6bc02d379db03a877d34d/library/std/src/panic.rs:358:14
[INFO] [stdout]   39:     0x5e46d7044b44 - std::thread::Builder::spawn_unchecked_::{{closure}}::h42b2841295b6c0b2
[INFO] [stdout]                                at /rustc/202008a1b8de96d2e5b6bc02d379db03a877d34d/library/std/src/thread/mod.rs:559:30
[INFO] [stdout]   40:     0x5e46d7044b44 - core::ops::function::FnOnce::call_once{{vtable.shim}}::h6127de71b8124639
[INFO] [stdout]                                at /rustc/202008a1b8de96d2e5b6bc02d379db03a877d34d/library/core/src/ops/function.rs:250:5
[INFO] [stdout]   41:     0x5e46d70b545b - <alloc::boxed::Box<F,A> as core::ops::function::FnOnce<Args>>::call_once::h42f0ba71002a1b2c
[INFO] [stdout]                                at /rustc/202008a1b8de96d2e5b6bc02d379db03a877d34d/library/alloc/src/boxed.rs:1972:9
[INFO] [stdout]   42:     0x5e46d70b545b - <alloc::boxed::Box<F,A> as core::ops::function::FnOnce<Args>>::call_once::had9e47d7a3dcecb8
[INFO] [stdout]                                at /rustc/202008a1b8de96d2e5b6bc02d379db03a877d34d/library/alloc/src/boxed.rs:1972:9
[INFO] [stdout]   43:     0x5e46d70b545b - std::sys::pal::unix::thread::Thread::new::thread_start::h48cf765408f6f5f2
[INFO] [stdout]                                at /rustc/202008a1b8de96d2e5b6bc02d379db03a877d34d/library/std/src/sys/pal/unix/thread.rs:105:17
[INFO] [stdout]   44:     0x719eeeeb4ac3 - <unknown>
[INFO] [stdout]   45:     0x719eeef45a04 - clone
[INFO] [stdout]   46:                0x0 - <unknown>
[INFO] [stdout] 
[INFO] [stdout] 
[INFO] [stdout] failures:
[INFO] [stdout]     math::mat::tests::test_mat4x1
[INFO] [stdout] 
[INFO] [stdout] test result: FAILED. 14 passed; 1 failed; 0 ignored; 0 measured; 0 filtered out; finished in 0.08s
[INFO] [stdout] 
[INFO] [stderr] error: test failed, to rerun pass `--lib`
[INFO] running `Command { std: "docker" "inspect" "334ddf70bff6d8b121c9550230664b5f18e12c391f572ce4dffa042313c353e5", kill_on_drop: false }`
[INFO] running `Command { std: "docker" "rm" "-f" "334ddf70bff6d8b121c9550230664b5f18e12c391f572ce4dffa042313c353e5", kill_on_drop: false }`
[INFO] [stdout] 334ddf70bff6d8b121c9550230664b5f18e12c391f572ce4dffa042313c353e5
