[INFO] cloning repository https://github.com/LateinCecer/vtk-rs
[INFO] running `Command { std: "git" "-c" "credential.helper=" "-c" "credential.helper=/workspace/cargo-home/bin/git-credential-null" "clone" "--bare" "https://github.com/LateinCecer/vtk-rs" "/workspace/cache/git-repos/https%3A%2F%2Fgithub.com%2FLateinCecer%2Fvtk-rs", kill_on_drop: false }`
[INFO] [stderr] Cloning into bare repository '/workspace/cache/git-repos/https%3A%2F%2Fgithub.com%2FLateinCecer%2Fvtk-rs'...
[INFO] running `Command { std: "git" "rev-parse" "HEAD", kill_on_drop: false }`
[INFO] [stdout] 561674e0fa994a2ac794879745b19fadd9da3b20
[INFO] testing LateinCecer/vtk-rs against beta-2024-12-08 for beta-1.84.0-4-retry
[INFO] running `Command { std: "git" "clone" "/workspace/cache/git-repos/https%3A%2F%2Fgithub.com%2FLateinCecer%2Fvtk-rs" "/workspace/builds/worker-1-tc2/source", kill_on_drop: false }`
[INFO] [stderr] Cloning into '/workspace/builds/worker-1-tc2/source'...
[INFO] [stderr] done.
[INFO] validating manifest of git repo https://github.com/LateinCecer/vtk-rs on toolchain beta-2024-12-08
[INFO] running `Command { std: CARGO_HOME="/workspace/cargo-home" RUSTUP_HOME="/workspace/rustup-home" "/workspace/cargo-home/bin/cargo" "+beta-2024-12-08" "metadata" "--manifest-path" "Cargo.toml" "--no-deps", kill_on_drop: false }`
[INFO] removed /workspace/builds/worker-1-tc2/source/rust-toolchain
[INFO] started tweaking git repo https://github.com/LateinCecer/vtk-rs
[INFO] finished tweaking git repo https://github.com/LateinCecer/vtk-rs
[INFO] tweaked toml for git repo https://github.com/LateinCecer/vtk-rs written to /workspace/builds/worker-1-tc2/source/Cargo.toml
[INFO] crate git repo https://github.com/LateinCecer/vtk-rs already has a lockfile, it will not be regenerated
[INFO] running `Command { std: CARGO_HOME="/workspace/cargo-home" RUSTUP_HOME="/workspace/rustup-home" "/workspace/cargo-home/bin/cargo" "+beta-2024-12-08" "fetch" "--manifest-path" "Cargo.toml", kill_on_drop: false }`
[INFO] [stderr]     Blocking waiting for file lock on package cache
[INFO] running `Command { std: "docker" "create" "-v" "/var/lib/crater-agent-workspace/builds/worker-1-tc2/target:/opt/rustwide/target:rw,Z" "-v" "/var/lib/crater-agent-workspace/builds/worker-1-tc2/source:/opt/rustwide/workdir:ro,Z" "-v" "/var/lib/crater-agent-workspace/cargo-home:/opt/rustwide/cargo-home:ro,Z" "-v" "/var/lib/crater-agent-workspace/rustup-home:/opt/rustwide/rustup-home:ro,Z" "-e" "SOURCE_DIR=/opt/rustwide/workdir" "-e" "CARGO_TARGET_DIR=/opt/rustwide/target" "-e" "CARGO_HOME=/opt/rustwide/cargo-home" "-e" "RUSTUP_HOME=/opt/rustwide/rustup-home" "-w" "/opt/rustwide/workdir" "-m" "1610612736" "--user" "0:0" "--network" "none" "ghcr.io/rust-lang/crates-build-env/linux@sha256:f3a9d4ad9d972b27faf3965f35b62e55ba32bbce8f20bc8fe909558a86702fde" "/opt/rustwide/cargo-home/bin/cargo" "+beta-2024-12-08" "metadata" "--no-deps" "--format-version=1", kill_on_drop: false }`
[INFO] [stdout] 2ea0e44863582e4f3dd428b536e5c8ba9309b062bf199b4c7b52c1b15b0a8340
[INFO] running `Command { std: "docker" "start" "-a" "2ea0e44863582e4f3dd428b536e5c8ba9309b062bf199b4c7b52c1b15b0a8340", kill_on_drop: false }`
[INFO] running `Command { std: "docker" "inspect" "2ea0e44863582e4f3dd428b536e5c8ba9309b062bf199b4c7b52c1b15b0a8340", kill_on_drop: false }`
[INFO] running `Command { std: "docker" "rm" "-f" "2ea0e44863582e4f3dd428b536e5c8ba9309b062bf199b4c7b52c1b15b0a8340", kill_on_drop: false }`
[INFO] [stdout] 2ea0e44863582e4f3dd428b536e5c8ba9309b062bf199b4c7b52c1b15b0a8340
[INFO] running `Command { std: "docker" "create" "-v" "/var/lib/crater-agent-workspace/builds/worker-1-tc2/target:/opt/rustwide/target:rw,Z" "-v" "/var/lib/crater-agent-workspace/builds/worker-1-tc2/source:/opt/rustwide/workdir:ro,Z" "-v" "/var/lib/crater-agent-workspace/cargo-home:/opt/rustwide/cargo-home:ro,Z" "-v" "/var/lib/crater-agent-workspace/rustup-home:/opt/rustwide/rustup-home:ro,Z" "-e" "SOURCE_DIR=/opt/rustwide/workdir" "-e" "CARGO_TARGET_DIR=/opt/rustwide/target" "-e" "CARGO_INCREMENTAL=0" "-e" "RUST_BACKTRACE=full" "-e" "RUSTFLAGS=--cap-lints=warn" "-e" "RUSTDOCFLAGS=--cap-lints=warn" "-e" "CARGO_HOME=/opt/rustwide/cargo-home" "-e" "RUSTUP_HOME=/opt/rustwide/rustup-home" "-w" "/opt/rustwide/workdir" "-m" "1610612736" "--user" "0:0" "--network" "none" "ghcr.io/rust-lang/crates-build-env/linux@sha256:f3a9d4ad9d972b27faf3965f35b62e55ba32bbce8f20bc8fe909558a86702fde" "/opt/rustwide/cargo-home/bin/cargo" "+beta-2024-12-08" "build" "--frozen" "--message-format=json", kill_on_drop: false }`
[INFO] [stdout] 5d36fa303fcff108081866411e695e494c07fa5ed03e7ff1f1fcbcde41334e87
[INFO] running `Command { std: "docker" "start" "-a" "5d36fa303fcff108081866411e695e494c07fa5ed03e7ff1f1fcbcde41334e87", kill_on_drop: false }`
[INFO] [stderr]    Compiling autocfg v1.1.0
[INFO] [stderr]    Compiling proc-macro2 v1.0.59
[INFO] [stderr]    Compiling quote v1.0.28
[INFO] [stderr]    Compiling unicode-ident v1.0.9
[INFO] [stderr]    Compiling bytemuck v1.13.1
[INFO] [stderr]    Compiling paste v1.0.12
[INFO] [stderr]    Compiling typenum v1.16.0
[INFO] [stderr]    Compiling rawpointer v0.2.1
[INFO] [stderr]    Compiling byte-order v0.3.0
[INFO] [stderr]    Compiling num-traits v0.2.19
[INFO] [stderr]    Compiling matrixmultiply v0.3.7
[INFO] [stderr]    Compiling safe_arch v0.6.0
[INFO] [stderr]    Compiling wide v0.7.9
[INFO] [stderr]    Compiling syn v2.0.20
[INFO] [stderr]    Compiling num-integer v0.1.46
[INFO] [stderr]    Compiling num-complex v0.4.6
[INFO] [stderr]    Compiling approx v0.5.1
[INFO] [stderr]    Compiling num-bigint v0.4.6
[INFO] [stderr]    Compiling num-iter v0.1.45
[INFO] [stderr]    Compiling simba v0.8.1
[INFO] [stderr]    Compiling num-rational v0.4.2
[INFO] [stderr]    Compiling num v0.4.3
[INFO] [stderr]    Compiling nalgebra-macros v0.2.2
[INFO] [stderr]    Compiling nalgebra v0.32.6
[INFO] [stderr]    Compiling vtk_rs v0.1.3 (/opt/rustwide/workdir)
[INFO] [stdout] warning: elided lifetime has a name
[INFO] [stdout]   --> src/mesh.rs:63:19
[INFO] [stdout]    |
[INFO] [stdout] 61 |     pub fn face_iter<'a, T, const DIM: usize>(
[INFO] [stdout]    |                      -- lifetime `'a` declared here
[INFO] [stdout] 62 |         &'a self, msh: &'a UnstructuredMesh<T, DIM>, mesh_id: usize
[INFO] [stdout] 63 |     ) -> FaceIter<'_, T, DIM> {
[INFO] [stdout]    |                   ^^ this elided lifetime gets resolved as `'a`
[INFO] [stdout]    |
[INFO] [stdout]    = note: `#[warn(elided_named_lifetimes)]` on by default
[INFO] [stdout] 
[INFO] [stdout] 
[INFO] [stderr]     Finished `dev` profile [unoptimized + debuginfo] target(s) in 20.05s
[INFO] running `Command { std: "docker" "inspect" "5d36fa303fcff108081866411e695e494c07fa5ed03e7ff1f1fcbcde41334e87", kill_on_drop: false }`
[INFO] running `Command { std: "docker" "rm" "-f" "5d36fa303fcff108081866411e695e494c07fa5ed03e7ff1f1fcbcde41334e87", kill_on_drop: false }`
[INFO] [stdout] 5d36fa303fcff108081866411e695e494c07fa5ed03e7ff1f1fcbcde41334e87
[INFO] running `Command { std: "docker" "create" "-v" "/var/lib/crater-agent-workspace/builds/worker-1-tc2/target:/opt/rustwide/target:rw,Z" "-v" "/var/lib/crater-agent-workspace/builds/worker-1-tc2/source:/opt/rustwide/workdir:ro,Z" "-v" "/var/lib/crater-agent-workspace/cargo-home:/opt/rustwide/cargo-home:ro,Z" "-v" "/var/lib/crater-agent-workspace/rustup-home:/opt/rustwide/rustup-home:ro,Z" "-e" "SOURCE_DIR=/opt/rustwide/workdir" "-e" "CARGO_TARGET_DIR=/opt/rustwide/target" "-e" "CARGO_INCREMENTAL=0" "-e" "RUST_BACKTRACE=full" "-e" "RUSTFLAGS=--cap-lints=warn" "-e" "RUSTDOCFLAGS=--cap-lints=warn" "-e" "CARGO_HOME=/opt/rustwide/cargo-home" "-e" "RUSTUP_HOME=/opt/rustwide/rustup-home" "-w" "/opt/rustwide/workdir" "-m" "1610612736" "--user" "0:0" "--network" "none" "ghcr.io/rust-lang/crates-build-env/linux@sha256:f3a9d4ad9d972b27faf3965f35b62e55ba32bbce8f20bc8fe909558a86702fde" "/opt/rustwide/cargo-home/bin/cargo" "+beta-2024-12-08" "test" "--frozen" "--no-run" "--message-format=json", kill_on_drop: false }`
[INFO] [stdout] b13bbe52147b9039927fb2e2bc22217839ba771adf38911840745c17f93b0bbb
[INFO] running `Command { std: "docker" "start" "-a" "b13bbe52147b9039927fb2e2bc22217839ba771adf38911840745c17f93b0bbb", kill_on_drop: false }`
[INFO] [stderr]    Compiling vtk_rs v0.1.3 (/opt/rustwide/workdir)
[INFO] [stdout] warning: elided lifetime has a name
[INFO] [stdout]   --> src/mesh.rs:63:19
[INFO] [stdout]    |
[INFO] [stdout] 61 |     pub fn face_iter<'a, T, const DIM: usize>(
[INFO] [stdout]    |                      -- lifetime `'a` declared here
[INFO] [stdout] 62 |         &'a self, msh: &'a UnstructuredMesh<T, DIM>, mesh_id: usize
[INFO] [stdout] 63 |     ) -> FaceIter<'_, T, DIM> {
[INFO] [stdout]    |                   ^^ this elided lifetime gets resolved as `'a`
[INFO] [stdout]    |
[INFO] [stdout]    = note: `#[warn(elided_named_lifetimes)]` on by default
[INFO] [stdout] 
[INFO] [stdout] 
[INFO] [stdout] warning: elided lifetime has a name
[INFO] [stdout]   --> src/mesh.rs:63:19
[INFO] [stdout]    |
[INFO] [stdout] 61 |     pub fn face_iter<'a, T, const DIM: usize>(
[INFO] [stdout]    |                      -- lifetime `'a` declared here
[INFO] [stdout] 62 |         &'a self, msh: &'a UnstructuredMesh<T, DIM>, mesh_id: usize
[INFO] [stdout] 63 |     ) -> FaceIter<'_, T, DIM> {
[INFO] [stdout]    |                   ^^ this elided lifetime gets resolved as `'a`
[INFO] [stdout]    |
[INFO] [stdout]    = note: `#[warn(elided_named_lifetimes)]` on by default
[INFO] [stdout] 
[INFO] [stdout] 
[INFO] [stderr]     Finished `test` profile [unoptimized + debuginfo] target(s) in 1.53s
[INFO] running `Command { std: "docker" "inspect" "b13bbe52147b9039927fb2e2bc22217839ba771adf38911840745c17f93b0bbb", kill_on_drop: false }`
[INFO] running `Command { std: "docker" "rm" "-f" "b13bbe52147b9039927fb2e2bc22217839ba771adf38911840745c17f93b0bbb", kill_on_drop: false }`
[INFO] [stdout] b13bbe52147b9039927fb2e2bc22217839ba771adf38911840745c17f93b0bbb
[INFO] running `Command { std: "docker" "create" "-v" "/var/lib/crater-agent-workspace/builds/worker-1-tc2/target:/opt/rustwide/target:rw,Z" "-v" "/var/lib/crater-agent-workspace/builds/worker-1-tc2/source:/opt/rustwide/workdir:ro,Z" "-v" "/var/lib/crater-agent-workspace/cargo-home:/opt/rustwide/cargo-home:ro,Z" "-v" "/var/lib/crater-agent-workspace/rustup-home:/opt/rustwide/rustup-home:ro,Z" "-e" "SOURCE_DIR=/opt/rustwide/workdir" "-e" "CARGO_TARGET_DIR=/opt/rustwide/target" "-e" "CARGO_INCREMENTAL=0" "-e" "RUST_BACKTRACE=full" "-e" "RUSTFLAGS=--cap-lints=warn" "-e" "RUSTDOCFLAGS=--cap-lints=warn" "-e" "CARGO_HOME=/opt/rustwide/cargo-home" "-e" "RUSTUP_HOME=/opt/rustwide/rustup-home" "-w" "/opt/rustwide/workdir" "-m" "1610612736" "--user" "0:0" "--network" "none" "ghcr.io/rust-lang/crates-build-env/linux@sha256:f3a9d4ad9d972b27faf3965f35b62e55ba32bbce8f20bc8fe909558a86702fde" "/opt/rustwide/cargo-home/bin/cargo" "+beta-2024-12-08" "test" "--frozen", kill_on_drop: false }`
[INFO] [stdout] acca092960f189afd8c6827bcdaae2c57a2bde8dc54f59e13e355292163818fc
[INFO] running `Command { std: "docker" "start" "-a" "acca092960f189afd8c6827bcdaae2c57a2bde8dc54f59e13e355292163818fc", kill_on_drop: false }`
[INFO] [stderr] warning: elided lifetime has a name
[INFO] [stderr]   --> src/mesh.rs:63:19
[INFO] [stderr]    |
[INFO] [stderr] 61 |     pub fn face_iter<'a, T, const DIM: usize>(
[INFO] [stderr]    |                      -- lifetime `'a` declared here
[INFO] [stderr] 62 |         &'a self, msh: &'a UnstructuredMesh<T, DIM>, mesh_id: usize
[INFO] [stderr] 63 |     ) -> FaceIter<'_, T, DIM> {
[INFO] [stderr]    |                   ^^ this elided lifetime gets resolved as `'a`
[INFO] [stderr]    |
[INFO] [stderr]    = note: `#[warn(elided_named_lifetimes)]` on by default
[INFO] [stderr] 
[INFO] [stderr] warning: `vtk_rs` (lib) generated 1 warning
[INFO] [stderr] warning: `vtk_rs` (lib test) generated 1 warning (1 duplicate)
[INFO] [stderr]     Finished `test` profile [unoptimized + debuginfo] target(s) in 0.04s
[INFO] [stderr]      Running unittests src/lib.rs (/opt/rustwide/target/debug/deps/vtk_rs-d6deb7fd3d1212a3)
[INFO] [stdout] 
[INFO] [stdout] running 4 tests
[INFO] [stdout] test legacy::test::test_hexahedron ... FAILED
[INFO] [stdout] test tests::legacy ... FAILED
[INFO] [stdout] test legacy::test::test_unstructured_grid ... FAILED
[INFO] [stdout] test legacy::test::test_write ... FAILED
[INFO] [stdout] 
[INFO] [stdout] failures:
[INFO] [stdout] 
[INFO] [stdout] ---- legacy::test::test_hexahedron stdout ----
[INFO] [stdout] Error: IOError(Os { code: 30, kind: ReadOnlyFilesystem, message: "Read-only file system" })
[INFO] [stdout] 
[INFO] [stdout] ---- tests::legacy stdout ----
[INFO] [stdout] Error: Os { code: 30, kind: ReadOnlyFilesystem, message: "Read-only file system" }
[INFO] [stdout] 
[INFO] [stdout] ---- legacy::test::test_unstructured_grid stdout ----
[INFO] [stdout] Error: IOError(Os { code: 30, kind: ReadOnlyFilesystem, message: "Read-only file system" })
[INFO] [stdout] 
[INFO] [stdout] ---- legacy::test::test_write stdout ----
[INFO] [stdout] Error: Os { code: 30, kind: ReadOnlyFilesystem, message: "Read-only file system" }
[INFO] [stdout] 
[INFO] [stdout] 
[INFO] [stdout] failures:
[INFO] [stdout]     legacy::test::test_hexahedron
[INFO] [stdout]     legacy::test::test_unstructured_grid
[INFO] [stdout]     legacy::test::test_write
[INFO] [stdout]     tests::legacy
[INFO] [stdout] 
[INFO] [stdout] test result: FAILED. 0 passed; 4 failed; 0 ignored; 0 measured; 0 filtered out; finished in 0.01s
[INFO] [stdout] 
[INFO] [stderr] error: test failed, to rerun pass `--lib`
[INFO] running `Command { std: "docker" "inspect" "acca092960f189afd8c6827bcdaae2c57a2bde8dc54f59e13e355292163818fc", kill_on_drop: false }`
[INFO] running `Command { std: "docker" "rm" "-f" "acca092960f189afd8c6827bcdaae2c57a2bde8dc54f59e13e355292163818fc", kill_on_drop: false }`
[INFO] [stdout] acca092960f189afd8c6827bcdaae2c57a2bde8dc54f59e13e355292163818fc
