[INFO] cloning repository https://github.com/LateinCecer/corrosive_physics
[INFO] running `Command { std: "git" "-c" "credential.helper=" "-c" "credential.helper=/workspace/cargo-home/bin/git-credential-null" "clone" "--bare" "https://github.com/LateinCecer/corrosive_physics" "/workspace/cache/git-repos/https%3A%2F%2Fgithub.com%2FLateinCecer%2Fcorrosive_physics", kill_on_drop: false }`
[INFO] [stderr] Cloning into bare repository '/workspace/cache/git-repos/https%3A%2F%2Fgithub.com%2FLateinCecer%2Fcorrosive_physics'...
[INFO] running `Command { std: "git" "rev-parse" "HEAD", kill_on_drop: false }`
[INFO] [stdout] bbd8194d6bee7cb2c84886e26086ad8cce767007
[INFO] testing LateinCecer/corrosive_physics against 1.83.0 for beta-1.84.0-4-retry
[INFO] running `Command { std: "git" "clone" "/workspace/cache/git-repos/https%3A%2F%2Fgithub.com%2FLateinCecer%2Fcorrosive_physics" "/workspace/builds/worker-7-tc1/source", kill_on_drop: false }`
[INFO] [stderr] Cloning into '/workspace/builds/worker-7-tc1/source'...
[INFO] [stderr] done.
[INFO] validating manifest of git repo https://github.com/LateinCecer/corrosive_physics on toolchain 1.83.0
[INFO] running `Command { std: CARGO_HOME="/workspace/cargo-home" RUSTUP_HOME="/workspace/rustup-home" "/workspace/cargo-home/bin/cargo" "+1.83.0" "metadata" "--manifest-path" "Cargo.toml" "--no-deps", kill_on_drop: false }`
[INFO] started tweaking git repo https://github.com/LateinCecer/corrosive_physics
[INFO] finished tweaking git repo https://github.com/LateinCecer/corrosive_physics
[INFO] tweaked toml for git repo https://github.com/LateinCecer/corrosive_physics written to /workspace/builds/worker-7-tc1/source/Cargo.toml
[INFO] crate git repo https://github.com/LateinCecer/corrosive_physics already has a lockfile, it will not be regenerated
[INFO] running `Command { std: CARGO_HOME="/workspace/cargo-home" RUSTUP_HOME="/workspace/rustup-home" "/workspace/cargo-home/bin/cargo" "+1.83.0" "fetch" "--manifest-path" "Cargo.toml", kill_on_drop: false }`
[INFO] [stderr]     Updating crates.io index
[INFO] [stderr]  Downloading crates ...
[INFO] [stderr]   Downloaded bincode_derive v2.0.0-rc.3
[INFO] [stderr]   Downloaded bevy_winit v0.11.3
[INFO] [stderr]   Downloaded bevy_utils v0.11.3
[INFO] [stderr]   Downloaded bevy_internal v0.11.3
[INFO] [stderr]   Downloaded virtue v0.0.13
[INFO] [stderr]   Downloaded bevy_window v0.11.3
[INFO] [stderr]   Downloaded delaunator v1.0.2
[INFO] [stderr]   Downloaded bevy_ui v0.11.3
[INFO] [stderr]   Downloaded bevy_gizmos v0.11.3
[INFO] [stderr]   Downloaded bevy_animation v0.11.3
[INFO] [stderr]   Downloaded bevy_pbr v0.11.3
[INFO] [stderr]   Downloaded bevy_audio v0.11.3
[INFO] [stderr]   Downloaded bevy_gilrs v0.11.3
[INFO] [stderr]   Downloaded bevy_sprite v0.11.3
[INFO] [stderr]   Downloaded bevy_asset v0.11.3
[INFO] [stderr]   Downloaded bevy_reflect v0.11.3
[INFO] [stderr]   Downloaded bevy_transform v0.11.3
[INFO] [stderr]   Downloaded bevy_core v0.11.3
[INFO] [stderr]   Downloaded bevy_render v0.11.3
[INFO] [stderr]   Downloaded bevy_ecs v0.11.3
[INFO] [stderr]   Downloaded bevy_log v0.11.3
[INFO] [stderr]   Downloaded bevy_ecs_macros v0.11.3
[INFO] [stderr]   Downloaded bevy_math v0.11.3
[INFO] [stderr]   Downloaded bevy_reflect_derive v0.11.3
[INFO] [stderr]   Downloaded bevy_scene v0.11.3
[INFO] [stderr]   Downloaded bevy_encase_derive v0.11.3
[INFO] [stderr]   Downloaded bevy_render_macros v0.11.3
[INFO] [stderr]   Downloaded bevy_text v0.11.3
[INFO] [stderr]   Downloaded bevy_hierarchy v0.11.3
[INFO] [stderr]   Downloaded bevy_app v0.11.3
[INFO] [stderr]   Downloaded bevy_ptr v0.11.3
[INFO] [stderr]   Downloaded bevy_derive v0.11.3
[INFO] [stderr]   Downloaded bevy_mikktspace v0.11.3
[INFO] [stderr]   Downloaded bevy_time v0.11.3
[INFO] [stderr]   Downloaded bevy_tasks v0.11.3
[INFO] [stderr]   Downloaded bevy_macro_utils v0.11.3
[INFO] [stderr]   Downloaded bevy_gltf v0.11.3
[INFO] [stderr]   Downloaded bevy_diagnostic v0.11.3
[INFO] [stderr]   Downloaded bevy_input v0.11.3
[INFO] [stderr]   Downloaded erased-serde v0.3.21
[INFO] [stderr]   Downloaded bevy_core_pipeline v0.11.3
[INFO] [stderr]   Downloaded bevy_utils_proc_macros v0.11.3
[INFO] [stderr]   Downloaded bevy v0.11.3
[INFO] [stderr]   Downloaded bevy_a11y v0.11.3
[INFO] running `Command { std: "docker" "create" "-v" "/var/lib/crater-agent-workspace/builds/worker-7-tc1/target:/opt/rustwide/target:rw,Z" "-v" "/var/lib/crater-agent-workspace/builds/worker-7-tc1/source:/opt/rustwide/workdir:ro,Z" "-v" "/var/lib/crater-agent-workspace/cargo-home:/opt/rustwide/cargo-home:ro,Z" "-v" "/var/lib/crater-agent-workspace/rustup-home:/opt/rustwide/rustup-home:ro,Z" "-e" "SOURCE_DIR=/opt/rustwide/workdir" "-e" "CARGO_TARGET_DIR=/opt/rustwide/target" "-e" "CARGO_HOME=/opt/rustwide/cargo-home" "-e" "RUSTUP_HOME=/opt/rustwide/rustup-home" "-w" "/opt/rustwide/workdir" "-m" "1610612736" "--user" "0:0" "--network" "none" "ghcr.io/rust-lang/crates-build-env/linux@sha256:f3a9d4ad9d972b27faf3965f35b62e55ba32bbce8f20bc8fe909558a86702fde" "/opt/rustwide/cargo-home/bin/cargo" "+1.83.0" "metadata" "--no-deps" "--format-version=1", kill_on_drop: false }`
[INFO] [stdout] 1a9cba260b11ac7a587349013cf04475ae4d9a1af8296de937a9ce5d348aedc0
[INFO] running `Command { std: "docker" "start" "-a" "1a9cba260b11ac7a587349013cf04475ae4d9a1af8296de937a9ce5d348aedc0", kill_on_drop: false }`
[INFO] running `Command { std: "docker" "inspect" "1a9cba260b11ac7a587349013cf04475ae4d9a1af8296de937a9ce5d348aedc0", kill_on_drop: false }`
[INFO] running `Command { std: "docker" "rm" "-f" "1a9cba260b11ac7a587349013cf04475ae4d9a1af8296de937a9ce5d348aedc0", kill_on_drop: false }`
[INFO] [stdout] 1a9cba260b11ac7a587349013cf04475ae4d9a1af8296de937a9ce5d348aedc0
[INFO] running `Command { std: "docker" "create" "-v" "/var/lib/crater-agent-workspace/builds/worker-7-tc1/target:/opt/rustwide/target:rw,Z" "-v" "/var/lib/crater-agent-workspace/builds/worker-7-tc1/source:/opt/rustwide/workdir:ro,Z" "-v" "/var/lib/crater-agent-workspace/cargo-home:/opt/rustwide/cargo-home:ro,Z" "-v" "/var/lib/crater-agent-workspace/rustup-home:/opt/rustwide/rustup-home:ro,Z" "-e" "SOURCE_DIR=/opt/rustwide/workdir" "-e" "CARGO_TARGET_DIR=/opt/rustwide/target" "-e" "CARGO_INCREMENTAL=0" "-e" "RUST_BACKTRACE=full" "-e" "RUSTFLAGS=--cap-lints=warn" "-e" "RUSTDOCFLAGS=--cap-lints=warn" "-e" "CARGO_HOME=/opt/rustwide/cargo-home" "-e" "RUSTUP_HOME=/opt/rustwide/rustup-home" "-w" "/opt/rustwide/workdir" "-m" "1610612736" "--user" "0:0" "--network" "none" "ghcr.io/rust-lang/crates-build-env/linux@sha256:f3a9d4ad9d972b27faf3965f35b62e55ba32bbce8f20bc8fe909558a86702fde" "/opt/rustwide/cargo-home/bin/cargo" "+1.83.0" "build" "--frozen" "--message-format=json", kill_on_drop: false }`
[INFO] [stdout] c2b05e312c3001c20bcfb9147e1ac883917fb9e23f98db598b0bd0fa9e7806cf
[INFO] running `Command { std: "docker" "start" "-a" "c2b05e312c3001c20bcfb9147e1ac883917fb9e23f98db598b0bd0fa9e7806cf", kill_on_drop: false }`
[INFO] [stderr]    Compiling proc-macro2 v1.0.67
[INFO] [stderr]    Compiling num-traits v0.2.15
[INFO] [stderr]    Compiling unicode-ident v1.0.0
[INFO] [stderr]    Compiling num-integer v0.1.45
[INFO] [stderr]    Compiling cfg-if v1.0.0
[INFO] [stderr]    Compiling memoffset v0.6.5
[INFO] [stderr]    Compiling scopeguard v1.1.0
[INFO] [stderr]    Compiling serde v1.0.188
[INFO] [stderr]    Compiling num-bigint v0.4.3
[INFO] [stderr]    Compiling crossbeam-epoch v0.9.8
[INFO] [stderr]    Compiling num-rational v0.4.1
[INFO] [stderr]    Compiling syn v1.0.96
[INFO] [stderr]    Compiling libc v0.2.148
[INFO] [stderr]    Compiling lazy_static v1.4.0
[INFO] [stderr]    Compiling crossbeam-utils v0.8.16
[INFO] [stderr]    Compiling bytemuck v1.9.1
[INFO] [stderr]    Compiling lock_api v0.4.7
[INFO] [stderr]    Compiling num-iter v0.1.43
[INFO] [stderr]    Compiling rayon-core v1.12.0
[INFO] [stderr]    Compiling typenum v1.15.0
[INFO] [stderr]    Compiling safe_arch v0.6.0
[INFO] [stderr]    Compiling parking_lot_core v0.9.3
[INFO] [stderr]    Compiling paste v1.0.7
[INFO] [stderr]    Compiling virtue v0.0.13
[INFO] [stderr]    Compiling smallvec v1.8.0
[INFO] [stderr]    Compiling rawpointer v0.2.1
[INFO] [stderr]    Compiling matrixmultiply v0.3.2
[INFO] [stderr]    Compiling either v1.6.1
[INFO] [stderr]    Compiling robust v0.2.3
[INFO] [stderr]    Compiling byteorder v1.4.3
[INFO] [stderr]    Compiling wide v0.7.4
[INFO] [stderr]    Compiling delaunator v1.0.2
[INFO] [stderr]    Compiling quote v1.0.33
[INFO] [stderr]    Compiling crossbeam-deque v0.8.1
[INFO] [stderr]    Compiling syn v2.0.37
[INFO] [stderr]    Compiling parking_lot v0.12.1
[INFO] [stderr]    Compiling bincode_derive v2.0.0-rc.3
[INFO] [stderr]    Compiling rayon v1.8.0
[INFO] [stderr]    Compiling bincode v2.0.0-rc.3
[INFO] [stderr]    Compiling approx v0.5.1
[INFO] [stderr]    Compiling serde_derive v1.0.188
[INFO] [stderr]    Compiling nalgebra-macros v0.2.1
[INFO] [stderr]    Compiling num-complex v0.4.4
[INFO] [stderr]    Compiling simba v0.8.1
[INFO] [stderr]    Compiling num v0.4.1
[INFO] [stderr]    Compiling nalgebra v0.32.3
[INFO] [stderr]    Compiling corrosive_physics v0.1.5 (/opt/rustwide/workdir)
[INFO] [stdout] warning: unused import: `Vector3`
[INFO] [stdout]  --> src/volume/aabb.rs:1:33
[INFO] [stdout]   |
[INFO] [stdout] 1 | use nalgebra::{DimMin, SVector, Vector3};
[INFO] [stdout]   |                                 ^^^^^^^
[INFO] [stdout]   |
[INFO] [stdout]   = note: `#[warn(unused_imports)]` on by default
[INFO] [stdout] 
[INFO] [stdout] 
[INFO] [stdout] warning: unused import: `DimMin`
[INFO] [stdout]  --> src/volume/aabb.rs:1:16
[INFO] [stdout]   |
[INFO] [stdout] 1 | use nalgebra::{DimMin, SVector, Vector3};
[INFO] [stdout]   |                ^^^^^^
[INFO] [stdout] 
[INFO] [stdout] 
[INFO] [stdout] warning: unused variable: `time`
[INFO] [stdout]   --> src/system/object.rs:54:28
[INFO] [stdout]    |
[INFO] [stdout] 54 |     pub fn tick(&mut self, time: f64) {
[INFO] [stdout]    |                            ^^^^ help: if this is intentional, prefix it with an underscore: `_time`
[INFO] [stdout]    |
[INFO] [stdout]    = note: `#[warn(unused_variables)]` on by default
[INFO] [stdout] 
[INFO] [stdout] 
[INFO] [stdout] warning: unused variable: `d`
[INFO] [stdout]   --> src/helper.rs:39:9
[INFO] [stdout]    |
[INFO] [stdout] 39 |     let d = T::simd_sqrt(T::one());
[INFO] [stdout]    |         ^ help: if this is intentional, prefix it with an underscore: `_d`
[INFO] [stdout] 
[INFO] [stdout] 
[INFO] [stdout] warning: unused variable: `other`
[INFO] [stdout]   --> src/collision.rs:29:26
[INFO] [stdout]    |
[INFO] [stdout] 29 |     fn intersects(&self, other: &AABB<T, 3>) -> bool {
[INFO] [stdout]    |                          ^^^^^ help: if this is intentional, prefix it with an underscore: `_other`
[INFO] [stdout] 
[INFO] [stdout] 
[INFO] [stdout] warning: unused variable: `other`
[INFO] [stdout]   --> src/collision.rs:35:26
[INFO] [stdout]    |
[INFO] [stdout] 35 |     fn intersects(&self, other: &OBB<T>) -> bool {
[INFO] [stdout]    |                          ^^^^^ help: if this is intentional, prefix it with an underscore: `_other`
[INFO] [stdout] 
[INFO] [stdout] 
[INFO] [stdout] warning: unused variable: `other`
[INFO] [stdout]   --> src/collision.rs:41:26
[INFO] [stdout]    |
[INFO] [stdout] 41 |     fn intersects(&self, other: &Vector3<T>) -> bool {
[INFO] [stdout]    |                          ^^^^^ help: if this is intentional, prefix it with an underscore: `_other`
[INFO] [stdout] 
[INFO] [stdout] 
[INFO] [stdout] warning: fields `msg` and `ty` are never read
[INFO] [stdout]   --> src/system/inertia.rs:22:5
[INFO] [stdout]    |
[INFO] [stdout] 21 | pub struct Error {
[INFO] [stdout]    |            ----- fields in this struct
[INFO] [stdout] 22 |     msg: Option<String>,
[INFO] [stdout]    |     ^^^
[INFO] [stdout] 23 |     ty: ErrorType,
[INFO] [stdout]    |     ^^
[INFO] [stdout]    |
[INFO] [stdout]    = note: `#[warn(dead_code)]` on by default
[INFO] [stdout] 
[INFO] [stdout] 
[INFO] [stdout] warning: field `collider_id` is never read
[INFO] [stdout]   --> src/system/object.rs:35:5
[INFO] [stdout]    |
[INFO] [stdout] 32 | pub struct PhyEntity<T: BaseFloat> {
[INFO] [stdout]    |            --------- field in this struct
[INFO] [stdout] ...
[INFO] [stdout] 35 |     collider_id: usize,
[INFO] [stdout]    |     ^^^^^^^^^^^
[INFO] [stdout] 
[INFO] [stdout] 
[INFO] [stdout] warning: function `test` is never used
[INFO] [stdout]   --> src/helper.rs:38:4
[INFO] [stdout]    |
[INFO] [stdout] 38 | fn test<T: BaseFloat>() {
[INFO] [stdout]    |    ^^^^
[INFO] [stdout] 
[INFO] [stdout] 
[INFO] [stdout] warning: enum `CondIndex` is never used
[INFO] [stdout]    --> src/volume/tlas.rs:179:6
[INFO] [stdout]     |
[INFO] [stdout] 179 | enum CondIndex {
[INFO] [stdout]     |      ^^^^^^^^^
[INFO] [stdout] 
[INFO] [stdout] 
[INFO] [stdout] warning: methods `matches_index` and `unwrap` are never used
[INFO] [stdout]    --> src/volume/tlas.rs:199:8
[INFO] [stdout]     |
[INFO] [stdout] 198 | impl CondIndex {
[INFO] [stdout]     | -------------- methods in this implementation
[INFO] [stdout] 199 |     fn matches_index(&self, i: usize) -> bool {
[INFO] [stdout]     |        ^^^^^^^^^^^^^
[INFO] [stdout] ...
[INFO] [stdout] 206 |     fn unwrap(&self) -> &usize {
[INFO] [stdout]     |        ^^^^^^
[INFO] [stdout] 
[INFO] [stdout] 
[INFO] [stdout] warning: field `collider` is never read
[INFO] [stdout]   --> src/engine.rs:54:5
[INFO] [stdout]    |
[INFO] [stdout] 53 | pub struct PhysicsEngine<T: BaseFloat> {
[INFO] [stdout]    |            ------------- field in this struct
[INFO] [stdout] 54 |     collider: HashMap<usize, Box<dyn Collider<T, 3>>>,
[INFO] [stdout]    |     ^^^^^^^^
[INFO] [stdout] 
[INFO] [stdout] 
[INFO] [stdout] warning: fields `trigger` and `collider` are never read
[INFO] [stdout]   --> src/collision.rs:23:5
[INFO] [stdout]    |
[INFO] [stdout] 22 | pub struct ColliderVolume<'a, T> {
[INFO] [stdout]    |            -------------- fields in this struct
[INFO] [stdout] 23 |     trigger: MovementTrigger<T>,
[INFO] [stdout]    |     ^^^^^^^
[INFO] [stdout] 24 |     collider: &'a dyn Collider<T, 3>,
[INFO] [stdout]    |     ^^^^^^^^
[INFO] [stdout] 
[INFO] [stdout] 
[INFO] [stdout] warning: type alias `Edge` is never used
[INFO] [stdout]  --> src/collision/collision_primitive.rs:6:10
[INFO] [stdout]   |
[INFO] [stdout] 6 | pub type Edge = (usize, usize);
[INFO] [stdout]   |          ^^^^
[INFO] [stdout] 
[INFO] [stdout] 
[INFO] [stdout] warning: trait `CollisionPrimitive` is never used
[INFO] [stdout]  --> src/collision/collision_primitive.rs:8:11
[INFO] [stdout]   |
[INFO] [stdout] 8 | pub trait CollisionPrimitive<T, const DIM: usize> {
[INFO] [stdout]   |           ^^^^^^^^^^^^^^^^^^
[INFO] [stdout] 
[INFO] [stdout] 
[INFO] [stdout] warning: struct `RayIntersection` is never constructed
[INFO] [stdout]  --> src/collision/intersection.rs:3:12
[INFO] [stdout]   |
[INFO] [stdout] 3 | pub struct RayIntersection<T, const DIM: usize> {
[INFO] [stdout]   |            ^^^^^^^^^^^^^^^
[INFO] [stdout] 
[INFO] [stdout] 
[INFO] [stdout] warning: struct `Ray` is never constructed
[INFO] [stdout]  --> src/collision/intersection.rs:9:12
[INFO] [stdout]   |
[INFO] [stdout] 9 | pub struct Ray<T, const DIM: usize> {
[INFO] [stdout]   |            ^^^
[INFO] [stdout] 
[INFO] [stdout] 
[INFO] [stdout] warning: methods `transformed` and `transform_mut` are never used
[INFO] [stdout]   --> src/collision/model.rs:13:12
[INFO] [stdout]    |
[INFO] [stdout] 11 | / impl<T> VertexBuffer<T, 3>
[INFO] [stdout] 12 | | where T: BaseFloat {
[INFO] [stdout]    | |__________________- methods in this implementation
[INFO] [stdout] 13 |       pub fn transformed(&self, transform: &Transformer<T>) -> Self {
[INFO] [stdout]    |              ^^^^^^^^^^^
[INFO] [stdout] ...
[INFO] [stdout] 20 |       pub fn transform_mut(&mut self, transform: &Transformer<T>) {
[INFO] [stdout]    |              ^^^^^^^^^^^^^
[INFO] [stdout] 
[INFO] [stdout] 
[INFO] [stdout] warning: struct `PhysicsMesh` is never constructed
[INFO] [stdout]   --> src/collision/model.rs:53:12
[INFO] [stdout]    |
[INFO] [stdout] 53 | pub struct PhysicsMesh<T, Primitive: CollisionPrimitive<T, DIM>, const DIM: usize> {
[INFO] [stdout]    |            ^^^^^^^^^^^
[INFO] [stdout] 
[INFO] [stdout] 
[INFO] [stdout] warning: method `vertex` is never used
[INFO] [stdout]   --> src/collision/model.rs:65:12
[INFO] [stdout]    |
[INFO] [stdout] 59 | impl<T, Primitive: CollisionPrimitive<T, DIM>, const DIM: usize> PhysicsMesh<T, Primitive, DIM> {
[INFO] [stdout]    | ----------------------------------------------------------------------------------------------- method in this implementation
[INFO] [stdout] ...
[INFO] [stdout] 65 |     pub fn vertex(&self, idx: usize) -> &SVector<T, DIM> {
[INFO] [stdout]    |            ^^^^^^
[INFO] [stdout] 
[INFO] [stdout] 
[INFO] [stdout] warning: creating a shared reference to mutable static is discouraged
[INFO] [stdout]   --> src/engine.rs:95:13
[INFO] [stdout]    |
[INFO] [stdout] 95 |             PHYSICS_ENGINE.lock()
[INFO] [stdout]    |             ^^^^^^^^^^^^^^^^^^^^^ shared reference to mutable static
[INFO] [stdout]    |
[INFO] [stdout]    = note: for more information, see <https://doc.rust-lang.org/nightly/edition-guide/rust-2024/static-mut-references.html>
[INFO] [stdout]    = note: shared references to mutable statics are dangerous; it's undefined behavior if the static is mutated or if a mutable reference is created for it while the shared reference lives
[INFO] [stdout]    = note: `#[warn(static_mut_refs)]` on by default
[INFO] [stdout] 
[INFO] [stdout] 
[INFO] [stdout] warning: creating a shared reference to mutable static is discouraged
[INFO] [stdout]    --> src/engine.rs:101:13
[INFO] [stdout]     |
[INFO] [stdout] 101 |             PHYSICS_ENGINE.lock_mut()
[INFO] [stdout]     |             ^^^^^^^^^^^^^^^^^^^^^^^^^ shared reference to mutable static
[INFO] [stdout]     |
[INFO] [stdout]     = note: for more information, see <https://doc.rust-lang.org/nightly/edition-guide/rust-2024/static-mut-references.html>
[INFO] [stdout]     = note: shared references to mutable statics are dangerous; it's undefined behavior if the static is mutated or if a mutable reference is created for it while the shared reference lives
[INFO] [stdout] 
[INFO] [stdout] 
[INFO] [stdout] warning: unused import: `nalgebra::Vector3`
[INFO] [stdout]  --> src/bin/cubes.rs:4:5
[INFO] [stdout]   |
[INFO] [stdout] 4 | use nalgebra::Vector3;
[INFO] [stdout]   |     ^^^^^^^^^^^^^^^^^
[INFO] [stdout]   |
[INFO] [stdout]   = note: `#[warn(unused_imports)]` on by default
[INFO] [stdout] 
[INFO] [stdout] 
[INFO] [stdout] warning: unused import: `PhysicsEngine`
[INFO] [stdout]  --> src/bin/cubes.rs:5:33
[INFO] [stdout]   |
[INFO] [stdout] 5 | use corrosive_physics::engine::{PhysicsEngine};
[INFO] [stdout]   |                                 ^^^^^^^^^^^^^
[INFO] [stdout] 
[INFO] [stdout] 
[INFO] [stdout] warning: unused imports: `PhyEntityID` and `PhyEntity`
[INFO] [stdout]  --> src/bin/cubes.rs:6:41
[INFO] [stdout]   |
[INFO] [stdout] 6 | use corrosive_physics::system::object::{PhyEntity, PhyEntityID};
[INFO] [stdout]   |                                         ^^^^^^^^^  ^^^^^^^^^^^
[INFO] [stdout] 
[INFO] [stdout] 
[INFO] [stdout] warning: unused import: `corrosive_physics::volume::BVIntersector`
[INFO] [stdout]  --> src/bin/cubes.rs:7:5
[INFO] [stdout]   |
[INFO] [stdout] 7 | use corrosive_physics::volume::BVIntersector;
[INFO] [stdout]   |     ^^^^^^^^^^^^^^^^^^^^^^^^^^^^^^^^^^^^^^^^
[INFO] [stdout] 
[INFO] [stdout] 
[INFO] [stdout] warning: unused import: `corrosive_physics::volume::tlas::TLASElement`
[INFO] [stdout]  --> src/bin/cubes.rs:8:5
[INFO] [stdout]   |
[INFO] [stdout] 8 | use corrosive_physics::volume::tlas::TLASElement;
[INFO] [stdout]   |     ^^^^^^^^^^^^^^^^^^^^^^^^^^^^^^^^^^^^^^^^^^^^
[INFO] [stdout] 
[INFO] [stdout] 
[INFO] [stderr]     Finished `dev` profile [optimized + debuginfo] target(s) in 56.71s
[INFO] running `Command { std: "docker" "inspect" "c2b05e312c3001c20bcfb9147e1ac883917fb9e23f98db598b0bd0fa9e7806cf", kill_on_drop: false }`
[INFO] running `Command { std: "docker" "rm" "-f" "c2b05e312c3001c20bcfb9147e1ac883917fb9e23f98db598b0bd0fa9e7806cf", kill_on_drop: false }`
[INFO] [stdout] c2b05e312c3001c20bcfb9147e1ac883917fb9e23f98db598b0bd0fa9e7806cf
[INFO] running `Command { std: "docker" "create" "-v" "/var/lib/crater-agent-workspace/builds/worker-7-tc1/target:/opt/rustwide/target:rw,Z" "-v" "/var/lib/crater-agent-workspace/builds/worker-7-tc1/source:/opt/rustwide/workdir:ro,Z" "-v" "/var/lib/crater-agent-workspace/cargo-home:/opt/rustwide/cargo-home:ro,Z" "-v" "/var/lib/crater-agent-workspace/rustup-home:/opt/rustwide/rustup-home:ro,Z" "-e" "SOURCE_DIR=/opt/rustwide/workdir" "-e" "CARGO_TARGET_DIR=/opt/rustwide/target" "-e" "CARGO_INCREMENTAL=0" "-e" "RUST_BACKTRACE=full" "-e" "RUSTFLAGS=--cap-lints=warn" "-e" "RUSTDOCFLAGS=--cap-lints=warn" "-e" "CARGO_HOME=/opt/rustwide/cargo-home" "-e" "RUSTUP_HOME=/opt/rustwide/rustup-home" "-w" "/opt/rustwide/workdir" "-m" "1610612736" "--user" "0:0" "--network" "none" "ghcr.io/rust-lang/crates-build-env/linux@sha256:f3a9d4ad9d972b27faf3965f35b62e55ba32bbce8f20bc8fe909558a86702fde" "/opt/rustwide/cargo-home/bin/cargo" "+1.83.0" "test" "--frozen" "--no-run" "--message-format=json", kill_on_drop: false }`
[INFO] [stdout] 2fcff7769f3e643c79c86bd56874370f6f4e7dc50d4d4073218fb4dcbee4e71e
[INFO] running `Command { std: "docker" "start" "-a" "2fcff7769f3e643c79c86bd56874370f6f4e7dc50d4d4073218fb4dcbee4e71e", kill_on_drop: false }`
[INFO] [stdout] warning: unused import: `Vector3`
[INFO] [stdout]  --> src/volume/aabb.rs:1:33
[INFO] [stdout]   |
[INFO] [stdout] 1 | use nalgebra::{DimMin, SVector, Vector3};
[INFO] [stdout]   |                                 ^^^^^^^
[INFO] [stdout]   |
[INFO] [stdout]   = note: `#[warn(unused_imports)]` on by default
[INFO] [stdout] 
[INFO] [stdout] 
[INFO] [stdout] warning: unused import: `DimMin`
[INFO] [stdout]  --> src/volume/aabb.rs:1:16
[INFO] [stdout]   |
[INFO] [stdout] 1 | use nalgebra::{DimMin, SVector, Vector3};
[INFO] [stdout]   |                ^^^^^^
[INFO] [stdout] 
[INFO] [stdout] 
[INFO] [stdout] warning: unused variable: `time`
[INFO] [stdout]   --> src/system/object.rs:54:28
[INFO] [stdout]    |
[INFO] [stdout] 54 |     pub fn tick(&mut self, time: f64) {
[INFO] [stdout]    |                            ^^^^ help: if this is intentional, prefix it with an underscore: `_time`
[INFO] [stdout]    |
[INFO] [stdout]    = note: `#[warn(unused_variables)]` on by default
[INFO] [stdout] 
[INFO] [stdout] 
[INFO] [stdout] warning: unused variable: `d`
[INFO] [stdout]   --> src/helper.rs:39:9
[INFO] [stdout]    |
[INFO] [stdout] 39 |     let d = T::simd_sqrt(T::one());
[INFO] [stdout]    |         ^ help: if this is intentional, prefix it with an underscore: `_d`
[INFO] [stdout] 
[INFO] [stdout] 
[INFO] [stderr]    Compiling corrosive_physics v0.1.5 (/opt/rustwide/workdir)
[INFO] [stdout] warning: unused variable: `other`
[INFO] [stdout]   --> src/collision.rs:29:26
[INFO] [stdout]    |
[INFO] [stdout] 29 |     fn intersects(&self, other: &AABB<T, 3>) -> bool {
[INFO] [stdout]    |                          ^^^^^ help: if this is intentional, prefix it with an underscore: `_other`
[INFO] [stdout] 
[INFO] [stdout] 
[INFO] [stdout] warning: unused variable: `other`
[INFO] [stdout]   --> src/collision.rs:35:26
[INFO] [stdout]    |
[INFO] [stdout] 35 |     fn intersects(&self, other: &OBB<T>) -> bool {
[INFO] [stdout]    |                          ^^^^^ help: if this is intentional, prefix it with an underscore: `_other`
[INFO] [stdout] 
[INFO] [stdout] 
[INFO] [stdout] warning: unused variable: `other`
[INFO] [stdout]   --> src/collision.rs:41:26
[INFO] [stdout]    |
[INFO] [stdout] 41 |     fn intersects(&self, other: &Vector3<T>) -> bool {
[INFO] [stdout]    |                          ^^^^^ help: if this is intentional, prefix it with an underscore: `_other`
[INFO] [stdout] 
[INFO] [stdout] 
[INFO] [stdout] warning: fields `msg` and `ty` are never read
[INFO] [stdout]   --> src/system/inertia.rs:22:5
[INFO] [stdout]    |
[INFO] [stdout] 21 | pub struct Error {
[INFO] [stdout]    |            ----- fields in this struct
[INFO] [stdout] 22 |     msg: Option<String>,
[INFO] [stdout]    |     ^^^
[INFO] [stdout] 23 |     ty: ErrorType,
[INFO] [stdout]    |     ^^
[INFO] [stdout]    |
[INFO] [stdout]    = note: `#[warn(dead_code)]` on by default
[INFO] [stdout] 
[INFO] [stdout] 
[INFO] [stdout] warning: field `collider_id` is never read
[INFO] [stdout]   --> src/system/object.rs:35:5
[INFO] [stdout]    |
[INFO] [stdout] 32 | pub struct PhyEntity<T: BaseFloat> {
[INFO] [stdout]    |            --------- field in this struct
[INFO] [stdout] ...
[INFO] [stdout] 35 |     collider_id: usize,
[INFO] [stdout]    |     ^^^^^^^^^^^
[INFO] [stdout] 
[INFO] [stdout] 
[INFO] [stdout] warning: function `test` is never used
[INFO] [stdout]   --> src/helper.rs:38:4
[INFO] [stdout]    |
[INFO] [stdout] 38 | fn test<T: BaseFloat>() {
[INFO] [stdout]    |    ^^^^
[INFO] [stdout] 
[INFO] [stdout] 
[INFO] [stdout] warning: enum `CondIndex` is never used
[INFO] [stdout]    --> src/volume/tlas.rs:179:6
[INFO] [stdout]     |
[INFO] [stdout] 179 | enum CondIndex {
[INFO] [stdout]     |      ^^^^^^^^^
[INFO] [stdout] 
[INFO] [stdout] 
[INFO] [stdout] warning: methods `matches_index` and `unwrap` are never used
[INFO] [stdout]    --> src/volume/tlas.rs:199:8
[INFO] [stdout]     |
[INFO] [stdout] 198 | impl CondIndex {
[INFO] [stdout]     | -------------- methods in this implementation
[INFO] [stdout] 199 |     fn matches_index(&self, i: usize) -> bool {
[INFO] [stdout]     |        ^^^^^^^^^^^^^
[INFO] [stdout] ...
[INFO] [stdout] 206 |     fn unwrap(&self) -> &usize {
[INFO] [stdout]     |        ^^^^^^
[INFO] [stdout] 
[INFO] [stdout] 
[INFO] [stdout] warning: field `collider` is never read
[INFO] [stdout]   --> src/engine.rs:54:5
[INFO] [stdout]    |
[INFO] [stdout] 53 | pub struct PhysicsEngine<T: BaseFloat> {
[INFO] [stdout]    |            ------------- field in this struct
[INFO] [stdout] 54 |     collider: HashMap<usize, Box<dyn Collider<T, 3>>>,
[INFO] [stdout]    |     ^^^^^^^^
[INFO] [stdout] 
[INFO] [stdout] 
[INFO] [stdout] warning: fields `trigger` and `collider` are never read
[INFO] [stdout]   --> src/collision.rs:23:5
[INFO] [stdout]    |
[INFO] [stdout] 22 | pub struct ColliderVolume<'a, T> {
[INFO] [stdout]    |            -------------- fields in this struct
[INFO] [stdout] 23 |     trigger: MovementTrigger<T>,
[INFO] [stdout]    |     ^^^^^^^
[INFO] [stdout] 24 |     collider: &'a dyn Collider<T, 3>,
[INFO] [stdout]    |     ^^^^^^^^
[INFO] [stdout] 
[INFO] [stdout] 
[INFO] [stdout] warning: type alias `Edge` is never used
[INFO] [stdout]  --> src/collision/collision_primitive.rs:6:10
[INFO] [stdout]   |
[INFO] [stdout] 6 | pub type Edge = (usize, usize);
[INFO] [stdout]   |          ^^^^
[INFO] [stdout] 
[INFO] [stdout] 
[INFO] [stdout] warning: trait `CollisionPrimitive` is never used
[INFO] [stdout]  --> src/collision/collision_primitive.rs:8:11
[INFO] [stdout]   |
[INFO] [stdout] 8 | pub trait CollisionPrimitive<T, const DIM: usize> {
[INFO] [stdout]   |           ^^^^^^^^^^^^^^^^^^
[INFO] [stdout] 
[INFO] [stdout] 
[INFO] [stdout] warning: struct `RayIntersection` is never constructed
[INFO] [stdout]  --> src/collision/intersection.rs:3:12
[INFO] [stdout]   |
[INFO] [stdout] 3 | pub struct RayIntersection<T, const DIM: usize> {
[INFO] [stdout]   |            ^^^^^^^^^^^^^^^
[INFO] [stdout] 
[INFO] [stdout] 
[INFO] [stdout] warning: struct `Ray` is never constructed
[INFO] [stdout]  --> src/collision/intersection.rs:9:12
[INFO] [stdout]   |
[INFO] [stdout] 9 | pub struct Ray<T, const DIM: usize> {
[INFO] [stdout]   |            ^^^
[INFO] [stdout] 
[INFO] [stdout] 
[INFO] [stdout] warning: methods `transformed` and `transform_mut` are never used
[INFO] [stdout]   --> src/collision/model.rs:13:12
[INFO] [stdout]    |
[INFO] [stdout] 11 | / impl<T> VertexBuffer<T, 3>
[INFO] [stdout] 12 | | where T: BaseFloat {
[INFO] [stdout]    | |__________________- methods in this implementation
[INFO] [stdout] 13 |       pub fn transformed(&self, transform: &Transformer<T>) -> Self {
[INFO] [stdout]    |              ^^^^^^^^^^^
[INFO] [stdout] ...
[INFO] [stdout] 20 |       pub fn transform_mut(&mut self, transform: &Transformer<T>) {
[INFO] [stdout]    |              ^^^^^^^^^^^^^
[INFO] [stdout] 
[INFO] [stdout] 
[INFO] [stdout] warning: struct `PhysicsMesh` is never constructed
[INFO] [stdout]   --> src/collision/model.rs:53:12
[INFO] [stdout]    |
[INFO] [stdout] 53 | pub struct PhysicsMesh<T, Primitive: CollisionPrimitive<T, DIM>, const DIM: usize> {
[INFO] [stdout]    |            ^^^^^^^^^^^
[INFO] [stdout] 
[INFO] [stdout] 
[INFO] [stdout] warning: method `vertex` is never used
[INFO] [stdout]   --> src/collision/model.rs:65:12
[INFO] [stdout]    |
[INFO] [stdout] 59 | impl<T, Primitive: CollisionPrimitive<T, DIM>, const DIM: usize> PhysicsMesh<T, Primitive, DIM> {
[INFO] [stdout]    | ----------------------------------------------------------------------------------------------- method in this implementation
[INFO] [stdout] ...
[INFO] [stdout] 65 |     pub fn vertex(&self, idx: usize) -> &SVector<T, DIM> {
[INFO] [stdout]    |            ^^^^^^
[INFO] [stdout] 
[INFO] [stdout] 
[INFO] [stdout] warning: creating a shared reference to mutable static is discouraged
[INFO] [stdout]   --> src/engine.rs:95:13
[INFO] [stdout]    |
[INFO] [stdout] 95 |             PHYSICS_ENGINE.lock()
[INFO] [stdout]    |             ^^^^^^^^^^^^^^^^^^^^^ shared reference to mutable static
[INFO] [stdout]    |
[INFO] [stdout]    = note: for more information, see <https://doc.rust-lang.org/nightly/edition-guide/rust-2024/static-mut-references.html>
[INFO] [stdout]    = note: shared references to mutable statics are dangerous; it's undefined behavior if the static is mutated or if a mutable reference is created for it while the shared reference lives
[INFO] [stdout]    = note: `#[warn(static_mut_refs)]` on by default
[INFO] [stdout] 
[INFO] [stdout] 
[INFO] [stdout] warning: creating a shared reference to mutable static is discouraged
[INFO] [stdout]    --> src/engine.rs:101:13
[INFO] [stdout]     |
[INFO] [stdout] 101 |             PHYSICS_ENGINE.lock_mut()
[INFO] [stdout]     |             ^^^^^^^^^^^^^^^^^^^^^^^^^ shared reference to mutable static
[INFO] [stdout]     |
[INFO] [stdout]     = note: for more information, see <https://doc.rust-lang.org/nightly/edition-guide/rust-2024/static-mut-references.html>
[INFO] [stdout]     = note: shared references to mutable statics are dangerous; it's undefined behavior if the static is mutated or if a mutable reference is created for it while the shared reference lives
[INFO] [stdout] 
[INFO] [stdout] 
[INFO] [stdout] warning: unused import: `nalgebra::Vector3`
[INFO] [stdout]  --> src/bin/cubes.rs:4:5
[INFO] [stdout]   |
[INFO] [stdout] 4 | use nalgebra::Vector3;
[INFO] [stdout]   |     ^^^^^^^^^^^^^^^^^
[INFO] [stdout]   |
[INFO] [stdout]   = note: `#[warn(unused_imports)]` on by default
[INFO] [stdout] 
[INFO] [stdout] 
[INFO] [stdout] warning: unused import: `PhysicsEngine`
[INFO] [stdout]  --> src/bin/cubes.rs:5:33
[INFO] [stdout]   |
[INFO] [stdout] 5 | use corrosive_physics::engine::{PhysicsEngine};
[INFO] [stdout]   |                                 ^^^^^^^^^^^^^
[INFO] [stdout] 
[INFO] [stdout] 
[INFO] [stdout] warning: unused imports: `PhyEntityID` and `PhyEntity`
[INFO] [stdout]  --> src/bin/cubes.rs:6:41
[INFO] [stdout]   |
[INFO] [stdout] 6 | use corrosive_physics::system::object::{PhyEntity, PhyEntityID};
[INFO] [stdout]   |                                         ^^^^^^^^^  ^^^^^^^^^^^
[INFO] [stdout] 
[INFO] [stdout] 
[INFO] [stdout] warning: unused import: `corrosive_physics::volume::BVIntersector`
[INFO] [stdout]  --> src/bin/cubes.rs:7:5
[INFO] [stdout]   |
[INFO] [stdout] 7 | use corrosive_physics::volume::BVIntersector;
[INFO] [stdout]   |     ^^^^^^^^^^^^^^^^^^^^^^^^^^^^^^^^^^^^^^^^
[INFO] [stdout] 
[INFO] [stdout] 
[INFO] [stdout] warning: unused import: `corrosive_physics::volume::tlas::TLASElement`
[INFO] [stdout]  --> src/bin/cubes.rs:8:5
[INFO] [stdout]   |
[INFO] [stdout] 8 | use corrosive_physics::volume::tlas::TLASElement;
[INFO] [stdout]   |     ^^^^^^^^^^^^^^^^^^^^^^^^^^^^^^^^^^^^^^^^^^^^
[INFO] [stdout] 
[INFO] [stdout] 
[INFO] [stdout] warning: unused import: `Vector3`
[INFO] [stdout]  --> src/volume/aabb.rs:1:33
[INFO] [stdout]   |
[INFO] [stdout] 1 | use nalgebra::{DimMin, SVector, Vector3};
[INFO] [stdout]   |                                 ^^^^^^^
[INFO] [stdout]   |
[INFO] [stdout]   = note: `#[warn(unused_imports)]` on by default
[INFO] [stdout] 
[INFO] [stdout] 
[INFO] [stdout] warning: unused import: `DimMin`
[INFO] [stdout]  --> src/volume/aabb.rs:1:16
[INFO] [stdout]   |
[INFO] [stdout] 1 | use nalgebra::{DimMin, SVector, Vector3};
[INFO] [stdout]   |                ^^^^^^
[INFO] [stdout] 
[INFO] [stdout] 
[INFO] [stdout] warning: unused variable: `time`
[INFO] [stdout]   --> src/system/object.rs:54:28
[INFO] [stdout]    |
[INFO] [stdout] 54 |     pub fn tick(&mut self, time: f64) {
[INFO] [stdout]    |                            ^^^^ help: if this is intentional, prefix it with an underscore: `_time`
[INFO] [stdout]    |
[INFO] [stdout]    = note: `#[warn(unused_variables)]` on by default
[INFO] [stdout] 
[INFO] [stdout] 
[INFO] [stdout] warning: unused variable: `d`
[INFO] [stdout]   --> src/helper.rs:39:9
[INFO] [stdout]    |
[INFO] [stdout] 39 |     let d = T::simd_sqrt(T::one());
[INFO] [stdout]    |         ^ help: if this is intentional, prefix it with an underscore: `_d`
[INFO] [stdout] 
[INFO] [stdout] 
[INFO] [stdout] warning: variable does not need to be mutable
[INFO] [stdout]    --> src/volume/bvh.rs:449:13
[INFO] [stdout]     |
[INFO] [stdout] 449 |         let mut elements = VecPool::<Test<2>>::with_capacity(10);
[INFO] [stdout]     |             ----^^^^^^^^
[INFO] [stdout]     |             |
[INFO] [stdout]     |             help: remove this `mut`
[INFO] [stdout]     |
[INFO] [stdout]     = note: `#[warn(unused_mut)]` on by default
[INFO] [stdout] 
[INFO] [stdout] 
[INFO] [stdout] warning: unused variable: `other`
[INFO] [stdout]   --> src/collision.rs:29:26
[INFO] [stdout]    |
[INFO] [stdout] 29 |     fn intersects(&self, other: &AABB<T, 3>) -> bool {
[INFO] [stdout]    |                          ^^^^^ help: if this is intentional, prefix it with an underscore: `_other`
[INFO] [stdout] 
[INFO] [stdout] 
[INFO] [stdout] warning: unused variable: `other`
[INFO] [stdout]   --> src/collision.rs:35:26
[INFO] [stdout]    |
[INFO] [stdout] 35 |     fn intersects(&self, other: &OBB<T>) -> bool {
[INFO] [stdout]    |                          ^^^^^ help: if this is intentional, prefix it with an underscore: `_other`
[INFO] [stdout] 
[INFO] [stdout] 
[INFO] [stdout] warning: unused variable: `other`
[INFO] [stdout]   --> src/collision.rs:41:26
[INFO] [stdout]    |
[INFO] [stdout] 41 |     fn intersects(&self, other: &Vector3<T>) -> bool {
[INFO] [stdout]    |                          ^^^^^ help: if this is intentional, prefix it with an underscore: `_other`
[INFO] [stdout] 
[INFO] [stdout] 
[INFO] [stdout] warning: fields `msg` and `ty` are never read
[INFO] [stdout]   --> src/system/inertia.rs:22:5
[INFO] [stdout]    |
[INFO] [stdout] 21 | pub struct Error {
[INFO] [stdout]    |            ----- fields in this struct
[INFO] [stdout] 22 |     msg: Option<String>,
[INFO] [stdout]    |     ^^^
[INFO] [stdout] 23 |     ty: ErrorType,
[INFO] [stdout]    |     ^^
[INFO] [stdout]    |
[INFO] [stdout]    = note: `#[warn(dead_code)]` on by default
[INFO] [stdout] 
[INFO] [stdout] 
[INFO] [stdout] warning: field `collider_id` is never read
[INFO] [stdout]   --> src/system/object.rs:35:5
[INFO] [stdout]    |
[INFO] [stdout] 32 | pub struct PhyEntity<T: BaseFloat> {
[INFO] [stdout]    |            --------- field in this struct
[INFO] [stdout] ...
[INFO] [stdout] 35 |     collider_id: usize,
[INFO] [stdout]    |     ^^^^^^^^^^^
[INFO] [stdout] 
[INFO] [stdout] 
[INFO] [stdout] warning: function `test` is never used
[INFO] [stdout]   --> src/helper.rs:38:4
[INFO] [stdout]    |
[INFO] [stdout] 38 | fn test<T: BaseFloat>() {
[INFO] [stdout]    |    ^^^^
[INFO] [stdout] 
[INFO] [stdout] 
[INFO] [stdout] warning: enum `CondIndex` is never used
[INFO] [stdout]    --> src/volume/tlas.rs:179:6
[INFO] [stdout]     |
[INFO] [stdout] 179 | enum CondIndex {
[INFO] [stdout]     |      ^^^^^^^^^
[INFO] [stdout] 
[INFO] [stdout] 
[INFO] [stdout] warning: methods `matches_index` and `unwrap` are never used
[INFO] [stdout]    --> src/volume/tlas.rs:199:8
[INFO] [stdout]     |
[INFO] [stdout] 198 | impl CondIndex {
[INFO] [stdout]     | -------------- methods in this implementation
[INFO] [stdout] 199 |     fn matches_index(&self, i: usize) -> bool {
[INFO] [stdout]     |        ^^^^^^^^^^^^^
[INFO] [stdout] ...
[INFO] [stdout] 206 |     fn unwrap(&self) -> &usize {
[INFO] [stdout]     |        ^^^^^^
[INFO] [stdout] 
[INFO] [stdout] 
[INFO] [stdout] warning: field `collider` is never read
[INFO] [stdout]   --> src/engine.rs:54:5
[INFO] [stdout]    |
[INFO] [stdout] 53 | pub struct PhysicsEngine<T: BaseFloat> {
[INFO] [stdout]    |            ------------- field in this struct
[INFO] [stdout] 54 |     collider: HashMap<usize, Box<dyn Collider<T, 3>>>,
[INFO] [stdout]    |     ^^^^^^^^
[INFO] [stdout] 
[INFO] [stdout] 
[INFO] [stdout] warning: fields `trigger` and `collider` are never read
[INFO] [stdout]   --> src/collision.rs:23:5
[INFO] [stdout]    |
[INFO] [stdout] 22 | pub struct ColliderVolume<'a, T> {
[INFO] [stdout]    |            -------------- fields in this struct
[INFO] [stdout] 23 |     trigger: MovementTrigger<T>,
[INFO] [stdout]    |     ^^^^^^^
[INFO] [stdout] 24 |     collider: &'a dyn Collider<T, 3>,
[INFO] [stdout]    |     ^^^^^^^^
[INFO] [stdout] 
[INFO] [stdout] 
[INFO] [stdout] warning: type alias `Edge` is never used
[INFO] [stdout]  --> src/collision/collision_primitive.rs:6:10
[INFO] [stdout]   |
[INFO] [stdout] 6 | pub type Edge = (usize, usize);
[INFO] [stdout]   |          ^^^^
[INFO] [stdout] 
[INFO] [stdout] 
[INFO] [stdout] warning: trait `CollisionPrimitive` is never used
[INFO] [stdout]  --> src/collision/collision_primitive.rs:8:11
[INFO] [stdout]   |
[INFO] [stdout] 8 | pub trait CollisionPrimitive<T, const DIM: usize> {
[INFO] [stdout]   |           ^^^^^^^^^^^^^^^^^^
[INFO] [stdout] 
[INFO] [stdout] 
[INFO] [stdout] warning: struct `RayIntersection` is never constructed
[INFO] [stdout]  --> src/collision/intersection.rs:3:12
[INFO] [stdout]   |
[INFO] [stdout] 3 | pub struct RayIntersection<T, const DIM: usize> {
[INFO] [stdout]   |            ^^^^^^^^^^^^^^^
[INFO] [stdout] 
[INFO] [stdout] 
[INFO] [stdout] warning: struct `Ray` is never constructed
[INFO] [stdout]  --> src/collision/intersection.rs:9:12
[INFO] [stdout]   |
[INFO] [stdout] 9 | pub struct Ray<T, const DIM: usize> {
[INFO] [stdout]   |            ^^^
[INFO] [stdout] 
[INFO] [stdout] 
[INFO] [stdout] warning: methods `transformed` and `transform_mut` are never used
[INFO] [stdout]   --> src/collision/model.rs:13:12
[INFO] [stdout]    |
[INFO] [stdout] 11 | / impl<T> VertexBuffer<T, 3>
[INFO] [stdout] 12 | | where T: BaseFloat {
[INFO] [stdout]    | |__________________- methods in this implementation
[INFO] [stdout] 13 |       pub fn transformed(&self, transform: &Transformer<T>) -> Self {
[INFO] [stdout]    |              ^^^^^^^^^^^
[INFO] [stdout] ...
[INFO] [stdout] 20 |       pub fn transform_mut(&mut self, transform: &Transformer<T>) {
[INFO] [stdout]    |              ^^^^^^^^^^^^^
[INFO] [stdout] 
[INFO] [stdout] 
[INFO] [stdout] warning: struct `PhysicsMesh` is never constructed
[INFO] [stdout]   --> src/collision/model.rs:53:12
[INFO] [stdout]    |
[INFO] [stdout] 53 | pub struct PhysicsMesh<T, Primitive: CollisionPrimitive<T, DIM>, const DIM: usize> {
[INFO] [stdout]    |            ^^^^^^^^^^^
[INFO] [stdout] 
[INFO] [stdout] 
[INFO] [stdout] warning: method `vertex` is never used
[INFO] [stdout]   --> src/collision/model.rs:65:12
[INFO] [stdout]    |
[INFO] [stdout] 59 | impl<T, Primitive: CollisionPrimitive<T, DIM>, const DIM: usize> PhysicsMesh<T, Primitive, DIM> {
[INFO] [stdout]    | ----------------------------------------------------------------------------------------------- method in this implementation
[INFO] [stdout] ...
[INFO] [stdout] 65 |     pub fn vertex(&self, idx: usize) -> &SVector<T, DIM> {
[INFO] [stdout]    |            ^^^^^^
[INFO] [stdout] 
[INFO] [stdout] 
[INFO] [stdout] warning: creating a shared reference to mutable static is discouraged
[INFO] [stdout]   --> src/engine.rs:95:13
[INFO] [stdout]    |
[INFO] [stdout] 95 |             PHYSICS_ENGINE.lock()
[INFO] [stdout]    |             ^^^^^^^^^^^^^^^^^^^^^ shared reference to mutable static
[INFO] [stdout]    |
[INFO] [stdout]    = note: for more information, see <https://doc.rust-lang.org/nightly/edition-guide/rust-2024/static-mut-references.html>
[INFO] [stdout]    = note: shared references to mutable statics are dangerous; it's undefined behavior if the static is mutated or if a mutable reference is created for it while the shared reference lives
[INFO] [stdout]    = note: `#[warn(static_mut_refs)]` on by default
[INFO] [stdout] 
[INFO] [stdout] 
[INFO] [stdout] warning: creating a shared reference to mutable static is discouraged
[INFO] [stdout]    --> src/engine.rs:101:13
[INFO] [stdout]     |
[INFO] [stdout] 101 |             PHYSICS_ENGINE.lock_mut()
[INFO] [stdout]     |             ^^^^^^^^^^^^^^^^^^^^^^^^^ shared reference to mutable static
[INFO] [stdout]     |
[INFO] [stdout]     = note: for more information, see <https://doc.rust-lang.org/nightly/edition-guide/rust-2024/static-mut-references.html>
[INFO] [stdout]     = note: shared references to mutable statics are dangerous; it's undefined behavior if the static is mutated or if a mutable reference is created for it while the shared reference lives
[INFO] [stdout] 
[INFO] [stdout] 
[INFO] [stderr]     Finished `test` profile [optimized + debuginfo] target(s) in 2.06s
[INFO] running `Command { std: "docker" "inspect" "2fcff7769f3e643c79c86bd56874370f6f4e7dc50d4d4073218fb4dcbee4e71e", kill_on_drop: false }`
[INFO] running `Command { std: "docker" "rm" "-f" "2fcff7769f3e643c79c86bd56874370f6f4e7dc50d4d4073218fb4dcbee4e71e", kill_on_drop: false }`
[INFO] [stdout] 2fcff7769f3e643c79c86bd56874370f6f4e7dc50d4d4073218fb4dcbee4e71e
[INFO] running `Command { std: "docker" "create" "-v" "/var/lib/crater-agent-workspace/builds/worker-7-tc1/target:/opt/rustwide/target:rw,Z" "-v" "/var/lib/crater-agent-workspace/builds/worker-7-tc1/source:/opt/rustwide/workdir:ro,Z" "-v" "/var/lib/crater-agent-workspace/cargo-home:/opt/rustwide/cargo-home:ro,Z" "-v" "/var/lib/crater-agent-workspace/rustup-home:/opt/rustwide/rustup-home:ro,Z" "-e" "SOURCE_DIR=/opt/rustwide/workdir" "-e" "CARGO_TARGET_DIR=/opt/rustwide/target" "-e" "CARGO_INCREMENTAL=0" "-e" "RUST_BACKTRACE=full" "-e" "RUSTFLAGS=--cap-lints=warn" "-e" "RUSTDOCFLAGS=--cap-lints=warn" "-e" "CARGO_HOME=/opt/rustwide/cargo-home" "-e" "RUSTUP_HOME=/opt/rustwide/rustup-home" "-w" "/opt/rustwide/workdir" "-m" "1610612736" "--user" "0:0" "--network" "none" "ghcr.io/rust-lang/crates-build-env/linux@sha256:f3a9d4ad9d972b27faf3965f35b62e55ba32bbce8f20bc8fe909558a86702fde" "/opt/rustwide/cargo-home/bin/cargo" "+1.83.0" "test" "--frozen", kill_on_drop: false }`
[INFO] [stdout] c0490167da79809dc4e58caa01aef205c9102463fa3d779322c34dfc4c7b2e50
[INFO] running `Command { std: "docker" "start" "-a" "c0490167da79809dc4e58caa01aef205c9102463fa3d779322c34dfc4c7b2e50", kill_on_drop: false }`
[INFO] [stderr] warning: unused import: `Vector3`
[INFO] [stderr]  --> src/volume/aabb.rs:1:33
[INFO] [stderr]   |
[INFO] [stderr] 1 | use nalgebra::{DimMin, SVector, Vector3};
[INFO] [stderr]   |                                 ^^^^^^^
[INFO] [stderr]   |
[INFO] [stderr]   = note: `#[warn(unused_imports)]` on by default
[INFO] [stderr] 
[INFO] [stderr] warning: unused import: `DimMin`
[INFO] [stderr]  --> src/volume/aabb.rs:1:16
[INFO] [stderr]   |
[INFO] [stderr] 1 | use nalgebra::{DimMin, SVector, Vector3};
[INFO] [stderr]   |                ^^^^^^
[INFO] [stderr] 
[INFO] [stderr] warning: unused variable: `time`
[INFO] [stderr]   --> src/system/object.rs:54:28
[INFO] [stderr]    |
[INFO] [stderr] 54 |     pub fn tick(&mut self, time: f64) {
[INFO] [stderr]    |                            ^^^^ help: if this is intentional, prefix it with an underscore: `_time`
[INFO] [stderr]    |
[INFO] [stderr]    = note: `#[warn(unused_variables)]` on by default
[INFO] [stderr] 
[INFO] [stderr] warning: unused variable: `d`
[INFO] [stderr]   --> src/helper.rs:39:9
[INFO] [stderr]    |
[INFO] [stderr] 39 |     let d = T::simd_sqrt(T::one());
[INFO] [stderr]    |         ^ help: if this is intentional, prefix it with an underscore: `_d`
[INFO] [stderr] 
[INFO] [stderr] warning: unused variable: `other`
[INFO] [stderr]   --> src/collision.rs:29:26
[INFO] [stderr]    |
[INFO] [stderr] 29 |     fn intersects(&self, other: &AABB<T, 3>) -> bool {
[INFO] [stderr]    |                          ^^^^^ help: if this is intentional, prefix it with an underscore: `_other`
[INFO] [stderr] 
[INFO] [stderr] warning: unused variable: `other`
[INFO] [stderr]   --> src/collision.rs:35:26
[INFO] [stderr]    |
[INFO] [stderr] 35 |     fn intersects(&self, other: &OBB<T>) -> bool {
[INFO] [stderr]    |                          ^^^^^ help: if this is intentional, prefix it with an underscore: `_other`
[INFO] [stderr] 
[INFO] [stderr] warning: unused variable: `other`
[INFO] [stderr]   --> src/collision.rs:41:26
[INFO] [stderr]    |
[INFO] [stderr] 41 |     fn intersects(&self, other: &Vector3<T>) -> bool {
[INFO] [stderr]    |                          ^^^^^ help: if this is intentional, prefix it with an underscore: `_other`
[INFO] [stderr] 
[INFO] [stderr] warning: fields `msg` and `ty` are never read
[INFO] [stderr]   --> src/system/inertia.rs:22:5
[INFO] [stderr]    |
[INFO] [stderr] 21 | pub struct Error {
[INFO] [stderr]    |            ----- fields in this struct
[INFO] [stderr] 22 |     msg: Option<String>,
[INFO] [stderr]    |     ^^^
[INFO] [stderr] 23 |     ty: ErrorType,
[INFO] [stderr]    |     ^^
[INFO] [stderr]    |
[INFO] [stderr]    = note: `#[warn(dead_code)]` on by default
[INFO] [stderr] 
[INFO] [stderr] warning: field `collider_id` is never read
[INFO] [stderr]   --> src/system/object.rs:35:5
[INFO] [stderr]    |
[INFO] [stderr] 32 | pub struct PhyEntity<T: BaseFloat> {
[INFO] [stderr]    |            --------- field in this struct
[INFO] [stderr] ...
[INFO] [stderr] 35 |     collider_id: usize,
[INFO] [stderr]    |     ^^^^^^^^^^^
[INFO] [stderr] 
[INFO] [stderr] warning: function `test` is never used
[INFO] [stderr]   --> src/helper.rs:38:4
[INFO] [stderr]    |
[INFO] [stderr] 38 | fn test<T: BaseFloat>() {
[INFO] [stderr]    |    ^^^^
[INFO] [stderr] 
[INFO] [stderr] warning: enum `CondIndex` is never used
[INFO] [stderr]    --> src/volume/tlas.rs:179:6
[INFO] [stderr]     |
[INFO] [stderr] 179 | enum CondIndex {
[INFO] [stderr]     |      ^^^^^^^^^
[INFO] [stderr] 
[INFO] [stderr] warning: methods `matches_index` and `unwrap` are never used
[INFO] [stderr]    --> src/volume/tlas.rs:199:8
[INFO] [stderr]     |
[INFO] [stderr] 198 | impl CondIndex {
[INFO] [stderr]     | -------------- methods in this implementation
[INFO] [stderr] 199 |     fn matches_index(&self, i: usize) -> bool {
[INFO] [stderr]     |        ^^^^^^^^^^^^^
[INFO] [stderr] ...
[INFO] [stderr] 206 |     fn unwrap(&self) -> &usize {
[INFO] [stderr]     |        ^^^^^^
[INFO] [stderr] 
[INFO] [stderr] warning: field `collider` is never read
[INFO] [stderr]   --> src/engine.rs:54:5
[INFO] [stderr]    |
[INFO] [stderr] 53 | pub struct PhysicsEngine<T: BaseFloat> {
[INFO] [stderr]    |            ------------- field in this struct
[INFO] [stderr] 54 |     collider: HashMap<usize, Box<dyn Collider<T, 3>>>,
[INFO] [stderr]    |     ^^^^^^^^
[INFO] [stderr] 
[INFO] [stderr] warning: fields `trigger` and `collider` are never read
[INFO] [stderr]   --> src/collision.rs:23:5
[INFO] [stderr]    |
[INFO] [stderr] 22 | pub struct ColliderVolume<'a, T> {
[INFO] [stderr]    |            -------------- fields in this struct
[INFO] [stderr] 23 |     trigger: MovementTrigger<T>,
[INFO] [stderr]    |     ^^^^^^^
[INFO] [stderr] 24 |     collider: &'a dyn Collider<T, 3>,
[INFO] [stderr]    |     ^^^^^^^^
[INFO] [stderr] 
[INFO] [stderr] warning: type alias `Edge` is never used
[INFO] [stderr]  --> src/collision/collision_primitive.rs:6:10
[INFO] [stderr]   |
[INFO] [stderr] 6 | pub type Edge = (usize, usize);
[INFO] [stderr]   |          ^^^^
[INFO] [stderr] 
[INFO] [stderr] warning: trait `CollisionPrimitive` is never used
[INFO] [stderr]  --> src/collision/collision_primitive.rs:8:11
[INFO] [stderr]   |
[INFO] [stderr] 8 | pub trait CollisionPrimitive<T, const DIM: usize> {
[INFO] [stderr]   |           ^^^^^^^^^^^^^^^^^^
[INFO] [stderr] 
[INFO] [stderr] warning: struct `RayIntersection` is never constructed
[INFO] [stderr]  --> src/collision/intersection.rs:3:12
[INFO] [stderr]   |
[INFO] [stderr] 3 | pub struct RayIntersection<T, const DIM: usize> {
[INFO] [stderr]   |            ^^^^^^^^^^^^^^^
[INFO] [stderr] 
[INFO] [stderr] warning: struct `Ray` is never constructed
[INFO] [stderr]  --> src/collision/intersection.rs:9:12
[INFO] [stderr]   |
[INFO] [stderr] 9 | pub struct Ray<T, const DIM: usize> {
[INFO] [stderr]   |            ^^^
[INFO] [stderr] 
[INFO] [stderr] warning: methods `transformed` and `transform_mut` are never used
[INFO] [stderr]   --> src/collision/model.rs:13:12
[INFO] [stderr]    |
[INFO] [stderr] 11 | / impl<T> VertexBuffer<T, 3>
[INFO] [stderr] 12 | | where T: BaseFloat {
[INFO] [stderr]    | |__________________- methods in this implementation
[INFO] [stderr] 13 |       pub fn transformed(&self, transform: &Transformer<T>) -> Self {
[INFO] [stderr]    |              ^^^^^^^^^^^
[INFO] [stderr] ...
[INFO] [stderr] 20 |       pub fn transform_mut(&mut self, transform: &Transformer<T>) {
[INFO] [stderr]    |              ^^^^^^^^^^^^^
[INFO] [stderr] 
[INFO] [stderr] warning: struct `PhysicsMesh` is never constructed
[INFO] [stderr]   --> src/collision/model.rs:53:12
[INFO] [stderr]    |
[INFO] [stderr] 53 | pub struct PhysicsMesh<T, Primitive: CollisionPrimitive<T, DIM>, const DIM: usize> {
[INFO] [stderr]    |            ^^^^^^^^^^^
[INFO] [stderr] 
[INFO] [stderr] warning: method `vertex` is never used
[INFO] [stderr]   --> src/collision/model.rs:65:12
[INFO] [stderr]    |
[INFO] [stderr] 59 | impl<T, Primitive: CollisionPrimitive<T, DIM>, const DIM: usize> PhysicsMesh<T, Primitive, DIM> {
[INFO] [stderr]    | ----------------------------------------------------------------------------------------------- method in this implementation
[INFO] [stderr] ...
[INFO] [stderr] 65 |     pub fn vertex(&self, idx: usize) -> &SVector<T, DIM> {
[INFO] [stderr]    |            ^^^^^^
[INFO] [stderr] 
[INFO] [stderr] warning: creating a shared reference to mutable static is discouraged
[INFO] [stderr]   --> src/engine.rs:95:13
[INFO] [stderr]    |
[INFO] [stderr] 95 |             PHYSICS_ENGINE.lock()
[INFO] [stderr]    |             ^^^^^^^^^^^^^^^^^^^^^ shared reference to mutable static
[INFO] [stderr]    |
[INFO] [stderr]    = note: for more information, see <https://doc.rust-lang.org/nightly/edition-guide/rust-2024/static-mut-references.html>
[INFO] [stderr]    = note: shared references to mutable statics are dangerous; it's undefined behavior if the static is mutated or if a mutable reference is created for it while the shared reference lives
[INFO] [stderr]    = note: `#[warn(static_mut_refs)]` on by default
[INFO] [stderr] 
[INFO] [stderr] warning: creating a shared reference to mutable static is discouraged
[INFO] [stderr]    --> src/engine.rs:101:13
[INFO] [stderr]     |
[INFO] [stderr] 101 |             PHYSICS_ENGINE.lock_mut()
[INFO] [stderr]     |             ^^^^^^^^^^^^^^^^^^^^^^^^^ shared reference to mutable static
[INFO] [stderr]     |
[INFO] [stderr]     = note: for more information, see <https://doc.rust-lang.org/nightly/edition-guide/rust-2024/static-mut-references.html>
[INFO] [stderr]     = note: shared references to mutable statics are dangerous; it's undefined behavior if the static is mutated or if a mutable reference is created for it while the shared reference lives
[INFO] [stderr] 
[INFO] [stderr] warning: variable does not need to be mutable
[INFO] [stderr]    --> src/volume/bvh.rs:449:13
[INFO] [stderr]     |
[INFO] [stderr] 449 |         let mut elements = VecPool::<Test<2>>::with_capacity(10);
[INFO] [stderr]     |             ----^^^^^^^^
[INFO] [stderr]     |             |
[INFO] [stderr]     |             help: remove this `mut`
[INFO] [stderr]     |
[INFO] [stderr]     = note: `#[warn(unused_mut)]` on by default
[INFO] [stderr] 
[INFO] [stderr] warning: `corrosive_physics` (lib) generated 23 warnings (run `cargo fix --lib -p corrosive_physics` to apply 1 suggestion)
[INFO] [stderr] warning: `corrosive_physics` (lib test) generated 24 warnings (23 duplicates) (run `cargo fix --lib -p corrosive_physics --tests` to apply 1 suggestion)
[INFO] [stderr] warning: unused import: `nalgebra::Vector3`
[INFO] [stderr]  --> src/bin/cubes.rs:4:5
[INFO] [stderr]   |
[INFO] [stderr] 4 | use nalgebra::Vector3;
[INFO] [stderr]   |     ^^^^^^^^^^^^^^^^^
[INFO] [stderr]   |
[INFO] [stderr]   = note: `#[warn(unused_imports)]` on by default
[INFO] [stderr] 
[INFO] [stderr] warning: unused import: `PhysicsEngine`
[INFO] [stderr]  --> src/bin/cubes.rs:5:33
[INFO] [stderr]   |
[INFO] [stderr] 5 | use corrosive_physics::engine::{PhysicsEngine};
[INFO] [stderr]   |                                 ^^^^^^^^^^^^^
[INFO] [stderr] 
[INFO] [stderr] warning: unused imports: `PhyEntityID` and `PhyEntity`
[INFO] [stderr]  --> src/bin/cubes.rs:6:41
[INFO] [stderr]   |
[INFO] [stderr] 6 | use corrosive_physics::system::object::{PhyEntity, PhyEntityID};
[INFO] [stderr]   |                                         ^^^^^^^^^  ^^^^^^^^^^^
[INFO] [stderr] 
[INFO] [stderr] warning: unused import: `corrosive_physics::volume::BVIntersector`
[INFO] [stderr]  --> src/bin/cubes.rs:7:5
[INFO] [stderr]   |
[INFO] [stderr] 7 | use corrosive_physics::volume::BVIntersector;
[INFO] [stderr]   |     ^^^^^^^^^^^^^^^^^^^^^^^^^^^^^^^^^^^^^^^^
[INFO] [stderr] 
[INFO] [stderr] warning: unused import: `corrosive_physics::volume::tlas::TLASElement`
[INFO] [stderr]  --> src/bin/cubes.rs:8:5
[INFO] [stderr]   |
[INFO] [stderr] 8 | use corrosive_physics::volume::tlas::TLASElement;
[INFO] [stderr]   |     ^^^^^^^^^^^^^^^^^^^^^^^^^^^^^^^^^^^^^^^^^^^^
[INFO] [stderr] 
[INFO] [stderr] warning: `corrosive_physics` (bin "cubes" test) generated 5 warnings (run `cargo fix --bin "cubes" --tests` to apply 5 suggestions)
[INFO] [stderr]     Finished `test` profile [optimized + debuginfo] target(s) in 0.24s
[INFO] [stderr]      Running unittests src/lib.rs (/opt/rustwide/target/debug/deps/corrosive_physics-b90c57423f7824db)
[INFO] [stdout] 
[INFO] [stdout] running 1 test
[INFO] [stdout] test volume::bvh::test::test ... FAILED
[INFO] [stderr] error: test failed, to rerun pass `--lib`
[INFO] [stdout] 
[INFO] [stdout] failures:
[INFO] [stdout] 
[INFO] [stdout] ---- volume::bvh::test::test stdout ----
[INFO] [stdout] thread 'volume::bvh::test::test' panicked at src/volume/bvh.rs:256:21:
[INFO] [stdout] attempt to subtract with overflow
[INFO] [stdout] stack backtrace:
[INFO] [stdout]    0:     0x563fa25427ea - std::backtrace_rs::backtrace::libunwind::trace::h5a5b8284f2d0c266
[INFO] [stdout]                                at /rustc/90b35a6239c3d8bdabc530a6a0816f7ff89a0aaf/library/std/src/../../backtrace/src/backtrace/libunwind.rs:116:5
[INFO] [stdout]    1:     0x563fa25427ea - std::backtrace_rs::backtrace::trace_unsynchronized::h76d4f1c9b0b875e3
[INFO] [stdout]                                at /rustc/90b35a6239c3d8bdabc530a6a0816f7ff89a0aaf/library/std/src/../../backtrace/src/backtrace/mod.rs:66:5
[INFO] [stdout]    2:     0x563fa25427ea - std::sys::backtrace::_print_fmt::hc4546b8364a537c6
[INFO] [stdout]                                at /rustc/90b35a6239c3d8bdabc530a6a0816f7ff89a0aaf/library/std/src/sys/backtrace.rs:66:9
[INFO] [stdout]    3:     0x563fa25427ea - <std::sys::backtrace::BacktraceLock::print::DisplayBacktrace as core::fmt::Display>::fmt::h5b6bd5631a6d1f6b
[INFO] [stdout]                                at /rustc/90b35a6239c3d8bdabc530a6a0816f7ff89a0aaf/library/std/src/sys/backtrace.rs:39:26
[INFO] [stdout]    4:     0x563fa2567aa3 - core::fmt::rt::Argument::fmt::h270f6602a2b96f62
[INFO] [stdout]                                at /rustc/90b35a6239c3d8bdabc530a6a0816f7ff89a0aaf/library/core/src/fmt/rt.rs:177:76
[INFO] [stdout]    5:     0x563fa2567aa3 - core::fmt::write::h7550c97b06c86515
[INFO] [stdout]                                at /rustc/90b35a6239c3d8bdabc530a6a0816f7ff89a0aaf/library/core/src/fmt/mod.rs:1186:21
[INFO] [stdout]    6:     0x563fa253f9b3 - std::io::Write::write_fmt::h509ff860e5956e5e
[INFO] [stdout]                                at /rustc/90b35a6239c3d8bdabc530a6a0816f7ff89a0aaf/library/std/src/io/mod.rs:1839:15
[INFO] [stdout]    7:     0x563fa2542632 - std::sys::backtrace::BacktraceLock::print::h2395ccd2c84ba3aa
[INFO] [stdout]                                at /rustc/90b35a6239c3d8bdabc530a6a0816f7ff89a0aaf/library/std/src/sys/backtrace.rs:42:9
[INFO] [stdout]    8:     0x563fa2543c4a - std::panicking::default_hook::{{closure}}::he19d4c7230e07961
[INFO] [stdout]                                at /rustc/90b35a6239c3d8bdabc530a6a0816f7ff89a0aaf/library/std/src/panicking.rs:268:22
[INFO] [stdout]    9:     0x563fa2543a54 - std::panicking::default_hook::hf614597d3c67bbdb
[INFO] [stdout]                                at /rustc/90b35a6239c3d8bdabc530a6a0816f7ff89a0aaf/library/std/src/panicking.rs:292:9
[INFO] [stdout]   10:     0x563fa250f1e9 - <alloc::boxed::Box<F,A> as core::ops::function::Fn<Args>>::call::h39b51ce4599c23d1
[INFO] [stdout]                                at /rustc/90b35a6239c3d8bdabc530a6a0816f7ff89a0aaf/library/alloc/src/boxed.rs:2468:9
[INFO] [stdout]   11:     0x563fa250f1e9 - test::test_main::{{closure}}::he977ae839a582784
[INFO] [stdout]                                at /rustc/90b35a6239c3d8bdabc530a6a0816f7ff89a0aaf/library/test/src/lib.rs:133:21
[INFO] [stdout]   12:     0x563fa25442e8 - <alloc::boxed::Box<F,A> as core::ops::function::Fn<Args>>::call::h9455091b6b06f9fb
[INFO] [stdout]                                at /rustc/90b35a6239c3d8bdabc530a6a0816f7ff89a0aaf/library/alloc/src/boxed.rs:2468:9
[INFO] [stdout]   13:     0x563fa25442e8 - std::panicking::rust_panic_with_hook::h8942133a8b252070
[INFO] [stdout]                                at /rustc/90b35a6239c3d8bdabc530a6a0816f7ff89a0aaf/library/std/src/panicking.rs:809:13
[INFO] [stdout]   14:     0x563fa2544076 - std::panicking::begin_panic_handler::{{closure}}::hb5f5963570096b29
[INFO] [stdout]                                at /rustc/90b35a6239c3d8bdabc530a6a0816f7ff89a0aaf/library/std/src/panicking.rs:667:13
[INFO] [stdout]   15:     0x563fa2542cc9 - std::sys::backtrace::__rust_end_short_backtrace::h6208cedc1922feda
[INFO] [stdout]                                at /rustc/90b35a6239c3d8bdabc530a6a0816f7ff89a0aaf/library/std/src/sys/backtrace.rs:170:18
[INFO] [stdout]   16:     0x563fa2543d3c - rust_begin_unwind
[INFO] [stdout]                                at /rustc/90b35a6239c3d8bdabc530a6a0816f7ff89a0aaf/library/std/src/panicking.rs:665:5
[INFO] [stdout]   17:     0x563fa24d3a60 - core::panicking::panic_fmt::h0c3082644d1bf418
[INFO] [stdout]                                at /rustc/90b35a6239c3d8bdabc530a6a0816f7ff89a0aaf/library/core/src/panicking.rs:74:14
[INFO] [stdout]   18:     0x563fa24d4117 - core::panicking::panic_const::panic_const_sub_overflow::h068bbf8ea6b4f121
[INFO] [stdout]                                at /rustc/90b35a6239c3d8bdabc530a6a0816f7ff89a0aaf/library/core/src/panicking.rs:181:21
[INFO] [stdout]   19:     0x563fa24d6bd4 - corrosive_physics::volume::bvh::BVH<T,E,NodePool,ElementPool,_>::subdivide::h51ac4038054b147b
[INFO] [stdout]                                at /opt/rustwide/workdir/src/volume/bvh.rs:256:21
[INFO] [stdout]   20:     0x563fa24d4519 - corrosive_physics::volume::bvh::BVH<T,E,NodePool,ElementPool,_>::rebuild::hea8ba1f1e15f83ab
[INFO] [stdout]                                at /opt/rustwide/workdir/src/volume/bvh.rs:211:9
[INFO] [stdout]   21:     0x563fa24d4519 - corrosive_physics::volume::bvh::test::test::h06cc7a410b509201
[INFO] [stdout]                                at /opt/rustwide/workdir/src/volume/bvh.rs:452:9
[INFO] [stdout]   22:     0x563fa24d4519 - corrosive_physics::volume::bvh::test::test::{{closure}}::h29cc17c7aea6bdd7
[INFO] [stdout]                                at /opt/rustwide/workdir/src/volume/bvh.rs:448:14
[INFO] [stdout]   23:     0x563fa24d4519 - core::ops::function::FnOnce::call_once::ha20f5c024350c85e
[INFO] [stdout]                                at /rustc/90b35a6239c3d8bdabc530a6a0816f7ff89a0aaf/library/core/src/ops/function.rs:250:5
[INFO] [stdout]   24:     0x563fa2513bab - core::ops::function::FnOnce::call_once::h109cf8051a59b34e
[INFO] [stdout]                                at /rustc/90b35a6239c3d8bdabc530a6a0816f7ff89a0aaf/library/core/src/ops/function.rs:250:5
[INFO] [stdout]   25:     0x563fa2513bab - test::__rust_begin_short_backtrace::hf4fff89d377446ba
[INFO] [stdout]                                at /rustc/90b35a6239c3d8bdabc530a6a0816f7ff89a0aaf/library/test/src/lib.rs:621:18
[INFO] [stdout]   26:     0x563fa25133e7 - test::run_test_in_process::{{closure}}::h0e39181dd7ee5a43
[INFO] [stdout]                                at /rustc/90b35a6239c3d8bdabc530a6a0816f7ff89a0aaf/library/test/src/lib.rs:644:60
[INFO] [stdout]   27:     0x563fa25133e7 - <core::panic::unwind_safe::AssertUnwindSafe<F> as core::ops::function::FnOnce<()>>::call_once::hc5a66a30f0bdfd1f
[INFO] [stdout]                                at /rustc/90b35a6239c3d8bdabc530a6a0816f7ff89a0aaf/library/core/src/panic/unwind_safe.rs:272:9
[INFO] [stdout]   28:     0x563fa25133e7 - std::panicking::try::do_call::h873b7cf639554a5e
[INFO] [stdout]                                at /rustc/90b35a6239c3d8bdabc530a6a0816f7ff89a0aaf/library/std/src/panicking.rs:557:40
[INFO] [stdout]   29:     0x563fa25133e7 - std::panicking::try::hdb19862fad9c8bd1
[INFO] [stdout]                                at /rustc/90b35a6239c3d8bdabc530a6a0816f7ff89a0aaf/library/std/src/panicking.rs:520:19
[INFO] [stdout]   30:     0x563fa25133e7 - std::panic::catch_unwind::h281fe732d236d260
[INFO] [stdout]                                at /rustc/90b35a6239c3d8bdabc530a6a0816f7ff89a0aaf/library/std/src/panic.rs:358:14
[INFO] [stdout]   31:     0x563fa25133e7 - test::run_test_in_process::h949b6df8457ed338
[INFO] [stdout]                                at /rustc/90b35a6239c3d8bdabc530a6a0816f7ff89a0aaf/library/test/src/lib.rs:644:27
[INFO] [stdout]   32:     0x563fa25133e7 - test::run_test::{{closure}}::h52c556a6d4740e10
[INFO] [stdout]                                at /rustc/90b35a6239c3d8bdabc530a6a0816f7ff89a0aaf/library/test/src/lib.rs:565:43
[INFO] [stdout]   33:     0x563fa24d86c4 - test::run_test::{{closure}}::h4237f6381c45ccb9
[INFO] [stdout]                                at /rustc/90b35a6239c3d8bdabc530a6a0816f7ff89a0aaf/library/test/src/lib.rs:595:41
[INFO] [stdout]   34:     0x563fa24d86c4 - std::sys::backtrace::__rust_begin_short_backtrace::h505c97a579eca628
[INFO] [stdout]                                at /rustc/90b35a6239c3d8bdabc530a6a0816f7ff89a0aaf/library/std/src/sys/backtrace.rs:154:18
[INFO] [stdout]   35:     0x563fa24dbd8e - std::thread::Builder::spawn_unchecked_::{{closure}}::{{closure}}::h9e86b2e2bc107ea3
[INFO] [stdout]                                at /rustc/90b35a6239c3d8bdabc530a6a0816f7ff89a0aaf/library/std/src/thread/mod.rs:538:17
[INFO] [stdout]   36:     0x563fa24dbd8e - <core::panic::unwind_safe::AssertUnwindSafe<F> as core::ops::function::FnOnce<()>>::call_once::h8b06ddb275ff4a25
[INFO] [stdout]                                at /rustc/90b35a6239c3d8bdabc530a6a0816f7ff89a0aaf/library/core/src/panic/unwind_safe.rs:272:9
[INFO] [stdout]   37:     0x563fa24dbd8e - std::panicking::try::do_call::hb26ecd7cd9a9355d
[INFO] [stdout]                                at /rustc/90b35a6239c3d8bdabc530a6a0816f7ff89a0aaf/library/std/src/panicking.rs:557:40
[INFO] [stdout]   38:     0x563fa24dbd8e - std::panicking::try::h8ddeca9d705f9069
[INFO] [stdout]                                at /rustc/90b35a6239c3d8bdabc530a6a0816f7ff89a0aaf/library/std/src/panicking.rs:520:19
[INFO] [stdout]   39:     0x563fa24dbd8e - std::panic::catch_unwind::h49e1c33078844c46
[INFO] [stdout]                                at /rustc/90b35a6239c3d8bdabc530a6a0816f7ff89a0aaf/library/std/src/panic.rs:358:14
[INFO] [stdout]   40:     0x563fa24dbd8e - std::thread::Builder::spawn_unchecked_::{{closure}}::h6073db6ff56ad35d
[INFO] [stdout]                                at /rustc/90b35a6239c3d8bdabc530a6a0816f7ff89a0aaf/library/std/src/thread/mod.rs:537:30
[INFO] [stdout]   41:     0x563fa24dbd8e - core::ops::function::FnOnce::call_once{{vtable.shim}}::h2c5a5f3779c774f1
[INFO] [stdout]                                at /rustc/90b35a6239c3d8bdabc530a6a0816f7ff89a0aaf/library/core/src/ops/function.rs:250:5
[INFO] [stdout]   42:     0x563fa254803b - <alloc::boxed::Box<F,A> as core::ops::function::FnOnce<Args>>::call_once::hf75717d9f28faebf
[INFO] [stdout]                                at /rustc/90b35a6239c3d8bdabc530a6a0816f7ff89a0aaf/library/alloc/src/boxed.rs:2454:9
[INFO] [stdout]   43:     0x563fa254803b - <alloc::boxed::Box<F,A> as core::ops::function::FnOnce<Args>>::call_once::h7bd883a5f3c5f3c1
[INFO] [stdout]                                at /rustc/90b35a6239c3d8bdabc530a6a0816f7ff89a0aaf/library/alloc/src/boxed.rs:2454:9
[INFO] [stdout]   44:     0x563fa254803b - std::sys::pal::unix::thread::Thread::new::thread_start::hcc78f3943333fa94
[INFO] [stdout]                                at /rustc/90b35a6239c3d8bdabc530a6a0816f7ff89a0aaf/library/std/src/sys/pal/unix/thread.rs:105:17
[INFO] [stdout]   45:     0x7688e533fac3 - <unknown>
[INFO] [stdout]   46:     0x7688e53d0a04 - clone
[INFO] [stdout]   47:                0x0 - <unknown>
[INFO] [stdout] 
[INFO] [stdout] 
[INFO] [stdout] failures:
[INFO] [stdout]     volume::bvh::test::test
[INFO] [stdout] 
[INFO] [stdout] test result: FAILED. 0 passed; 1 failed; 0 ignored; 0 measured; 0 filtered out; finished in 0.04s
[INFO] [stdout] 
[INFO] running `Command { std: "docker" "inspect" "c0490167da79809dc4e58caa01aef205c9102463fa3d779322c34dfc4c7b2e50", kill_on_drop: false }`
[INFO] running `Command { std: "docker" "rm" "-f" "c0490167da79809dc4e58caa01aef205c9102463fa3d779322c34dfc4c7b2e50", kill_on_drop: false }`
[INFO] [stdout] c0490167da79809dc4e58caa01aef205c9102463fa3d779322c34dfc4c7b2e50
