[INFO] cloning repository https://github.com/LLQWQ/process-manager
[INFO] running `Command { std: "git" "-c" "credential.helper=" "-c" "credential.helper=/workspace/cargo-home/bin/git-credential-null" "clone" "--bare" "https://github.com/LLQWQ/process-manager" "/workspace/cache/git-repos/https%3A%2F%2Fgithub.com%2FLLQWQ%2Fprocess-manager", kill_on_drop: false }`
[INFO] [stderr] Cloning into bare repository '/workspace/cache/git-repos/https%3A%2F%2Fgithub.com%2FLLQWQ%2Fprocess-manager'...
[INFO] running `Command { std: "git" "rev-parse" "HEAD", kill_on_drop: false }`
[INFO] [stdout] 3f5245566ce571051ed68c2b3e293698a3251408
[INFO] testing LLQWQ/process-manager against 1.83.0 for beta-1.84.0-4-retry
[INFO] running `Command { std: "git" "clone" "/workspace/cache/git-repos/https%3A%2F%2Fgithub.com%2FLLQWQ%2Fprocess-manager" "/workspace/builds/worker-0-tc1/source", kill_on_drop: false }`
[INFO] [stderr] Cloning into '/workspace/builds/worker-0-tc1/source'...
[INFO] [stderr] done.
[INFO] validating manifest of git repo https://github.com/LLQWQ/process-manager on toolchain 1.83.0
[INFO] running `Command { std: CARGO_HOME="/workspace/cargo-home" RUSTUP_HOME="/workspace/rustup-home" "/workspace/cargo-home/bin/cargo" "+1.83.0" "metadata" "--manifest-path" "Cargo.toml" "--no-deps", kill_on_drop: false }`
[INFO] started tweaking git repo https://github.com/LLQWQ/process-manager
[INFO] finished tweaking git repo https://github.com/LLQWQ/process-manager
[INFO] tweaked toml for git repo https://github.com/LLQWQ/process-manager written to /workspace/builds/worker-0-tc1/source/Cargo.toml
[INFO] crate git repo https://github.com/LLQWQ/process-manager already has a lockfile, it will not be regenerated
[INFO] running `Command { std: CARGO_HOME="/workspace/cargo-home" RUSTUP_HOME="/workspace/rustup-home" "/workspace/cargo-home/bin/cargo" "+1.83.0" "fetch" "--manifest-path" "Cargo.toml", kill_on_drop: false }`
[INFO] [stderr]     Blocking waiting for file lock on package cache
[INFO] running `Command { std: "docker" "create" "-v" "/var/lib/crater-agent-workspace/builds/worker-0-tc1/target:/opt/rustwide/target:rw,Z" "-v" "/var/lib/crater-agent-workspace/builds/worker-0-tc1/source:/opt/rustwide/workdir:ro,Z" "-v" "/var/lib/crater-agent-workspace/cargo-home:/opt/rustwide/cargo-home:ro,Z" "-v" "/var/lib/crater-agent-workspace/rustup-home:/opt/rustwide/rustup-home:ro,Z" "-e" "SOURCE_DIR=/opt/rustwide/workdir" "-e" "CARGO_TARGET_DIR=/opt/rustwide/target" "-e" "CARGO_HOME=/opt/rustwide/cargo-home" "-e" "RUSTUP_HOME=/opt/rustwide/rustup-home" "-w" "/opt/rustwide/workdir" "-m" "1610612736" "--user" "0:0" "--network" "none" "ghcr.io/rust-lang/crates-build-env/linux@sha256:f3a9d4ad9d972b27faf3965f35b62e55ba32bbce8f20bc8fe909558a86702fde" "/opt/rustwide/cargo-home/bin/cargo" "+1.83.0" "metadata" "--no-deps" "--format-version=1", kill_on_drop: false }`
[INFO] [stdout] 5e7c8e36db4256ecb85b7f09ac5d7588cf039f1f89d5b793339f2fa07ea49770
[INFO] running `Command { std: "docker" "start" "-a" "5e7c8e36db4256ecb85b7f09ac5d7588cf039f1f89d5b793339f2fa07ea49770", kill_on_drop: false }`
[INFO] running `Command { std: "docker" "inspect" "5e7c8e36db4256ecb85b7f09ac5d7588cf039f1f89d5b793339f2fa07ea49770", kill_on_drop: false }`
[INFO] running `Command { std: "docker" "rm" "-f" "5e7c8e36db4256ecb85b7f09ac5d7588cf039f1f89d5b793339f2fa07ea49770", kill_on_drop: false }`
[INFO] [stdout] 5e7c8e36db4256ecb85b7f09ac5d7588cf039f1f89d5b793339f2fa07ea49770
[INFO] running `Command { std: "docker" "create" "-v" "/var/lib/crater-agent-workspace/builds/worker-0-tc1/target:/opt/rustwide/target:rw,Z" "-v" "/var/lib/crater-agent-workspace/builds/worker-0-tc1/source:/opt/rustwide/workdir:ro,Z" "-v" "/var/lib/crater-agent-workspace/cargo-home:/opt/rustwide/cargo-home:ro,Z" "-v" "/var/lib/crater-agent-workspace/rustup-home:/opt/rustwide/rustup-home:ro,Z" "-e" "SOURCE_DIR=/opt/rustwide/workdir" "-e" "CARGO_TARGET_DIR=/opt/rustwide/target" "-e" "CARGO_INCREMENTAL=0" "-e" "RUST_BACKTRACE=full" "-e" "RUSTFLAGS=--cap-lints=warn" "-e" "RUSTDOCFLAGS=--cap-lints=warn" "-e" "CARGO_HOME=/opt/rustwide/cargo-home" "-e" "RUSTUP_HOME=/opt/rustwide/rustup-home" "-w" "/opt/rustwide/workdir" "-m" "1610612736" "--user" "0:0" "--network" "none" "ghcr.io/rust-lang/crates-build-env/linux@sha256:f3a9d4ad9d972b27faf3965f35b62e55ba32bbce8f20bc8fe909558a86702fde" "/opt/rustwide/cargo-home/bin/cargo" "+1.83.0" "build" "--frozen" "--message-format=json", kill_on_drop: false }`
[INFO] [stdout] a0d2cee512e4d546b9cd891322dd140aaa7a63e06c816bd04e1b218eab6aba35
[INFO] running `Command { std: "docker" "start" "-a" "a0d2cee512e4d546b9cd891322dd140aaa7a63e06c816bd04e1b218eab6aba35", kill_on_drop: false }`
[INFO] [stderr]    Compiling proc-macro2 v1.0.92
[INFO] [stderr]    Compiling unicode-ident v1.0.14
[INFO] [stderr]    Compiling libc v0.2.166
[INFO] [stderr]    Compiling memchr v2.7.4
[INFO] [stderr]    Compiling thiserror v1.0.69
[INFO] [stderr]    Compiling crossbeam-utils v0.8.20
[INFO] [stderr]    Compiling once_cell v1.20.2
[INFO] [stderr]    Compiling ucd-trie v0.1.7
[INFO] [stderr]    Compiling serde v1.0.215
[INFO] [stderr]    Compiling rustix v0.38.41
[INFO] [stderr]    Compiling utf8parse v0.2.2
[INFO] [stderr]    Compiling bitflags v2.6.0
[INFO] [stderr]    Compiling autocfg v1.4.0
[INFO] [stderr]    Compiling rayon-core v1.12.1
[INFO] [stderr]    Compiling is_terminal_polyfill v1.70.1
[INFO] [stderr]    Compiling lazy_static v1.5.0
[INFO] [stderr]    Compiling linux-raw-sys v0.4.14
[INFO] [stderr]    Compiling anstyle-parse v0.2.6
[INFO] [stderr]    Compiling anstyle v1.0.10
[INFO] [stderr]    Compiling anstyle-query v1.1.2
[INFO] [stderr]    Compiling unicode-width v0.1.14
[INFO] [stderr]    Compiling cfg_aliases v0.2.1
[INFO] [stderr]    Compiling colorchoice v1.0.3
[INFO] [stderr]    Compiling nix v0.29.0
[INFO] [stderr]    Compiling heck v0.5.0
[INFO] [stderr]    Compiling clap_lex v0.7.3
[INFO] [stderr]    Compiling itoa v1.0.14
[INFO] [stderr]    Compiling anstream v0.6.18
[INFO] [stderr]    Compiling csv-core v0.1.11
[INFO] [stderr]    Compiling either v1.13.0
[INFO] [stderr]    Compiling ryu v1.0.18
[INFO] [stderr]    Compiling strsim v0.11.1
[INFO] [stderr]    Compiling fastrand v2.2.0
[INFO] [stderr]    Compiling anyhow v1.0.93
[INFO] [stderr]    Compiling zeroize v1.8.1
[INFO] [stderr]    Compiling shell-words v1.1.0
[INFO] [stderr]    Compiling encode_unicode v1.0.0
[INFO] [stderr]    Compiling clap_builder v4.5.21
[INFO] [stderr]    Compiling num-traits v0.2.19
[INFO] [stderr]    Compiling iana-time-zone v0.1.61
[INFO] [stderr]    Compiling crossbeam-epoch v0.9.18
[INFO] [stderr]    Compiling quote v1.0.37
[INFO] [stderr]    Compiling syn v2.0.89
[INFO] [stderr]    Compiling crossbeam-deque v0.8.5
[INFO] [stderr]    Compiling rayon v1.10.0
[INFO] [stderr]    Compiling chrono v0.4.38
[INFO] [stderr]    Compiling dirs-sys-next v0.1.2
[INFO] [stderr]    Compiling console v0.15.8
[INFO] [stderr]    Compiling os_pipe v1.2.1
[INFO] [stderr]    Compiling is-terminal v0.4.13
[INFO] [stderr]    Compiling shared_child v1.0.1
[INFO] [stderr]    Compiling duct v0.13.7
[INFO] [stderr]    Compiling dirs-next v2.0.0
[INFO] [stderr]    Compiling term v0.7.0
[INFO] [stderr]    Compiling tempfile v3.14.0
[INFO] [stderr]    Compiling sysinfo v0.32.1
[INFO] [stderr]    Compiling thiserror-impl v1.0.69
[INFO] [stderr]    Compiling serde_derive v1.0.215
[INFO] [stderr]    Compiling clap_derive v4.5.18
[INFO] [stderr]    Compiling pest v2.7.14
[INFO] [stderr]    Compiling dialoguer v0.11.0
[INFO] [stderr]    Compiling clap v4.5.21
[INFO] [stderr]    Compiling pest_meta v2.7.14
[INFO] [stderr]    Compiling pest_generator v2.7.14
[INFO] [stderr]    Compiling pest_derive v2.7.14
[INFO] [stderr]    Compiling csv v1.3.1
[INFO] [stderr]    Compiling json5 v0.4.1
[INFO] [stderr]    Compiling prettytable-rs v0.10.0
[INFO] [stderr]    Compiling process-manager v0.1.0 (/opt/rustwide/workdir)
[INFO] [stdout] warning: unused imports: `fs::File` and `path::Path`
[INFO] [stdout]  --> src/process.rs:3:5
[INFO] [stdout]   |
[INFO] [stdout] 3 |     fs::File,
[INFO] [stdout]   |     ^^^^^^^^
[INFO] [stdout] 4 |     io,
[INFO] [stdout] 5 |     path::Path,
[INFO] [stdout]   |     ^^^^^^^^^^
[INFO] [stdout]   |
[INFO] [stdout]   = note: `#[warn(unused_imports)]` on by default
[INFO] [stdout] 
[INFO] [stdout] 
[INFO] [stdout] warning: unused import: `Command`
[INFO] [stdout]  --> src/lib.rs:3:23
[INFO] [stdout]   |
[INFO] [stdout] 3 | use clap::{arg, Args, Command};
[INFO] [stdout]   |                       ^^^^^^^
[INFO] [stdout] 
[INFO] [stdout] 
[INFO] [stdout] warning: unused imports: `BufWriter`, `error::Error`, `self`, and `time::SystemTime`
[INFO] [stdout]  --> src/lib.rs:6:5
[INFO] [stdout]   |
[INFO] [stdout] 6 |     error::Error,
[INFO] [stdout]   |     ^^^^^^^^^^^^
[INFO] [stdout] 7 |     fs::OpenOptions,
[INFO] [stdout] 8 |     io::{self, BufWriter, Read, Write},
[INFO] [stdout]   |          ^^^^  ^^^^^^^^^
[INFO] [stdout] 9 |     time::SystemTime,
[INFO] [stdout]   |     ^^^^^^^^^^^^^^^^
[INFO] [stdout] 
[INFO] [stdout] 
[INFO] [stdout] warning: unused import: `std::env`
[INFO] [stdout]    --> src/lib.rs:207:9
[INFO] [stdout]     |
[INFO] [stdout] 207 |     use std::env;
[INFO] [stdout]     |         ^^^^^^^^
[INFO] [stdout]     |
[INFO] [stdout] help: if this is a test module, consider adding a `#[cfg(test)]` to the containing module
[INFO] [stdout]    --> src/lib.rs:206:1
[INFO] [stdout]     |
[INFO] [stdout] 206 | mod tests {
[INFO] [stdout]     | ^^^^^^^^^
[INFO] [stdout] 
[INFO] [stdout] 
[INFO] [stdout] warning: unused imports: `ProcessItem`, `ProcessManager`, and `SearchArgs`
[INFO] [stdout]    --> src/lib.rs:209:17
[INFO] [stdout]     |
[INFO] [stdout] 209 |     use crate::{ProcessItem, ProcessManager, SearchArgs};
[INFO] [stdout]     |                 ^^^^^^^^^^^  ^^^^^^^^^^^^^^  ^^^^^^^^^^
[INFO] [stdout]     |
[INFO] [stdout] help: if this is a test module, consider adding a `#[cfg(test)]` to the containing module
[INFO] [stdout]    --> src/lib.rs:206:1
[INFO] [stdout]     |
[INFO] [stdout] 206 | mod tests {
[INFO] [stdout]     | ^^^^^^^^^
[INFO] [stdout] 
[INFO] [stdout] 
[INFO] [stdout] warning: unused variable: `cmd`
[INFO] [stdout]   --> src/process.rs:72:25
[INFO] [stdout]    |
[INFO] [stdout] 72 | fn prevent_being_killed(cmd: &Command) -> io::Result<()> {
[INFO] [stdout]    |                         ^^^ help: if this is intentional, prefix it with an underscore: `_cmd`
[INFO] [stdout]    |
[INFO] [stdout]    = note: `#[warn(unused_variables)]` on by default
[INFO] [stdout] 
[INFO] [stdout] 
[INFO] [stdout] warning: method `format` is never used
[INFO] [stdout]   --> src/lib.rs:34:8
[INFO] [stdout]    |
[INFO] [stdout] 33 | impl ProcessItem {
[INFO] [stdout]    | ---------------- method in this implementation
[INFO] [stdout] 34 |     fn format(&self) -> String {
[INFO] [stdout]    |        ^^^^^^
[INFO] [stdout]    |
[INFO] [stdout]    = note: `#[warn(dead_code)]` on by default
[INFO] [stdout] 
[INFO] [stdout] 
[INFO] [stdout] warning: unused imports: `Local`, `NaiveDateTime`, and `TimeZone`
[INFO] [stdout]  --> src/bin/t.rs:6:24
[INFO] [stdout]   |
[INFO] [stdout] 6 | use chrono::{DateTime, Local, NaiveDateTime, TimeZone};
[INFO] [stdout]   |                        ^^^^^  ^^^^^^^^^^^^^  ^^^^^^^^
[INFO] [stdout]   |
[INFO] [stdout]   = note: `#[warn(unused_imports)]` on by default
[INFO] [stdout] 
[INFO] [stdout] 
[INFO] [stdout] warning: unused imports: `BufWriter`, `Write`, `error::Error`, `process::Command`, and `self`
[INFO] [stdout]  --> src/main.rs:2:5
[INFO] [stdout]   |
[INFO] [stdout] 2 |     error::Error,
[INFO] [stdout]   |     ^^^^^^^^^^^^
[INFO] [stdout] 3 |     io::{self, BufWriter, Write},
[INFO] [stdout]   |          ^^^^  ^^^^^^^^^  ^^^^^
[INFO] [stdout] 4 |     process::Command,
[INFO] [stdout]   |     ^^^^^^^^^^^^^^^^
[INFO] [stdout]   |
[INFO] [stdout]   = note: `#[warn(unused_imports)]` on by default
[INFO] [stdout] 
[INFO] [stdout] 
[INFO] [stdout] warning: unused imports: `Editor` and `MultiSelect`
[INFO] [stdout]  --> src/main.rs:8:48
[INFO] [stdout]   |
[INFO] [stdout] 8 | use dialoguer::{theme::ColorfulTheme, Confirm, Editor, Input, MultiSelect, Select};
[INFO] [stdout]   |                                                ^^^^^^         ^^^^^^^^^^^
[INFO] [stdout] 
[INFO] [stdout] 
[INFO] [stdout] warning: unused import: `duct::cmd`
[INFO] [stdout]  --> src/main.rs:9:5
[INFO] [stdout]   |
[INFO] [stdout] 9 | use duct::cmd;
[INFO] [stdout]   |     ^^^^^^^^^
[INFO] [stdout] 
[INFO] [stdout] 
[INFO] [stdout] warning: unused variable: `search_args`
[INFO] [stdout]    --> src/main.rs:101:24
[INFO] [stdout]     |
[INFO] [stdout] 101 |         Commands::Stop(search_args) => {}
[INFO] [stdout]     |                        ^^^^^^^^^^^ help: if this is intentional, prefix it with an underscore: `_search_args`
[INFO] [stdout]     |
[INFO] [stdout]     = note: `#[warn(unused_variables)]` on by default
[INFO] [stdout] 
[INFO] [stdout] 
[INFO] [stderr]     Finished `dev` profile [unoptimized + debuginfo] target(s) in 33.81s
[INFO] running `Command { std: "docker" "inspect" "a0d2cee512e4d546b9cd891322dd140aaa7a63e06c816bd04e1b218eab6aba35", kill_on_drop: false }`
[INFO] running `Command { std: "docker" "rm" "-f" "a0d2cee512e4d546b9cd891322dd140aaa7a63e06c816bd04e1b218eab6aba35", kill_on_drop: false }`
[INFO] [stdout] a0d2cee512e4d546b9cd891322dd140aaa7a63e06c816bd04e1b218eab6aba35
[INFO] running `Command { std: "docker" "create" "-v" "/var/lib/crater-agent-workspace/builds/worker-0-tc1/target:/opt/rustwide/target:rw,Z" "-v" "/var/lib/crater-agent-workspace/builds/worker-0-tc1/source:/opt/rustwide/workdir:ro,Z" "-v" "/var/lib/crater-agent-workspace/cargo-home:/opt/rustwide/cargo-home:ro,Z" "-v" "/var/lib/crater-agent-workspace/rustup-home:/opt/rustwide/rustup-home:ro,Z" "-e" "SOURCE_DIR=/opt/rustwide/workdir" "-e" "CARGO_TARGET_DIR=/opt/rustwide/target" "-e" "CARGO_INCREMENTAL=0" "-e" "RUST_BACKTRACE=full" "-e" "RUSTFLAGS=--cap-lints=warn" "-e" "RUSTDOCFLAGS=--cap-lints=warn" "-e" "CARGO_HOME=/opt/rustwide/cargo-home" "-e" "RUSTUP_HOME=/opt/rustwide/rustup-home" "-w" "/opt/rustwide/workdir" "-m" "1610612736" "--user" "0:0" "--network" "none" "ghcr.io/rust-lang/crates-build-env/linux@sha256:f3a9d4ad9d972b27faf3965f35b62e55ba32bbce8f20bc8fe909558a86702fde" "/opt/rustwide/cargo-home/bin/cargo" "+1.83.0" "test" "--frozen" "--no-run" "--message-format=json", kill_on_drop: false }`
[INFO] [stdout] 2aa671857b513769b79c6a6213c32d95259997876c7ea99cf20e3af8b21495e4
[INFO] running `Command { std: "docker" "start" "-a" "2aa671857b513769b79c6a6213c32d95259997876c7ea99cf20e3af8b21495e4", kill_on_drop: false }`
[INFO] [stderr]    Compiling process-manager v0.1.0 (/opt/rustwide/workdir)
[INFO] [stdout] warning: unused imports: `fs::File` and `path::Path`
[INFO] [stdout]  --> src/process.rs:3:5
[INFO] [stdout]   |
[INFO] [stdout] 3 |     fs::File,
[INFO] [stdout]   |     ^^^^^^^^
[INFO] [stdout] 4 |     io,
[INFO] [stdout] 5 |     path::Path,
[INFO] [stdout]   |     ^^^^^^^^^^
[INFO] [stdout]   |
[INFO] [stdout]   = note: `#[warn(unused_imports)]` on by default
[INFO] [stdout] 
[INFO] [stdout] 
[INFO] [stdout] warning: unused import: `Command`
[INFO] [stdout]  --> src/lib.rs:3:23
[INFO] [stdout]   |
[INFO] [stdout] 3 | use clap::{arg, Args, Command};
[INFO] [stdout]   |                       ^^^^^^^
[INFO] [stdout] 
[INFO] [stdout] 
[INFO] [stdout] warning: unused imports: `BufWriter`, `error::Error`, `self`, and `time::SystemTime`
[INFO] [stdout]  --> src/lib.rs:6:5
[INFO] [stdout]   |
[INFO] [stdout] 6 |     error::Error,
[INFO] [stdout]   |     ^^^^^^^^^^^^
[INFO] [stdout] 7 |     fs::OpenOptions,
[INFO] [stdout] 8 |     io::{self, BufWriter, Read, Write},
[INFO] [stdout]   |          ^^^^  ^^^^^^^^^
[INFO] [stdout] 9 |     time::SystemTime,
[INFO] [stdout]   |     ^^^^^^^^^^^^^^^^
[INFO] [stdout] 
[INFO] [stdout] 
[INFO] [stdout] warning: unused import: `std::env`
[INFO] [stdout]    --> src/lib.rs:207:9
[INFO] [stdout]     |
[INFO] [stdout] 207 |     use std::env;
[INFO] [stdout]     |         ^^^^^^^^
[INFO] [stdout]     |
[INFO] [stdout] help: if this is a test module, consider adding a `#[cfg(test)]` to the containing module
[INFO] [stdout]    --> src/lib.rs:206:1
[INFO] [stdout]     |
[INFO] [stdout] 206 | mod tests {
[INFO] [stdout]     | ^^^^^^^^^
[INFO] [stdout] 
[INFO] [stdout] 
[INFO] [stdout] warning: unused imports: `ProcessItem`, `ProcessManager`, and `SearchArgs`
[INFO] [stdout]    --> src/lib.rs:209:17
[INFO] [stdout]     |
[INFO] [stdout] 209 |     use crate::{ProcessItem, ProcessManager, SearchArgs};
[INFO] [stdout]     |                 ^^^^^^^^^^^  ^^^^^^^^^^^^^^  ^^^^^^^^^^
[INFO] [stdout]     |
[INFO] [stdout] help: if this is a test module, consider adding a `#[cfg(test)]` to the containing module
[INFO] [stdout]    --> src/lib.rs:206:1
[INFO] [stdout]     |
[INFO] [stdout] 206 | mod tests {
[INFO] [stdout]     | ^^^^^^^^^
[INFO] [stdout] 
[INFO] [stdout] 
[INFO] [stdout] warning: unused variable: `cmd`
[INFO] [stdout]   --> src/process.rs:72:25
[INFO] [stdout]    |
[INFO] [stdout] 72 | fn prevent_being_killed(cmd: &Command) -> io::Result<()> {
[INFO] [stdout]    |                         ^^^ help: if this is intentional, prefix it with an underscore: `_cmd`
[INFO] [stdout]    |
[INFO] [stdout]    = note: `#[warn(unused_variables)]` on by default
[INFO] [stdout] 
[INFO] [stdout] 
[INFO] [stdout] warning: method `format` is never used
[INFO] [stdout]   --> src/lib.rs:34:8
[INFO] [stdout]    |
[INFO] [stdout] 33 | impl ProcessItem {
[INFO] [stdout]    | ---------------- method in this implementation
[INFO] [stdout] 34 |     fn format(&self) -> String {
[INFO] [stdout]    |        ^^^^^^
[INFO] [stdout]    |
[INFO] [stdout]    = note: `#[warn(dead_code)]` on by default
[INFO] [stdout] 
[INFO] [stdout] 
[INFO] [stdout] warning: unused imports: `fs::File` and `path::Path`
[INFO] [stdout]  --> src/process.rs:3:5
[INFO] [stdout]   |
[INFO] [stdout] 3 |     fs::File,
[INFO] [stdout]   |     ^^^^^^^^
[INFO] [stdout] 4 |     io,
[INFO] [stdout] 5 |     path::Path,
[INFO] [stdout]   |     ^^^^^^^^^^
[INFO] [stdout]   |
[INFO] [stdout]   = note: `#[warn(unused_imports)]` on by default
[INFO] [stdout] 
[INFO] [stdout] 
[INFO] [stdout] warning: unused import: `Command`
[INFO] [stdout]  --> src/lib.rs:3:23
[INFO] [stdout]   |
[INFO] [stdout] 3 | use clap::{arg, Args, Command};
[INFO] [stdout]   |                       ^^^^^^^
[INFO] [stdout] 
[INFO] [stdout] 
[INFO] [stdout] warning: unused imports: `BufWriter`, `error::Error`, `self`, and `time::SystemTime`
[INFO] [stdout]  --> src/lib.rs:6:5
[INFO] [stdout]   |
[INFO] [stdout] 6 |     error::Error,
[INFO] [stdout]   |     ^^^^^^^^^^^^
[INFO] [stdout] 7 |     fs::OpenOptions,
[INFO] [stdout] 8 |     io::{self, BufWriter, Read, Write},
[INFO] [stdout]   |          ^^^^  ^^^^^^^^^
[INFO] [stdout] 9 |     time::SystemTime,
[INFO] [stdout]   |     ^^^^^^^^^^^^^^^^
[INFO] [stdout] 
[INFO] [stdout] 
[INFO] [stdout] warning: unused imports: `Local`, `NaiveDateTime`, and `TimeZone`
[INFO] [stdout]  --> src/bin/t.rs:6:24
[INFO] [stdout]   |
[INFO] [stdout] 6 | use chrono::{DateTime, Local, NaiveDateTime, TimeZone};
[INFO] [stdout]   |                        ^^^^^  ^^^^^^^^^^^^^  ^^^^^^^^
[INFO] [stdout]   |
[INFO] [stdout]   = note: `#[warn(unused_imports)]` on by default
[INFO] [stdout] 
[INFO] [stdout] 
[INFO] [stdout] warning: unused variable: `cmd`
[INFO] [stdout]   --> src/process.rs:72:25
[INFO] [stdout]    |
[INFO] [stdout] 72 | fn prevent_being_killed(cmd: &Command) -> io::Result<()> {
[INFO] [stdout]    |                         ^^^ help: if this is intentional, prefix it with an underscore: `_cmd`
[INFO] [stdout]    |
[INFO] [stdout]    = note: `#[warn(unused_variables)]` on by default
[INFO] [stdout] 
[INFO] [stdout] 
[INFO] [stdout] warning: unused imports: `BufWriter`, `Write`, `error::Error`, `process::Command`, and `self`
[INFO] [stdout]  --> src/main.rs:2:5
[INFO] [stdout]   |
[INFO] [stdout] 2 |     error::Error,
[INFO] [stdout]   |     ^^^^^^^^^^^^
[INFO] [stdout] 3 |     io::{self, BufWriter, Write},
[INFO] [stdout]   |          ^^^^  ^^^^^^^^^  ^^^^^
[INFO] [stdout] 4 |     process::Command,
[INFO] [stdout]   |     ^^^^^^^^^^^^^^^^
[INFO] [stdout]   |
[INFO] [stdout]   = note: `#[warn(unused_imports)]` on by default
[INFO] [stdout] 
[INFO] [stdout] 
[INFO] [stdout] warning: unused imports: `Editor` and `MultiSelect`
[INFO] [stdout]  --> src/main.rs:8:48
[INFO] [stdout]   |
[INFO] [stdout] 8 | use dialoguer::{theme::ColorfulTheme, Confirm, Editor, Input, MultiSelect, Select};
[INFO] [stdout]   |                                                ^^^^^^         ^^^^^^^^^^^
[INFO] [stdout] 
[INFO] [stdout] 
[INFO] [stdout] warning: unused import: `duct::cmd`
[INFO] [stdout]  --> src/main.rs:9:5
[INFO] [stdout]   |
[INFO] [stdout] 9 | use duct::cmd;
[INFO] [stdout]   |     ^^^^^^^^^
[INFO] [stdout] 
[INFO] [stdout] 
[INFO] [stdout] warning: unused variable: `load_conf`
[INFO] [stdout]    --> src/lib.rs:216:13
[INFO] [stdout]     |
[INFO] [stdout] 216 |         let load_conf = ProcessManager::load_conf("./.config.json");
[INFO] [stdout]     |             ^^^^^^^^^ help: if this is intentional, prefix it with an underscore: `_load_conf`
[INFO] [stdout] 
[INFO] [stdout] 
[INFO] [stdout] warning: variable does not need to be mutable
[INFO] [stdout]    --> src/lib.rs:221:13
[INFO] [stdout]     |
[INFO] [stdout] 221 |         let mut pm = ProcessManager::new(".");
[INFO] [stdout]     |             ----^^
[INFO] [stdout]     |             |
[INFO] [stdout]     |             help: remove this `mut`
[INFO] [stdout]     |
[INFO] [stdout]     = note: `#[warn(unused_mut)]` on by default
[INFO] [stdout] 
[INFO] [stdout] 
[INFO] [stdout] warning: method `format` is never used
[INFO] [stdout]   --> src/lib.rs:34:8
[INFO] [stdout]    |
[INFO] [stdout] 33 | impl ProcessItem {
[INFO] [stdout]    | ---------------- method in this implementation
[INFO] [stdout] 34 |     fn format(&self) -> String {
[INFO] [stdout]    |        ^^^^^^
[INFO] [stdout]    |
[INFO] [stdout]    = note: `#[warn(dead_code)]` on by default
[INFO] [stdout] 
[INFO] [stdout] 
[INFO] [stdout] warning: unused variable: `search_args`
[INFO] [stdout]    --> src/main.rs:101:24
[INFO] [stdout]     |
[INFO] [stdout] 101 |         Commands::Stop(search_args) => {}
[INFO] [stdout]     |                        ^^^^^^^^^^^ help: if this is intentional, prefix it with an underscore: `_search_args`
[INFO] [stdout]     |
[INFO] [stdout]     = note: `#[warn(unused_variables)]` on by default
[INFO] [stdout] 
[INFO] [stdout] 
[INFO] [stderr]     Finished `test` profile [unoptimized + debuginfo] target(s) in 1.90s
[INFO] running `Command { std: "docker" "inspect" "2aa671857b513769b79c6a6213c32d95259997876c7ea99cf20e3af8b21495e4", kill_on_drop: false }`
[INFO] running `Command { std: "docker" "rm" "-f" "2aa671857b513769b79c6a6213c32d95259997876c7ea99cf20e3af8b21495e4", kill_on_drop: false }`
[INFO] [stdout] 2aa671857b513769b79c6a6213c32d95259997876c7ea99cf20e3af8b21495e4
[INFO] running `Command { std: "docker" "create" "-v" "/var/lib/crater-agent-workspace/builds/worker-0-tc1/target:/opt/rustwide/target:rw,Z" "-v" "/var/lib/crater-agent-workspace/builds/worker-0-tc1/source:/opt/rustwide/workdir:ro,Z" "-v" "/var/lib/crater-agent-workspace/cargo-home:/opt/rustwide/cargo-home:ro,Z" "-v" "/var/lib/crater-agent-workspace/rustup-home:/opt/rustwide/rustup-home:ro,Z" "-e" "SOURCE_DIR=/opt/rustwide/workdir" "-e" "CARGO_TARGET_DIR=/opt/rustwide/target" "-e" "CARGO_INCREMENTAL=0" "-e" "RUST_BACKTRACE=full" "-e" "RUSTFLAGS=--cap-lints=warn" "-e" "RUSTDOCFLAGS=--cap-lints=warn" "-e" "CARGO_HOME=/opt/rustwide/cargo-home" "-e" "RUSTUP_HOME=/opt/rustwide/rustup-home" "-w" "/opt/rustwide/workdir" "-m" "1610612736" "--user" "0:0" "--network" "none" "ghcr.io/rust-lang/crates-build-env/linux@sha256:f3a9d4ad9d972b27faf3965f35b62e55ba32bbce8f20bc8fe909558a86702fde" "/opt/rustwide/cargo-home/bin/cargo" "+1.83.0" "test" "--frozen", kill_on_drop: false }`
[INFO] [stdout] 5120c40e9df8ef1b28dce7477d5302dfb429d35a199290d7e306075824909bdb
[INFO] running `Command { std: "docker" "start" "-a" "5120c40e9df8ef1b28dce7477d5302dfb429d35a199290d7e306075824909bdb", kill_on_drop: false }`
[INFO] [stderr] warning: unused imports: `fs::File` and `path::Path`
[INFO] [stderr]  --> src/process.rs:3:5
[INFO] [stderr]   |
[INFO] [stderr] 3 |     fs::File,
[INFO] [stderr]   |     ^^^^^^^^
[INFO] [stderr] 4 |     io,
[INFO] [stderr] 5 |     path::Path,
[INFO] [stderr]   |     ^^^^^^^^^^
[INFO] [stderr]   |
[INFO] [stderr]   = note: `#[warn(unused_imports)]` on by default
[INFO] [stderr] 
[INFO] [stderr] warning: unused import: `Command`
[INFO] [stderr]  --> src/lib.rs:3:23
[INFO] [stderr]   |
[INFO] [stderr] 3 | use clap::{arg, Args, Command};
[INFO] [stderr]   |                       ^^^^^^^
[INFO] [stderr] 
[INFO] [stderr] warning: unused imports: `BufWriter`, `error::Error`, `self`, and `time::SystemTime`
[INFO] [stderr]  --> src/lib.rs:6:5
[INFO] [stderr]   |
[INFO] [stderr] 6 |     error::Error,
[INFO] [stderr]   |     ^^^^^^^^^^^^
[INFO] [stderr] 7 |     fs::OpenOptions,
[INFO] [stderr] 8 |     io::{self, BufWriter, Read, Write},
[INFO] [stderr]   |          ^^^^  ^^^^^^^^^
[INFO] [stderr] 9 |     time::SystemTime,
[INFO] [stderr]   |     ^^^^^^^^^^^^^^^^
[INFO] [stderr] 
[INFO] [stderr] warning: unused import: `std::env`
[INFO] [stderr]    --> src/lib.rs:207:9
[INFO] [stderr]     |
[INFO] [stderr] 207 |     use std::env;
[INFO] [stderr]     |         ^^^^^^^^
[INFO] [stderr]     |
[INFO] [stderr] help: if this is a test module, consider adding a `#[cfg(test)]` to the containing module
[INFO] [stderr]    --> src/lib.rs:206:1
[INFO] [stderr]     |
[INFO] [stderr] 206 | mod tests {
[INFO] [stderr]     | ^^^^^^^^^
[INFO] [stderr] 
[INFO] [stderr] warning: unused imports: `ProcessItem`, `ProcessManager`, and `SearchArgs`
[INFO] [stderr]    --> src/lib.rs:209:17
[INFO] [stderr]     |
[INFO] [stderr] 209 |     use crate::{ProcessItem, ProcessManager, SearchArgs};
[INFO] [stderr]     |                 ^^^^^^^^^^^  ^^^^^^^^^^^^^^  ^^^^^^^^^^
[INFO] [stderr]     |
[INFO] [stderr] help: if this is a test module, consider adding a `#[cfg(test)]` to the containing module
[INFO] [stderr]    --> src/lib.rs:206:1
[INFO] [stderr]     |
[INFO] [stderr] 206 | mod tests {
[INFO] [stderr]     | ^^^^^^^^^
[INFO] [stderr] 
[INFO] [stderr] warning: unused variable: `cmd`
[INFO] [stderr]   --> src/process.rs:72:25
[INFO] [stderr]    |
[INFO] [stderr] 72 | fn prevent_being_killed(cmd: &Command) -> io::Result<()> {
[INFO] [stderr]    |                         ^^^ help: if this is intentional, prefix it with an underscore: `_cmd`
[INFO] [stderr]    |
[INFO] [stderr]    = note: `#[warn(unused_variables)]` on by default
[INFO] [stderr] 
[INFO] [stderr] warning: method `format` is never used
[INFO] [stderr]   --> src/lib.rs:34:8
[INFO] [stderr]    |
[INFO] [stderr] 33 | impl ProcessItem {
[INFO] [stderr]    | ---------------- method in this implementation
[INFO] [stderr] 34 |     fn format(&self) -> String {
[INFO] [stderr]    |        ^^^^^^
[INFO] [stderr]    |
[INFO] [stderr]    = note: `#[warn(dead_code)]` on by default
[INFO] [stderr] 
[INFO] [stderr] warning: unused variable: `load_conf`
[INFO] [stderr]    --> src/lib.rs:216:13
[INFO] [stderr]     |
[INFO] [stderr] 216 |         let load_conf = ProcessManager::load_conf("./.config.json");
[INFO] [stderr]     |             ^^^^^^^^^ help: if this is intentional, prefix it with an underscore: `_load_conf`
[INFO] [stderr] 
[INFO] [stderr] warning: variable does not need to be mutable
[INFO] [stderr]    --> src/lib.rs:221:13
[INFO] [stderr]     |
[INFO] [stderr] 221 |         let mut pm = ProcessManager::new(".");
[INFO] [stderr]     |             ----^^
[INFO] [stderr]     |             |
[INFO] [stderr]     |             help: remove this `mut`
[INFO] [stderr]     |
[INFO] [stderr]     = note: `#[warn(unused_mut)]` on by default
[INFO] [stderr] 
[INFO] [stderr] warning: `process-manager` (lib) generated 7 warnings (run `cargo fix --lib -p process-manager` to apply 5 suggestions)
[INFO] [stderr] warning: `process-manager` (lib test) generated 7 warnings (5 duplicates) (run `cargo fix --lib -p process-manager --tests` to apply 1 suggestion)
[INFO] [stderr] warning: unused imports: `BufWriter`, `Write`, `error::Error`, `process::Command`, and `self`
[INFO] [stderr]  --> src/main.rs:2:5
[INFO] [stderr]   |
[INFO] [stderr] 2 |     error::Error,
[INFO] [stderr]   |     ^^^^^^^^^^^^
[INFO] [stderr] 3 |     io::{self, BufWriter, Write},
[INFO] [stderr]   |          ^^^^  ^^^^^^^^^  ^^^^^
[INFO] [stderr] 4 |     process::Command,
[INFO] [stderr]   |     ^^^^^^^^^^^^^^^^
[INFO] [stderr]   |
[INFO] [stderr]   = note: `#[warn(unused_imports)]` on by default
[INFO] [stderr] 
[INFO] [stderr] warning: unused imports: `Editor` and `MultiSelect`
[INFO] [stderr]  --> src/main.rs:8:48
[INFO] [stderr]   |
[INFO] [stderr] 8 | use dialoguer::{theme::ColorfulTheme, Confirm, Editor, Input, MultiSelect, Select};
[INFO] [stderr]   |                                                ^^^^^^         ^^^^^^^^^^^
[INFO] [stderr] 
[INFO] [stderr] warning: unused import: `duct::cmd`
[INFO] [stderr]  --> src/main.rs:9:5
[INFO] [stderr]   |
[INFO] [stderr] 9 | use duct::cmd;
[INFO] [stderr]   |     ^^^^^^^^^
[INFO] [stderr] 
[INFO] [stderr] warning: unused variable: `search_args`
[INFO] [stderr]    --> src/main.rs:101:24
[INFO] [stderr]     |
[INFO] [stderr] 101 |         Commands::Stop(search_args) => {}
[INFO] [stderr]     |                        ^^^^^^^^^^^ help: if this is intentional, prefix it with an underscore: `_search_args`
[INFO] [stderr]     |
[INFO] [stderr]     = note: `#[warn(unused_variables)]` on by default
[INFO] [stderr] 
[INFO] [stderr] warning: unused imports: `Local`, `NaiveDateTime`, and `TimeZone`
[INFO] [stderr]  --> src/bin/t.rs:6:24
[INFO] [stderr]   |
[INFO] [stderr] 6 | use chrono::{DateTime, Local, NaiveDateTime, TimeZone};
[INFO] [stderr]   |                        ^^^^^  ^^^^^^^^^^^^^  ^^^^^^^^
[INFO] [stderr]   |
[INFO] [stderr]   = note: `#[warn(unused_imports)]` on by default
[INFO] [stderr] 
[INFO] [stderr] warning: `process-manager` (bin "process-manager" test) generated 4 warnings (run `cargo fix --bin "process-manager" --tests` to apply 3 suggestions)
[INFO] [stderr] warning: `process-manager` (bin "t" test) generated 1 warning (run `cargo fix --bin "t" --tests` to apply 1 suggestion)
[INFO] [stderr]     Finished `test` profile [unoptimized + debuginfo] target(s) in 0.18s
[INFO] [stderr]      Running unittests src/lib.rs (/opt/rustwide/target/debug/deps/process_manager-973e3d2fc8cc8d95)
[INFO] [stdout] 
[INFO] [stdout] running 3 tests
[INFO] [stdout] test tests::test_list ... ok
[INFO] [stdout] test tests::test_load ... ok
[INFO] [stdout] test tests::test_add ... FAILED
[INFO] [stdout] 
[INFO] [stdout] failures:
[INFO] [stdout] 
[INFO] [stdout] ---- tests::test_add stdout ----
[INFO] [stdout] thread 'tests::test_add' panicked at src/lib.rs:173:14:
[INFO] [stdout] 打开配置文件失败：./.config.json: Os { code: 30, kind: ReadOnlyFilesystem, message: "Read-only file system" }
[INFO] [stdout] stack backtrace:
[INFO] [stdout]    0:     0x618cf162d52a - std::backtrace_rs::backtrace::libunwind::trace::h5a5b8284f2d0c266
[INFO] [stdout]                                at /rustc/90b35a6239c3d8bdabc530a6a0816f7ff89a0aaf/library/std/src/../../backtrace/src/backtrace/libunwind.rs:116:5
[INFO] [stdout]    1:     0x618cf162d52a - std::backtrace_rs::backtrace::trace_unsynchronized::h76d4f1c9b0b875e3
[INFO] [stdout]                                at /rustc/90b35a6239c3d8bdabc530a6a0816f7ff89a0aaf/library/std/src/../../backtrace/src/backtrace/mod.rs:66:5
[INFO] [stdout]    2:     0x618cf162d52a - std::sys::backtrace::_print_fmt::hc4546b8364a537c6
[INFO] [stdout]                                at /rustc/90b35a6239c3d8bdabc530a6a0816f7ff89a0aaf/library/std/src/sys/backtrace.rs:66:9
[INFO] [stdout]    3:     0x618cf162d52a - <std::sys::backtrace::BacktraceLock::print::DisplayBacktrace as core::fmt::Display>::fmt::h5b6bd5631a6d1f6b
[INFO] [stdout]                                at /rustc/90b35a6239c3d8bdabc530a6a0816f7ff89a0aaf/library/std/src/sys/backtrace.rs:39:26
[INFO] [stdout]    4:     0x618cf16538c3 - core::fmt::rt::Argument::fmt::h270f6602a2b96f62
[INFO] [stdout]                                at /rustc/90b35a6239c3d8bdabc530a6a0816f7ff89a0aaf/library/core/src/fmt/rt.rs:177:76
[INFO] [stdout]    5:     0x618cf16538c3 - core::fmt::write::h7550c97b06c86515
[INFO] [stdout]                                at /rustc/90b35a6239c3d8bdabc530a6a0816f7ff89a0aaf/library/core/src/fmt/mod.rs:1186:21
[INFO] [stdout]    6:     0x618cf162a6d3 - std::io::Write::write_fmt::h509ff860e5956e5e
[INFO] [stdout]                                at /rustc/90b35a6239c3d8bdabc530a6a0816f7ff89a0aaf/library/std/src/io/mod.rs:1839:15
[INFO] [stdout]    7:     0x618cf162d372 - std::sys::backtrace::BacktraceLock::print::h2395ccd2c84ba3aa
[INFO] [stdout]                                at /rustc/90b35a6239c3d8bdabc530a6a0816f7ff89a0aaf/library/std/src/sys/backtrace.rs:42:9
[INFO] [stdout]    8:     0x618cf162e98a - std::panicking::default_hook::{{closure}}::he19d4c7230e07961
[INFO] [stdout]                                at /rustc/90b35a6239c3d8bdabc530a6a0816f7ff89a0aaf/library/std/src/panicking.rs:268:22
[INFO] [stdout]    9:     0x618cf162e794 - std::panicking::default_hook::hf614597d3c67bbdb
[INFO] [stdout]                                at /rustc/90b35a6239c3d8bdabc530a6a0816f7ff89a0aaf/library/std/src/panicking.rs:292:9
[INFO] [stdout]   10:     0x618cf15ef119 - <alloc::boxed::Box<F,A> as core::ops::function::Fn<Args>>::call::h39b51ce4599c23d1
[INFO] [stdout]                                at /rustc/90b35a6239c3d8bdabc530a6a0816f7ff89a0aaf/library/alloc/src/boxed.rs:2468:9
[INFO] [stdout]   11:     0x618cf15ef119 - test::test_main::{{closure}}::he977ae839a582784
[INFO] [stdout]                                at /rustc/90b35a6239c3d8bdabc530a6a0816f7ff89a0aaf/library/test/src/lib.rs:133:21
[INFO] [stdout]   12:     0x618cf162f028 - <alloc::boxed::Box<F,A> as core::ops::function::Fn<Args>>::call::h9455091b6b06f9fb
[INFO] [stdout]                                at /rustc/90b35a6239c3d8bdabc530a6a0816f7ff89a0aaf/library/alloc/src/boxed.rs:2468:9
[INFO] [stdout]   13:     0x618cf162f028 - std::panicking::rust_panic_with_hook::h8942133a8b252070
[INFO] [stdout]                                at /rustc/90b35a6239c3d8bdabc530a6a0816f7ff89a0aaf/library/std/src/panicking.rs:809:13
[INFO] [stdout]   14:     0x618cf162edea - std::panicking::begin_panic_handler::{{closure}}::hb5f5963570096b29
[INFO] [stdout]                                at /rustc/90b35a6239c3d8bdabc530a6a0816f7ff89a0aaf/library/std/src/panicking.rs:674:13
[INFO] [stdout]   15:     0x618cf162da09 - std::sys::backtrace::__rust_end_short_backtrace::h6208cedc1922feda
[INFO] [stdout]                                at /rustc/90b35a6239c3d8bdabc530a6a0816f7ff89a0aaf/library/std/src/sys/backtrace.rs:170:18
[INFO] [stdout]   16:     0x618cf162ea7c - rust_begin_unwind
[INFO] [stdout]                                at /rustc/90b35a6239c3d8bdabc530a6a0816f7ff89a0aaf/library/std/src/panicking.rs:665:5
[INFO] [stdout]   17:     0x618cf154eaa0 - core::panicking::panic_fmt::h0c3082644d1bf418
[INFO] [stdout]                                at /rustc/90b35a6239c3d8bdabc530a6a0816f7ff89a0aaf/library/core/src/panicking.rs:74:14
[INFO] [stdout]   18:     0x618cf154eee6 - core::result::unwrap_failed::hd20b4aa073bda1e2
[INFO] [stdout]                                at /rustc/90b35a6239c3d8bdabc530a6a0816f7ff89a0aaf/library/core/src/result.rs:1700:5
[INFO] [stdout]   19:     0x618cf1561ffd - core::result::Result<T,E>::expect::h0a744db9b1b6ba0c
[INFO] [stdout]                                at /rustc/90b35a6239c3d8bdabc530a6a0816f7ff89a0aaf/library/core/src/result.rs:1061:23
[INFO] [stdout]   20:     0x618cf15572b5 - process_manager::ProcessManager::rewrite::h0eca4652457bf378
[INFO] [stdout]                                at /opt/rustwide/workdir/src/lib.rs:168:24
[INFO] [stdout]   21:     0x618cf1556c91 - process_manager::ProcessManager::add::h0326e152314e38cd
[INFO] [stdout]                                at /opt/rustwide/workdir/src/lib.rs:129:9
[INFO] [stdout]   22:     0x618cf1564f11 - process_manager::tests::test_add::h11328c6243a49a53
[INFO] [stdout]                                at /opt/rustwide/workdir/src/lib.rs:235:9
[INFO] [stdout]   23:     0x618cf1564c37 - process_manager::tests::test_add::{{closure}}::ha48c2017ead134b1
[INFO] [stdout]                                at /opt/rustwide/workdir/src/lib.rs:233:18
[INFO] [stdout]   24:     0x618cf1560b46 - core::ops::function::FnOnce::call_once::h2a1fbea9ce2dc670
[INFO] [stdout]                                at /rustc/90b35a6239c3d8bdabc530a6a0816f7ff89a0aaf/library/core/src/ops/function.rs:250:5
[INFO] [stdout]   25:     0x618cf15f3adb - core::ops::function::FnOnce::call_once::h109cf8051a59b34e
[INFO] [stdout]                                at /rustc/90b35a6239c3d8bdabc530a6a0816f7ff89a0aaf/library/core/src/ops/function.rs:250:5
[INFO] [stdout]   26:     0x618cf15f3adb - test::__rust_begin_short_backtrace::hf4fff89d377446ba
[INFO] [stdout]                                at /rustc/90b35a6239c3d8bdabc530a6a0816f7ff89a0aaf/library/test/src/lib.rs:621:18
[INFO] [stdout]   27:     0x618cf15f3317 - test::run_test_in_process::{{closure}}::h0e39181dd7ee5a43
[INFO] [stdout]                                at /rustc/90b35a6239c3d8bdabc530a6a0816f7ff89a0aaf/library/test/src/lib.rs:644:60
[INFO] [stdout]   28:     0x618cf15f3317 - <core::panic::unwind_safe::AssertUnwindSafe<F> as core::ops::function::FnOnce<()>>::call_once::hc5a66a30f0bdfd1f
[INFO] [stdout]                                at /rustc/90b35a6239c3d8bdabc530a6a0816f7ff89a0aaf/library/core/src/panic/unwind_safe.rs:272:9
[INFO] [stdout]   29:     0x618cf15f3317 - std::panicking::try::do_call::h873b7cf639554a5e
[INFO] [stdout]                                at /rustc/90b35a6239c3d8bdabc530a6a0816f7ff89a0aaf/library/std/src/panicking.rs:557:40
[INFO] [stdout]   30:     0x618cf15f3317 - std::panicking::try::hdb19862fad9c8bd1
[INFO] [stdout]                                at /rustc/90b35a6239c3d8bdabc530a6a0816f7ff89a0aaf/library/std/src/panicking.rs:520:19
[INFO] [stdout]   31:     0x618cf15f3317 - std::panic::catch_unwind::h281fe732d236d260
[INFO] [stdout]                                at /rustc/90b35a6239c3d8bdabc530a6a0816f7ff89a0aaf/library/std/src/panic.rs:358:14
[INFO] [stdout]   32:     0x618cf15f3317 - test::run_test_in_process::h949b6df8457ed338
[INFO] [stdout]                                at /rustc/90b35a6239c3d8bdabc530a6a0816f7ff89a0aaf/library/test/src/lib.rs:644:27
[INFO] [stdout]   33:     0x618cf15f3317 - test::run_test::{{closure}}::h52c556a6d4740e10
[INFO] [stdout]                                at /rustc/90b35a6239c3d8bdabc530a6a0816f7ff89a0aaf/library/test/src/lib.rs:565:43
[INFO] [stdout]   34:     0x618cf15b85f4 - test::run_test::{{closure}}::h4237f6381c45ccb9
[INFO] [stdout]                                at /rustc/90b35a6239c3d8bdabc530a6a0816f7ff89a0aaf/library/test/src/lib.rs:595:41
[INFO] [stdout]   35:     0x618cf15b85f4 - std::sys::backtrace::__rust_begin_short_backtrace::h505c97a579eca628
[INFO] [stdout]                                at /rustc/90b35a6239c3d8bdabc530a6a0816f7ff89a0aaf/library/std/src/sys/backtrace.rs:154:18
[INFO] [stdout]   36:     0x618cf15bbcbe - std::thread::Builder::spawn_unchecked_::{{closure}}::{{closure}}::h9e86b2e2bc107ea3
[INFO] [stdout]                                at /rustc/90b35a6239c3d8bdabc530a6a0816f7ff89a0aaf/library/std/src/thread/mod.rs:538:17
[INFO] [stdout]   37:     0x618cf15bbcbe - <core::panic::unwind_safe::AssertUnwindSafe<F> as core::ops::function::FnOnce<()>>::call_once::h8b06ddb275ff4a25
[INFO] [stdout]                                at /rustc/90b35a6239c3d8bdabc530a6a0816f7ff89a0aaf/library/core/src/panic/unwind_safe.rs:272:9
[INFO] [stdout]   38:     0x618cf15bbcbe - std::panicking::try::do_call::hb26ecd7cd9a9355d
[INFO] [stdout]                                at /rustc/90b35a6239c3d8bdabc530a6a0816f7ff89a0aaf/library/std/src/panicking.rs:557:40
[INFO] [stdout]   39:     0x618cf15bbcbe - std::panicking::try::h8ddeca9d705f9069
[INFO] [stdout]                                at /rustc/90b35a6239c3d8bdabc530a6a0816f7ff89a0aaf/library/std/src/panicking.rs:520:19
[INFO] [stdout]   40:     0x618cf15bbcbe - std::panic::catch_unwind::h49e1c33078844c46
[INFO] [stdout]                                at /rustc/90b35a6239c3d8bdabc530a6a0816f7ff89a0aaf/library/std/src/panic.rs:358:14
[INFO] [stdout]   41:     0x618cf15bbcbe - std::thread::Builder::spawn_unchecked_::{{closure}}::h6073db6ff56ad35d
[INFO] [stdout]                                at /rustc/90b35a6239c3d8bdabc530a6a0816f7ff89a0aaf/library/std/src/thread/mod.rs:537:30
[INFO] [stdout]   42:     0x618cf15bbcbe - core::ops::function::FnOnce::call_once{{vtable.shim}}::h2c5a5f3779c774f1
[INFO] [stderr] error: test failed, to rerun pass `--lib`
[INFO] [stdout]                                at /rustc/90b35a6239c3d8bdabc530a6a0816f7ff89a0aaf/library/core/src/ops/function.rs:250:5
[INFO] [stdout]   43:     0x618cf1632d8b - <alloc::boxed::Box<F,A> as core::ops::function::FnOnce<Args>>::call_once::hf75717d9f28faebf
[INFO] [stdout]                                at /rustc/90b35a6239c3d8bdabc530a6a0816f7ff89a0aaf/library/alloc/src/boxed.rs:2454:9
[INFO] [stdout]   44:     0x618cf1632d8b - <alloc::boxed::Box<F,A> as core::ops::function::FnOnce<Args>>::call_once::h7bd883a5f3c5f3c1
[INFO] [stdout]                                at /rustc/90b35a6239c3d8bdabc530a6a0816f7ff89a0aaf/library/alloc/src/boxed.rs:2454:9
[INFO] [stdout]   45:     0x618cf1632d8b - std::sys::pal::unix::thread::Thread::new::thread_start::hcc78f3943333fa94
[INFO] [stdout]                                at /rustc/90b35a6239c3d8bdabc530a6a0816f7ff89a0aaf/library/std/src/sys/pal/unix/thread.rs:105:17
[INFO] [stdout]   46:     0x79b614461ac3 - <unknown>
[INFO] [stdout]   47:     0x79b6144f2a04 - clone
[INFO] [stdout]   48:                0x0 - <unknown>
[INFO] [stdout] 
[INFO] [stdout] 
[INFO] [stdout] failures:
[INFO] [stdout]     tests::test_add
[INFO] [stdout] 
[INFO] [stdout] test result: FAILED. 2 passed; 1 failed; 0 ignored; 0 measured; 0 filtered out; finished in 0.07s
[INFO] [stdout] 
[INFO] running `Command { std: "docker" "inspect" "5120c40e9df8ef1b28dce7477d5302dfb429d35a199290d7e306075824909bdb", kill_on_drop: false }`
[INFO] running `Command { std: "docker" "rm" "-f" "5120c40e9df8ef1b28dce7477d5302dfb429d35a199290d7e306075824909bdb", kill_on_drop: false }`
[INFO] [stdout] 5120c40e9df8ef1b28dce7477d5302dfb429d35a199290d7e306075824909bdb
