[INFO] cloning repository https://github.com/Kxnr/Notable
[INFO] running `Command { std: "git" "-c" "credential.helper=" "-c" "credential.helper=/workspace/cargo-home/bin/git-credential-null" "clone" "--bare" "https://github.com/Kxnr/Notable" "/workspace/cache/git-repos/https%3A%2F%2Fgithub.com%2FKxnr%2FNotable", kill_on_drop: false }`
[INFO] [stderr] Cloning into bare repository '/workspace/cache/git-repos/https%3A%2F%2Fgithub.com%2FKxnr%2FNotable'...
[INFO] running `Command { std: "git" "rev-parse" "HEAD", kill_on_drop: false }`
[INFO] [stdout] 4fb21084383bd781f7d8a86b0391cb8b731f7cac
[INFO] testing Kxnr/Notable against 1.83.0 for beta-1.84.0-4-retry
[INFO] running `Command { std: "git" "clone" "/workspace/cache/git-repos/https%3A%2F%2Fgithub.com%2FKxnr%2FNotable" "/workspace/builds/worker-7-tc1/source", kill_on_drop: false }`
[INFO] [stderr] Cloning into '/workspace/builds/worker-7-tc1/source'...
[INFO] [stderr] done.
[INFO] validating manifest of git repo https://github.com/Kxnr/Notable on toolchain 1.83.0
[INFO] running `Command { std: CARGO_HOME="/workspace/cargo-home" RUSTUP_HOME="/workspace/rustup-home" "/workspace/cargo-home/bin/cargo" "+1.83.0" "metadata" "--manifest-path" "Cargo.toml" "--no-deps", kill_on_drop: false }`
[INFO] started tweaking git repo https://github.com/Kxnr/Notable
[INFO] finished tweaking git repo https://github.com/Kxnr/Notable
[INFO] tweaked toml for git repo https://github.com/Kxnr/Notable written to /workspace/builds/worker-7-tc1/source/Cargo.toml
[INFO] crate git repo https://github.com/Kxnr/Notable already has a lockfile, it will not be regenerated
[INFO] running `Command { std: CARGO_HOME="/workspace/cargo-home" RUSTUP_HOME="/workspace/rustup-home" "/workspace/cargo-home/bin/cargo" "+1.83.0" "fetch" "--manifest-path" "Cargo.toml", kill_on_drop: false }`
[INFO] [stderr] warning: /workspace/builds/worker-7-tc1/source/notable-cli/Cargo.toml: unused manifest key: package.autobin
[INFO] [stderr]     Updating crates.io index
[INFO] [stderr]  Downloading crates ...
[INFO] [stderr]   Downloaded markdown-ast v0.1.1
[INFO] [stderr]   Downloaded fuzzydate v0.2.2
[INFO] [stderr]   Downloaded leon v3.0.2
[INFO] running `Command { std: "docker" "create" "-v" "/var/lib/crater-agent-workspace/builds/worker-7-tc1/target:/opt/rustwide/target:rw,Z" "-v" "/var/lib/crater-agent-workspace/builds/worker-7-tc1/source:/opt/rustwide/workdir:ro,Z" "-v" "/var/lib/crater-agent-workspace/cargo-home:/opt/rustwide/cargo-home:ro,Z" "-v" "/var/lib/crater-agent-workspace/rustup-home:/opt/rustwide/rustup-home:ro,Z" "-e" "SOURCE_DIR=/opt/rustwide/workdir" "-e" "CARGO_TARGET_DIR=/opt/rustwide/target" "-e" "CARGO_HOME=/opt/rustwide/cargo-home" "-e" "RUSTUP_HOME=/opt/rustwide/rustup-home" "-w" "/opt/rustwide/workdir" "-m" "1610612736" "--user" "0:0" "--network" "none" "ghcr.io/rust-lang/crates-build-env/linux@sha256:f3a9d4ad9d972b27faf3965f35b62e55ba32bbce8f20bc8fe909558a86702fde" "/opt/rustwide/cargo-home/bin/cargo" "+1.83.0" "metadata" "--no-deps" "--format-version=1", kill_on_drop: false }`
[INFO] [stdout] 38aa9a8875f9a1f210fc6d55dd811024ef02d134ccbad7bb1f8cde6bfeb57813
[INFO] running `Command { std: "docker" "start" "-a" "38aa9a8875f9a1f210fc6d55dd811024ef02d134ccbad7bb1f8cde6bfeb57813", kill_on_drop: false }`
[INFO] running `Command { std: "docker" "inspect" "38aa9a8875f9a1f210fc6d55dd811024ef02d134ccbad7bb1f8cde6bfeb57813", kill_on_drop: false }`
[INFO] running `Command { std: "docker" "rm" "-f" "38aa9a8875f9a1f210fc6d55dd811024ef02d134ccbad7bb1f8cde6bfeb57813", kill_on_drop: false }`
[INFO] [stdout] 38aa9a8875f9a1f210fc6d55dd811024ef02d134ccbad7bb1f8cde6bfeb57813
[INFO] running `Command { std: "docker" "create" "-v" "/var/lib/crater-agent-workspace/builds/worker-7-tc1/target:/opt/rustwide/target:rw,Z" "-v" "/var/lib/crater-agent-workspace/builds/worker-7-tc1/source:/opt/rustwide/workdir:ro,Z" "-v" "/var/lib/crater-agent-workspace/cargo-home:/opt/rustwide/cargo-home:ro,Z" "-v" "/var/lib/crater-agent-workspace/rustup-home:/opt/rustwide/rustup-home:ro,Z" "-e" "SOURCE_DIR=/opt/rustwide/workdir" "-e" "CARGO_TARGET_DIR=/opt/rustwide/target" "-e" "CARGO_INCREMENTAL=0" "-e" "RUST_BACKTRACE=full" "-e" "RUSTFLAGS=--cap-lints=warn" "-e" "RUSTDOCFLAGS=--cap-lints=warn" "-e" "CARGO_HOME=/opt/rustwide/cargo-home" "-e" "RUSTUP_HOME=/opt/rustwide/rustup-home" "-w" "/opt/rustwide/workdir" "-m" "1610612736" "--user" "0:0" "--network" "none" "ghcr.io/rust-lang/crates-build-env/linux@sha256:f3a9d4ad9d972b27faf3965f35b62e55ba32bbce8f20bc8fe909558a86702fde" "/opt/rustwide/cargo-home/bin/cargo" "+1.83.0" "build" "--frozen" "--message-format=json", kill_on_drop: false }`
[INFO] [stdout] 3326895da8ca02e33d473cb070a0fe06cb9831e5c0d8dbe4ee947a485dc79f96
[INFO] running `Command { std: "docker" "start" "-a" "3326895da8ca02e33d473cb070a0fe06cb9831e5c0d8dbe4ee947a485dc79f96", kill_on_drop: false }`
[INFO] [stderr] warning: /opt/rustwide/workdir/notable-cli/Cargo.toml: unused manifest key: package.autobin
[INFO] [stderr]    Compiling syn v2.0.87
[INFO] [stderr]    Compiling bitflags v2.6.0
[INFO] [stderr]    Compiling libc v0.2.159
[INFO] [stderr]    Compiling crossbeam-utils v0.8.20
[INFO] [stderr]    Compiling serde v1.0.208
[INFO] [stderr]    Compiling version_check v0.9.5
[INFO] [stderr]    Compiling autocfg v1.4.0
[INFO] [stderr]    Compiling thiserror v1.0.63
[INFO] [stderr]    Compiling pulldown-cmark v0.11.2
[INFO] [stderr]    Compiling equivalent v1.0.1
[INFO] [stderr]    Compiling log v0.4.22
[INFO] [stderr]    Compiling rustix v0.38.37
[INFO] [stderr]    Compiling hashbrown v0.14.5
[INFO] [stderr]    Compiling aho-corasick v1.1.3
[INFO] [stderr]    Compiling getopts v0.2.21
[INFO] [stderr]    Compiling utf8parse v0.2.2
[INFO] [stderr]    Compiling regex-syntax v0.8.5
[INFO] [stderr]    Compiling same-file v1.0.6
[INFO] [stderr]    Compiling linux-raw-sys v0.4.14
[INFO] [stderr]    Compiling thiserror v2.0.3
[INFO] [stderr]    Compiling unicase v2.7.0
[INFO] [stderr]    Compiling pulldown-cmark-escape v0.11.0
[INFO] [stderr]    Compiling walkdir v2.5.0
[INFO] [stderr]    Compiling anstyle-parse v0.2.6
[INFO] [stderr]    Compiling bstr v1.10.0
[INFO] [stderr]    Compiling winnow v0.6.18
[INFO] [stderr]    Compiling anstyle v1.0.10
[INFO] [stderr]    Compiling iana-time-zone v0.1.61
[INFO] [stderr]    Compiling indexmap v2.4.0
[INFO] [stderr]    Compiling num-traits v0.2.19
[INFO] [stderr]    Compiling anstyle-query v1.1.2
[INFO] [stderr]    Compiling is_terminal_polyfill v1.70.1
[INFO] [stderr]    Compiling colorchoice v1.0.3
[INFO] [stderr]    Compiling once_cell v1.20.2
[INFO] [stderr]    Compiling clap_lex v0.7.2
[INFO] [stderr]    Compiling anstream v0.6.17
[INFO] [stderr]    Compiling crossbeam-epoch v0.9.18
[INFO] [stderr]    Compiling crossbeam-channel v0.5.13
[INFO] [stderr]    Compiling either v1.13.0
[INFO] [stderr]    Compiling unicode-id v0.3.5
[INFO] [stderr]    Compiling heck v0.5.0
[INFO] [stderr]    Compiling home v0.5.9
[INFO] [stderr]    Compiling fixedbitset v0.4.2
[INFO] [stderr]    Compiling anyhow v1.0.92
[INFO] [stderr]    Compiling inotify-sys v0.1.5
[INFO] [stderr]    Compiling mio v0.8.11
[INFO] [stderr]    Compiling inotify v0.9.6
[INFO] [stderr]    Compiling filetime v0.2.25
[INFO] [stderr]    Compiling crossbeam-deque v0.8.5
[INFO] [stderr]    Compiling fastrand v2.1.1
[INFO] [stderr]    Compiling strsim v0.11.1
[INFO] [stderr]    Compiling petgraph v0.6.5
[INFO] [stderr]    Compiling markdown v1.0.0-alpha.21
[INFO] [stderr]    Compiling clap_builder v4.5.20
[INFO] [stderr]    Compiling regex-automata v0.4.8
[INFO] [stderr]    Compiling notable-lsp v0.1.0 (/opt/rustwide/workdir/notable-lsp)
[INFO] [stderr]    Compiling chrono v0.4.38
[INFO] [stderr]    Compiling notify v6.1.1
[INFO] [stderr]    Compiling pulldown-cmark-to-cmark v15.0.1
[INFO] [stderr]    Compiling markdown-ast v0.1.1
[INFO] [stderr]    Compiling tempfile v3.13.0
[INFO] [stderr]    Compiling which v4.4.2
[INFO] [stderr]    Compiling edit v0.1.5
[INFO] [stderr]    Compiling serde_derive v1.0.208
[INFO] [stderr]    Compiling thiserror-impl v1.0.63
[INFO] [stderr]    Compiling miette-derive v7.2.0
[INFO] [stderr]    Compiling thiserror-impl v2.0.3
[INFO] [stderr]    Compiling clap_derive v4.5.18
[INFO] [stderr]    Compiling globset v0.4.15
[INFO] [stderr]    Compiling ignore v0.4.23
[INFO] [stderr]    Compiling miette v7.2.0
[INFO] [stderr]    Compiling fuzzydate v0.2.2
[INFO] [stderr]    Compiling clap v4.5.20
[INFO] [stderr]    Compiling leon v3.0.2
[INFO] [stderr]    Compiling serde_spanned v0.6.7
[INFO] [stderr]    Compiling toml_datetime v0.6.8
[INFO] [stderr]    Compiling toml_edit v0.22.20
[INFO] [stderr]    Compiling toml v0.8.19
[INFO] [stderr]    Compiling notable-vault v0.1.0 (/opt/rustwide/workdir/notable-vault)
[INFO] [stdout] warning: unused import: `toml::value::Datetime`
[INFO] [stdout]  --> notable-vault/src/vault.rs:5:5
[INFO] [stdout]   |
[INFO] [stdout] 5 | use toml::value::Datetime;
[INFO] [stdout]   |     ^^^^^^^^^^^^^^^^^^^^^
[INFO] [stdout]   |
[INFO] [stdout]   = note: `#[warn(unused_imports)]` on by default
[INFO] [stdout] 
[INFO] [stdout] 
[INFO] [stdout] warning: fields `line` and `column` are never read
[INFO] [stdout]   --> notable-vault/src/notebook.rs:15:5
[INFO] [stdout]    |
[INFO] [stdout] 14 | struct TextPoint {
[INFO] [stdout]    |        --------- fields in this struct
[INFO] [stdout] 15 |     line: u32,
[INFO] [stdout]    |     ^^^^
[INFO] [stdout] 16 |     column: u32,
[INFO] [stdout]    |     ^^^^^^
[INFO] [stdout]    |
[INFO] [stdout]    = note: `TextPoint` has a derived impl for the trait `Clone`, but this is intentionally ignored during dead code analysis
[INFO] [stdout]    = note: `#[warn(dead_code)]` on by default
[INFO] [stdout] 
[INFO] [stdout] 
[INFO] [stdout] warning: fields `start` and `end` are never read
[INFO] [stdout]   --> notable-vault/src/notebook.rs:21:5
[INFO] [stdout]    |
[INFO] [stdout] 20 | struct TextRange {
[INFO] [stdout]    |        --------- fields in this struct
[INFO] [stdout] 21 |     start: TextPoint,
[INFO] [stdout]    |     ^^^^^
[INFO] [stdout] 22 |     end: TextPoint,
[INFO] [stdout]    |     ^^^
[INFO] [stdout]    |
[INFO] [stdout]    = note: `TextRange` has a derived impl for the trait `Clone`, but this is intentionally ignored during dead code analysis
[INFO] [stdout] 
[INFO] [stdout] 
[INFO] [stdout] warning: fields `text` and `range` are never read
[INFO] [stdout]   --> notable-vault/src/notebook.rs:58:5
[INFO] [stdout]    |
[INFO] [stdout] 57 | pub struct Heading {
[INFO] [stdout]    |            ------- fields in this struct
[INFO] [stdout] 58 |     text: String,
[INFO] [stdout]    |     ^^^^
[INFO] [stdout] 59 |     range: TextRange,
[INFO] [stdout]    |     ^^^^^
[INFO] [stdout] 
[INFO] [stdout] 
[INFO] [stdout] warning: field `target` is never read
[INFO] [stdout]   --> notable-vault/src/notebook.rs:64:5
[INFO] [stdout]    |
[INFO] [stdout] 62 | pub struct Link {
[INFO] [stdout]    |            ---- field in this struct
[INFO] [stdout] 63 |     text: String,
[INFO] [stdout] 64 |     target: String,
[INFO] [stdout]    |     ^^^^^^
[INFO] [stdout] 
[INFO] [stdout] 
[INFO] [stdout] warning: fields `text`, `source`, and `range` are never read
[INFO] [stdout]   --> notable-vault/src/notebook.rs:69:5
[INFO] [stdout]    |
[INFO] [stdout] 68 | pub struct BackLink {
[INFO] [stdout]    |            -------- fields in this struct
[INFO] [stdout] 69 |     text: String,
[INFO] [stdout]    |     ^^^^
[INFO] [stdout] 70 |     source: String,
[INFO] [stdout]    |     ^^^^^^
[INFO] [stdout] 71 |     range: TextRange,
[INFO] [stdout]    |     ^^^^^
[INFO] [stdout] 
[INFO] [stdout] 
[INFO] [stderr]    Compiling notable-cli v0.1.0 (/opt/rustwide/workdir/notable-cli)
[INFO] [stdout] warning: unused import: `TimeZone`
[INFO] [stdout]  --> notable-cli/src/main.rs:1:21
[INFO] [stdout]   |
[INFO] [stdout] 1 | use chrono::{Local, TimeZone};
[INFO] [stdout]   |                     ^^^^^^^^
[INFO] [stdout]   |
[INFO] [stdout]   = note: `#[warn(unused_imports)]` on by default
[INFO] [stdout] 
[INFO] [stdout] 
[INFO] [stdout] warning: use of deprecated function `std::env::home_dir`: This function's behavior may be unexpected on Windows. Consider using a crate from crates.io instead.
[INFO] [stdout]  --> notable-cli/src/main.rs:2:15
[INFO] [stdout]   |
[INFO] [stdout] 2 | use std::env::home_dir;
[INFO] [stdout]   |               ^^^^^^^^
[INFO] [stdout]   |
[INFO] [stdout]   = note: `#[warn(deprecated)]` on by default
[INFO] [stdout] 
[INFO] [stdout] 
[INFO] [stdout] warning: use of deprecated function `std::env::home_dir`: This function's behavior may be unexpected on Windows. Consider using a crate from crates.io instead.
[INFO] [stdout]   --> notable-cli/src/main.rs:14:19
[INFO] [stdout]    |
[INFO] [stdout] 14 |     let mut dir = home_dir().unwrap();
[INFO] [stdout]    |                   ^^^^^^^^
[INFO] [stdout] 
[INFO] [stdout] 
[INFO] [stderr]     Finished `dev` profile [unoptimized + debuginfo] target(s) in 41.35s
[INFO] running `Command { std: "docker" "inspect" "3326895da8ca02e33d473cb070a0fe06cb9831e5c0d8dbe4ee947a485dc79f96", kill_on_drop: false }`
[INFO] running `Command { std: "docker" "rm" "-f" "3326895da8ca02e33d473cb070a0fe06cb9831e5c0d8dbe4ee947a485dc79f96", kill_on_drop: false }`
[INFO] [stdout] 3326895da8ca02e33d473cb070a0fe06cb9831e5c0d8dbe4ee947a485dc79f96
[INFO] running `Command { std: "docker" "create" "-v" "/var/lib/crater-agent-workspace/builds/worker-7-tc1/target:/opt/rustwide/target:rw,Z" "-v" "/var/lib/crater-agent-workspace/builds/worker-7-tc1/source:/opt/rustwide/workdir:ro,Z" "-v" "/var/lib/crater-agent-workspace/cargo-home:/opt/rustwide/cargo-home:ro,Z" "-v" "/var/lib/crater-agent-workspace/rustup-home:/opt/rustwide/rustup-home:ro,Z" "-e" "SOURCE_DIR=/opt/rustwide/workdir" "-e" "CARGO_TARGET_DIR=/opt/rustwide/target" "-e" "CARGO_INCREMENTAL=0" "-e" "RUST_BACKTRACE=full" "-e" "RUSTFLAGS=--cap-lints=warn" "-e" "RUSTDOCFLAGS=--cap-lints=warn" "-e" "CARGO_HOME=/opt/rustwide/cargo-home" "-e" "RUSTUP_HOME=/opt/rustwide/rustup-home" "-w" "/opt/rustwide/workdir" "-m" "1610612736" "--user" "0:0" "--network" "none" "ghcr.io/rust-lang/crates-build-env/linux@sha256:f3a9d4ad9d972b27faf3965f35b62e55ba32bbce8f20bc8fe909558a86702fde" "/opt/rustwide/cargo-home/bin/cargo" "+1.83.0" "test" "--frozen" "--no-run" "--message-format=json", kill_on_drop: false }`
[INFO] [stdout] 561ed41462d65aa2e19d1b3be7f7bb8daa25bf25cfbf7683bbe4c7892f2b688f
[INFO] running `Command { std: "docker" "start" "-a" "561ed41462d65aa2e19d1b3be7f7bb8daa25bf25cfbf7683bbe4c7892f2b688f", kill_on_drop: false }`
[INFO] [stderr] warning: /opt/rustwide/workdir/notable-cli/Cargo.toml: unused manifest key: package.autobin
[INFO] [stderr]    Compiling notable-lsp v0.1.0 (/opt/rustwide/workdir/notable-lsp)
[INFO] [stdout] warning: unused import: `toml::value::Datetime`
[INFO] [stdout]  --> notable-vault/src/vault.rs:5:5
[INFO] [stdout]   |
[INFO] [stdout] 5 | use toml::value::Datetime;
[INFO] [stdout]   |     ^^^^^^^^^^^^^^^^^^^^^
[INFO] [stdout]   |
[INFO] [stdout]   = note: `#[warn(unused_imports)]` on by default
[INFO] [stdout] 
[INFO] [stdout] 
[INFO] [stdout] warning: fields `line` and `column` are never read
[INFO] [stdout]   --> notable-vault/src/notebook.rs:15:5
[INFO] [stdout]    |
[INFO] [stdout] 14 | struct TextPoint {
[INFO] [stdout]    |        --------- fields in this struct
[INFO] [stdout] 15 |     line: u32,
[INFO] [stdout]    |     ^^^^
[INFO] [stdout] 16 |     column: u32,
[INFO] [stdout]    |     ^^^^^^
[INFO] [stdout]    |
[INFO] [stdout]    = note: `TextPoint` has a derived impl for the trait `Clone`, but this is intentionally ignored during dead code analysis
[INFO] [stdout]    = note: `#[warn(dead_code)]` on by default
[INFO] [stdout] 
[INFO] [stdout] 
[INFO] [stderr]    Compiling notable-vault v0.1.0 (/opt/rustwide/workdir/notable-vault)
[INFO] [stdout] warning: fields `start` and `end` are never read
[INFO] [stdout]   --> notable-vault/src/notebook.rs:21:5
[INFO] [stdout]    |
[INFO] [stdout] 20 | struct TextRange {
[INFO] [stdout]    |        --------- fields in this struct
[INFO] [stdout] 21 |     start: TextPoint,
[INFO] [stdout]    |     ^^^^^
[INFO] [stdout] 22 |     end: TextPoint,
[INFO] [stdout]    |     ^^^
[INFO] [stdout]    |
[INFO] [stdout]    = note: `TextRange` has a derived impl for the trait `Clone`, but this is intentionally ignored during dead code analysis
[INFO] [stdout] 
[INFO] [stdout] 
[INFO] [stderr]    Compiling notable-cli v0.1.0 (/opt/rustwide/workdir/notable-cli)
[INFO] [stdout] warning: fields `text` and `range` are never read
[INFO] [stdout]   --> notable-vault/src/notebook.rs:58:5
[INFO] [stdout]    |
[INFO] [stdout] 57 | pub struct Heading {
[INFO] [stdout]    |            ------- fields in this struct
[INFO] [stdout] 58 |     text: String,
[INFO] [stdout]    |     ^^^^
[INFO] [stdout] 59 |     range: TextRange,
[INFO] [stdout]    |     ^^^^^
[INFO] [stdout] 
[INFO] [stdout] 
[INFO] [stdout] warning: field `target` is never read
[INFO] [stdout]   --> notable-vault/src/notebook.rs:64:5
[INFO] [stdout]    |
[INFO] [stdout] 62 | pub struct Link {
[INFO] [stdout]    |            ---- field in this struct
[INFO] [stdout] 63 |     text: String,
[INFO] [stdout] 64 |     target: String,
[INFO] [stdout]    |     ^^^^^^
[INFO] [stdout] 
[INFO] [stdout] 
[INFO] [stdout] warning: fields `text`, `source`, and `range` are never read
[INFO] [stdout]   --> notable-vault/src/notebook.rs:69:5
[INFO] [stdout]    |
[INFO] [stdout] 68 | pub struct BackLink {
[INFO] [stdout]    |            -------- fields in this struct
[INFO] [stdout] 69 |     text: String,
[INFO] [stdout]    |     ^^^^
[INFO] [stdout] 70 |     source: String,
[INFO] [stdout]    |     ^^^^^^
[INFO] [stdout] 71 |     range: TextRange,
[INFO] [stdout]    |     ^^^^^
[INFO] [stdout] 
[INFO] [stdout] 
[INFO] [stdout] warning: unused import: `toml::value::Datetime`
[INFO] [stdout]  --> notable-vault/src/vault.rs:5:5
[INFO] [stdout]   |
[INFO] [stdout] 5 | use toml::value::Datetime;
[INFO] [stdout]   |     ^^^^^^^^^^^^^^^^^^^^^
[INFO] [stdout]   |
[INFO] [stdout]   = note: `#[warn(unused_imports)]` on by default
[INFO] [stdout] 
[INFO] [stdout] 
[INFO] [stdout] warning: unused import: `TimeZone`
[INFO] [stdout]  --> notable-cli/src/main.rs:1:21
[INFO] [stdout]   |
[INFO] [stdout] 1 | use chrono::{Local, TimeZone};
[INFO] [stdout]   |                     ^^^^^^^^
[INFO] [stdout]   |
[INFO] [stdout]   = note: `#[warn(unused_imports)]` on by default
[INFO] [stdout] 
[INFO] [stdout] 
[INFO] [stdout] warning: use of deprecated function `std::env::home_dir`: This function's behavior may be unexpected on Windows. Consider using a crate from crates.io instead.
[INFO] [stdout]  --> notable-cli/src/main.rs:2:15
[INFO] [stdout]   |
[INFO] [stdout] 2 | use std::env::home_dir;
[INFO] [stdout]   |               ^^^^^^^^
[INFO] [stdout]   |
[INFO] [stdout]   = note: `#[warn(deprecated)]` on by default
[INFO] [stdout] 
[INFO] [stdout] 
[INFO] [stdout] warning: use of deprecated function `std::env::home_dir`: This function's behavior may be unexpected on Windows. Consider using a crate from crates.io instead.
[INFO] [stdout]   --> notable-cli/src/main.rs:14:19
[INFO] [stdout]    |
[INFO] [stdout] 14 |     let mut dir = home_dir().unwrap();
[INFO] [stdout]    |                   ^^^^^^^^
[INFO] [stdout] 
[INFO] [stdout] 
[INFO] [stdout] warning: fields `line` and `column` are never read
[INFO] [stdout]   --> notable-vault/src/notebook.rs:15:5
[INFO] [stdout]    |
[INFO] [stdout] 14 | struct TextPoint {
[INFO] [stdout]    |        --------- fields in this struct
[INFO] [stdout] 15 |     line: u32,
[INFO] [stdout]    |     ^^^^
[INFO] [stdout] 16 |     column: u32,
[INFO] [stdout]    |     ^^^^^^
[INFO] [stdout]    |
[INFO] [stdout]    = note: `TextPoint` has a derived impl for the trait `Clone`, but this is intentionally ignored during dead code analysis
[INFO] [stdout]    = note: `#[warn(dead_code)]` on by default
[INFO] [stdout] 
[INFO] [stdout] 
[INFO] [stdout] warning: fields `start` and `end` are never read
[INFO] [stdout]   --> notable-vault/src/notebook.rs:21:5
[INFO] [stdout]    |
[INFO] [stdout] 20 | struct TextRange {
[INFO] [stdout]    |        --------- fields in this struct
[INFO] [stdout] 21 |     start: TextPoint,
[INFO] [stdout]    |     ^^^^^
[INFO] [stdout] 22 |     end: TextPoint,
[INFO] [stdout]    |     ^^^
[INFO] [stdout]    |
[INFO] [stdout]    = note: `TextRange` has a derived impl for the trait `Clone`, but this is intentionally ignored during dead code analysis
[INFO] [stdout] 
[INFO] [stdout] 
[INFO] [stdout] warning: fields `text` and `range` are never read
[INFO] [stdout]   --> notable-vault/src/notebook.rs:58:5
[INFO] [stdout]    |
[INFO] [stdout] 57 | pub struct Heading {
[INFO] [stdout]    |            ------- fields in this struct
[INFO] [stdout] 58 |     text: String,
[INFO] [stdout]    |     ^^^^
[INFO] [stdout] 59 |     range: TextRange,
[INFO] [stdout]    |     ^^^^^
[INFO] [stdout] 
[INFO] [stdout] 
[INFO] [stdout] warning: field `target` is never read
[INFO] [stdout]   --> notable-vault/src/notebook.rs:64:5
[INFO] [stdout]    |
[INFO] [stdout] 62 | pub struct Link {
[INFO] [stdout]    |            ---- field in this struct
[INFO] [stdout] 63 |     text: String,
[INFO] [stdout] 64 |     target: String,
[INFO] [stdout]    |     ^^^^^^
[INFO] [stdout] 
[INFO] [stdout] 
[INFO] [stdout] warning: fields `text`, `source`, and `range` are never read
[INFO] [stdout]   --> notable-vault/src/notebook.rs:69:5
[INFO] [stdout]    |
[INFO] [stdout] 68 | pub struct BackLink {
[INFO] [stdout]    |            -------- fields in this struct
[INFO] [stdout] 69 |     text: String,
[INFO] [stdout]    |     ^^^^
[INFO] [stdout] 70 |     source: String,
[INFO] [stdout]    |     ^^^^^^
[INFO] [stdout] 71 |     range: TextRange,
[INFO] [stdout]    |     ^^^^^
[INFO] [stdout] 
[INFO] [stdout] 
[INFO] [stderr]     Finished `test` profile [unoptimized + debuginfo] target(s) in 2.47s
[INFO] running `Command { std: "docker" "inspect" "561ed41462d65aa2e19d1b3be7f7bb8daa25bf25cfbf7683bbe4c7892f2b688f", kill_on_drop: false }`
[INFO] running `Command { std: "docker" "rm" "-f" "561ed41462d65aa2e19d1b3be7f7bb8daa25bf25cfbf7683bbe4c7892f2b688f", kill_on_drop: false }`
[INFO] [stdout] 561ed41462d65aa2e19d1b3be7f7bb8daa25bf25cfbf7683bbe4c7892f2b688f
[INFO] running `Command { std: "docker" "create" "-v" "/var/lib/crater-agent-workspace/builds/worker-7-tc1/target:/opt/rustwide/target:rw,Z" "-v" "/var/lib/crater-agent-workspace/builds/worker-7-tc1/source:/opt/rustwide/workdir:ro,Z" "-v" "/var/lib/crater-agent-workspace/cargo-home:/opt/rustwide/cargo-home:ro,Z" "-v" "/var/lib/crater-agent-workspace/rustup-home:/opt/rustwide/rustup-home:ro,Z" "-e" "SOURCE_DIR=/opt/rustwide/workdir" "-e" "CARGO_TARGET_DIR=/opt/rustwide/target" "-e" "CARGO_INCREMENTAL=0" "-e" "RUST_BACKTRACE=full" "-e" "RUSTFLAGS=--cap-lints=warn" "-e" "RUSTDOCFLAGS=--cap-lints=warn" "-e" "CARGO_HOME=/opt/rustwide/cargo-home" "-e" "RUSTUP_HOME=/opt/rustwide/rustup-home" "-w" "/opt/rustwide/workdir" "-m" "1610612736" "--user" "0:0" "--network" "none" "ghcr.io/rust-lang/crates-build-env/linux@sha256:f3a9d4ad9d972b27faf3965f35b62e55ba32bbce8f20bc8fe909558a86702fde" "/opt/rustwide/cargo-home/bin/cargo" "+1.83.0" "test" "--frozen", kill_on_drop: false }`
[INFO] [stdout] aea5fadf6592f39d2d7faa9a531511f66cc9dc8747707c620f19ed1a8a428dd2
[INFO] running `Command { std: "docker" "start" "-a" "aea5fadf6592f39d2d7faa9a531511f66cc9dc8747707c620f19ed1a8a428dd2", kill_on_drop: false }`
[INFO] [stderr] warning: /opt/rustwide/workdir/notable-cli/Cargo.toml: unused manifest key: package.autobin
[INFO] [stderr] warning: unused import: `toml::value::Datetime`
[INFO] [stderr]  --> notable-vault/src/vault.rs:5:5
[INFO] [stderr]   |
[INFO] [stderr] 5 | use toml::value::Datetime;
[INFO] [stderr]   |     ^^^^^^^^^^^^^^^^^^^^^
[INFO] [stderr]   |
[INFO] [stderr]   = note: `#[warn(unused_imports)]` on by default
[INFO] [stderr] 
[INFO] [stderr] warning: fields `line` and `column` are never read
[INFO] [stderr]   --> notable-vault/src/notebook.rs:15:5
[INFO] [stderr]    |
[INFO] [stderr] 14 | struct TextPoint {
[INFO] [stderr]    |        --------- fields in this struct
[INFO] [stderr] 15 |     line: u32,
[INFO] [stderr]    |     ^^^^
[INFO] [stderr] 16 |     column: u32,
[INFO] [stderr]    |     ^^^^^^
[INFO] [stderr]    |
[INFO] [stderr]    = note: `TextPoint` has a derived impl for the trait `Clone`, but this is intentionally ignored during dead code analysis
[INFO] [stderr]    = note: `#[warn(dead_code)]` on by default
[INFO] [stderr] 
[INFO] [stderr] warning: fields `start` and `end` are never read
[INFO] [stderr]   --> notable-vault/src/notebook.rs:21:5
[INFO] [stderr]    |
[INFO] [stderr] 20 | struct TextRange {
[INFO] [stderr]    |        --------- fields in this struct
[INFO] [stderr] 21 |     start: TextPoint,
[INFO] [stderr]    |     ^^^^^
[INFO] [stderr] 22 |     end: TextPoint,
[INFO] [stderr]    |     ^^^
[INFO] [stderr]    |
[INFO] [stderr]    = note: `TextRange` has a derived impl for the trait `Clone`, but this is intentionally ignored during dead code analysis
[INFO] [stderr] 
[INFO] [stderr] warning: fields `text` and `range` are never read
[INFO] [stderr]   --> notable-vault/src/notebook.rs:58:5
[INFO] [stderr]    |
[INFO] [stderr] 57 | pub struct Heading {
[INFO] [stderr]    |            ------- fields in this struct
[INFO] [stderr] 58 |     text: String,
[INFO] [stderr]    |     ^^^^
[INFO] [stderr] 59 |     range: TextRange,
[INFO] [stderr]    |     ^^^^^
[INFO] [stderr] 
[INFO] [stderr] warning: field `target` is never read
[INFO] [stderr]   --> notable-vault/src/notebook.rs:64:5
[INFO] [stderr]    |
[INFO] [stderr] 62 | pub struct Link {
[INFO] [stderr]    |            ---- field in this struct
[INFO] [stderr] 63 |     text: String,
[INFO] [stderr] 64 |     target: String,
[INFO] [stderr]    |     ^^^^^^
[INFO] [stderr] 
[INFO] [stderr] warning: fields `text`, `source`, and `range` are never read
[INFO] [stderr]   --> notable-vault/src/notebook.rs:69:5
[INFO] [stderr]    |
[INFO] [stderr] 68 | pub struct BackLink {
[INFO] [stderr]    |            -------- fields in this struct
[INFO] [stderr] 69 |     text: String,
[INFO] [stderr]    |     ^^^^
[INFO] [stderr] 70 |     source: String,
[INFO] [stderr]    |     ^^^^^^
[INFO] [stderr] 71 |     range: TextRange,
[INFO] [stderr]    |     ^^^^^
[INFO] [stderr] 
[INFO] [stderr] warning: `notable-vault` (lib) generated 6 warnings (run `cargo fix --lib -p notable-vault` to apply 1 suggestion)
[INFO] [stderr] warning: `notable-vault` (lib test) generated 6 warnings (6 duplicates)
[INFO] [stderr] warning: unused import: `TimeZone`
[INFO] [stderr]  --> notable-cli/src/main.rs:1:21
[INFO] [stderr]   |
[INFO] [stderr] 1 | use chrono::{Local, TimeZone};
[INFO] [stderr]   |                     ^^^^^^^^
[INFO] [stderr]   |
[INFO] [stderr]   = note: `#[warn(unused_imports)]` on by default
[INFO] [stderr] 
[INFO] [stderr] warning: use of deprecated function `std::env::home_dir`: This function's behavior may be unexpected on Windows. Consider using a crate from crates.io instead.
[INFO] [stderr]  --> notable-cli/src/main.rs:2:15
[INFO] [stderr]   |
[INFO] [stderr] 2 | use std::env::home_dir;
[INFO] [stderr]   |               ^^^^^^^^
[INFO] [stderr]   |
[INFO] [stderr]   = note: `#[warn(deprecated)]` on by default
[INFO] [stderr] 
[INFO] [stderr] warning: use of deprecated function `std::env::home_dir`: This function's behavior may be unexpected on Windows. Consider using a crate from crates.io instead.
[INFO] [stderr]   --> notable-cli/src/main.rs:14:19
[INFO] [stderr]    |
[INFO] [stderr] 14 |     let mut dir = home_dir().unwrap();
[INFO] [stderr]    |                   ^^^^^^^^
[INFO] [stderr] 
[INFO] [stderr] warning: `notable-cli` (bin "notable" test) generated 3 warnings (run `cargo fix --bin "notable" --tests` to apply 1 suggestion)
[INFO] [stderr]     Finished `test` profile [unoptimized + debuginfo] target(s) in 0.11s
[INFO] [stderr]      Running unittests src/main.rs (/opt/rustwide/target/debug/deps/notable-d9957c2cd219b833)
[INFO] [stdout] 
[INFO] [stdout] running 0 tests
[INFO] [stdout] 
[INFO] [stdout] test result: ok. 0 passed; 0 failed; 0 ignored; 0 measured; 0 filtered out; finished in 0.00s
[INFO] [stdout] 
[INFO] [stderr]      Running unittests src/main.rs (/opt/rustwide/target/debug/deps/notable_lsp-57684a27d6862ea4)
[INFO] [stdout] 
[INFO] [stdout] running 0 tests
[INFO] [stdout] 
[INFO] [stdout] test result: ok. 0 passed; 0 failed; 0 ignored; 0 measured; 0 filtered out; finished in 0.00s
[INFO] [stdout] 
[INFO] [stderr]      Running unittests src/lib.rs (/opt/rustwide/target/debug/deps/notable_vault-c935168fa8a2289d)
[INFO] [stdout] 
[INFO] [stdout] running 1 test
[INFO] [stdout] test config::tests::example_config ... FAILED
[INFO] [stdout] 
[INFO] [stdout] failures:
[INFO] [stdout] 
[INFO] [stdout] ---- config::tests::example_config stdout ----
[INFO] [stdout] thread 'config::tests::example_config' panicked at notable-vault/src/config.rs:64:9:
[INFO] [stdout] failed to parse config
[INFO] [stdout] stack backtrace:
[INFO] [stdout]    0:     0x5e1a4f6cbd6a - std::backtrace_rs::backtrace::libunwind::trace::h5a5b8284f2d0c266
[INFO] [stdout]                                at /rustc/90b35a6239c3d8bdabc530a6a0816f7ff89a0aaf/library/std/src/../../backtrace/src/backtrace/libunwind.rs:116:5
[INFO] [stdout]    1:     0x5e1a4f6cbd6a - std::backtrace_rs::backtrace::trace_unsynchronized::h76d4f1c9b0b875e3
[INFO] [stdout]                                at /rustc/90b35a6239c3d8bdabc530a6a0816f7ff89a0aaf/library/std/src/../../backtrace/src/backtrace/mod.rs:66:5
[INFO] [stdout]    2:     0x5e1a4f6cbd6a - std::sys::backtrace::_print_fmt::hc4546b8364a537c6
[INFO] [stdout]                                at /rustc/90b35a6239c3d8bdabc530a6a0816f7ff89a0aaf/library/std/src/sys/backtrace.rs:66:9
[INFO] [stdout]    3:     0x5e1a4f6cbd6a - <std::sys::backtrace::BacktraceLock::print::DisplayBacktrace as core::fmt::Display>::fmt::h5b6bd5631a6d1f6b
[INFO] [stdout]                                at /rustc/90b35a6239c3d8bdabc530a6a0816f7ff89a0aaf/library/std/src/sys/backtrace.rs:39:26
[INFO] [stdout]    4:     0x5e1a4f6f2183 - core::fmt::rt::Argument::fmt::h270f6602a2b96f62
[INFO] [stdout]                                at /rustc/90b35a6239c3d8bdabc530a6a0816f7ff89a0aaf/library/core/src/fmt/rt.rs:177:76
[INFO] [stdout]    5:     0x5e1a4f6f2183 - core::fmt::write::h7550c97b06c86515
[INFO] [stdout]                                at /rustc/90b35a6239c3d8bdabc530a6a0816f7ff89a0aaf/library/core/src/fmt/mod.rs:1186:21
[INFO] [stdout]    6:     0x5e1a4f6c8f33 - std::io::Write::write_fmt::h509ff860e5956e5e
[INFO] [stdout]                                at /rustc/90b35a6239c3d8bdabc530a6a0816f7ff89a0aaf/library/std/src/io/mod.rs:1839:15
[INFO] [stdout]    7:     0x5e1a4f6cbbb2 - std::sys::backtrace::BacktraceLock::print::h2395ccd2c84ba3aa
[INFO] [stdout]                                at /rustc/90b35a6239c3d8bdabc530a6a0816f7ff89a0aaf/library/std/src/sys/backtrace.rs:42:9
[INFO] [stdout]    8:     0x5e1a4f6cd1ca - std::panicking::default_hook::{{closure}}::he19d4c7230e07961
[INFO] [stdout]                                at /rustc/90b35a6239c3d8bdabc530a6a0816f7ff89a0aaf/library/std/src/panicking.rs:268:22
[INFO] [stdout]    9:     0x5e1a4f6ccfd4 - std::panicking::default_hook::hf614597d3c67bbdb
[INFO] [stdout]                                at /rustc/90b35a6239c3d8bdabc530a6a0816f7ff89a0aaf/library/std/src/panicking.rs:292:9
[INFO] [stdout]   10:     0x5e1a4f5bc589 - <alloc::boxed::Box<F,A> as core::ops::function::Fn<Args>>::call::h39b51ce4599c23d1
[INFO] [stdout]                                at /rustc/90b35a6239c3d8bdabc530a6a0816f7ff89a0aaf/library/alloc/src/boxed.rs:2468:9
[INFO] [stdout]   11:     0x5e1a4f5bc589 - test::test_main::{{closure}}::he977ae839a582784
[INFO] [stdout]                                at /rustc/90b35a6239c3d8bdabc530a6a0816f7ff89a0aaf/library/test/src/lib.rs:133:21
[INFO] [stdout]   12:     0x5e1a4f6cd868 - <alloc::boxed::Box<F,A> as core::ops::function::Fn<Args>>::call::h9455091b6b06f9fb
[INFO] [stdout]                                at /rustc/90b35a6239c3d8bdabc530a6a0816f7ff89a0aaf/library/alloc/src/boxed.rs:2468:9
[INFO] [stdout]   13:     0x5e1a4f6cd868 - std::panicking::rust_panic_with_hook::h8942133a8b252070
[INFO] [stdout]                                at /rustc/90b35a6239c3d8bdabc530a6a0816f7ff89a0aaf/library/std/src/panicking.rs:809:13
[INFO] [stdout]   14:     0x5e1a4f6cd5f6 - std::panicking::begin_panic_handler::{{closure}}::hb5f5963570096b29
[INFO] [stdout]                                at /rustc/90b35a6239c3d8bdabc530a6a0816f7ff89a0aaf/library/std/src/panicking.rs:667:13
[INFO] [stdout]   15:     0x5e1a4f6cc249 - std::sys::backtrace::__rust_end_short_backtrace::h6208cedc1922feda
[INFO] [stdout]                                at /rustc/90b35a6239c3d8bdabc530a6a0816f7ff89a0aaf/library/std/src/sys/backtrace.rs:170:18
[INFO] [stdout]   16:     0x5e1a4f6cd2bc - rust_begin_unwind
[INFO] [stdout]                                at /rustc/90b35a6239c3d8bdabc530a6a0816f7ff89a0aaf/library/std/src/panicking.rs:665:5
[INFO] [stdout]   17:     0x5e1a4f563ac0 - core::panicking::panic_fmt::h0c3082644d1bf418
[INFO] [stdout]                                at /rustc/90b35a6239c3d8bdabc530a6a0816f7ff89a0aaf/library/core/src/panicking.rs:74:14
[INFO] [stdout]   18:     0x5e1a4f573c9b - notable_vault::config::tests::example_config::h1f58d60b4d10699f
[INFO] [stdout]                                at /opt/rustwide/workdir/notable-vault/src/config.rs:64:9
[INFO] [stdout]   19:     0x5e1a4f573bd7 - notable_vault::config::tests::example_config::{{closure}}::hd9bf30e203745e79
[INFO] [stdout]                                at /opt/rustwide/workdir/notable-vault/src/config.rs:52:24
[INFO] [stdout]   20:     0x5e1a4f565186 - core::ops::function::FnOnce::call_once::h02e5f5e09715a9b2
[INFO] [stdout]                                at /rustc/90b35a6239c3d8bdabc530a6a0816f7ff89a0aaf/library/core/src/ops/function.rs:250:5
[INFO] [stdout]   21:     0x5e1a4f5c0f4b - core::ops::function::FnOnce::call_once::h109cf8051a59b34e
[INFO] [stdout]                                at /rustc/90b35a6239c3d8bdabc530a6a0816f7ff89a0aaf/library/core/src/ops/function.rs:250:5
[INFO] [stdout]   22:     0x5e1a4f5c0f4b - test::__rust_begin_short_backtrace::hf4fff89d377446ba
[INFO] [stdout]                                at /rustc/90b35a6239c3d8bdabc530a6a0816f7ff89a0aaf/library/test/src/lib.rs:621:18
[INFO] [stdout]   23:     0x5e1a4f5c0787 - test::run_test_in_process::{{closure}}::h0e39181dd7ee5a43
[INFO] [stdout]                                at /rustc/90b35a6239c3d8bdabc530a6a0816f7ff89a0aaf/library/test/src/lib.rs:644:60
[INFO] [stdout]   24:     0x5e1a4f5c0787 - <core::panic::unwind_safe::AssertUnwindSafe<F> as core::ops::function::FnOnce<()>>::call_once::hc5a66a30f0bdfd1f
[INFO] [stdout]                                at /rustc/90b35a6239c3d8bdabc530a6a0816f7ff89a0aaf/library/core/src/panic/unwind_safe.rs:272:9
[INFO] [stdout]   25:     0x5e1a4f5c0787 - std::panicking::try::do_call::h873b7cf639554a5e
[INFO] [stdout]                                at /rustc/90b35a6239c3d8bdabc530a6a0816f7ff89a0aaf/library/std/src/panicking.rs:557:40
[INFO] [stdout]   26:     0x5e1a4f5c0787 - std::panicking::try::hdb19862fad9c8bd1
[INFO] [stdout]                                at /rustc/90b35a6239c3d8bdabc530a6a0816f7ff89a0aaf/library/std/src/panicking.rs:520:19
[INFO] [stdout]   27:     0x5e1a4f5c0787 - std::panic::catch_unwind::h281fe732d236d260
[INFO] [stdout]                                at /rustc/90b35a6239c3d8bdabc530a6a0816f7ff89a0aaf/library/std/src/panic.rs:358:14
[INFO] [stdout]   28:     0x5e1a4f5c0787 - test::run_test_in_process::h949b6df8457ed338
[INFO] [stdout]                                at /rustc/90b35a6239c3d8bdabc530a6a0816f7ff89a0aaf/library/test/src/lib.rs:644:27
[INFO] [stdout]   29:     0x5e1a4f5c0787 - test::run_test::{{closure}}::h52c556a6d4740e10
[INFO] [stdout]                                at /rustc/90b35a6239c3d8bdabc530a6a0816f7ff89a0aaf/library/test/src/lib.rs:565:43
[INFO] [stdout]   30:     0x5e1a4f585a64 - test::run_test::{{closure}}::h4237f6381c45ccb9
[INFO] [stdout]                                at /rustc/90b35a6239c3d8bdabc530a6a0816f7ff89a0aaf/library/test/src/lib.rs:595:41
[INFO] [stdout]   31:     0x5e1a4f585a64 - std::sys::backtrace::__rust_begin_short_backtrace::h505c97a579eca628
[INFO] [stdout]                                at /rustc/90b35a6239c3d8bdabc530a6a0816f7ff89a0aaf/library/std/src/sys/backtrace.rs:154:18
[INFO] [stdout]   32:     0x5e1a4f58912e - std::thread::Builder::spawn_unchecked_::{{closure}}::{{closure}}::h9e86b2e2bc107ea3
[INFO] [stdout]                                at /rustc/90b35a6239c3d8bdabc530a6a0816f7ff89a0aaf/library/std/src/thread/mod.rs:538:17
[INFO] [stdout]   33:     0x5e1a4f58912e - <core::panic::unwind_safe::AssertUnwindSafe<F> as core::ops::function::FnOnce<()>>::call_once::h8b06ddb275ff4a25
[INFO] [stdout]                                at /rustc/90b35a6239c3d8bdabc530a6a0816f7ff89a0aaf/library/core/src/panic/unwind_safe.rs:272:9
[INFO] [stdout]   34:     0x5e1a4f58912e - std::panicking::try::do_call::hb26ecd7cd9a9355d
[INFO] [stdout]                                at /rustc/90b35a6239c3d8bdabc530a6a0816f7ff89a0aaf/library/std/src/panicking.rs:557:40
[INFO] [stdout]   35:     0x5e1a4f58912e - std::panicking::try::h8ddeca9d705f9069
[INFO] [stdout]                                at /rustc/90b35a6239c3d8bdabc530a6a0816f7ff89a0aaf/library/std/src/panicking.rs:520:19
[INFO] [stdout]   36:     0x5e1a4f58912e - std::panic::catch_unwind::h49e1c33078844c46
[INFO] [stdout]                                at /rustc/90b35a6239c3d8bdabc530a6a0816f7ff89a0aaf/library/std/src/panic.rs:358:14
[INFO] [stdout]   37:     0x5e1a4f58912e - std::thread::Builder::spawn_unchecked_::{{closure}}::h6073db6ff56ad35d
[INFO] [stdout]                                at /rustc/90b35a6239c3d8bdabc530a6a0816f7ff89a0aaf/library/std/src/thread/mod.rs:537:30
[INFO] [stdout]   38:     0x5e1a4f58912e - core::ops::function::FnOnce::call_once{{vtable.shim}}::h2c5a5f3779c774f1
[INFO] [stdout]                                at /rustc/90b35a6239c3d8bdabc530a6a0816f7ff89a0aaf/library/core/src/ops/function.rs:250:5
[INFO] [stdout]   39:     0x5e1a4f6d15bb - <alloc::boxed::Box<F,A> as core::ops::function::FnOnce<Args>>::call_once::hf75717d9f28faebf
[INFO] [stdout]                                at /rustc/90b35a6239c3d8bdabc530a6a0816f7ff89a0aaf/library/alloc/src/boxed.rs:2454:9
[INFO] [stdout]   40:     0x5e1a4f6d15bb - <alloc::boxed::Box<F,A> as core::ops::function::FnOnce<Args>>::call_once::h7bd883a5f3c5f3c1
[INFO] [stdout]                                at /rustc/90b35a6239c3d8bdabc530a6a0816f7ff89a0aaf/library/alloc/src/boxed.rs:2454:9
[INFO] [stdout]   41:     0x5e1a4f6d15bb - std::sys::pal::unix::thread::Thread::new::thread_start::hcc78f3943333fa94
[INFO] [stdout]                                at /rustc/90b35a6239c3d8bdabc530a6a0816f7ff89a0aaf/library/std/src/sys/pal/unix/thread.rs:105:17
[INFO] [stdout]   42:     0x7dd43c2b8ac3 - <unknown>
[INFO] [stdout]   43:     0x7dd43c349a04 - clone
[INFO] [stdout]   44:                0x0 - <unknown>
[INFO] [stdout] 
[INFO] [stdout] 
[INFO] [stdout] failures:
[INFO] [stdout]     config::tests::example_config
[INFO] [stdout] 
[INFO] [stdout] test result: FAILED. 0 passed; 1 failed; 0 ignored; 0 measured; 0 filtered out; finished in 0.07s
[INFO] [stdout] 
[INFO] [stderr] error: test failed, to rerun pass `-p notable-vault --lib`
[INFO] running `Command { std: "docker" "inspect" "aea5fadf6592f39d2d7faa9a531511f66cc9dc8747707c620f19ed1a8a428dd2", kill_on_drop: false }`
[INFO] running `Command { std: "docker" "rm" "-f" "aea5fadf6592f39d2d7faa9a531511f66cc9dc8747707c620f19ed1a8a428dd2", kill_on_drop: false }`
[INFO] [stdout] aea5fadf6592f39d2d7faa9a531511f66cc9dc8747707c620f19ed1a8a428dd2
