[INFO] cloning repository https://github.com/KoenLBekx/masterpg
[INFO] running `Command { std: "git" "-c" "credential.helper=" "-c" "credential.helper=/workspace/cargo-home/bin/git-credential-null" "clone" "--bare" "https://github.com/KoenLBekx/masterpg" "/workspace/cache/git-repos/https%3A%2F%2Fgithub.com%2FKoenLBekx%2Fmasterpg", kill_on_drop: false }`
[INFO] [stderr] Cloning into bare repository '/workspace/cache/git-repos/https%3A%2F%2Fgithub.com%2FKoenLBekx%2Fmasterpg'...
[INFO] running `Command { std: "git" "rev-parse" "HEAD", kill_on_drop: false }`
[INFO] [stdout] cb52c38184ebbcc7449f23c2e631f26f54a77ceb
[INFO] testing KoenLBekx/masterpg against 1.83.0 for beta-1.84.0-4-retry
[INFO] running `Command { std: "git" "clone" "/workspace/cache/git-repos/https%3A%2F%2Fgithub.com%2FKoenLBekx%2Fmasterpg" "/workspace/builds/worker-5-tc1/source", kill_on_drop: false }`
[INFO] [stderr] Cloning into '/workspace/builds/worker-5-tc1/source'...
[INFO] [stderr] done.
[INFO] validating manifest of git repo https://github.com/KoenLBekx/masterpg on toolchain 1.83.0
[INFO] running `Command { std: CARGO_HOME="/workspace/cargo-home" RUSTUP_HOME="/workspace/rustup-home" "/workspace/cargo-home/bin/cargo" "+1.83.0" "metadata" "--manifest-path" "Cargo.toml" "--no-deps", kill_on_drop: false }`
[INFO] started tweaking git repo https://github.com/KoenLBekx/masterpg
[INFO] finished tweaking git repo https://github.com/KoenLBekx/masterpg
[INFO] tweaked toml for git repo https://github.com/KoenLBekx/masterpg written to /workspace/builds/worker-5-tc1/source/Cargo.toml
[INFO] crate git repo https://github.com/KoenLBekx/masterpg already has a lockfile, it will not be regenerated
[INFO] running `Command { std: CARGO_HOME="/workspace/cargo-home" RUSTUP_HOME="/workspace/rustup-home" "/workspace/cargo-home/bin/cargo" "+1.83.0" "fetch" "--manifest-path" "Cargo.toml", kill_on_drop: false }`
[INFO] [stderr]     Updating crates.io index
[INFO] [stderr]  Downloading crates ...
[INFO] [stderr]   Downloaded serial_test v2.0.0
[INFO] [stderr]   Downloaded serial_test_derive v2.0.0
[INFO] [stderr]   Downloaded tree_by_path v1.0.3
[INFO] [stderr]   Downloaded fslock v0.2.1
[INFO] [stderr]   Downloaded string_io_and_mock v1.0.1
[INFO] running `Command { std: "docker" "create" "-v" "/var/lib/crater-agent-workspace/builds/worker-5-tc1/target:/opt/rustwide/target:rw,Z" "-v" "/var/lib/crater-agent-workspace/builds/worker-5-tc1/source:/opt/rustwide/workdir:ro,Z" "-v" "/var/lib/crater-agent-workspace/cargo-home:/opt/rustwide/cargo-home:ro,Z" "-v" "/var/lib/crater-agent-workspace/rustup-home:/opt/rustwide/rustup-home:ro,Z" "-e" "SOURCE_DIR=/opt/rustwide/workdir" "-e" "CARGO_TARGET_DIR=/opt/rustwide/target" "-e" "CARGO_HOME=/opt/rustwide/cargo-home" "-e" "RUSTUP_HOME=/opt/rustwide/rustup-home" "-w" "/opt/rustwide/workdir" "-m" "1610612736" "--user" "0:0" "--network" "none" "ghcr.io/rust-lang/crates-build-env/linux@sha256:f3a9d4ad9d972b27faf3965f35b62e55ba32bbce8f20bc8fe909558a86702fde" "/opt/rustwide/cargo-home/bin/cargo" "+1.83.0" "metadata" "--no-deps" "--format-version=1", kill_on_drop: false }`
[INFO] [stdout] 2aa5bcd11438b8fc24bd8561370ea50a214fc5f6ea3dedeb8f913502c29cee07
[INFO] running `Command { std: "docker" "start" "-a" "2aa5bcd11438b8fc24bd8561370ea50a214fc5f6ea3dedeb8f913502c29cee07", kill_on_drop: false }`
[INFO] running `Command { std: "docker" "inspect" "2aa5bcd11438b8fc24bd8561370ea50a214fc5f6ea3dedeb8f913502c29cee07", kill_on_drop: false }`
[INFO] running `Command { std: "docker" "rm" "-f" "2aa5bcd11438b8fc24bd8561370ea50a214fc5f6ea3dedeb8f913502c29cee07", kill_on_drop: false }`
[INFO] [stdout] 2aa5bcd11438b8fc24bd8561370ea50a214fc5f6ea3dedeb8f913502c29cee07
[INFO] running `Command { std: "docker" "create" "-v" "/var/lib/crater-agent-workspace/builds/worker-5-tc1/target:/opt/rustwide/target:rw,Z" "-v" "/var/lib/crater-agent-workspace/builds/worker-5-tc1/source:/opt/rustwide/workdir:ro,Z" "-v" "/var/lib/crater-agent-workspace/cargo-home:/opt/rustwide/cargo-home:ro,Z" "-v" "/var/lib/crater-agent-workspace/rustup-home:/opt/rustwide/rustup-home:ro,Z" "-e" "SOURCE_DIR=/opt/rustwide/workdir" "-e" "CARGO_TARGET_DIR=/opt/rustwide/target" "-e" "CARGO_INCREMENTAL=0" "-e" "RUST_BACKTRACE=full" "-e" "RUSTFLAGS=--cap-lints=warn" "-e" "RUSTDOCFLAGS=--cap-lints=warn" "-e" "CARGO_HOME=/opt/rustwide/cargo-home" "-e" "RUSTUP_HOME=/opt/rustwide/rustup-home" "-w" "/opt/rustwide/workdir" "-m" "1610612736" "--user" "0:0" "--network" "none" "ghcr.io/rust-lang/crates-build-env/linux@sha256:f3a9d4ad9d972b27faf3965f35b62e55ba32bbce8f20bc8fe909558a86702fde" "/opt/rustwide/cargo-home/bin/cargo" "+1.83.0" "build" "--frozen" "--message-format=json", kill_on_drop: false }`
[INFO] [stdout] 566206860b16edfa1c25ccc428a120c22bc3ebc97d79a2464ebc7127ff8157a3
[INFO] running `Command { std: "docker" "start" "-a" "566206860b16edfa1c25ccc428a120c22bc3ebc97d79a2464ebc7127ff8157a3", kill_on_drop: false }`
[INFO] [stderr]    Compiling autocfg v1.1.0
[INFO] [stderr]    Compiling futures-core v0.3.28
[INFO] [stderr]    Compiling libc v0.2.147
[INFO] [stderr]    Compiling memchr v2.5.0
[INFO] [stderr]    Compiling futures-channel v0.3.28
[INFO] [stderr]    Compiling futures-task v0.3.28
[INFO] [stderr]    Compiling proc-macro2 v1.0.63
[INFO] [stderr]    Compiling futures-util v0.3.28
[INFO] [stderr]    Compiling quote v1.0.29
[INFO] [stderr]    Compiling futures-sink v0.3.28
[INFO] [stderr]    Compiling parking_lot_core v0.9.8
[INFO] [stderr]    Compiling unicode-ident v1.0.10
[INFO] [stderr]    Compiling futures-io v0.3.28
[INFO] [stderr]    Compiling cfg-if v1.0.0
[INFO] [stderr]    Compiling pin-project-lite v0.2.10
[INFO] [stderr]    Compiling scopeguard v1.1.0
[INFO] [stderr]    Compiling pin-utils v0.1.0
[INFO] [stderr]    Compiling smallvec v1.10.0
[INFO] [stderr]    Compiling once_cell v1.18.0
[INFO] [stderr]    Compiling hashbrown v0.12.3
[INFO] [stderr]    Compiling lazy_static v1.4.0
[INFO] [stderr]    Compiling log v0.4.19
[INFO] [stderr]    Compiling minimal-lexical v0.2.1
[INFO] [stderr]    Compiling tree_by_path v1.0.3
[INFO] [stderr]    Compiling slab v0.4.8
[INFO] [stderr]    Compiling lock_api v0.4.10
[INFO] [stderr]    Compiling nom v7.1.3
[INFO] [stderr]    Compiling syn v2.0.23
[INFO] [stderr]    Compiling fslock v0.2.1
[INFO] [stderr]    Compiling dashmap v5.4.0
[INFO] [stderr]    Compiling parking_lot v0.12.1
[INFO] [stderr]    Compiling futures-executor v0.3.28
[INFO] [stderr]    Compiling futures v0.3.28
[INFO] [stderr]    Compiling serial_test_derive v2.0.0
[INFO] [stderr]    Compiling serial_test v2.0.0
[INFO] [stderr]    Compiling string_io_and_mock v1.0.1
[INFO] [stderr]    Compiling masterpg v1.0.0 (/opt/rustwide/workdir)
[INFO] [stderr]     Finished `dev` profile [unoptimized + debuginfo] target(s) in 13.27s
[INFO] running `Command { std: "docker" "inspect" "566206860b16edfa1c25ccc428a120c22bc3ebc97d79a2464ebc7127ff8157a3", kill_on_drop: false }`
[INFO] running `Command { std: "docker" "rm" "-f" "566206860b16edfa1c25ccc428a120c22bc3ebc97d79a2464ebc7127ff8157a3", kill_on_drop: false }`
[INFO] [stdout] 566206860b16edfa1c25ccc428a120c22bc3ebc97d79a2464ebc7127ff8157a3
[INFO] running `Command { std: "docker" "create" "-v" "/var/lib/crater-agent-workspace/builds/worker-5-tc1/target:/opt/rustwide/target:rw,Z" "-v" "/var/lib/crater-agent-workspace/builds/worker-5-tc1/source:/opt/rustwide/workdir:ro,Z" "-v" "/var/lib/crater-agent-workspace/cargo-home:/opt/rustwide/cargo-home:ro,Z" "-v" "/var/lib/crater-agent-workspace/rustup-home:/opt/rustwide/rustup-home:ro,Z" "-e" "SOURCE_DIR=/opt/rustwide/workdir" "-e" "CARGO_TARGET_DIR=/opt/rustwide/target" "-e" "CARGO_INCREMENTAL=0" "-e" "RUST_BACKTRACE=full" "-e" "RUSTFLAGS=--cap-lints=warn" "-e" "RUSTDOCFLAGS=--cap-lints=warn" "-e" "CARGO_HOME=/opt/rustwide/cargo-home" "-e" "RUSTUP_HOME=/opt/rustwide/rustup-home" "-w" "/opt/rustwide/workdir" "-m" "1610612736" "--user" "0:0" "--network" "none" "ghcr.io/rust-lang/crates-build-env/linux@sha256:f3a9d4ad9d972b27faf3965f35b62e55ba32bbce8f20bc8fe909558a86702fde" "/opt/rustwide/cargo-home/bin/cargo" "+1.83.0" "test" "--frozen" "--no-run" "--message-format=json", kill_on_drop: false }`
[INFO] [stdout] d4ec22ae3d74766b17faab4b4f4902a359f0b92e29332a87722b3d06e4e4ffe2
[INFO] running `Command { std: "docker" "start" "-a" "d4ec22ae3d74766b17faab4b4f4902a359f0b92e29332a87722b3d06e4e4ffe2", kill_on_drop: false }`
[INFO] [stderr]    Compiling masterpg v1.0.0 (/opt/rustwide/workdir)
[INFO] [stderr]     Finished `test` profile [unoptimized + debuginfo] target(s) in 2.45s
[INFO] running `Command { std: "docker" "inspect" "d4ec22ae3d74766b17faab4b4f4902a359f0b92e29332a87722b3d06e4e4ffe2", kill_on_drop: false }`
[INFO] running `Command { std: "docker" "rm" "-f" "d4ec22ae3d74766b17faab4b4f4902a359f0b92e29332a87722b3d06e4e4ffe2", kill_on_drop: false }`
[INFO] [stdout] d4ec22ae3d74766b17faab4b4f4902a359f0b92e29332a87722b3d06e4e4ffe2
[INFO] running `Command { std: "docker" "create" "-v" "/var/lib/crater-agent-workspace/builds/worker-5-tc1/target:/opt/rustwide/target:rw,Z" "-v" "/var/lib/crater-agent-workspace/builds/worker-5-tc1/source:/opt/rustwide/workdir:ro,Z" "-v" "/var/lib/crater-agent-workspace/cargo-home:/opt/rustwide/cargo-home:ro,Z" "-v" "/var/lib/crater-agent-workspace/rustup-home:/opt/rustwide/rustup-home:ro,Z" "-e" "SOURCE_DIR=/opt/rustwide/workdir" "-e" "CARGO_TARGET_DIR=/opt/rustwide/target" "-e" "CARGO_INCREMENTAL=0" "-e" "RUST_BACKTRACE=full" "-e" "RUSTFLAGS=--cap-lints=warn" "-e" "RUSTDOCFLAGS=--cap-lints=warn" "-e" "CARGO_HOME=/opt/rustwide/cargo-home" "-e" "RUSTUP_HOME=/opt/rustwide/rustup-home" "-w" "/opt/rustwide/workdir" "-m" "1610612736" "--user" "0:0" "--network" "none" "ghcr.io/rust-lang/crates-build-env/linux@sha256:f3a9d4ad9d972b27faf3965f35b62e55ba32bbce8f20bc8fe909558a86702fde" "/opt/rustwide/cargo-home/bin/cargo" "+1.83.0" "test" "--frozen", kill_on_drop: false }`
[INFO] [stdout] 262e67f806f3db82c9c2f44bdbd2e1de624535f4555c67d05b1803cb618b470a
[INFO] running `Command { std: "docker" "start" "-a" "262e67f806f3db82c9c2f44bdbd2e1de624535f4555c67d05b1803cb618b470a", kill_on_drop: false }`
[INFO] [stderr]     Finished `test` profile [unoptimized + debuginfo] target(s) in 0.05s
[INFO] [stderr]      Running unittests src/lib.rs (/opt/rustwide/target/debug/deps/masterpg-2c79197be809d41d)
[INFO] [stdout] 
[INFO] [stdout] running 112 tests
[INFO] [stdout] test tests::calc_resolve_abs_neg ... ok
[INFO] [stdout] test tests::calc_resolve_ceiling_negative_large ... ok
[INFO] [stdout] test tests::calc_resolve_add_2 ... ok
[INFO] [stdout] test tests::calc_resolve_ceiling_negative_small ... ok
[INFO] [stdout] test tests::calc_resolve_ceiling_positive_large ... ok
[INFO] [stdout] test tests::calc_resolve_ceiling_positive_small ... ok
[INFO] [stdout] test tests::calc_resolve_divide_3 ... ok
[INFO] [stdout] test tests::calc_resolve_divide_by_zero ... ok
[INFO] [stdout] test tests::calc_resolve_exp_negative_fractal ... ok
[INFO] [stdout] test tests::calc_resolve_exp_negative_int ... ok
[INFO] [stdout] test tests::calc_resolve_exp_series ... ok
[INFO] [stdout] test tests::calc_resolve_exp_positive_fractal ... ok
[INFO] [stdout] test tests::calc_resolve_exp_positive_int ... ok
[INFO] [stdout] test tests::calc_resolve_floor_negative_large ... ok
[INFO] [stdout] test tests::calc_resolve_floor_negative_small ... ok
[INFO] [stdout] test tests::calc_resolve_max_0 ... ok
[INFO] [stdout] test tests::calc_resolve_max_1 ... ok
[INFO] [stdout] test tests::calc_resolve_max_2 ... ok
[INFO] [stdout] test tests::calc_resolve_min_4 ... ok
[INFO] [stdout] test tests::calc_resolve_remainder_1 ... ok
[INFO] [stdout] test tests::calc_resolve_multiply_4 ... ok
[INFO] [stdout] test tests::calc_resolve_remainder_2 ... ok
[INFO] [stdout] test tests::calc_resolve_round_negative_small ... ok
[INFO] [stdout] test tests::calc_resolve_round_positive_large ... ok
[INFO] [stdout] test tests::calc_resolve_sign_positive ... ok
[INFO] [stdout] test tests::calc_resolve_floor_positive_small ... ok
[INFO] [stdout] test tests::calc_resolve_sign_series ... ok
[INFO] [stdout] test tests::calc_resolve_subtract_1 ... ok
[INFO] [stdout] test tests::calc_resolve_subtract_2 ... ok
[INFO] [stdout] test tests::calc_resolve_trunc_positive_large ... ok
[INFO] [stdout] test tests::calc_resolve_subtract_none ... ok
[INFO] [stdout] test tests::calc_resolve_trunc_positive_small ... ok
[INFO] [stdout] test tests::calc_resolve_trunc_negative_large ... ok
[INFO] [stdout] test tests::calc_resolve_upper_case_operator ... ok
[INFO] [stdout] test tests::calc_resolve_unresolved_operand ... ok
[INFO] [stdout] test tests::compose_flat_text_only ... ok
[INFO] [stdout] test tests::compose_has_recursion ... ok
[INFO] [stdout] test tests::calc_resolve_min_0 ... ok
[INFO] [stdout] test tests::calc_resolve_min_1 ... ok
[INFO] [stdout] test tests::calc_resolve_round_positive_small ... ok
[INFO] [stdout] test tests::calc_resolve_sign_negative ... ok
[INFO] [stdout] test tests::compose_missing_output ... ok
[INFO] [stdout] test tests::calc_resolve_floor_positive_large ... ok
[INFO] [stdout] test tests::compose_missing_master ... ok
[INFO] [stdout] test tests::find_output ... ok
[INFO] [stdout] test tests::find_recursion_calc_operand2 ... ok
[INFO] [stdout] test tests::compose_with_master ... ok
[INFO] [stdout] test tests::calc_resolve_abs_pos ... ok
[INFO] [stdout] test tests::calc_resolve_round_negative_large ... ok
[INFO] [stdout] test tests::find_recursion_placeholder ... ok
[INFO] [stdout] test tests::calc_resolve_trunc_negative_small ... ok
[INFO] [stdout] test tests::find_recursion_two ... ok
[INFO] [stdout] test tests::master_page_closing_tag_no_spaces ... ok
[INFO] [stdout] test tests::master_page_closing_tag_non_greedy ... ok
[INFO] [stdout] test tests::master_page_closing_tag_slash ... ok
[INFO] [stdout] test tests::compose_has_unresolved_calculation_operands ... ok
[INFO] [stdout] test tests::compose_has_unresolved_placeholders ... ok
[INFO] [stdout] test tests::find_output_missing ... ok
[INFO] [stdout] test tests::find_recursion_none ... ok
[INFO] [stdout] test tests::find_recursion_calc_operand1 ... ok
[INFO] [stdout] test tests::master_page_closing_tag_spaces ... ok
[INFO] [stdout] test tests::master_page_closing_tag_text_after ... ok
[INFO] [stdout] test tests::master_page_tag_opening_double_content ... ok
[INFO] [stdout] test tests::master_page_tag_opening_empty ... ok
[INFO] [stdout] test tests::master_page_tag_self_contained_double_content ... ok
[INFO] [stdout] test tests::master_page_tag_self_contained_empty ... ok
[INFO] [stdout] test tests::master_page_tag_self_contained_line_break ... ok
[INFO] [stdout] test tests::master_page_tag_self_contained_no_slash_in_first_word ... ok
[INFO] [stdout] test tests::master_page_tag_self_contained_double_slash ... ok
[INFO] [stdout] test tests::master_page_tag_self_contained_non_greedy ... ok
[INFO] [stdout] test tests::master_page_tag_self_contained_single_content ... ok
[INFO] [stdout] test tests::master_page_tag_self_contained_single_slash ... ok
[INFO] [stdout] test tests::master_page_tag_self_contained_surrounding_spaces ... ok
[INFO] [stdout] test tests::mpt_opening_children ... ok
[INFO] [stdout] test tests::mpt_opening_children_fails_on_html_tag ... ok
[INFO] [stdout] test tests::mpt_opening_children_fails_on_self_contained ... ok
[INFO] [stdout] test tests::mpt_other_empty ... ok
[INFO] [stdout] test tests::mpt_opening_children_fails_on_unclosed ... ok
[INFO] [stdout] test tests::mpt_other_followed_by_closing_master_page_tag ... ok
[INFO] [stdout] test tests::mpt_other_only_html_tags ... ok
[INFO] [stdout] test tests::mpt_other_followed_by_self_contained_master_page_tag ... ok
[INFO] [stdout] test tests::mpt_other_no_tags ... ok
[INFO] [stdout] test tests::mpt_self_contained ... ok
[INFO] [stdout] test tests::mpt_self_contained_fails_on_unclosed ... ok
[INFO] [stdout] test tests::mpt_self_contained_fails_on_html_tag ... ok
[INFO] [stdout] test tests::operand_new_comma ... ok
[INFO] [stdout] test tests::mpt_self_contained_fails_on_no_tag ... ok
[INFO] [stdout] test tests::operand_new_fractal ... ok
[INFO] [stdout] test tests::mpt_self_contained_fails_on_opening ... ok
[INFO] [stdout] test tests::read_flat_content_empty ... ok
[INFO] [stdout] test tests::read_flat_content_only_other ... ok
[INFO] [stdout] test tests::read_flat_content_malformed ... ok
[INFO] [stdout] test tests::read_nested_content_empty ... ok
[INFO] [stdout] test tests::read_nested_content_mismatched_closing ... ok
[INFO] [stdout] test tests::mpt_opening_children_fails_on_no_tag ... ok
[INFO] [stdout] test tests::master_page_tag_self_contained_slash_in_word ... ok
[INFO] [stdout] test tests::read_nested_content_opening_unknown ... ok
[INFO] [stdout] test tests::read_flat_content_mixed ... ok
[INFO] [stdout] test tests::read_nested_content_mixed ... ok
[INFO] [stdout] test tests::operand_new_int ... ok
[INFO] [stdout] test tests::operand_new_placeholder ... ok
[INFO] [stdout] test tests::operand_new_negative ... ok
[INFO] [stdout] test tests::master_page_tag_self_contained_text_after ... ok
[INFO] [stdout] test tests::read_nested_content_self_contained_actual ... ok
[INFO] [stdout] test tests::read_nested_content_redundant_closing ... ok
[INFO] [stdout] test tests::read_nested_content_unclosed_actual ... ok
[INFO] [stdout] test tests::resolve_references_calc ... ok
[INFO] [stdout] test tests::resolve_references_placeholders ... ok
[INFO] [stdout] test tests::tree_to_output ... ok
[INFO] [stdout] test tests::tree_to_output_timestamp ... ok
[INFO] [stdout] test tests::resolve_markers ... ok
[INFO] [stdout] test tests::read_nested_content_self_contained_unknown ... ok
[INFO] [stdout] 
[INFO] [stdout] test result: ok. 112 passed; 0 failed; 0 ignored; 0 measured; 0 filtered out; finished in 0.04s
[INFO] [stdout] 
[INFO] [stderr]      Running unittests src/main.rs (/opt/rustwide/target/debug/deps/masterpg-a038917776a764d8)
[INFO] [stdout] 
[INFO] [stdout] running 0 tests
[INFO] [stderr]      Running tests/integration_tests.rs (/opt/rustwide/target/debug/deps/integration_tests-83583a239d8e4c61)
[INFO] [stdout] 
[INFO] [stdout] test result: ok. 0 passed; 0 failed; 0 ignored; 0 measured; 0 filtered out; finished in 0.01s
[INFO] [stdout] 
[INFO] [stdout] 
[INFO] [stdout] running 1 test
[INFO] [stderr] error: test failed, to rerun pass `--test integration_tests`
[INFO] [stdout] test compose_with_master ... FAILED
[INFO] [stdout] 
[INFO] [stdout] failures:
[INFO] [stdout] 
[INFO] [stdout] ---- compose_with_master stdout ----
[INFO] [stdout] thread 'compose_with_master' panicked at tests/utils/mod.rs:16:31:
[INFO] [stdout] called `Result::unwrap()` on an `Err` value: Os { code: 30, kind: ReadOnlyFilesystem, message: "Read-only file system" }
[INFO] [stdout] stack backtrace:
[INFO] [stdout]    0:     0x62fa74f4080a - std::backtrace_rs::backtrace::libunwind::trace::h5a5b8284f2d0c266
[INFO] [stdout]                                at /rustc/90b35a6239c3d8bdabc530a6a0816f7ff89a0aaf/library/std/src/../../backtrace/src/backtrace/libunwind.rs:116:5
[INFO] [stdout]    1:     0x62fa74f4080a - std::backtrace_rs::backtrace::trace_unsynchronized::h76d4f1c9b0b875e3
[INFO] [stdout]                                at /rustc/90b35a6239c3d8bdabc530a6a0816f7ff89a0aaf/library/std/src/../../backtrace/src/backtrace/mod.rs:66:5
[INFO] [stdout]    2:     0x62fa74f4080a - std::sys::backtrace::_print_fmt::hc4546b8364a537c6
[INFO] [stdout]                                at /rustc/90b35a6239c3d8bdabc530a6a0816f7ff89a0aaf/library/std/src/sys/backtrace.rs:66:9
[INFO] [stdout]    3:     0x62fa74f4080a - <std::sys::backtrace::BacktraceLock::print::DisplayBacktrace as core::fmt::Display>::fmt::h5b6bd5631a6d1f6b
[INFO] [stdout]                                at /rustc/90b35a6239c3d8bdabc530a6a0816f7ff89a0aaf/library/std/src/sys/backtrace.rs:39:26
[INFO] [stdout]    4:     0x62fa74f68da3 - core::fmt::rt::Argument::fmt::h270f6602a2b96f62
[INFO] [stdout]                                at /rustc/90b35a6239c3d8bdabc530a6a0816f7ff89a0aaf/library/core/src/fmt/rt.rs:177:76
[INFO] [stdout]    5:     0x62fa74f68da3 - core::fmt::write::h7550c97b06c86515
[INFO] [stdout]                                at /rustc/90b35a6239c3d8bdabc530a6a0816f7ff89a0aaf/library/core/src/fmt/mod.rs:1186:21
[INFO] [stdout]    6:     0x62fa74f3d9d3 - std::io::Write::write_fmt::h509ff860e5956e5e
[INFO] [stdout]                                at /rustc/90b35a6239c3d8bdabc530a6a0816f7ff89a0aaf/library/std/src/io/mod.rs:1839:15
[INFO] [stdout]    7:     0x62fa74f40652 - std::sys::backtrace::BacktraceLock::print::h2395ccd2c84ba3aa
[INFO] [stdout]                                at /rustc/90b35a6239c3d8bdabc530a6a0816f7ff89a0aaf/library/std/src/sys/backtrace.rs:42:9
[INFO] [stdout]    8:     0x62fa74f41c6a - std::panicking::default_hook::{{closure}}::he19d4c7230e07961
[INFO] [stdout]                                at /rustc/90b35a6239c3d8bdabc530a6a0816f7ff89a0aaf/library/std/src/panicking.rs:268:22
[INFO] [stdout]    9:     0x62fa74f41a74 - std::panicking::default_hook::hf614597d3c67bbdb
[INFO] [stdout]                                at /rustc/90b35a6239c3d8bdabc530a6a0816f7ff89a0aaf/library/std/src/panicking.rs:292:9
[INFO] [stdout]   10:     0x62fa74edab69 - <alloc::boxed::Box<F,A> as core::ops::function::Fn<Args>>::call::h39b51ce4599c23d1
[INFO] [stdout]                                at /rustc/90b35a6239c3d8bdabc530a6a0816f7ff89a0aaf/library/alloc/src/boxed.rs:2468:9
[INFO] [stdout]   11:     0x62fa74edab69 - test::test_main::{{closure}}::he977ae839a582784
[INFO] [stdout]                                at /rustc/90b35a6239c3d8bdabc530a6a0816f7ff89a0aaf/library/test/src/lib.rs:133:21
[INFO] [stdout]   12:     0x62fa74f42308 - <alloc::boxed::Box<F,A> as core::ops::function::Fn<Args>>::call::h9455091b6b06f9fb
[INFO] [stdout]                                at /rustc/90b35a6239c3d8bdabc530a6a0816f7ff89a0aaf/library/alloc/src/boxed.rs:2468:9
[INFO] [stdout]   13:     0x62fa74f42308 - std::panicking::rust_panic_with_hook::h8942133a8b252070
[INFO] [stdout]                                at /rustc/90b35a6239c3d8bdabc530a6a0816f7ff89a0aaf/library/std/src/panicking.rs:809:13
[INFO] [stdout]   14:     0x62fa74f420ca - std::panicking::begin_panic_handler::{{closure}}::hb5f5963570096b29
[INFO] [stdout]                                at /rustc/90b35a6239c3d8bdabc530a6a0816f7ff89a0aaf/library/std/src/panicking.rs:674:13
[INFO] [stdout]   15:     0x62fa74f40ce9 - std::sys::backtrace::__rust_end_short_backtrace::h6208cedc1922feda
[INFO] [stdout]                                at /rustc/90b35a6239c3d8bdabc530a6a0816f7ff89a0aaf/library/std/src/sys/backtrace.rs:170:18
[INFO] [stdout]   16:     0x62fa74f41d5c - rust_begin_unwind
[INFO] [stdout]                                at /rustc/90b35a6239c3d8bdabc530a6a0816f7ff89a0aaf/library/std/src/panicking.rs:665:5
[INFO] [stdout]   17:     0x62fa74e9ab70 - core::panicking::panic_fmt::h0c3082644d1bf418
[INFO] [stdout]                                at /rustc/90b35a6239c3d8bdabc530a6a0816f7ff89a0aaf/library/core/src/panicking.rs:74:14
[INFO] [stdout]   18:     0x62fa74e9afb6 - core::result::unwrap_failed::hd20b4aa073bda1e2
[INFO] [stdout]                                at /rustc/90b35a6239c3d8bdabc530a6a0816f7ff89a0aaf/library/core/src/result.rs:1700:5
[INFO] [stdout]   19:     0x62fa74ea1b75 - core::result::Result<T,E>::unwrap::hb2275e60bfa35d48
[INFO] [stdout]                                at /rustc/90b35a6239c3d8bdabc530a6a0816f7ff89a0aaf/library/core/src/result.rs:1104:23
[INFO] [stdout]   20:     0x62fa74ea1b75 - integration_tests::utils::ensure_playground::h9f2f827dc15df453
[INFO] [stdout]                                at /opt/rustwide/workdir/tests/utils/mod.rs:16:9
[INFO] [stdout]   21:     0x62fa74ea1ca9 - integration_tests::compose_with_master::{{closure}}::hfd65bb2a7c1a5ca7
[INFO] [stdout]                                at /opt/rustwide/workdir/tests/integration_tests.rs:11:27
[INFO] [stdout]   22:     0x62fa74e9cefe - core::ops::function::FnOnce::call_once::he220a51ec1b10bf4
[INFO] [stdout]                                at /rustc/90b35a6239c3d8bdabc530a6a0816f7ff89a0aaf/library/core/src/ops/function.rs:250:5
[INFO] [stdout]   23:     0x62fa74ee7c20 - serial_test::serial_file_lock::fs_serial_core::h2f6d92dbf47d03a7
[INFO] [stdout]                                at /opt/rustwide/cargo-home/registry/src/index.crates.io-6f17d22bba15001f/serial_test-2.0.0/src/serial_file_lock.rs:7:5
[INFO] [stdout]   24:     0x62fa74ea1c5d - integration_tests::compose_with_master::h22ebdaf530e51c95
[INFO] [stdout]                                at /opt/rustwide/workdir/tests/integration_tests.rs:9:1
[INFO] [stdout]   25:     0x62fa74ea1c17 - integration_tests::compose_with_master::{{closure}}::h814658272ec00ad7
[INFO] [stdout]                                at /opt/rustwide/workdir/tests/integration_tests.rs:10:25
[INFO] [stdout]   26:     0x62fa74e9ce76 - core::ops::function::FnOnce::call_once::h145d05b77df16dfc
[INFO] [stdout]                                at /rustc/90b35a6239c3d8bdabc530a6a0816f7ff89a0aaf/library/core/src/ops/function.rs:250:5
[INFO] [stdout]   27:     0x62fa74edf52b - core::ops::function::FnOnce::call_once::h109cf8051a59b34e
[INFO] [stdout]                                at /rustc/90b35a6239c3d8bdabc530a6a0816f7ff89a0aaf/library/core/src/ops/function.rs:250:5
[INFO] [stdout]   28:     0x62fa74edf52b - test::__rust_begin_short_backtrace::hf4fff89d377446ba
[INFO] [stdout]                                at /rustc/90b35a6239c3d8bdabc530a6a0816f7ff89a0aaf/library/test/src/lib.rs:621:18
[INFO] [stdout]   29:     0x62fa74eded67 - test::run_test_in_process::{{closure}}::h0e39181dd7ee5a43
[INFO] [stdout]                                at /rustc/90b35a6239c3d8bdabc530a6a0816f7ff89a0aaf/library/test/src/lib.rs:644:60
[INFO] [stdout]   30:     0x62fa74eded67 - <core::panic::unwind_safe::AssertUnwindSafe<F> as core::ops::function::FnOnce<()>>::call_once::hc5a66a30f0bdfd1f
[INFO] [stdout]                                at /rustc/90b35a6239c3d8bdabc530a6a0816f7ff89a0aaf/library/core/src/panic/unwind_safe.rs:272:9
[INFO] [stdout]   31:     0x62fa74eded67 - std::panicking::try::do_call::h873b7cf639554a5e
[INFO] [stdout]                                at /rustc/90b35a6239c3d8bdabc530a6a0816f7ff89a0aaf/library/std/src/panicking.rs:557:40
[INFO] [stdout]   32:     0x62fa74eded67 - std::panicking::try::hdb19862fad9c8bd1
[INFO] [stdout]                                at /rustc/90b35a6239c3d8bdabc530a6a0816f7ff89a0aaf/library/std/src/panicking.rs:520:19
[INFO] [stdout]   33:     0x62fa74eded67 - std::panic::catch_unwind::h281fe732d236d260
[INFO] [stdout]                                at /rustc/90b35a6239c3d8bdabc530a6a0816f7ff89a0aaf/library/std/src/panic.rs:358:14
[INFO] [stdout]   34:     0x62fa74eded67 - test::run_test_in_process::h949b6df8457ed338
[INFO] [stdout]                                at /rustc/90b35a6239c3d8bdabc530a6a0816f7ff89a0aaf/library/test/src/lib.rs:644:27
[INFO] [stdout]   35:     0x62fa74eded67 - test::run_test::{{closure}}::h52c556a6d4740e10
[INFO] [stdout]                                at /rustc/90b35a6239c3d8bdabc530a6a0816f7ff89a0aaf/library/test/src/lib.rs:565:43
[INFO] [stdout]   36:     0x62fa74ea4044 - test::run_test::{{closure}}::h4237f6381c45ccb9
[INFO] [stdout]                                at /rustc/90b35a6239c3d8bdabc530a6a0816f7ff89a0aaf/library/test/src/lib.rs:595:41
[INFO] [stdout]   37:     0x62fa74ea4044 - std::sys::backtrace::__rust_begin_short_backtrace::h505c97a579eca628
[INFO] [stdout]                                at /rustc/90b35a6239c3d8bdabc530a6a0816f7ff89a0aaf/library/std/src/sys/backtrace.rs:154:18
[INFO] [stdout]   38:     0x62fa74ea770e - std::thread::Builder::spawn_unchecked_::{{closure}}::{{closure}}::h9e86b2e2bc107ea3
[INFO] [stdout]                                at /rustc/90b35a6239c3d8bdabc530a6a0816f7ff89a0aaf/library/std/src/thread/mod.rs:538:17
[INFO] [stdout]   39:     0x62fa74ea770e - <core::panic::unwind_safe::AssertUnwindSafe<F> as core::ops::function::FnOnce<()>>::call_once::h8b06ddb275ff4a25
[INFO] [stdout]                                at /rustc/90b35a6239c3d8bdabc530a6a0816f7ff89a0aaf/library/core/src/panic/unwind_safe.rs:272:9
[INFO] [stdout]   40:     0x62fa74ea770e - std::panicking::try::do_call::hb26ecd7cd9a9355d
[INFO] [stdout]                                at /rustc/90b35a6239c3d8bdabc530a6a0816f7ff89a0aaf/library/std/src/panicking.rs:557:40
[INFO] [stdout]   41:     0x62fa74ea770e - std::panicking::try::h8ddeca9d705f9069
[INFO] [stdout]                                at /rustc/90b35a6239c3d8bdabc530a6a0816f7ff89a0aaf/library/std/src/panicking.rs:520:19
[INFO] [stdout]   42:     0x62fa74ea770e - std::panic::catch_unwind::h49e1c33078844c46
[INFO] [stdout]                                at /rustc/90b35a6239c3d8bdabc530a6a0816f7ff89a0aaf/library/std/src/panic.rs:358:14
[INFO] [stdout]   43:     0x62fa74ea770e - std::thread::Builder::spawn_unchecked_::{{closure}}::h6073db6ff56ad35d
[INFO] [stdout]                                at /rustc/90b35a6239c3d8bdabc530a6a0816f7ff89a0aaf/library/std/src/thread/mod.rs:537:30
[INFO] [stdout]   44:     0x62fa74ea770e - core::ops::function::FnOnce::call_once{{vtable.shim}}::h2c5a5f3779c774f1
[INFO] [stdout]                                at /rustc/90b35a6239c3d8bdabc530a6a0816f7ff89a0aaf/library/core/src/ops/function.rs:250:5
[INFO] [stdout]   45:     0x62fa74f46a6b - <alloc::boxed::Box<F,A> as core::ops::function::FnOnce<Args>>::call_once::hf75717d9f28faebf
[INFO] [stdout]                                at /rustc/90b35a6239c3d8bdabc530a6a0816f7ff89a0aaf/library/alloc/src/boxed.rs:2454:9
[INFO] [stdout]   46:     0x62fa74f46a6b - <alloc::boxed::Box<F,A> as core::ops::function::FnOnce<Args>>::call_once::h7bd883a5f3c5f3c1
[INFO] [stdout]                                at /rustc/90b35a6239c3d8bdabc530a6a0816f7ff89a0aaf/library/alloc/src/boxed.rs:2454:9
[INFO] [stdout]   47:     0x62fa74f46a6b - std::sys::pal::unix::thread::Thread::new::thread_start::hcc78f3943333fa94
[INFO] [stdout]                                at /rustc/90b35a6239c3d8bdabc530a6a0816f7ff89a0aaf/library/std/src/sys/pal/unix/thread.rs:105:17
[INFO] [stdout]   48:     0x72b8674ccac3 - <unknown>
[INFO] [stdout]   49:     0x72b86755da04 - clone
[INFO] [stdout]   50:                0x0 - <unknown>
[INFO] [stdout] 
[INFO] [stdout] 
[INFO] [stdout] failures:
[INFO] [stdout]     compose_with_master
[INFO] [stdout] 
[INFO] [stdout] test result: FAILED. 0 passed; 1 failed; 0 ignored; 0 measured; 0 filtered out; finished in 0.03s
[INFO] [stdout] 
[INFO] running `Command { std: "docker" "inspect" "262e67f806f3db82c9c2f44bdbd2e1de624535f4555c67d05b1803cb618b470a", kill_on_drop: false }`
[INFO] running `Command { std: "docker" "rm" "-f" "262e67f806f3db82c9c2f44bdbd2e1de624535f4555c67d05b1803cb618b470a", kill_on_drop: false }`
[INFO] [stdout] 262e67f806f3db82c9c2f44bdbd2e1de624535f4555c67d05b1803cb618b470a
