[INFO] cloning repository https://github.com/KnorrFG/Ablet
[INFO] running `Command { std: "git" "-c" "credential.helper=" "-c" "credential.helper=/workspace/cargo-home/bin/git-credential-null" "clone" "--bare" "https://github.com/KnorrFG/Ablet" "/workspace/cache/git-repos/https%3A%2F%2Fgithub.com%2FKnorrFG%2FAblet", kill_on_drop: false }`
[INFO] [stderr] Cloning into bare repository '/workspace/cache/git-repos/https%3A%2F%2Fgithub.com%2FKnorrFG%2FAblet'...
[INFO] running `Command { std: "git" "rev-parse" "HEAD", kill_on_drop: false }`
[INFO] [stdout] 14549befa37e669ba465b61742c7a0760ea0dc0c
[INFO] testing KnorrFG/Ablet against beta-2024-12-08 for beta-1.84.0-4-retry
[INFO] running `Command { std: "git" "clone" "/workspace/cache/git-repos/https%3A%2F%2Fgithub.com%2FKnorrFG%2FAblet" "/workspace/builds/worker-2-tc2/source", kill_on_drop: false }`
[INFO] [stderr] Cloning into '/workspace/builds/worker-2-tc2/source'...
[INFO] [stderr] done.
[INFO] validating manifest of git repo https://github.com/KnorrFG/Ablet on toolchain beta-2024-12-08
[INFO] running `Command { std: CARGO_HOME="/workspace/cargo-home" RUSTUP_HOME="/workspace/rustup-home" "/workspace/cargo-home/bin/cargo" "+beta-2024-12-08" "metadata" "--manifest-path" "Cargo.toml" "--no-deps", kill_on_drop: false }`
[INFO] started tweaking git repo https://github.com/KnorrFG/Ablet
[INFO] finished tweaking git repo https://github.com/KnorrFG/Ablet
[INFO] tweaked toml for git repo https://github.com/KnorrFG/Ablet written to /workspace/builds/worker-2-tc2/source/Cargo.toml
[INFO] crate git repo https://github.com/KnorrFG/Ablet already has a lockfile, it will not be regenerated
[INFO] running `Command { std: CARGO_HOME="/workspace/cargo-home" RUSTUP_HOME="/workspace/rustup-home" "/workspace/cargo-home/bin/cargo" "+beta-2024-12-08" "fetch" "--manifest-path" "Cargo.toml", kill_on_drop: false }`
[INFO] running `Command { std: "docker" "create" "-v" "/var/lib/crater-agent-workspace/builds/worker-2-tc2/target:/opt/rustwide/target:rw,Z" "-v" "/var/lib/crater-agent-workspace/builds/worker-2-tc2/source:/opt/rustwide/workdir:ro,Z" "-v" "/var/lib/crater-agent-workspace/cargo-home:/opt/rustwide/cargo-home:ro,Z" "-v" "/var/lib/crater-agent-workspace/rustup-home:/opt/rustwide/rustup-home:ro,Z" "-e" "SOURCE_DIR=/opt/rustwide/workdir" "-e" "CARGO_TARGET_DIR=/opt/rustwide/target" "-e" "CARGO_HOME=/opt/rustwide/cargo-home" "-e" "RUSTUP_HOME=/opt/rustwide/rustup-home" "-w" "/opt/rustwide/workdir" "-m" "1610612736" "--user" "0:0" "--network" "none" "ghcr.io/rust-lang/crates-build-env/linux@sha256:f3a9d4ad9d972b27faf3965f35b62e55ba32bbce8f20bc8fe909558a86702fde" "/opt/rustwide/cargo-home/bin/cargo" "+beta-2024-12-08" "metadata" "--no-deps" "--format-version=1", kill_on_drop: false }`
[INFO] [stdout] bd4fb1b0bcc01cee61d0a7584444d65e02f2f2d3151409a15838dd7fced65c83
[INFO] running `Command { std: "docker" "start" "-a" "bd4fb1b0bcc01cee61d0a7584444d65e02f2f2d3151409a15838dd7fced65c83", kill_on_drop: false }`
[INFO] running `Command { std: "docker" "inspect" "bd4fb1b0bcc01cee61d0a7584444d65e02f2f2d3151409a15838dd7fced65c83", kill_on_drop: false }`
[INFO] running `Command { std: "docker" "rm" "-f" "bd4fb1b0bcc01cee61d0a7584444d65e02f2f2d3151409a15838dd7fced65c83", kill_on_drop: false }`
[INFO] [stdout] bd4fb1b0bcc01cee61d0a7584444d65e02f2f2d3151409a15838dd7fced65c83
[INFO] running `Command { std: "docker" "create" "-v" "/var/lib/crater-agent-workspace/builds/worker-2-tc2/target:/opt/rustwide/target:rw,Z" "-v" "/var/lib/crater-agent-workspace/builds/worker-2-tc2/source:/opt/rustwide/workdir:ro,Z" "-v" "/var/lib/crater-agent-workspace/cargo-home:/opt/rustwide/cargo-home:ro,Z" "-v" "/var/lib/crater-agent-workspace/rustup-home:/opt/rustwide/rustup-home:ro,Z" "-e" "SOURCE_DIR=/opt/rustwide/workdir" "-e" "CARGO_TARGET_DIR=/opt/rustwide/target" "-e" "CARGO_INCREMENTAL=0" "-e" "RUST_BACKTRACE=full" "-e" "RUSTFLAGS=--cap-lints=warn" "-e" "RUSTDOCFLAGS=--cap-lints=warn" "-e" "CARGO_HOME=/opt/rustwide/cargo-home" "-e" "RUSTUP_HOME=/opt/rustwide/rustup-home" "-w" "/opt/rustwide/workdir" "-m" "1610612736" "--user" "0:0" "--network" "none" "ghcr.io/rust-lang/crates-build-env/linux@sha256:f3a9d4ad9d972b27faf3965f35b62e55ba32bbce8f20bc8fe909558a86702fde" "/opt/rustwide/cargo-home/bin/cargo" "+beta-2024-12-08" "build" "--frozen" "--message-format=json", kill_on_drop: false }`
[INFO] [stdout] d6a51bafd272bac7900720a4cb2d726b93ef8ac59f542280831cdef79a1278ae
[INFO] running `Command { std: "docker" "start" "-a" "d6a51bafd272bac7900720a4cb2d726b93ef8ac59f542280831cdef79a1278ae", kill_on_drop: false }`
[INFO] [stderr]    Compiling proc-macro2 v1.0.92
[INFO] [stderr]    Compiling libc v0.2.164
[INFO] [stderr]    Compiling unicode-ident v1.0.14
[INFO] [stderr]    Compiling autocfg v1.4.0
[INFO] [stderr]    Compiling parking_lot_core v0.9.10
[INFO] [stderr]    Compiling signal-hook v0.3.17
[INFO] [stderr]    Compiling smallvec v1.13.2
[INFO] [stderr]    Compiling log v0.4.22
[INFO] [stderr]    Compiling syn v1.0.109
[INFO] [stderr]    Compiling cfg-if v1.0.0
[INFO] [stderr]    Compiling rustix v0.38.41
[INFO] [stderr]    Compiling scopeguard v1.2.0
[INFO] [stderr]    Compiling thiserror v2.0.3
[INFO] [stderr]    Compiling bitflags v2.6.0
[INFO] [stderr]    Compiling linux-raw-sys v0.4.14
[INFO] [stderr]    Compiling either v1.13.0
[INFO] [stderr]    Compiling termcolor v1.4.1
[INFO] [stderr]    Compiling nonempty v0.10.0
[INFO] [stderr]    Compiling itertools v0.13.0
[INFO] [stderr]    Compiling lock_api v0.4.12
[INFO] [stderr]    Compiling quote v1.0.37
[INFO] [stderr]    Compiling syn v2.0.89
[INFO] [stderr]    Compiling signal-hook-registry v1.4.2
[INFO] [stderr]    Compiling mio v1.0.2
[INFO] [stderr]    Compiling parking_lot v0.12.3
[INFO] [stderr]    Compiling signal-hook-mio v0.2.4
[INFO] [stderr]    Compiling crossterm v0.28.1
[INFO] [stderr]    Compiling derive_more-impl v1.0.0
[INFO] [stderr]    Compiling thiserror-impl v2.0.3
[INFO] [stderr]    Compiling derive_more v1.0.0
[INFO] [stderr]    Compiling persistent-structs v0.1.1
[INFO] [stderr]    Compiling ablet v0.1.0 (/opt/rustwide/workdir)
[INFO] [stdout] warning: unused import: `crossterm::style::ContentStyle`
[INFO] [stdout]  --> src/lib.rs:7:5
[INFO] [stdout]   |
[INFO] [stdout] 7 | use crossterm::style::ContentStyle;
[INFO] [stdout]   |     ^^^^^^^^^^^^^^^^^^^^^^^^^^^^^^
[INFO] [stdout]   |
[INFO] [stdout]   = note: `#[warn(unused_imports)]` on by default
[INFO] [stdout] 
[INFO] [stdout] 
[INFO] [stdout] warning: unused import: `itertools::Itertools`
[INFO] [stdout]  --> src/lib.rs:9:5
[INFO] [stdout]   |
[INFO] [stdout] 9 | use itertools::Itertools;
[INFO] [stdout]   |     ^^^^^^^^^^^^^^^^^^^^
[INFO] [stdout] 
[INFO] [stdout] 
[INFO] [stdout] warning: unused import: `collections::BTreeSet`
[INFO] [stdout]  --> src/buffer.rs:3:5
[INFO] [stdout]   |
[INFO] [stdout] 3 |     collections::BTreeSet,
[INFO] [stdout]   |     ^^^^^^^^^^^^^^^^^^^^^
[INFO] [stdout] 
[INFO] [stdout] 
[INFO] [stdout] warning: unused import: `ops::Index`
[INFO] [stdout]  --> src/atext.rs:1:60
[INFO] [stdout]   |
[INFO] [stdout] 1 | use std::{borrow::Cow, collections::HashMap, fmt::Display, ops::Index};
[INFO] [stdout]   |                                                            ^^^^^^^^^^
[INFO] [stdout] 
[INFO] [stdout] 
[INFO] [stdout] warning: unused import: `Write`
[INFO] [stdout]  --> src/buffer.rs:4:16
[INFO] [stdout]   |
[INFO] [stdout] 4 |     io::{self, Write},
[INFO] [stdout]   |                ^^^^^
[INFO] [stdout] 
[INFO] [stdout] 
[INFO] [stdout] warning: unused variable: `size`
[INFO] [stdout]   --> src/ablet_type.rs:69:13
[INFO] [stdout]    |
[INFO] [stdout] 69 |             size,
[INFO] [stdout]    |             ^^^^ help: try ignoring the field: `size: _`
[INFO] [stdout]    |
[INFO] [stdout]    = note: `#[warn(unused_variables)]` on by default
[INFO] [stdout] 
[INFO] [stdout] 
[INFO] [stdout] warning: unused variable: `v`
[INFO] [stdout]   --> src/buffer.rs:65:25
[INFO] [stdout]    |
[INFO] [stdout] 65 |             View::Fancy(v) => todo!("unimplemented"),
[INFO] [stdout]    |                         ^ help: if this is intentional, prefix it with an underscore: `_v`
[INFO] [stdout] 
[INFO] [stdout] 
[INFO] [stdout] warning: unused variable: `selection`
[INFO] [stdout]    --> src/buffer.rs:172:18
[INFO] [stdout]     |
[INFO] [stdout] 172 | fn to_line_range(selection: &Selection<BufferPosition>, i: usize, w: u16) -> Option<Range<u16>> {
[INFO] [stdout]     |                  ^^^^^^^^^ help: if this is intentional, prefix it with an underscore: `_selection`
[INFO] [stdout] 
[INFO] [stdout] 
[INFO] [stdout] warning: unused variable: `i`
[INFO] [stdout]    --> src/buffer.rs:172:57
[INFO] [stdout]     |
[INFO] [stdout] 172 | fn to_line_range(selection: &Selection<BufferPosition>, i: usize, w: u16) -> Option<Range<u16>> {
[INFO] [stdout]     |                                                         ^ help: if this is intentional, prefix it with an underscore: `_i`
[INFO] [stdout] 
[INFO] [stdout] 
[INFO] [stdout] warning: unused variable: `w`
[INFO] [stdout]    --> src/buffer.rs:172:67
[INFO] [stdout]     |
[INFO] [stdout] 172 | fn to_line_range(selection: &Selection<BufferPosition>, i: usize, w: u16) -> Option<Range<u16>> {
[INFO] [stdout]     |                                                                   ^ help: if this is intentional, prefix it with an underscore: `_w`
[INFO] [stdout] 
[INFO] [stdout] 
[INFO] [stdout] warning: trait `RangeCompatibleNumber<T>` is more private than the item `Range<T>`
[INFO] [stdout]   --> src/lib.rs:73:1
[INFO] [stdout]    |
[INFO] [stdout] 73 | impl<T: RangeCompatibleNumber<T>> Range<T> {
[INFO] [stdout]    | ^^^^^^^^^^^^^^^^^^^^^^^^^^^^^^^^^^^^^^^^^^ implementation `Range<T>` is reachable at visibility `pub`
[INFO] [stdout]    |
[INFO] [stdout] note: but trait `RangeCompatibleNumber<T>` is only usable at visibility `pub(crate)`
[INFO] [stdout]   --> src/lib.rs:63:1
[INFO] [stdout]    |
[INFO] [stdout] 63 | trait RangeCompatibleNumber<T>: Copy + Sub<T, Output = T> + PartialOrd + Into<usize> {}
[INFO] [stdout]    | ^^^^^^^^^^^^^^^^^^^^^^^^^^^^^^^^^^^^^^^^^^^^^^^^^^^^^^^^^^^^^^^^^^^^^^^^^^^^^^^^^^^^
[INFO] [stdout]    = note: `#[warn(private_bounds)]` on by default
[INFO] [stdout] 
[INFO] [stdout] 
[INFO] [stdout] warning: trait `RangeCompatibleNumber<T>` is more private than the item `range`
[INFO] [stdout]    --> src/lib.rs:136:1
[INFO] [stdout]     |
[INFO] [stdout] 136 | pub fn range<T: RangeCompatibleNumber<T>>(start: T, end: T) -> Range<T> {
[INFO] [stdout]     | ^^^^^^^^^^^^^^^^^^^^^^^^^^^^^^^^^^^^^^^^^^^^^^^^^^^^^^^^^^^^^^^^^^^^^^^ function `range` is reachable at visibility `pub`
[INFO] [stdout]     |
[INFO] [stdout] note: but trait `RangeCompatibleNumber<T>` is only usable at visibility `pub(crate)`
[INFO] [stdout]    --> src/lib.rs:63:1
[INFO] [stdout]     |
[INFO] [stdout] 63  | trait RangeCompatibleNumber<T>: Copy + Sub<T, Output = T> + PartialOrd + Into<usize> {}
[INFO] [stdout]     | ^^^^^^^^^^^^^^^^^^^^^^^^^^^^^^^^^^^^^^^^^^^^^^^^^^^^^^^^^^^^^^^^^^^^^^^^^^^^^^^^^^^^
[INFO] [stdout] 
[INFO] [stdout] 
[INFO] [stdout] warning: type `RawView` is more private than the item `View::Raw::0`
[INFO] [stdout]   --> src/buffer.rs:44:9
[INFO] [stdout]    |
[INFO] [stdout] 44 |     Raw(RawView),
[INFO] [stdout]    |         ^^^^^^^ field `View::Raw::0` is reachable at visibility `pub`
[INFO] [stdout]    |
[INFO] [stdout] note: but type `RawView` is only usable at visibility `pub(self)`
[INFO] [stdout]   --> src/buffer.rs:71:1
[INFO] [stdout]    |
[INFO] [stdout] 71 | struct RawView {
[INFO] [stdout]    | ^^^^^^^^^^^^^^
[INFO] [stdout]    = note: `#[warn(private_interfaces)]` on by default
[INFO] [stdout] 
[INFO] [stdout] 
[INFO] [stdout] warning: field `buffer` is never read
[INFO] [stdout]   --> src/lib.rs:22:5
[INFO] [stdout]    |
[INFO] [stdout] 21 | pub struct Prompt {
[INFO] [stdout]    |            ------ field in this struct
[INFO] [stdout] 22 |     buffer: BufferRef,
[INFO] [stdout]    |     ^^^^^^
[INFO] [stdout]    |
[INFO] [stdout]    = note: `#[warn(dead_code)]` on by default
[INFO] [stdout] 
[INFO] [stdout] 
[INFO] [stdout] warning: field `0` is never read
[INFO] [stdout]    --> src/lib.rs:174:25
[INFO] [stdout]     |
[INFO] [stdout] 174 | pub struct TextPosition(usize);
[INFO] [stdout]     |            ------------ ^^^^^
[INFO] [stdout]     |            |
[INFO] [stdout]     |            field in this struct
[INFO] [stdout]     |
[INFO] [stdout]     = help: consider removing this field
[INFO] [stdout] 
[INFO] [stdout] 
[INFO] [stdout] warning: field `prompt` is never read
[INFO] [stdout]   --> src/ablet_type.rs:17:5
[INFO] [stdout]    |
[INFO] [stdout] 16 | pub struct Ablet {
[INFO] [stdout]    |            ----- field in this struct
[INFO] [stdout] 17 |     prompt: Shared<Prompt>,
[INFO] [stdout]    |     ^^^^^^
[INFO] [stdout]    |
[INFO] [stdout]    = note: `Ablet` has a derived impl for the trait `Clone`, but this is intentionally ignored during dead code analysis
[INFO] [stdout] 
[INFO] [stdout] 
[INFO] [stdout] warning: fields `selections`, `linewrap`, `offset`, and `cursor` are never read
[INFO] [stdout]    --> src/buffer.rs:248:5
[INFO] [stdout]     |
[INFO] [stdout] 247 | pub struct FancyView {
[INFO] [stdout]     |            --------- fields in this struct
[INFO] [stdout] 248 |     selections: Vec<Selection<TextPosition>>,
[INFO] [stdout]     |     ^^^^^^^^^^
[INFO] [stdout] 249 |     linewrap: bool,
[INFO] [stdout]     |     ^^^^^^^^
[INFO] [stdout] ...
[INFO] [stdout] 252 |     offset: usize,
[INFO] [stdout]     |     ^^^^^^
[INFO] [stdout] 253 |     cursor: TextPosition,
[INFO] [stdout]     |     ^^^^^^
[INFO] [stdout] 
[INFO] [stdout] 
[INFO] [stdout] warning: field `range` is never read
[INFO] [stdout]    --> src/buffer.rs:269:5
[INFO] [stdout]     |
[INFO] [stdout] 268 | pub struct Selection<T> {
[INFO] [stdout]     |            --------- field in this struct
[INFO] [stdout] 269 |     range: Range<T>,
[INFO] [stdout]     |     ^^^^^
[INFO] [stdout] 
[INFO] [stdout] 
[INFO] [stdout] warning: unused `Result` that must be used
[INFO] [stdout]   --> src/buffer.rs:38:9
[INFO] [stdout]    |
[INFO] [stdout] 38 |         self.view.render_doc(&self.document, rect, cursor_visible);
[INFO] [stdout]    |         ^^^^^^^^^^^^^^^^^^^^^^^^^^^^^^^^^^^^^^^^^^^^^^^^^^^^^^^^^^
[INFO] [stdout]    |
[INFO] [stdout]    = note: this `Result` may be an `Err` variant, which should be handled
[INFO] [stdout]    = note: `#[warn(unused_must_use)]` on by default
[INFO] [stdout] help: use `let _ = ...` to ignore the resulting value
[INFO] [stdout]    |
[INFO] [stdout] 38 |         let _ = self.view.render_doc(&self.document, rect, cursor_visible);
[INFO] [stdout]    |         +++++++
[INFO] [stdout] 
[INFO] [stdout] 
[INFO] [stdout] warning: call to `.clone()` on a reference in this situation does nothing
[INFO] [stdout]    --> src/buffer.rs:220:31
[INFO] [stdout]     |
[INFO] [stdout] 220 |                     selections.clone(),
[INFO] [stdout]     |                               ^^^^^^^^ help: remove this redundant call
[INFO] [stdout]     |
[INFO] [stdout]     = note: the type `[Range<u16>]` does not implement `Clone`, so calling `clone` on `&[Range<u16>]` copies the reference, which does not do anything and can be removed
[INFO] [stdout]     = note: `#[warn(noop_method_call)]` on by default
[INFO] [stdout] 
[INFO] [stdout] 
[INFO] [stderr]     Finished `dev` profile [unoptimized + debuginfo] target(s) in 13.68s
[INFO] running `Command { std: "docker" "inspect" "d6a51bafd272bac7900720a4cb2d726b93ef8ac59f542280831cdef79a1278ae", kill_on_drop: false }`
[INFO] running `Command { std: "docker" "rm" "-f" "d6a51bafd272bac7900720a4cb2d726b93ef8ac59f542280831cdef79a1278ae", kill_on_drop: false }`
[INFO] [stdout] d6a51bafd272bac7900720a4cb2d726b93ef8ac59f542280831cdef79a1278ae
[INFO] running `Command { std: "docker" "create" "-v" "/var/lib/crater-agent-workspace/builds/worker-2-tc2/target:/opt/rustwide/target:rw,Z" "-v" "/var/lib/crater-agent-workspace/builds/worker-2-tc2/source:/opt/rustwide/workdir:ro,Z" "-v" "/var/lib/crater-agent-workspace/cargo-home:/opt/rustwide/cargo-home:ro,Z" "-v" "/var/lib/crater-agent-workspace/rustup-home:/opt/rustwide/rustup-home:ro,Z" "-e" "SOURCE_DIR=/opt/rustwide/workdir" "-e" "CARGO_TARGET_DIR=/opt/rustwide/target" "-e" "CARGO_INCREMENTAL=0" "-e" "RUST_BACKTRACE=full" "-e" "RUSTFLAGS=--cap-lints=warn" "-e" "RUSTDOCFLAGS=--cap-lints=warn" "-e" "CARGO_HOME=/opt/rustwide/cargo-home" "-e" "RUSTUP_HOME=/opt/rustwide/rustup-home" "-w" "/opt/rustwide/workdir" "-m" "1610612736" "--user" "0:0" "--network" "none" "ghcr.io/rust-lang/crates-build-env/linux@sha256:f3a9d4ad9d972b27faf3965f35b62e55ba32bbce8f20bc8fe909558a86702fde" "/opt/rustwide/cargo-home/bin/cargo" "+beta-2024-12-08" "test" "--frozen" "--no-run" "--message-format=json", kill_on_drop: false }`
[INFO] [stdout] 2687502020c7d3260d0e98686468a510b081080c107800e4052ac20371dbbd40
[INFO] running `Command { std: "docker" "start" "-a" "2687502020c7d3260d0e98686468a510b081080c107800e4052ac20371dbbd40", kill_on_drop: false }`
[INFO] [stderr]    Compiling thiserror v1.0.69
[INFO] [stderr]    Compiling ucd-trie v0.1.7
[INFO] [stderr]    Compiling memchr v2.7.4
[INFO] [stderr]    Compiling once_cell v1.20.2
[INFO] [stderr]    Compiling serde v1.0.215
[INFO] [stderr]    Compiling lazy_static v1.5.0
[INFO] [stderr]    Compiling linked-hash-map v0.5.6
[INFO] [stderr]    Compiling similar v2.6.0
[INFO] [stderr]    Compiling thiserror-impl v1.0.69
[INFO] [stdout] warning: unused import: `crossterm::style::ContentStyle`
[INFO] [stdout]  --> src/lib.rs:7:5
[INFO] [stdout]   |
[INFO] [stdout] 7 | use crossterm::style::ContentStyle;
[INFO] [stdout]   |     ^^^^^^^^^^^^^^^^^^^^^^^^^^^^^^
[INFO] [stdout]   |
[INFO] [stdout]   = note: `#[warn(unused_imports)]` on by default
[INFO] [stdout] 
[INFO] [stdout] 
[INFO] [stdout] warning: unused import: `itertools::Itertools`
[INFO] [stdout]  --> src/lib.rs:9:5
[INFO] [stdout]   |
[INFO] [stdout] 9 | use itertools::Itertools;
[INFO] [stdout]   |     ^^^^^^^^^^^^^^^^^^^^
[INFO] [stdout] 
[INFO] [stdout] 
[INFO] [stdout] warning: unused import: `collections::BTreeSet`
[INFO] [stdout]  --> src/buffer.rs:3:5
[INFO] [stdout]   |
[INFO] [stdout] 3 |     collections::BTreeSet,
[INFO] [stdout]   |     ^^^^^^^^^^^^^^^^^^^^^
[INFO] [stdout] 
[INFO] [stdout] 
[INFO] [stdout] warning: unused import: `ops::Index`
[INFO] [stdout]  --> src/atext.rs:1:60
[INFO] [stdout]   |
[INFO] [stdout] 1 | use std::{borrow::Cow, collections::HashMap, fmt::Display, ops::Index};
[INFO] [stdout]   |                                                            ^^^^^^^^^^
[INFO] [stdout] 
[INFO] [stdout] 
[INFO] [stdout] warning: unused import: `Write`
[INFO] [stdout]  --> src/buffer.rs:4:16
[INFO] [stdout]   |
[INFO] [stdout] 4 |     io::{self, Write},
[INFO] [stdout]   |                ^^^^^
[INFO] [stdout] 
[INFO] [stdout] 
[INFO] [stdout] warning: unused variable: `size`
[INFO] [stdout]   --> src/ablet_type.rs:69:13
[INFO] [stdout]    |
[INFO] [stdout] 69 |             size,
[INFO] [stdout]    |             ^^^^ help: try ignoring the field: `size: _`
[INFO] [stdout]    |
[INFO] [stdout]    = note: `#[warn(unused_variables)]` on by default
[INFO] [stdout] 
[INFO] [stdout] 
[INFO] [stdout] warning: unused variable: `v`
[INFO] [stdout]   --> src/buffer.rs:65:25
[INFO] [stdout]    |
[INFO] [stdout] 65 |             View::Fancy(v) => todo!("unimplemented"),
[INFO] [stdout]    |                         ^ help: if this is intentional, prefix it with an underscore: `_v`
[INFO] [stdout] 
[INFO] [stdout] 
[INFO] [stdout] warning: unused variable: `selection`
[INFO] [stdout]    --> src/buffer.rs:172:18
[INFO] [stdout]     |
[INFO] [stdout] 172 | fn to_line_range(selection: &Selection<BufferPosition>, i: usize, w: u16) -> Option<Range<u16>> {
[INFO] [stdout]     |                  ^^^^^^^^^ help: if this is intentional, prefix it with an underscore: `_selection`
[INFO] [stdout] 
[INFO] [stdout] 
[INFO] [stdout] warning: unused variable: `i`
[INFO] [stdout]    --> src/buffer.rs:172:57
[INFO] [stdout]     |
[INFO] [stdout] 172 | fn to_line_range(selection: &Selection<BufferPosition>, i: usize, w: u16) -> Option<Range<u16>> {
[INFO] [stdout]     |                                                         ^ help: if this is intentional, prefix it with an underscore: `_i`
[INFO] [stdout] 
[INFO] [stdout] 
[INFO] [stdout] warning: unused variable: `w`
[INFO] [stdout]    --> src/buffer.rs:172:67
[INFO] [stdout]     |
[INFO] [stdout] 172 | fn to_line_range(selection: &Selection<BufferPosition>, i: usize, w: u16) -> Option<Range<u16>> {
[INFO] [stdout]     |                                                                   ^ help: if this is intentional, prefix it with an underscore: `_w`
[INFO] [stdout] 
[INFO] [stdout] 
[INFO] [stdout] warning: trait `RangeCompatibleNumber<T>` is more private than the item `Range<T>`
[INFO] [stdout]   --> src/lib.rs:73:1
[INFO] [stdout]    |
[INFO] [stdout] 73 | impl<T: RangeCompatibleNumber<T>> Range<T> {
[INFO] [stdout]    | ^^^^^^^^^^^^^^^^^^^^^^^^^^^^^^^^^^^^^^^^^^ implementation `Range<T>` is reachable at visibility `pub`
[INFO] [stdout]    |
[INFO] [stdout] note: but trait `RangeCompatibleNumber<T>` is only usable at visibility `pub(crate)`
[INFO] [stdout]   --> src/lib.rs:63:1
[INFO] [stdout]    |
[INFO] [stdout] 63 | trait RangeCompatibleNumber<T>: Copy + Sub<T, Output = T> + PartialOrd + Into<usize> {}
[INFO] [stdout]    | ^^^^^^^^^^^^^^^^^^^^^^^^^^^^^^^^^^^^^^^^^^^^^^^^^^^^^^^^^^^^^^^^^^^^^^^^^^^^^^^^^^^^
[INFO] [stdout]    = note: `#[warn(private_bounds)]` on by default
[INFO] [stdout] 
[INFO] [stdout] 
[INFO] [stdout] warning: trait `RangeCompatibleNumber<T>` is more private than the item `range`
[INFO] [stdout]    --> src/lib.rs:136:1
[INFO] [stdout]     |
[INFO] [stdout] 136 | pub fn range<T: RangeCompatibleNumber<T>>(start: T, end: T) -> Range<T> {
[INFO] [stdout]     | ^^^^^^^^^^^^^^^^^^^^^^^^^^^^^^^^^^^^^^^^^^^^^^^^^^^^^^^^^^^^^^^^^^^^^^^ function `range` is reachable at visibility `pub`
[INFO] [stdout]     |
[INFO] [stdout] note: but trait `RangeCompatibleNumber<T>` is only usable at visibility `pub(crate)`
[INFO] [stdout]    --> src/lib.rs:63:1
[INFO] [stdout]     |
[INFO] [stdout] 63  | trait RangeCompatibleNumber<T>: Copy + Sub<T, Output = T> + PartialOrd + Into<usize> {}
[INFO] [stdout]     | ^^^^^^^^^^^^^^^^^^^^^^^^^^^^^^^^^^^^^^^^^^^^^^^^^^^^^^^^^^^^^^^^^^^^^^^^^^^^^^^^^^^^
[INFO] [stdout] 
[INFO] [stdout] 
[INFO] [stdout] warning: type `RawView` is more private than the item `View::Raw::0`
[INFO] [stdout]   --> src/buffer.rs:44:9
[INFO] [stdout]    |
[INFO] [stdout] 44 |     Raw(RawView),
[INFO] [stdout]    |         ^^^^^^^ field `View::Raw::0` is reachable at visibility `pub`
[INFO] [stdout]    |
[INFO] [stdout] note: but type `RawView` is only usable at visibility `pub(self)`
[INFO] [stdout]   --> src/buffer.rs:71:1
[INFO] [stdout]    |
[INFO] [stdout] 71 | struct RawView {
[INFO] [stdout]    | ^^^^^^^^^^^^^^
[INFO] [stdout]    = note: `#[warn(private_interfaces)]` on by default
[INFO] [stdout] 
[INFO] [stdout] 
[INFO] [stdout] warning: field `buffer` is never read
[INFO] [stdout]   --> src/lib.rs:22:5
[INFO] [stdout]    |
[INFO] [stdout] 21 | pub struct Prompt {
[INFO] [stdout]    |            ------ field in this struct
[INFO] [stdout] 22 |     buffer: BufferRef,
[INFO] [stdout]    |     ^^^^^^
[INFO] [stdout]    |
[INFO] [stdout]    = note: `#[warn(dead_code)]` on by default
[INFO] [stdout] 
[INFO] [stdout] 
[INFO] [stdout] warning: field `0` is never read
[INFO] [stdout]    --> src/lib.rs:174:25
[INFO] [stdout]     |
[INFO] [stdout] 174 | pub struct TextPosition(usize);
[INFO] [stdout]     |            ------------ ^^^^^
[INFO] [stdout]     |            |
[INFO] [stdout]     |            field in this struct
[INFO] [stdout]     |
[INFO] [stdout]     = help: consider removing this field
[INFO] [stdout] 
[INFO] [stdout] 
[INFO] [stdout] warning: field `prompt` is never read
[INFO] [stdout]   --> src/ablet_type.rs:17:5
[INFO] [stdout]    |
[INFO] [stdout] 16 | pub struct Ablet {
[INFO] [stdout]    |            ----- field in this struct
[INFO] [stdout] 17 |     prompt: Shared<Prompt>,
[INFO] [stdout]    |     ^^^^^^
[INFO] [stdout]    |
[INFO] [stdout]    = note: `Ablet` has a derived impl for the trait `Clone`, but this is intentionally ignored during dead code analysis
[INFO] [stdout] 
[INFO] [stdout] 
[INFO] [stdout] warning: fields `selections`, `linewrap`, `offset`, and `cursor` are never read
[INFO] [stdout]    --> src/buffer.rs:248:5
[INFO] [stdout]     |
[INFO] [stdout] 247 | pub struct FancyView {
[INFO] [stdout]     |            --------- fields in this struct
[INFO] [stdout] 248 |     selections: Vec<Selection<TextPosition>>,
[INFO] [stdout]     |     ^^^^^^^^^^
[INFO] [stdout] 249 |     linewrap: bool,
[INFO] [stdout]     |     ^^^^^^^^
[INFO] [stdout] ...
[INFO] [stdout] 252 |     offset: usize,
[INFO] [stdout]     |     ^^^^^^
[INFO] [stdout] 253 |     cursor: TextPosition,
[INFO] [stdout]     |     ^^^^^^
[INFO] [stdout] 
[INFO] [stdout] 
[INFO] [stdout] warning: field `range` is never read
[INFO] [stdout]    --> src/buffer.rs:269:5
[INFO] [stdout]     |
[INFO] [stdout] 268 | pub struct Selection<T> {
[INFO] [stdout]     |            --------- field in this struct
[INFO] [stdout] 269 |     range: Range<T>,
[INFO] [stdout]     |     ^^^^^
[INFO] [stdout] 
[INFO] [stdout] 
[INFO] [stdout] warning: unused `Result` that must be used
[INFO] [stdout]   --> src/buffer.rs:38:9
[INFO] [stdout]    |
[INFO] [stdout] 38 |         self.view.render_doc(&self.document, rect, cursor_visible);
[INFO] [stdout]    |         ^^^^^^^^^^^^^^^^^^^^^^^^^^^^^^^^^^^^^^^^^^^^^^^^^^^^^^^^^^
[INFO] [stdout]    |
[INFO] [stdout]    = note: this `Result` may be an `Err` variant, which should be handled
[INFO] [stdout]    = note: `#[warn(unused_must_use)]` on by default
[INFO] [stdout] help: use `let _ = ...` to ignore the resulting value
[INFO] [stdout]    |
[INFO] [stdout] 38 |         let _ = self.view.render_doc(&self.document, rect, cursor_visible);
[INFO] [stdout]    |         +++++++
[INFO] [stdout] 
[INFO] [stdout] 
[INFO] [stdout] warning: call to `.clone()` on a reference in this situation does nothing
[INFO] [stdout]    --> src/buffer.rs:220:31
[INFO] [stdout]     |
[INFO] [stdout] 220 |                     selections.clone(),
[INFO] [stdout]     |                               ^^^^^^^^ help: remove this redundant call
[INFO] [stdout]     |
[INFO] [stdout]     = note: the type `[Range<u16>]` does not implement `Clone`, so calling `clone` on `&[Range<u16>]` copies the reference, which does not do anything and can be removed
[INFO] [stdout]     = note: `#[warn(noop_method_call)]` on by default
[INFO] [stdout] 
[INFO] [stdout] 
[INFO] [stderr]    Compiling console v0.15.8
[INFO] [stderr]    Compiling pest v2.7.14
[INFO] [stderr]    Compiling pest_meta v2.7.14
[INFO] [stderr]    Compiling pest_generator v2.7.14
[INFO] [stderr]    Compiling pest_derive v2.7.14
[INFO] [stderr]    Compiling insta v1.41.1
[INFO] [stderr]    Compiling ablet v0.1.0 (/opt/rustwide/workdir)
[INFO] [stdout] warning: unused import: `KeyEvent`
[INFO] [stdout]  --> examples/fake_chat.rs:2:40
[INFO] [stdout]   |
[INFO] [stdout] 2 | use crossterm::event::{Event, KeyCode, KeyEvent};
[INFO] [stdout]   |                                        ^^^^^^^^
[INFO] [stdout]   |
[INFO] [stdout]   = note: `#[warn(unused_imports)]` on by default
[INFO] [stdout] 
[INFO] [stdout] 
[INFO] [stdout] warning: unused import: `crossterm::style::ContentStyle`
[INFO] [stdout]  --> src/lib.rs:7:5
[INFO] [stdout]   |
[INFO] [stdout] 7 | use crossterm::style::ContentStyle;
[INFO] [stdout]   |     ^^^^^^^^^^^^^^^^^^^^^^^^^^^^^^
[INFO] [stdout]   |
[INFO] [stdout]   = note: `#[warn(unused_imports)]` on by default
[INFO] [stdout] 
[INFO] [stdout] 
[INFO] [stdout] warning: unused import: `itertools::Itertools`
[INFO] [stdout]  --> src/lib.rs:9:5
[INFO] [stdout]   |
[INFO] [stdout] 9 | use itertools::Itertools;
[INFO] [stdout]   |     ^^^^^^^^^^^^^^^^^^^^
[INFO] [stdout] 
[INFO] [stdout] 
[INFO] [stdout] warning: unused import: `collections::BTreeSet`
[INFO] [stdout]  --> src/buffer.rs:3:5
[INFO] [stdout]   |
[INFO] [stdout] 3 |     collections::BTreeSet,
[INFO] [stdout]   |     ^^^^^^^^^^^^^^^^^^^^^
[INFO] [stdout] 
[INFO] [stdout] 
[INFO] [stdout] warning: unused import: `ops::Index`
[INFO] [stdout]  --> src/atext.rs:1:60
[INFO] [stdout]   |
[INFO] [stdout] 1 | use std::{borrow::Cow, collections::HashMap, fmt::Display, ops::Index};
[INFO] [stdout]   |                                                            ^^^^^^^^^^
[INFO] [stdout] 
[INFO] [stdout] 
[INFO] [stdout] warning: unused import: `Write`
[INFO] [stdout]  --> src/buffer.rs:4:16
[INFO] [stdout]   |
[INFO] [stdout] 4 |     io::{self, Write},
[INFO] [stdout]   |                ^^^^^
[INFO] [stdout] 
[INFO] [stdout] 
[INFO] [stdout] warning: unused variable: `size`
[INFO] [stdout]   --> src/ablet_type.rs:69:13
[INFO] [stdout]    |
[INFO] [stdout] 69 |             size,
[INFO] [stdout]    |             ^^^^ help: try ignoring the field: `size: _`
[INFO] [stdout]    |
[INFO] [stdout]    = note: `#[warn(unused_variables)]` on by default
[INFO] [stdout] 
[INFO] [stdout] 
[INFO] [stdout] warning: unused variable: `v`
[INFO] [stdout]   --> src/buffer.rs:65:25
[INFO] [stdout]    |
[INFO] [stdout] 65 |             View::Fancy(v) => todo!("unimplemented"),
[INFO] [stdout]    |                         ^ help: if this is intentional, prefix it with an underscore: `_v`
[INFO] [stdout] 
[INFO] [stdout] 
[INFO] [stdout] warning: unused variable: `selection`
[INFO] [stdout]    --> src/buffer.rs:172:18
[INFO] [stdout]     |
[INFO] [stdout] 172 | fn to_line_range(selection: &Selection<BufferPosition>, i: usize, w: u16) -> Option<Range<u16>> {
[INFO] [stdout]     |                  ^^^^^^^^^ help: if this is intentional, prefix it with an underscore: `_selection`
[INFO] [stdout] 
[INFO] [stdout] 
[INFO] [stdout] warning: unused variable: `i`
[INFO] [stdout]    --> src/buffer.rs:172:57
[INFO] [stdout]     |
[INFO] [stdout] 172 | fn to_line_range(selection: &Selection<BufferPosition>, i: usize, w: u16) -> Option<Range<u16>> {
[INFO] [stdout]     |                                                         ^ help: if this is intentional, prefix it with an underscore: `_i`
[INFO] [stdout] 
[INFO] [stdout] 
[INFO] [stdout] warning: unused variable: `w`
[INFO] [stdout]    --> src/buffer.rs:172:67
[INFO] [stdout]     |
[INFO] [stdout] 172 | fn to_line_range(selection: &Selection<BufferPosition>, i: usize, w: u16) -> Option<Range<u16>> {
[INFO] [stdout]     |                                                                   ^ help: if this is intentional, prefix it with an underscore: `_w`
[INFO] [stdout] 
[INFO] [stdout] 
[INFO] [stdout] warning: trait `RangeCompatibleNumber<T>` is more private than the item `Range<T>`
[INFO] [stdout]   --> src/lib.rs:73:1
[INFO] [stdout]    |
[INFO] [stdout] 73 | impl<T: RangeCompatibleNumber<T>> Range<T> {
[INFO] [stdout]    | ^^^^^^^^^^^^^^^^^^^^^^^^^^^^^^^^^^^^^^^^^^ implementation `Range<T>` is reachable at visibility `pub`
[INFO] [stdout]    |
[INFO] [stdout] note: but trait `RangeCompatibleNumber<T>` is only usable at visibility `pub(crate)`
[INFO] [stdout]   --> src/lib.rs:63:1
[INFO] [stdout]    |
[INFO] [stdout] 63 | trait RangeCompatibleNumber<T>: Copy + Sub<T, Output = T> + PartialOrd + Into<usize> {}
[INFO] [stdout]    | ^^^^^^^^^^^^^^^^^^^^^^^^^^^^^^^^^^^^^^^^^^^^^^^^^^^^^^^^^^^^^^^^^^^^^^^^^^^^^^^^^^^^
[INFO] [stdout]    = note: `#[warn(private_bounds)]` on by default
[INFO] [stdout] 
[INFO] [stdout] 
[INFO] [stdout] warning: trait `RangeCompatibleNumber<T>` is more private than the item `range`
[INFO] [stdout]    --> src/lib.rs:136:1
[INFO] [stdout]     |
[INFO] [stdout] 136 | pub fn range<T: RangeCompatibleNumber<T>>(start: T, end: T) -> Range<T> {
[INFO] [stdout]     | ^^^^^^^^^^^^^^^^^^^^^^^^^^^^^^^^^^^^^^^^^^^^^^^^^^^^^^^^^^^^^^^^^^^^^^^ function `range` is reachable at visibility `pub`
[INFO] [stdout]     |
[INFO] [stdout] note: but trait `RangeCompatibleNumber<T>` is only usable at visibility `pub(crate)`
[INFO] [stdout]    --> src/lib.rs:63:1
[INFO] [stdout]     |
[INFO] [stdout] 63  | trait RangeCompatibleNumber<T>: Copy + Sub<T, Output = T> + PartialOrd + Into<usize> {}
[INFO] [stdout]     | ^^^^^^^^^^^^^^^^^^^^^^^^^^^^^^^^^^^^^^^^^^^^^^^^^^^^^^^^^^^^^^^^^^^^^^^^^^^^^^^^^^^^
[INFO] [stdout] 
[INFO] [stdout] 
[INFO] [stdout] warning: type `RawView` is more private than the item `View::Raw::0`
[INFO] [stdout]   --> src/buffer.rs:44:9
[INFO] [stdout]    |
[INFO] [stdout] 44 |     Raw(RawView),
[INFO] [stdout]    |         ^^^^^^^ field `View::Raw::0` is reachable at visibility `pub`
[INFO] [stdout]    |
[INFO] [stdout] note: but type `RawView` is only usable at visibility `pub(self)`
[INFO] [stdout]   --> src/buffer.rs:71:1
[INFO] [stdout]    |
[INFO] [stdout] 71 | struct RawView {
[INFO] [stdout]    | ^^^^^^^^^^^^^^
[INFO] [stdout]    = note: `#[warn(private_interfaces)]` on by default
[INFO] [stdout] 
[INFO] [stdout] 
[INFO] [stdout] warning: field `buffer` is never read
[INFO] [stdout]   --> src/lib.rs:22:5
[INFO] [stdout]    |
[INFO] [stdout] 21 | pub struct Prompt {
[INFO] [stdout]    |            ------ field in this struct
[INFO] [stdout] 22 |     buffer: BufferRef,
[INFO] [stdout]    |     ^^^^^^
[INFO] [stdout]    |
[INFO] [stdout]    = note: `#[warn(dead_code)]` on by default
[INFO] [stdout] 
[INFO] [stdout] 
[INFO] [stdout] warning: field `0` is never read
[INFO] [stdout]    --> src/lib.rs:174:25
[INFO] [stdout]     |
[INFO] [stdout] 174 | pub struct TextPosition(usize);
[INFO] [stdout]     |            ------------ ^^^^^
[INFO] [stdout]     |            |
[INFO] [stdout]     |            field in this struct
[INFO] [stdout]     |
[INFO] [stdout]     = help: consider removing this field
[INFO] [stdout] 
[INFO] [stdout] 
[INFO] [stdout] warning: field `prompt` is never read
[INFO] [stdout]   --> src/ablet_type.rs:17:5
[INFO] [stdout]    |
[INFO] [stdout] 16 | pub struct Ablet {
[INFO] [stdout]    |            ----- field in this struct
[INFO] [stdout] 17 |     prompt: Shared<Prompt>,
[INFO] [stdout]    |     ^^^^^^
[INFO] [stdout]    |
[INFO] [stdout]    = note: `Ablet` has a derived impl for the trait `Clone`, but this is intentionally ignored during dead code analysis
[INFO] [stdout] 
[INFO] [stdout] 
[INFO] [stdout] warning: fields `selections`, `linewrap`, `offset`, and `cursor` are never read
[INFO] [stdout]    --> src/buffer.rs:248:5
[INFO] [stdout]     |
[INFO] [stdout] 247 | pub struct FancyView {
[INFO] [stdout]     |            --------- fields in this struct
[INFO] [stdout] 248 |     selections: Vec<Selection<TextPosition>>,
[INFO] [stdout]     |     ^^^^^^^^^^
[INFO] [stdout] 249 |     linewrap: bool,
[INFO] [stdout]     |     ^^^^^^^^
[INFO] [stdout] ...
[INFO] [stdout] 252 |     offset: usize,
[INFO] [stdout]     |     ^^^^^^
[INFO] [stdout] 253 |     cursor: TextPosition,
[INFO] [stdout]     |     ^^^^^^
[INFO] [stdout] 
[INFO] [stdout] 
[INFO] [stdout] warning: field `range` is never read
[INFO] [stdout]    --> src/buffer.rs:269:5
[INFO] [stdout]     |
[INFO] [stdout] 268 | pub struct Selection<T> {
[INFO] [stdout]     |            --------- field in this struct
[INFO] [stdout] 269 |     range: Range<T>,
[INFO] [stdout]     |     ^^^^^
[INFO] [stdout] 
[INFO] [stdout] 
[INFO] [stdout] warning: unused `Result` that must be used
[INFO] [stdout]   --> src/buffer.rs:38:9
[INFO] [stdout]    |
[INFO] [stdout] 38 |         self.view.render_doc(&self.document, rect, cursor_visible);
[INFO] [stdout]    |         ^^^^^^^^^^^^^^^^^^^^^^^^^^^^^^^^^^^^^^^^^^^^^^^^^^^^^^^^^^
[INFO] [stdout]    |
[INFO] [stdout]    = note: this `Result` may be an `Err` variant, which should be handled
[INFO] [stdout]    = note: `#[warn(unused_must_use)]` on by default
[INFO] [stdout] help: use `let _ = ...` to ignore the resulting value
[INFO] [stdout]    |
[INFO] [stdout] 38 |         let _ = self.view.render_doc(&self.document, rect, cursor_visible);
[INFO] [stdout]    |         +++++++
[INFO] [stdout] 
[INFO] [stdout] 
[INFO] [stdout] warning: call to `.clone()` on a reference in this situation does nothing
[INFO] [stdout]    --> src/buffer.rs:220:31
[INFO] [stdout]     |
[INFO] [stdout] 220 |                     selections.clone(),
[INFO] [stdout]     |                               ^^^^^^^^ help: remove this redundant call
[INFO] [stdout]     |
[INFO] [stdout]     = note: the type `[Range<u16>]` does not implement `Clone`, so calling `clone` on `&[Range<u16>]` copies the reference, which does not do anything and can be removed
[INFO] [stdout]     = note: `#[warn(noop_method_call)]` on by default
[INFO] [stdout] 
[INFO] [stdout] 
[INFO] [stderr]     Finished `test` profile [unoptimized + debuginfo] target(s) in 14.03s
[INFO] running `Command { std: "docker" "inspect" "2687502020c7d3260d0e98686468a510b081080c107800e4052ac20371dbbd40", kill_on_drop: false }`
[INFO] running `Command { std: "docker" "rm" "-f" "2687502020c7d3260d0e98686468a510b081080c107800e4052ac20371dbbd40", kill_on_drop: false }`
[INFO] [stdout] 2687502020c7d3260d0e98686468a510b081080c107800e4052ac20371dbbd40
[INFO] running `Command { std: "docker" "create" "-v" "/var/lib/crater-agent-workspace/builds/worker-2-tc2/target:/opt/rustwide/target:rw,Z" "-v" "/var/lib/crater-agent-workspace/builds/worker-2-tc2/source:/opt/rustwide/workdir:ro,Z" "-v" "/var/lib/crater-agent-workspace/cargo-home:/opt/rustwide/cargo-home:ro,Z" "-v" "/var/lib/crater-agent-workspace/rustup-home:/opt/rustwide/rustup-home:ro,Z" "-e" "SOURCE_DIR=/opt/rustwide/workdir" "-e" "CARGO_TARGET_DIR=/opt/rustwide/target" "-e" "CARGO_INCREMENTAL=0" "-e" "RUST_BACKTRACE=full" "-e" "RUSTFLAGS=--cap-lints=warn" "-e" "RUSTDOCFLAGS=--cap-lints=warn" "-e" "CARGO_HOME=/opt/rustwide/cargo-home" "-e" "RUSTUP_HOME=/opt/rustwide/rustup-home" "-w" "/opt/rustwide/workdir" "-m" "1610612736" "--user" "0:0" "--network" "none" "ghcr.io/rust-lang/crates-build-env/linux@sha256:f3a9d4ad9d972b27faf3965f35b62e55ba32bbce8f20bc8fe909558a86702fde" "/opt/rustwide/cargo-home/bin/cargo" "+beta-2024-12-08" "test" "--frozen", kill_on_drop: false }`
[INFO] [stdout] 6d8d0da2d95a3d6fca40e64ae65383ce36f2bd3be82dd2ea4f5376e5b2013530
[INFO] running `Command { std: "docker" "start" "-a" "6d8d0da2d95a3d6fca40e64ae65383ce36f2bd3be82dd2ea4f5376e5b2013530", kill_on_drop: false }`
[INFO] [stderr] warning: unused import: `crossterm::style::ContentStyle`
[INFO] [stderr]  --> src/lib.rs:7:5
[INFO] [stderr]   |
[INFO] [stderr] 7 | use crossterm::style::ContentStyle;
[INFO] [stderr]   |     ^^^^^^^^^^^^^^^^^^^^^^^^^^^^^^
[INFO] [stderr]   |
[INFO] [stderr]   = note: `#[warn(unused_imports)]` on by default
[INFO] [stderr] 
[INFO] [stderr] warning: unused import: `itertools::Itertools`
[INFO] [stderr]  --> src/lib.rs:9:5
[INFO] [stderr]   |
[INFO] [stderr] 9 | use itertools::Itertools;
[INFO] [stderr]   |     ^^^^^^^^^^^^^^^^^^^^
[INFO] [stderr] 
[INFO] [stderr] warning: unused import: `collections::BTreeSet`
[INFO] [stderr]  --> src/buffer.rs:3:5
[INFO] [stderr]   |
[INFO] [stderr] 3 |     collections::BTreeSet,
[INFO] [stderr]   |     ^^^^^^^^^^^^^^^^^^^^^
[INFO] [stderr] 
[INFO] [stderr] warning: unused import: `ops::Index`
[INFO] [stderr]  --> src/atext.rs:1:60
[INFO] [stderr]   |
[INFO] [stderr] 1 | use std::{borrow::Cow, collections::HashMap, fmt::Display, ops::Index};
[INFO] [stderr]   |                                                            ^^^^^^^^^^
[INFO] [stderr] 
[INFO] [stderr] warning: unused import: `Write`
[INFO] [stderr]  --> src/buffer.rs:4:16
[INFO] [stderr]   |
[INFO] [stderr] 4 |     io::{self, Write},
[INFO] [stderr]   |                ^^^^^
[INFO] [stderr] 
[INFO] [stderr] warning: unused variable: `size`
[INFO] [stderr]   --> src/ablet_type.rs:69:13
[INFO] [stderr]    |
[INFO] [stderr] 69 |             size,
[INFO] [stderr]    |             ^^^^ help: try ignoring the field: `size: _`
[INFO] [stderr]    |
[INFO] [stderr]    = note: `#[warn(unused_variables)]` on by default
[INFO] [stderr] 
[INFO] [stderr] warning: unused variable: `v`
[INFO] [stderr]   --> src/buffer.rs:65:25
[INFO] [stderr]    |
[INFO] [stderr] 65 |             View::Fancy(v) => todo!("unimplemented"),
[INFO] [stderr]    |                         ^ help: if this is intentional, prefix it with an underscore: `_v`
[INFO] [stderr] 
[INFO] [stderr] warning: unused variable: `selection`
[INFO] [stderr]    --> src/buffer.rs:172:18
[INFO] [stderr]     |
[INFO] [stderr] 172 | fn to_line_range(selection: &Selection<BufferPosition>, i: usize, w: u16) -> Option<Range<u16>> {
[INFO] [stderr]     |                  ^^^^^^^^^ help: if this is intentional, prefix it with an underscore: `_selection`
[INFO] [stderr] 
[INFO] [stderr] warning: unused variable: `i`
[INFO] [stderr]    --> src/buffer.rs:172:57
[INFO] [stderr]     |
[INFO] [stderr] 172 | fn to_line_range(selection: &Selection<BufferPosition>, i: usize, w: u16) -> Option<Range<u16>> {
[INFO] [stderr]     |                                                         ^ help: if this is intentional, prefix it with an underscore: `_i`
[INFO] [stderr] 
[INFO] [stderr] warning: unused variable: `w`
[INFO] [stderr]    --> src/buffer.rs:172:67
[INFO] [stderr]     |
[INFO] [stderr] 172 | fn to_line_range(selection: &Selection<BufferPosition>, i: usize, w: u16) -> Option<Range<u16>> {
[INFO] [stderr]     |                                                                   ^ help: if this is intentional, prefix it with an underscore: `_w`
[INFO] [stderr] 
[INFO] [stderr] warning: trait `RangeCompatibleNumber<T>` is more private than the item `Range<T>`
[INFO] [stderr]   --> src/lib.rs:73:1
[INFO] [stderr]    |
[INFO] [stderr] 73 | impl<T: RangeCompatibleNumber<T>> Range<T> {
[INFO] [stderr]    | ^^^^^^^^^^^^^^^^^^^^^^^^^^^^^^^^^^^^^^^^^^ implementation `Range<T>` is reachable at visibility `pub`
[INFO] [stderr]    |
[INFO] [stderr] note: but trait `RangeCompatibleNumber<T>` is only usable at visibility `pub(crate)`
[INFO] [stderr]   --> src/lib.rs:63:1
[INFO] [stderr]    |
[INFO] [stderr] 63 | trait RangeCompatibleNumber<T>: Copy + Sub<T, Output = T> + PartialOrd + Into<usize> {}
[INFO] [stderr]    | ^^^^^^^^^^^^^^^^^^^^^^^^^^^^^^^^^^^^^^^^^^^^^^^^^^^^^^^^^^^^^^^^^^^^^^^^^^^^^^^^^^^^
[INFO] [stderr]    = note: `#[warn(private_bounds)]` on by default
[INFO] [stderr] 
[INFO] [stderr] warning: trait `RangeCompatibleNumber<T>` is more private than the item `range`
[INFO] [stderr]    --> src/lib.rs:136:1
[INFO] [stderr]     |
[INFO] [stderr] 136 | pub fn range<T: RangeCompatibleNumber<T>>(start: T, end: T) -> Range<T> {
[INFO] [stderr]     | ^^^^^^^^^^^^^^^^^^^^^^^^^^^^^^^^^^^^^^^^^^^^^^^^^^^^^^^^^^^^^^^^^^^^^^^ function `range` is reachable at visibility `pub`
[INFO] [stderr]     |
[INFO] [stderr] note: but trait `RangeCompatibleNumber<T>` is only usable at visibility `pub(crate)`
[INFO] [stderr]    --> src/lib.rs:63:1
[INFO] [stderr]     |
[INFO] [stderr] 63  | trait RangeCompatibleNumber<T>: Copy + Sub<T, Output = T> + PartialOrd + Into<usize> {}
[INFO] [stderr]     | ^^^^^^^^^^^^^^^^^^^^^^^^^^^^^^^^^^^^^^^^^^^^^^^^^^^^^^^^^^^^^^^^^^^^^^^^^^^^^^^^^^^^
[INFO] [stderr] 
[INFO] [stderr] warning: type `RawView` is more private than the item `View::Raw::0`
[INFO] [stderr]   --> src/buffer.rs:44:9
[INFO] [stderr]    |
[INFO] [stderr] 44 |     Raw(RawView),
[INFO] [stderr]    |         ^^^^^^^ field `View::Raw::0` is reachable at visibility `pub`
[INFO] [stderr]    |
[INFO] [stderr] note: but type `RawView` is only usable at visibility `pub(self)`
[INFO] [stderr]   --> src/buffer.rs:71:1
[INFO] [stderr]    |
[INFO] [stderr] 71 | struct RawView {
[INFO] [stderr]    | ^^^^^^^^^^^^^^
[INFO] [stderr]    = note: `#[warn(private_interfaces)]` on by default
[INFO] [stderr] 
[INFO] [stderr] warning: field `buffer` is never read
[INFO] [stderr]   --> src/lib.rs:22:5
[INFO] [stderr]    |
[INFO] [stderr] 21 | pub struct Prompt {
[INFO] [stderr]    |            ------ field in this struct
[INFO] [stderr] 22 |     buffer: BufferRef,
[INFO] [stderr]    |     ^^^^^^
[INFO] [stderr]    |
[INFO] [stderr]    = note: `#[warn(dead_code)]` on by default
[INFO] [stderr] 
[INFO] [stderr] warning: field `0` is never read
[INFO] [stderr]    --> src/lib.rs:174:25
[INFO] [stderr]     |
[INFO] [stderr] 174 | pub struct TextPosition(usize);
[INFO] [stderr]     |            ------------ ^^^^^
[INFO] [stderr]     |            |
[INFO] [stderr]     |            field in this struct
[INFO] [stderr]     |
[INFO] [stderr]     = help: consider removing this field
[INFO] [stderr] 
[INFO] [stderr] warning: field `prompt` is never read
[INFO] [stderr]   --> src/ablet_type.rs:17:5
[INFO] [stderr]    |
[INFO] [stderr] 16 | pub struct Ablet {
[INFO] [stderr]    |            ----- field in this struct
[INFO] [stderr] 17 |     prompt: Shared<Prompt>,
[INFO] [stderr]    |     ^^^^^^
[INFO] [stderr]    |
[INFO] [stderr]    = note: `Ablet` has a derived impl for the trait `Clone`, but this is intentionally ignored during dead code analysis
[INFO] [stderr] 
[INFO] [stderr] warning: fields `selections`, `linewrap`, `offset`, and `cursor` are never read
[INFO] [stderr]    --> src/buffer.rs:248:5
[INFO] [stderr]     |
[INFO] [stderr] 247 | pub struct FancyView {
[INFO] [stderr]     |            --------- fields in this struct
[INFO] [stderr] 248 |     selections: Vec<Selection<TextPosition>>,
[INFO] [stderr]     |     ^^^^^^^^^^
[INFO] [stderr] 249 |     linewrap: bool,
[INFO] [stderr]     |     ^^^^^^^^
[INFO] [stderr] ...
[INFO] [stderr] 252 |     offset: usize,
[INFO] [stderr]     |     ^^^^^^
[INFO] [stderr] 253 |     cursor: TextPosition,
[INFO] [stderr]     |     ^^^^^^
[INFO] [stderr] 
[INFO] [stderr] warning: field `range` is never read
[INFO] [stderr]    --> src/buffer.rs:269:5
[INFO] [stderr]     |
[INFO] [stderr] 268 | pub struct Selection<T> {
[INFO] [stderr]     |            --------- field in this struct
[INFO] [stderr] 269 |     range: Range<T>,
[INFO] [stderr]     |     ^^^^^
[INFO] [stderr] 
[INFO] [stderr] warning: unused `Result` that must be used
[INFO] [stderr]   --> src/buffer.rs:38:9
[INFO] [stderr]    |
[INFO] [stderr] 38 |         self.view.render_doc(&self.document, rect, cursor_visible);
[INFO] [stderr]    |         ^^^^^^^^^^^^^^^^^^^^^^^^^^^^^^^^^^^^^^^^^^^^^^^^^^^^^^^^^^
[INFO] [stderr]    |
[INFO] [stderr]    = note: this `Result` may be an `Err` variant, which should be handled
[INFO] [stderr]    = note: `#[warn(unused_must_use)]` on by default
[INFO] [stderr] help: use `let _ = ...` to ignore the resulting value
[INFO] [stderr]    |
[INFO] [stderr] 38 |         let _ = self.view.render_doc(&self.document, rect, cursor_visible);
[INFO] [stderr]    |         +++++++
[INFO] [stderr] 
[INFO] [stderr] warning: call to `.clone()` on a reference in this situation does nothing
[INFO] [stderr]    --> src/buffer.rs:220:31
[INFO] [stderr]     |
[INFO] [stderr] 220 |                     selections.clone(),
[INFO] [stderr]     |                               ^^^^^^^^ help: remove this redundant call
[INFO] [stderr]     |
[INFO] [stderr]     = note: the type `[Range<u16>]` does not implement `Clone`, so calling `clone` on `&[Range<u16>]` copies the reference, which does not do anything and can be removed
[INFO] [stderr]     = note: `#[warn(noop_method_call)]` on by default
[INFO] [stderr] 
[INFO] [stderr] warning: `ablet` (lib) generated 20 warnings (run `cargo fix --lib -p ablet` to apply 5 suggestions)
[INFO] [stderr] warning: unused import: `KeyEvent`
[INFO] [stderr]  --> examples/fake_chat.rs:2:40
[INFO] [stderr]   |
[INFO] [stderr] 2 | use crossterm::event::{Event, KeyCode, KeyEvent};
[INFO] [stderr]   |                                        ^^^^^^^^
[INFO] [stderr]   |
[INFO] [stderr]   = note: `#[warn(unused_imports)]` on by default
[INFO] [stderr] 
[INFO] [stderr] warning: `ablet` (lib test) generated 20 warnings (20 duplicates)
[INFO] [stderr] warning: `ablet` (example "fake_chat") generated 1 warning (run `cargo fix --example "fake_chat"` to apply 1 suggestion)
[INFO] [stderr]     Finished `test` profile [unoptimized + debuginfo] target(s) in 0.11s
[INFO] [stderr]      Running unittests src/lib.rs (/opt/rustwide/target/debug/deps/ablet-f9a3d50acd0a6c46)
[INFO] [stdout] 
[INFO] [stdout] running 4 tests
[INFO] [stdout] test splittree::tests::test_splits_valid ... ok
[INFO] [stdout] test atext::tests::test_conversion ... ok
[INFO] [stdout] test atext::tests::test_append_text_and_split_at ... ok
[INFO] [stdout] test atext::tests::test_replace_range ... FAILED
[INFO] [stdout] 
[INFO] [stdout] failures:
[INFO] [stdout] 
[INFO] [stdout] ---- atext::tests::test_replace_range stdout ----
[INFO] [stdout] ━━━━━━━━━━━━━━━━━━━━━━━━━━━━━━━ Snapshot Summary ━━━━━━━━━━━━━━━━━━━━━━━━━━━━━━━
[INFO] [stdout] Snapshot file: src/snapshots/ablet__atext__tests__replace_range-5.snap
[INFO] [stdout] Snapshot: replace_range-5
[INFO] [stdout] Source: src/atext.rs:305
[INFO] [stdout] ────────────────────────────────────────────────────────────────────────────────
[INFO] [stdout] Expression: foo
[INFO] [stdout] ────────────────────────────────────────────────────────────────────────────────
[INFO] [stdout] +new results
[INFO] [stdout] ────────────┬───────────────────────────────────────────────────────────────────
[INFO] [stdout]           0 │+AText {
[INFO] [stdout]           1 │+    text: "Oh, Hello!",
[INFO] [stdout]           2 │+    style_map: [
[INFO] [stdout]           3 │+        None,
[INFO] [stdout]           4 │+        None,
[INFO] [stdout]           5 │+        None,
[INFO] [stdout]           6 │+        None,
[INFO] [stdout]           7 │+        None,
[INFO] [stdout]           8 │+        None,
[INFO] [stdout]           9 │+        None,
[INFO] [stdout]          10 │+        None,
[INFO] [stdout]          11 │+        None,
[INFO] [stdout]          12 │+        None,
[INFO] [stdout]          13 │+    ],
[INFO] [stdout]          14 │+    styles: [],
[INFO] [stdout]          15 │+}
[INFO] [stdout] ────────────┴───────────────────────────────────────────────────────────────────
[INFO] [stdout] thread 'atext::tests::test_replace_range' panicked at src/atext.rs:305:9:
[INFO] [stdout] called `Result::unwrap()` on an `Err` value: FileIo(Os { code: 30, kind: ReadOnlyFilesystem, message: "Read-only file system" }, "/opt/rustwide/workdir/src/snapshots/ablet__atext__tests__replace_range-5.snap.new")
[INFO] [stdout] stack backtrace:
[INFO] [stdout]    0:     0x6527ede20aca - std::backtrace_rs::backtrace::libunwind::trace::h8810477743020387
[INFO] [stdout]                                at /rustc/202008a1b8de96d2e5b6bc02d379db03a877d34d/library/std/src/../../backtrace/src/backtrace/libunwind.rs:116:5
[INFO] [stdout]    1:     0x6527ede20aca - std::backtrace_rs::backtrace::trace_unsynchronized::h3aa55355dd6c54a6
[INFO] [stdout]                                at /rustc/202008a1b8de96d2e5b6bc02d379db03a877d34d/library/std/src/../../backtrace/src/backtrace/mod.rs:66:5
[INFO] [stdout]    2:     0x6527ede20aca - std::sys::backtrace::_print_fmt::h8588b0f62410823f
[INFO] [stdout]                                at /rustc/202008a1b8de96d2e5b6bc02d379db03a877d34d/library/std/src/sys/backtrace.rs:66:9
[INFO] [stdout]    3:     0x6527ede20aca - <std::sys::backtrace::BacktraceLock::print::DisplayBacktrace as core::fmt::Display>::fmt::h98c26ac25ffe89bb
[INFO] [stdout]                                at /rustc/202008a1b8de96d2e5b6bc02d379db03a877d34d/library/std/src/sys/backtrace.rs:39:26
[INFO] [stdout]    4:     0x6527ede49a63 - core::fmt::rt::Argument::fmt::hf95377f4aebd453b
[INFO] [stdout]                                at /rustc/202008a1b8de96d2e5b6bc02d379db03a877d34d/library/core/src/fmt/rt.rs:177:76
[INFO] [stdout]    5:     0x6527ede49a63 - core::fmt::write::h0dd5f6e2238c7982
[INFO] [stdout]                                at /rustc/202008a1b8de96d2e5b6bc02d379db03a877d34d/library/core/src/fmt/mod.rs:1189:21
[INFO] [stdout]    6:     0x6527ede1cd23 - std::io::Write::write_fmt::h03bb0ca26e6faf8c
[INFO] [stdout]                                at /rustc/202008a1b8de96d2e5b6bc02d379db03a877d34d/library/std/src/io/mod.rs:1884:15
[INFO] [stdout]    7:     0x6527ede20912 - std::sys::backtrace::BacktraceLock::print::h5c19c1c038ee186d
[INFO] [stdout]                                at /rustc/202008a1b8de96d2e5b6bc02d379db03a877d34d/library/std/src/sys/backtrace.rs:42:9
[INFO] [stdout]    8:     0x6527ede21f4d - std::panicking::default_hook::{{closure}}::h77172f079a1fcb13
[INFO] [stdout]                                at /rustc/202008a1b8de96d2e5b6bc02d379db03a877d34d/library/std/src/panicking.rs:268:22
[INFO] [stdout]    9:     0x6527ede21d57 - std::panicking::default_hook::he5f8e3b203ccddba
[INFO] [stdout]                                at /rustc/202008a1b8de96d2e5b6bc02d379db03a877d34d/library/std/src/panicking.rs:292:9
[INFO] [stdout]   10:     0x6527edde4ac7 - <alloc::boxed::Box<F,A> as core::ops::function::Fn<Args>>::call::h7a3c7b4a1ae77f2f
[INFO] [stdout]                                at /rustc/202008a1b8de96d2e5b6bc02d379db03a877d34d/library/alloc/src/boxed.rs:1986:9
[INFO] [stdout]   11:     0x6527edde4ac7 - test::test_main::{{closure}}::hf0d3b69ae9b353d1
[INFO] [stdout]                                at /rustc/202008a1b8de96d2e5b6bc02d379db03a877d34d/library/test/src/lib.rs:134:21
[INFO] [stdout]   12:     0x6527ede225f8 - <alloc::boxed::Box<F,A> as core::ops::function::Fn<Args>>::call::h6332e82e7b189abd
[INFO] [stdout]                                at /rustc/202008a1b8de96d2e5b6bc02d379db03a877d34d/library/alloc/src/boxed.rs:1986:9
[INFO] [stdout]   13:     0x6527ede225f8 - std::panicking::rust_panic_with_hook::h53863d4e9018df39
[INFO] [stdout]                                at /rustc/202008a1b8de96d2e5b6bc02d379db03a877d34d/library/std/src/panicking.rs:809:13
[INFO] [stdout]   14:     0x6527ede223ba - std::panicking::begin_panic_handler::{{closure}}::h67280e6fa0757873
[INFO] [stdout]                                at /rustc/202008a1b8de96d2e5b6bc02d379db03a877d34d/library/std/src/panicking.rs:674:13
[INFO] [stdout]   15:     0x6527ede20fa9 - std::sys::backtrace::__rust_end_short_backtrace::h1dac3f54d6fbbeb2
[INFO] [stdout]                                at /rustc/202008a1b8de96d2e5b6bc02d379db03a877d34d/library/std/src/sys/backtrace.rs:170:18
[INFO] [stdout]   16:     0x6527ede2204c - rust_begin_unwind
[INFO] [stdout]                                at /rustc/202008a1b8de96d2e5b6bc02d379db03a877d34d/library/std/src/panicking.rs:665:5
[INFO] [stdout]   17:     0x6527edc4dcf0 - core::panicking::panic_fmt::h6792bd1b2bf01041
[INFO] [stdout]                                at /rustc/202008a1b8de96d2e5b6bc02d379db03a877d34d/library/core/src/panicking.rs:76:14
[INFO] [stdout]   18:     0x6527edc4e136 - core::result::unwrap_failed::h05e0602ed34287c5
[INFO] [stdout]                                at /rustc/202008a1b8de96d2e5b6bc02d379db03a877d34d/library/core/src/result.rs:1699:5
[INFO] [stdout]   19:     0x6527edc5f7a7 - core::result::Result<T,E>::unwrap::hf20f258a4239258c
[INFO] [stdout]                                at /rustc/202008a1b8de96d2e5b6bc02d379db03a877d34d/library/core/src/result.rs:1104:23
[INFO] [stdout]   20:     0x6527edc5f7a7 - ablet::atext::tests::test_replace_range::h6d60fde4b0e28364
[INFO] [stdout]                                at /opt/rustwide/workdir/src/atext.rs:305:9
[INFO] [stdout]   21:     0x6527edc5df97 - ablet::atext::tests::test_replace_range::{{closure}}::hf726471d0ebc1363
[INFO] [stdout]                                at /opt/rustwide/workdir/src/atext.rs:290:28
[INFO] [stdout]   22:     0x6527edc6a726 - core::ops::function::FnOnce::call_once::h957c09c2208bbec1
[INFO] [stdout]                                at /rustc/202008a1b8de96d2e5b6bc02d379db03a877d34d/library/core/src/ops/function.rs:250:5
[INFO] [stdout]   23:     0x6527edde95eb - core::ops::function::FnOnce::call_once::h871bf86719ec9aa4
[INFO] [stdout]                                at /rustc/202008a1b8de96d2e5b6bc02d379db03a877d34d/library/core/src/ops/function.rs:250:5
[INFO] [stdout]   24:     0x6527edde95eb - test::__rust_begin_short_backtrace::h2167df1e2b7d76fd
[INFO] [stdout]                                at /rustc/202008a1b8de96d2e5b6bc02d379db03a877d34d/library/test/src/lib.rs:632:18
[INFO] [stdout]   25:     0x6527edde8fd8 - test::run_test_in_process::{{closure}}::h15d92f75a3adfb79
[INFO] [stdout]                                at /rustc/202008a1b8de96d2e5b6bc02d379db03a877d34d/library/test/src/lib.rs:655:60
[INFO] [stdout]   26:     0x6527edde8fd8 - <core::panic::unwind_safe::AssertUnwindSafe<F> as core::ops::function::FnOnce<()>>::call_once::hb6c8955835a8dbbb
[INFO] [stdout]                                at /rustc/202008a1b8de96d2e5b6bc02d379db03a877d34d/library/core/src/panic/unwind_safe.rs:272:9
[INFO] [stdout]   27:     0x6527edde8fd8 - std::panicking::try::do_call::hc79d0fc888a0bd30
[INFO] [stdout]                                at /rustc/202008a1b8de96d2e5b6bc02d379db03a877d34d/library/std/src/panicking.rs:557:40
[INFO] [stdout]   28:     0x6527edde8fd8 - std::panicking::try::hb8a7878e3a8589d6
[INFO] [stdout]                                at /rustc/202008a1b8de96d2e5b6bc02d379db03a877d34d/library/std/src/panicking.rs:520:19
[INFO] [stdout]   29:     0x6527edde8fd8 - std::panic::catch_unwind::hb8e4600ff0ff5cfa
[INFO] [stdout]                                at /rustc/202008a1b8de96d2e5b6bc02d379db03a877d34d/library/std/src/panic.rs:358:14
[INFO] [stdout]   30:     0x6527edde8fd8 - test::run_test_in_process::hc2900b0b18688dd6
[INFO] [stdout]                                at /rustc/202008a1b8de96d2e5b6bc02d379db03a877d34d/library/test/src/lib.rs:655:27
[INFO] [stdout]   31:     0x6527edde8fd8 - test::run_test::{{closure}}::hac2a9cb07be3d48d
[INFO] [stdout]                                at /rustc/202008a1b8de96d2e5b6bc02d379db03a877d34d/library/test/src/lib.rs:576:43
[INFO] [stdout]   32:     0x6527eddaca7a - test::run_test::{{closure}}::h4a5b729e66a38cd8
[INFO] [stdout]                                at /rustc/202008a1b8de96d2e5b6bc02d379db03a877d34d/library/test/src/lib.rs:606:41
[INFO] [stdout]   33:     0x6527eddaca7a - std::sys::backtrace::__rust_begin_short_backtrace::h0496fb742492f573
[INFO] [stdout]                                at /rustc/202008a1b8de96d2e5b6bc02d379db03a877d34d/library/std/src/sys/backtrace.rs:154:18
[INFO] [stdout]   34:     0x6527eddb03f4 - std::thread::Builder::spawn_unchecked_::{{closure}}::{{closure}}::hbb6d257c550a54bd
[INFO] [stdout]                                at /rustc/202008a1b8de96d2e5b6bc02d379db03a877d34d/library/std/src/thread/mod.rs:561:17
[INFO] [stdout]   35:     0x6527eddb03f4 - <core::panic::unwind_safe::AssertUnwindSafe<F> as core::ops::function::FnOnce<()>>::call_once::h46696fe4a6832328
[INFO] [stdout]                                at /rustc/202008a1b8de96d2e5b6bc02d379db03a877d34d/library/core/src/panic/unwind_safe.rs:272:9
[INFO] [stdout]   36:     0x6527eddb03f4 - std::panicking::try::do_call::h2625a51b667bfb64
[INFO] [stdout]                                at /rustc/202008a1b8de96d2e5b6bc02d379db03a877d34d/library/std/src/panicking.rs:557:40
[INFO] [stdout]   37:     0x6527eddb03f4 - std::panicking::try::hb956a59a1973aa4c
[INFO] [stdout]                                at /rustc/202008a1b8de96d2e5b6bc02d379db03a877d34d/library/std/src/panicking.rs:520:19
[INFO] [stdout]   38:     0x6527eddb03f4 - std::panic::catch_unwind::h64f3b9d1067ef6a0
[INFO] [stdout]                                at /rustc/202008a1b8de96d2e5b6bc02d379db03a877d34d/library/std/src/panic.rs:358:14
[INFO] [stdout]   39:     0x6527eddb03f4 - std::thread::Builder::spawn_unchecked_::{{closure}}::h42b2841295b6c0b2
[INFO] [stdout]                                at /rustc/202008a1b8de96d2e5b6bc02d379db03a877d34d/library/std/src/thread/mod.rs:559:30
[INFO] [stdout]   40:     0x6527eddb03f4 - core::ops::function::FnOnce::call_once{{vtable.shim}}::h6127de71b8124639
[INFO] [stdout]                                at /rustc/202008a1b8de96d2e5b6bc02d379db03a877d34d/library/core/src/ops/function.rs:250:5
[INFO] [stdout]   41:     0x6527ede26fbb - <alloc::boxed::Box<F,A> as core::ops::function::FnOnce<Args>>::call_once::h42f0ba71002a1b2c
[INFO] [stdout]                                at /rustc/202008a1b8de96d2e5b6bc02d379db03a877d34d/library/alloc/src/boxed.rs:1972:9
[INFO] [stdout]   42:     0x6527ede26fbb - <alloc::boxed::Box<F,A> as core::ops::function::FnOnce<Args>>::call_once::had9e47d7a3dcecb8
[INFO] [stdout]                                at /rustc/202008a1b8de96d2e5b6bc02d379db03a877d34d/library/alloc/src/boxed.rs:1972:9
[INFO] [stdout]   43:     0x6527ede26fbb - std::sys::pal::unix::thread::Thread::new::thread_start::h48cf765408f6f5f2
[INFO] [stdout]                                at /rustc/202008a1b8de96d2e5b6bc02d379db03a877d34d/library/std/src/sys/pal/unix/thread.rs:105:17
[INFO] [stdout]   44:     0x72e3cc93aac3 - <unknown>
[INFO] [stdout]   45:     0x72e3cc9cba04 - clone
[INFO] [stdout]   46:                0x0 - <unknown>
[INFO] [stdout] 
[INFO] [stdout] 
[INFO] [stdout] failures:
[INFO] [stdout]     atext::tests::test_replace_range
[INFO] [stdout] 
[INFO] [stdout] test result: FAILED. 3 passed; 1 failed; 0 ignored; 0 measured; 0 filtered out; finished in 1.51s
[INFO] [stdout] 
[INFO] [stderr] error: test failed, to rerun pass `--lib`
[INFO] running `Command { std: "docker" "inspect" "6d8d0da2d95a3d6fca40e64ae65383ce36f2bd3be82dd2ea4f5376e5b2013530", kill_on_drop: false }`
[INFO] running `Command { std: "docker" "rm" "-f" "6d8d0da2d95a3d6fca40e64ae65383ce36f2bd3be82dd2ea4f5376e5b2013530", kill_on_drop: false }`
[INFO] [stdout] 6d8d0da2d95a3d6fca40e64ae65383ce36f2bd3be82dd2ea4f5376e5b2013530
