[INFO] cloning repository https://github.com/Knodis-c/caelid
[INFO] running `Command { std: "git" "-c" "credential.helper=" "-c" "credential.helper=/workspace/cargo-home/bin/git-credential-null" "clone" "--bare" "https://github.com/Knodis-c/caelid" "/workspace/cache/git-repos/https%3A%2F%2Fgithub.com%2FKnodis-c%2Fcaelid", kill_on_drop: false }`
[INFO] [stderr] Cloning into bare repository '/workspace/cache/git-repos/https%3A%2F%2Fgithub.com%2FKnodis-c%2Fcaelid'...
[INFO] running `Command { std: "git" "rev-parse" "HEAD", kill_on_drop: false }`
[INFO] [stdout] c7460d31ba4eeea8f89adc83b345b2c92c3cb927
[INFO] testing Knodis-c/caelid against beta-2024-12-08 for beta-1.84.0-4-retry
[INFO] running `Command { std: "git" "clone" "/workspace/cache/git-repos/https%3A%2F%2Fgithub.com%2FKnodis-c%2Fcaelid" "/workspace/builds/worker-6-tc2/source", kill_on_drop: false }`
[INFO] [stderr] Cloning into '/workspace/builds/worker-6-tc2/source'...
[INFO] [stderr] done.
[INFO] validating manifest of git repo https://github.com/Knodis-c/caelid on toolchain beta-2024-12-08
[INFO] running `Command { std: CARGO_HOME="/workspace/cargo-home" RUSTUP_HOME="/workspace/rustup-home" "/workspace/cargo-home/bin/cargo" "+beta-2024-12-08" "metadata" "--manifest-path" "Cargo.toml" "--no-deps", kill_on_drop: false }`
[INFO] removed /workspace/builds/worker-6-tc2/source/.cargo/config.toml
[INFO] started tweaking git repo https://github.com/Knodis-c/caelid
[INFO] finished tweaking git repo https://github.com/Knodis-c/caelid
[INFO] tweaked toml for git repo https://github.com/Knodis-c/caelid written to /workspace/builds/worker-6-tc2/source/Cargo.toml
[INFO] crate git repo https://github.com/Knodis-c/caelid already has a lockfile, it will not be regenerated
[INFO] running `Command { std: CARGO_HOME="/workspace/cargo-home" RUSTUP_HOME="/workspace/rustup-home" "/workspace/cargo-home/bin/cargo" "+beta-2024-12-08" "fetch" "--manifest-path" "Cargo.toml", kill_on_drop: false }`
[INFO] running `Command { std: "docker" "create" "-v" "/var/lib/crater-agent-workspace/builds/worker-6-tc2/target:/opt/rustwide/target:rw,Z" "-v" "/var/lib/crater-agent-workspace/builds/worker-6-tc2/source:/opt/rustwide/workdir:ro,Z" "-v" "/var/lib/crater-agent-workspace/cargo-home:/opt/rustwide/cargo-home:ro,Z" "-v" "/var/lib/crater-agent-workspace/rustup-home:/opt/rustwide/rustup-home:ro,Z" "-e" "SOURCE_DIR=/opt/rustwide/workdir" "-e" "CARGO_TARGET_DIR=/opt/rustwide/target" "-e" "CARGO_HOME=/opt/rustwide/cargo-home" "-e" "RUSTUP_HOME=/opt/rustwide/rustup-home" "-w" "/opt/rustwide/workdir" "-m" "1610612736" "--user" "0:0" "--network" "none" "ghcr.io/rust-lang/crates-build-env/linux@sha256:f3a9d4ad9d972b27faf3965f35b62e55ba32bbce8f20bc8fe909558a86702fde" "/opt/rustwide/cargo-home/bin/cargo" "+beta-2024-12-08" "metadata" "--no-deps" "--format-version=1", kill_on_drop: false }`
[INFO] [stdout] 732ca43d966be744422026abcf3f2d1ca37574be4ae9a313a0fc58046fd7b576
[INFO] running `Command { std: "docker" "start" "-a" "732ca43d966be744422026abcf3f2d1ca37574be4ae9a313a0fc58046fd7b576", kill_on_drop: false }`
[INFO] running `Command { std: "docker" "inspect" "732ca43d966be744422026abcf3f2d1ca37574be4ae9a313a0fc58046fd7b576", kill_on_drop: false }`
[INFO] running `Command { std: "docker" "rm" "-f" "732ca43d966be744422026abcf3f2d1ca37574be4ae9a313a0fc58046fd7b576", kill_on_drop: false }`
[INFO] [stdout] 732ca43d966be744422026abcf3f2d1ca37574be4ae9a313a0fc58046fd7b576
[INFO] running `Command { std: "docker" "create" "-v" "/var/lib/crater-agent-workspace/builds/worker-6-tc2/target:/opt/rustwide/target:rw,Z" "-v" "/var/lib/crater-agent-workspace/builds/worker-6-tc2/source:/opt/rustwide/workdir:ro,Z" "-v" "/var/lib/crater-agent-workspace/cargo-home:/opt/rustwide/cargo-home:ro,Z" "-v" "/var/lib/crater-agent-workspace/rustup-home:/opt/rustwide/rustup-home:ro,Z" "-e" "SOURCE_DIR=/opt/rustwide/workdir" "-e" "CARGO_TARGET_DIR=/opt/rustwide/target" "-e" "CARGO_INCREMENTAL=0" "-e" "RUST_BACKTRACE=full" "-e" "RUSTFLAGS=--cap-lints=warn" "-e" "RUSTDOCFLAGS=--cap-lints=warn" "-e" "CARGO_HOME=/opt/rustwide/cargo-home" "-e" "RUSTUP_HOME=/opt/rustwide/rustup-home" "-w" "/opt/rustwide/workdir" "-m" "1610612736" "--user" "0:0" "--network" "none" "ghcr.io/rust-lang/crates-build-env/linux@sha256:f3a9d4ad9d972b27faf3965f35b62e55ba32bbce8f20bc8fe909558a86702fde" "/opt/rustwide/cargo-home/bin/cargo" "+beta-2024-12-08" "build" "--frozen" "--message-format=json", kill_on_drop: false }`
[INFO] [stdout] e5d03c7e140fb4735c6dd5ff094be5120575cbcf77184201085eb466a15f724f
[INFO] running `Command { std: "docker" "start" "-a" "e5d03c7e140fb4735c6dd5ff094be5120575cbcf77184201085eb466a15f724f", kill_on_drop: false }`
[INFO] [stderr]    Compiling version_check v0.9.4
[INFO] [stderr]    Compiling proc-macro2 v1.0.42
[INFO] [stderr]    Compiling unicode-ident v1.0.2
[INFO] [stderr]    Compiling quote v1.0.21
[INFO] [stderr]    Compiling libc v0.2.132
[INFO] [stderr]    Compiling syn v1.0.98
[INFO] [stderr]    Compiling log v0.4.17
[INFO] [stderr]    Compiling once_cell v1.13.0
[INFO] [stderr]    Compiling fnv v1.0.7
[INFO] [stderr]    Compiling regex-syntax v0.6.27
[INFO] [stderr]    Compiling parking_lot_core v0.9.3
[INFO] [stderr]    Compiling ppv-lite86 v0.2.16
[INFO] [stderr]    Compiling pin-project-lite v0.2.9
[INFO] [stderr]    Compiling lock_api v0.4.7
[INFO] [stderr]    Compiling aho-corasick v0.7.18
[INFO] [stderr]    Compiling smallvec v1.9.0
[INFO] [stderr]    Compiling itoa v1.0.2
[INFO] [stderr]    Compiling bytes v1.2.1
[INFO] [stderr]    Compiling scopeguard v1.1.0
[INFO] [stderr]    Compiling serde_derive v1.0.142
[INFO] [stderr]    Compiling futures-core v0.3.21
[INFO] [stderr]    Compiling serde v1.0.142
[INFO] [stderr]    Compiling siphasher v0.3.10
[INFO] [stderr]    Compiling tokio v1.20.1
[INFO] [stderr]    Compiling typenum v1.15.0
[INFO] [stderr]    Compiling uncased v0.9.7
[INFO] [stderr]    Compiling generic-array v0.14.5
[INFO] [stderr]    Compiling slab v0.4.7
[INFO] [stderr]    Compiling futures-task v0.3.21
[INFO] [stderr]    Compiling tracing-core v0.1.29
[INFO] [stderr]    Compiling percent-encoding v2.1.0
[INFO] [stderr]    Compiling futures-util v0.3.21
[INFO] [stderr]    Compiling pin-utils v0.1.0
[INFO] [stderr]    Compiling futures-sink v0.3.21
[INFO] [stderr]    Compiling unicase v2.6.0
[INFO] [stderr]    Compiling http v0.2.8
[INFO] [stderr]    Compiling getrandom v0.2.7
[INFO] [stderr]    Compiling jobserver v0.1.24
[INFO] [stderr]    Compiling tracing v0.1.36
[INFO] [stderr]    Compiling rand_core v0.6.3
[INFO] [stderr]    Compiling cc v1.0.73
[INFO] [stderr]    Compiling phf_shared v0.11.0
[INFO] [stderr]    Compiling bytestring v1.1.0
[INFO] [stderr]    Compiling num-integer v0.1.45
[INFO] [stderr]    Compiling indexmap v1.9.1
[INFO] [stderr]    Compiling matches v0.1.9
[INFO] [stderr]    Compiling rand_chacha v0.3.1
[INFO] [stderr]    Compiling alloc-no-stdlib v2.0.3
[INFO] [stderr]    Compiling local-waker v0.1.3
[INFO] [stderr]    Compiling crc32fast v1.3.2
[INFO] [stderr]    Compiling zstd-safe v5.0.2+zstd.1.5.2
[INFO] [stderr]    Compiling signal-hook-registry v1.4.0
[INFO] [stderr]    Compiling socket2 v0.4.4
[INFO] [stderr]    Compiling mio v0.8.4
[INFO] [stderr]    Compiling rand v0.8.5
[INFO] [stderr]    Compiling parking_lot v0.12.1
[INFO] [stderr]    Compiling phf v0.11.0
[INFO] [stderr]    Compiling alloc-stdlib v0.2.1
[INFO] [stderr]    Compiling tinyvec v1.6.0
[INFO] [stderr]    Compiling proc-macro-error-attr v1.0.4
[INFO] [stderr]    Compiling ahash v0.7.6
[INFO] [stderr]    Compiling hashbrown v0.12.3
[INFO] [stderr]    Compiling ryu v1.0.10
[INFO] [stderr]    Compiling regex v1.6.0
[INFO] [stderr]    Compiling strsim v0.10.0
[INFO] [stderr]    Compiling zstd-sys v2.0.1+zstd.1.5.2
[INFO] [stderr]    Compiling paste v1.0.7
[INFO] [stderr]    Compiling firestorm v0.5.1
[INFO] [stderr]    Compiling ident_case v1.0.1
[INFO] [stderr]    Compiling adler v1.0.2
[INFO] [stderr]    Compiling crossbeam-utils v0.8.11
[INFO] [stderr]    Compiling httparse v1.7.1
[INFO] [stderr]    Compiling encoding_rs v0.8.31
[INFO] [stderr]    Compiling phf_generator v0.11.0
[INFO] [stderr]    Compiling ucd-trie v0.1.4
[INFO] [stderr]    Compiling serde_json v1.0.83
[INFO] [stderr]    Compiling phf_codegen v0.11.0
[INFO] [stderr]    Compiling miniz_oxide v0.5.3
[INFO] [stderr]    Compiling brotli-decompressor v2.3.2
[INFO] [stderr]    Compiling unicode-normalization v0.1.21
[INFO] [stderr]    Compiling actix-service v2.0.2
[INFO] [stderr]    Compiling time v0.1.44
[INFO] [stderr]    Compiling actix-utils v3.0.0
[INFO] [stderr]    Compiling form_urlencoded v1.0.1
[INFO] [stderr]    Compiling cookie v0.16.0
[INFO] [stderr]    Compiling proc-macro-error v1.0.4
[INFO] [stderr]    Compiling bstr v0.2.17
[INFO] [stderr]    Compiling cpufeatures v0.2.2
[INFO] [stderr]    Compiling iana-time-zone v0.1.44
[INFO] [stderr]    Compiling unic-char-range v0.9.0
[INFO] [stderr]    Compiling mime v0.3.16
[INFO] [stderr]    Compiling block-buffer v0.10.2
[INFO] [stderr]    Compiling crypto-common v0.1.6
[INFO] [stderr]    Compiling convert_case v0.4.0
[INFO] [stderr]    Compiling time-macros v0.2.4
[INFO] [stderr]    Compiling num_threads v0.1.6
[INFO] [stderr]    Compiling unicode-bidi v0.3.8
[INFO] [stderr]    Compiling parse-zoneinfo v0.3.0
[INFO] [stderr]    Compiling digest v0.10.3
[INFO] [stderr]    Compiling unic-common v0.9.0
[INFO] [stderr]    Compiling idna v0.2.3
[INFO] [stderr]    Compiling walkdir v2.3.2
[INFO] [stderr]    Compiling unic-ucd-version v0.9.0
[INFO] [stderr]    Compiling sha1 v0.10.1
[INFO] [stderr]    Compiling unic-char-property v0.9.0
[INFO] [stderr]    Compiling flate2 v1.0.24
[INFO] [stderr]    Compiling mime_guess v2.0.4
[INFO] [stderr]    Compiling globset v0.4.9
[INFO] [stderr]    Compiling chrono-tz-build v0.0.3
[INFO] [stderr]    Compiling brotli v3.3.4
[INFO] [stderr]    Compiling num_cpus v1.13.1
[INFO] [stderr]    Compiling thread_local v1.1.4
[INFO] [stderr]    Compiling memoffset v0.6.5
[INFO] [stderr]    Compiling httpdate v1.0.2
[INFO] [stderr]    Compiling pq-sys v0.4.7
[INFO] [stderr]    Compiling language-tags v0.3.2
[INFO] [stderr]    Compiling ignore v0.4.18
[INFO] [stderr]    Compiling url v2.2.2
[INFO] [stderr]    Compiling unic-ucd-segment v0.9.0
[INFO] [stderr]    Compiling scheduled-thread-pool v0.2.6
[INFO] [stderr]    Compiling deunicode v0.4.3
[INFO] [stderr]    Compiling slug v0.1.4
[INFO] [stderr]    Compiling r2d2 v0.8.10
[INFO] [stderr]    Compiling atty v0.2.14
[INFO] [stderr]    Compiling http-range v0.1.5
[INFO] [stderr]    Compiling unic-segment v0.9.0
[INFO] [stderr]    Compiling termcolor v1.1.3
[INFO] [stderr]    Compiling askama_escape v0.10.3
[INFO] [stderr]    Compiling humantime v2.1.0
[INFO] [stderr]    Compiling humansize v1.1.1
[INFO] [stderr]    Compiling nix v0.25.0
[INFO] [stderr]    Compiling uuid v1.1.2
[INFO] [stderr]    Compiling proc-macros v0.1.0 (/opt/rustwide/workdir/proc-macros)
[INFO] [stderr]    Compiling env_logger v0.9.0
[INFO] [stderr]    Compiling time v0.3.11
[INFO] [stderr]    Compiling dotenv v0.15.0
[INFO] [stderr]    Compiling globwalk v0.8.1
[INFO] [stderr]    Compiling darling_core v0.14.1
[INFO] [stderr]    Compiling tokio-util v0.7.3
[INFO] [stderr]    Compiling actix-rt v2.7.0
[INFO] [stderr]    Compiling chrono-tz v0.6.3
[INFO] [stderr]    Compiling actix-codec v0.5.0
[INFO] [stderr]    Compiling actix-router v0.5.0
[INFO] [stderr]    Compiling futures-macro v0.3.21
[INFO] [stderr]    Compiling thiserror-impl v1.0.31
[INFO] [stderr]    Compiling darling_macro v0.14.1
[INFO] [stderr]    Compiling derive_more v0.99.17
[INFO] [stderr]    Compiling actix-web-codegen v4.0.1
[INFO] [stderr]    Compiling darling v0.14.1
[INFO] [stderr]    Compiling actix-macros v0.2.3
[INFO] [stderr]    Compiling serde_with_macros v2.0.0
[INFO] [stderr]    Compiling diesel_derives v2.0.0
[INFO] [stderr]    Compiling thiserror v1.0.31
[INFO] [stderr]    Compiling pest v2.2.1
[INFO] [stderr]    Compiling pest_meta v2.2.1
[INFO] [stderr]    Compiling h2 v0.3.13
[INFO] [stderr]    Compiling local-channel v0.1.3
[INFO] [stderr]    Compiling actix-server v2.1.1
[INFO] [stderr]    Compiling pest_generator v2.2.1
[INFO] [stderr]    Compiling pest_derive v2.2.1
[INFO] [stderr]    Compiling chrono v0.4.22
[INFO] [stderr]    Compiling serde_urlencoded v0.7.1
[INFO] [stderr]    Compiling serde_with v2.0.0
[INFO] [stderr]    Compiling diesel v2.0.0
[INFO] [stderr]    Compiling tera v1.16.0
[INFO] [stderr]    Compiling zstd v0.11.2+zstd.1.5.2
[INFO] [stderr]    Compiling actix-http v3.2.1
[INFO] [stderr]    Compiling actix-web v4.1.0
[INFO] [stderr]    Compiling actix-files v0.6.2
[INFO] [stderr]    Compiling caelid v0.1.0 (/opt/rustwide/workdir)
[INFO] [stdout] warning: unused imports: `PgExpressionMethods`, `associations::HasTable`, `dsl::*`, `pg::Pg`, and `query_builder::IntoUpdateTarget`
[INFO] [stdout]   --> src/app/model/mod.rs:10:9
[INFO] [stdout]    |
[INFO] [stdout] 10 |         associations::HasTable,
[INFO] [stdout]    |         ^^^^^^^^^^^^^^^^^^^^^^
[INFO] [stdout] 11 |         dsl::*,
[INFO] [stdout]    |         ^^^^^^
[INFO] [stdout] 12 |         expression_methods::{ExpressionMethods, PgExpressionMethods},
[INFO] [stdout]    |                                                 ^^^^^^^^^^^^^^^^^^^
[INFO] [stdout] 13 |         pg::Pg,
[INFO] [stdout]    |         ^^^^^^
[INFO] [stdout] ...
[INFO] [stdout] 16 |         query_builder::IntoUpdateTarget,
[INFO] [stdout]    |         ^^^^^^^^^^^^^^^^^^^^^^^^^^^^^^^
[INFO] [stdout]    |
[INFO] [stdout]    = note: `#[warn(unused_imports)]` on by default
[INFO] [stdout] 
[INFO] [stdout] 
[INFO] [stdout] warning: unused import: `crate::schema::users`
[INFO] [stdout]  --> src/app/model/user/mod.rs:8:13
[INFO] [stdout]   |
[INFO] [stdout] 8 |     pub use crate::schema::users;
[INFO] [stdout]   |             ^^^^^^^^^^^^^^^^^^^^
[INFO] [stdout] 
[INFO] [stdout] 
[INFO] [stderr]     Finished `dev` profile [unoptimized + debuginfo] target(s) in 1m 59s
[INFO] running `Command { std: "docker" "inspect" "e5d03c7e140fb4735c6dd5ff094be5120575cbcf77184201085eb466a15f724f", kill_on_drop: false }`
[INFO] running `Command { std: "docker" "rm" "-f" "e5d03c7e140fb4735c6dd5ff094be5120575cbcf77184201085eb466a15f724f", kill_on_drop: false }`
[INFO] [stdout] e5d03c7e140fb4735c6dd5ff094be5120575cbcf77184201085eb466a15f724f
[INFO] running `Command { std: "docker" "create" "-v" "/var/lib/crater-agent-workspace/builds/worker-6-tc2/target:/opt/rustwide/target:rw,Z" "-v" "/var/lib/crater-agent-workspace/builds/worker-6-tc2/source:/opt/rustwide/workdir:ro,Z" "-v" "/var/lib/crater-agent-workspace/cargo-home:/opt/rustwide/cargo-home:ro,Z" "-v" "/var/lib/crater-agent-workspace/rustup-home:/opt/rustwide/rustup-home:ro,Z" "-e" "SOURCE_DIR=/opt/rustwide/workdir" "-e" "CARGO_TARGET_DIR=/opt/rustwide/target" "-e" "CARGO_INCREMENTAL=0" "-e" "RUST_BACKTRACE=full" "-e" "RUSTFLAGS=--cap-lints=warn" "-e" "RUSTDOCFLAGS=--cap-lints=warn" "-e" "CARGO_HOME=/opt/rustwide/cargo-home" "-e" "RUSTUP_HOME=/opt/rustwide/rustup-home" "-w" "/opt/rustwide/workdir" "-m" "1610612736" "--user" "0:0" "--network" "none" "ghcr.io/rust-lang/crates-build-env/linux@sha256:f3a9d4ad9d972b27faf3965f35b62e55ba32bbce8f20bc8fe909558a86702fde" "/opt/rustwide/cargo-home/bin/cargo" "+beta-2024-12-08" "test" "--frozen" "--no-run" "--message-format=json", kill_on_drop: false }`
[INFO] [stdout] 0b7d6b32b6331dd6d26e5b6cd54d46e60934d11998f8e5fad37802cc19c8d69f
[INFO] running `Command { std: "docker" "start" "-a" "0b7d6b32b6331dd6d26e5b6cd54d46e60934d11998f8e5fad37802cc19c8d69f", kill_on_drop: false }`
[INFO] [stderr]    Compiling caelid v0.1.0 (/opt/rustwide/workdir)
[INFO] [stdout] warning: unused imports: `PgExpressionMethods`, `dsl::*`, `pg::Pg`, and `query_builder::IntoUpdateTarget`
[INFO] [stdout]   --> src/app/model/mod.rs:11:9
[INFO] [stdout]    |
[INFO] [stdout] 11 |         dsl::*,
[INFO] [stdout]    |         ^^^^^^
[INFO] [stdout] 12 |         expression_methods::{ExpressionMethods, PgExpressionMethods},
[INFO] [stdout]    |                                                 ^^^^^^^^^^^^^^^^^^^
[INFO] [stdout] 13 |         pg::Pg,
[INFO] [stdout]    |         ^^^^^^
[INFO] [stdout] ...
[INFO] [stdout] 16 |         query_builder::IntoUpdateTarget,
[INFO] [stdout]    |         ^^^^^^^^^^^^^^^^^^^^^^^^^^^^^^^
[INFO] [stdout]    |
[INFO] [stdout]    = note: `#[warn(unused_imports)]` on by default
[INFO] [stdout] 
[INFO] [stdout] 
[INFO] [stderr]     Finished `test` profile [unoptimized + debuginfo] target(s) in 5.05s
[INFO] running `Command { std: "docker" "inspect" "0b7d6b32b6331dd6d26e5b6cd54d46e60934d11998f8e5fad37802cc19c8d69f", kill_on_drop: false }`
[INFO] running `Command { std: "docker" "rm" "-f" "0b7d6b32b6331dd6d26e5b6cd54d46e60934d11998f8e5fad37802cc19c8d69f", kill_on_drop: false }`
[INFO] [stdout] 0b7d6b32b6331dd6d26e5b6cd54d46e60934d11998f8e5fad37802cc19c8d69f
[INFO] running `Command { std: "docker" "create" "-v" "/var/lib/crater-agent-workspace/builds/worker-6-tc2/target:/opt/rustwide/target:rw,Z" "-v" "/var/lib/crater-agent-workspace/builds/worker-6-tc2/source:/opt/rustwide/workdir:ro,Z" "-v" "/var/lib/crater-agent-workspace/cargo-home:/opt/rustwide/cargo-home:ro,Z" "-v" "/var/lib/crater-agent-workspace/rustup-home:/opt/rustwide/rustup-home:ro,Z" "-e" "SOURCE_DIR=/opt/rustwide/workdir" "-e" "CARGO_TARGET_DIR=/opt/rustwide/target" "-e" "CARGO_INCREMENTAL=0" "-e" "RUST_BACKTRACE=full" "-e" "RUSTFLAGS=--cap-lints=warn" "-e" "RUSTDOCFLAGS=--cap-lints=warn" "-e" "CARGO_HOME=/opt/rustwide/cargo-home" "-e" "RUSTUP_HOME=/opt/rustwide/rustup-home" "-w" "/opt/rustwide/workdir" "-m" "1610612736" "--user" "0:0" "--network" "none" "ghcr.io/rust-lang/crates-build-env/linux@sha256:f3a9d4ad9d972b27faf3965f35b62e55ba32bbce8f20bc8fe909558a86702fde" "/opt/rustwide/cargo-home/bin/cargo" "+beta-2024-12-08" "test" "--frozen", kill_on_drop: false }`
[INFO] [stdout] ff80991746d96de730717cc25f0dbb6ea2ae3df1d77cc28a609a0137dd9d0af8
[INFO] running `Command { std: "docker" "start" "-a" "ff80991746d96de730717cc25f0dbb6ea2ae3df1d77cc28a609a0137dd9d0af8", kill_on_drop: false }`
[INFO] [stderr] warning: unused imports: `PgExpressionMethods`, `dsl::*`, `pg::Pg`, and `query_builder::IntoUpdateTarget`
[INFO] [stderr]   --> src/app/model/mod.rs:11:9
[INFO] [stderr]    |
[INFO] [stderr] 11 |         dsl::*,
[INFO] [stderr]    |         ^^^^^^
[INFO] [stderr] 12 |         expression_methods::{ExpressionMethods, PgExpressionMethods},
[INFO] [stderr]    |                                                 ^^^^^^^^^^^^^^^^^^^
[INFO] [stderr] 13 |         pg::Pg,
[INFO] [stderr]    |         ^^^^^^
[INFO] [stderr] ...
[INFO] [stderr] 16 |         query_builder::IntoUpdateTarget,
[INFO] [stderr]    |         ^^^^^^^^^^^^^^^^^^^^^^^^^^^^^^^
[INFO] [stderr]    |
[INFO] [stderr]    = note: `#[warn(unused_imports)]` on by default
[INFO] [stderr] 
[INFO] [stderr] warning: `caelid` (bin "caelid" test) generated 1 warning (run `cargo fix --bin "caelid" --tests` to apply 1 suggestion)
[INFO] [stderr]     Finished `test` profile [unoptimized + debuginfo] target(s) in 0.28s
[INFO] [stderr]      Running unittests src/main.rs (/opt/rustwide/target/debug/deps/caelid-d7dfff99e525a4b2)
[INFO] [stdout] 
[INFO] [stdout] running 1 test
[INFO] [stdout] test app::model::user::authentication::test::authenticate_via_uname_pw ... FAILED
[INFO] [stdout] 
[INFO] [stdout] failures:
[INFO] [stdout] 
[INFO] [stdout] ---- app::model::user::authentication::test::authenticate_via_uname_pw stdout ----
[INFO] [stdout] thread 'app::model::user::authentication::test::authenticate_via_uname_pw' panicked at src/app/model/user/authentication.rs:33:41:
[INFO] [stdout] Test failed with error: EnvVar(NotPresent)
[INFO] [stdout] stack backtrace:
[INFO] [stdout]    0:     0x6032a031eaaa - std::backtrace_rs::backtrace::libunwind::trace::h8810477743020387
[INFO] [stdout]                                at /rustc/202008a1b8de96d2e5b6bc02d379db03a877d34d/library/std/src/../../backtrace/src/backtrace/libunwind.rs:116:5
[INFO] [stdout]    1:     0x6032a031eaaa - std::backtrace_rs::backtrace::trace_unsynchronized::h3aa55355dd6c54a6
[INFO] [stdout]                                at /rustc/202008a1b8de96d2e5b6bc02d379db03a877d34d/library/std/src/../../backtrace/src/backtrace/mod.rs:66:5
[INFO] [stdout]    2:     0x6032a031eaaa - std::sys::backtrace::_print_fmt::h8588b0f62410823f
[INFO] [stdout]                                at /rustc/202008a1b8de96d2e5b6bc02d379db03a877d34d/library/std/src/sys/backtrace.rs:66:9
[INFO] [stdout]    3:     0x6032a031eaaa - <std::sys::backtrace::BacktraceLock::print::DisplayBacktrace as core::fmt::Display>::fmt::h98c26ac25ffe89bb
[INFO] [stdout]                                at /rustc/202008a1b8de96d2e5b6bc02d379db03a877d34d/library/std/src/sys/backtrace.rs:39:26
[INFO] [stdout]    4:     0x6032a0344b83 - core::fmt::rt::Argument::fmt::hf95377f4aebd453b
[INFO] [stdout]                                at /rustc/202008a1b8de96d2e5b6bc02d379db03a877d34d/library/core/src/fmt/rt.rs:177:76
[INFO] [stdout]    5:     0x6032a0344b83 - core::fmt::write::h0dd5f6e2238c7982
[INFO] [stdout]                                at /rustc/202008a1b8de96d2e5b6bc02d379db03a877d34d/library/core/src/fmt/mod.rs:1189:21
[INFO] [stdout]    6:     0x6032a031b993 - std::io::Write::write_fmt::h03bb0ca26e6faf8c
[INFO] [stdout]                                at /rustc/202008a1b8de96d2e5b6bc02d379db03a877d34d/library/std/src/io/mod.rs:1884:15
[INFO] [stdout]    7:     0x6032a031e8f2 - std::sys::backtrace::BacktraceLock::print::h5c19c1c038ee186d
[INFO] [stdout]                                at /rustc/202008a1b8de96d2e5b6bc02d379db03a877d34d/library/std/src/sys/backtrace.rs:42:9
[INFO] [stdout]    8:     0x6032a031ff2d - std::panicking::default_hook::{{closure}}::h77172f079a1fcb13
[INFO] [stdout]                                at /rustc/202008a1b8de96d2e5b6bc02d379db03a877d34d/library/std/src/panicking.rs:268:22
[INFO] [stdout]    9:     0x6032a031fd37 - std::panicking::default_hook::he5f8e3b203ccddba
[INFO] [stdout]                                at /rustc/202008a1b8de96d2e5b6bc02d379db03a877d34d/library/std/src/panicking.rs:292:9
[INFO] [stdout]   10:     0x6032a01f6d57 - <alloc::boxed::Box<F,A> as core::ops::function::Fn<Args>>::call::h7a3c7b4a1ae77f2f
[INFO] [stdout]                                at /rustc/202008a1b8de96d2e5b6bc02d379db03a877d34d/library/alloc/src/boxed.rs:1986:9
[INFO] [stdout]   11:     0x6032a01f6d57 - test::test_main::{{closure}}::hf0d3b69ae9b353d1
[INFO] [stdout]                                at /rustc/202008a1b8de96d2e5b6bc02d379db03a877d34d/library/test/src/lib.rs:134:21
[INFO] [stdout]   12:     0x6032a03205d8 - <alloc::boxed::Box<F,A> as core::ops::function::Fn<Args>>::call::h6332e82e7b189abd
[INFO] [stdout]                                at /rustc/202008a1b8de96d2e5b6bc02d379db03a877d34d/library/alloc/src/boxed.rs:1986:9
[INFO] [stdout]   13:     0x6032a03205d8 - std::panicking::rust_panic_with_hook::h53863d4e9018df39
[INFO] [stdout]                                at /rustc/202008a1b8de96d2e5b6bc02d379db03a877d34d/library/std/src/panicking.rs:809:13
[INFO] [stdout]   14:     0x6032a032039a - std::panicking::begin_panic_handler::{{closure}}::h67280e6fa0757873
[INFO] [stdout]                                at /rustc/202008a1b8de96d2e5b6bc02d379db03a877d34d/library/std/src/panicking.rs:674:13
[INFO] [stdout]   15:     0x6032a031ef89 - std::sys::backtrace::__rust_end_short_backtrace::h1dac3f54d6fbbeb2
[INFO] [stdout]                                at /rustc/202008a1b8de96d2e5b6bc02d379db03a877d34d/library/std/src/sys/backtrace.rs:170:18
[INFO] [stdout]   16:     0x6032a032002c - rust_begin_unwind
[INFO] [stdout]                                at /rustc/202008a1b8de96d2e5b6bc02d379db03a877d34d/library/std/src/panicking.rs:665:5
[INFO] [stdout]   17:     0x6032a0194c00 - core::panicking::panic_fmt::h6792bd1b2bf01041
[INFO] [stdout]                                at /rustc/202008a1b8de96d2e5b6bc02d379db03a877d34d/library/core/src/panicking.rs:76:14
[INFO] [stdout]   18:     0x6032a0195046 - core::result::unwrap_failed::h05e0602ed34287c5
[INFO] [stdout]                                at /rustc/202008a1b8de96d2e5b6bc02d379db03a877d34d/library/core/src/result.rs:1699:5
[INFO] [stdout]   19:     0x6032a01b3673 - core::result::Result<T,E>::expect::hab235ae070a99ccf
[INFO] [stdout]                                at /rustc/202008a1b8de96d2e5b6bc02d379db03a877d34d/library/core/src/result.rs:1061:23
[INFO] [stdout]   20:     0x6032a01bbbe3 - caelid::app::model::user::authentication::test::authenticate_via_uname_pw::{{closure}}::h022a002aee447904
[INFO] [stdout]                                at /opt/rustwide/workdir/src/app/model/user/authentication.rs:33:18
[INFO] [stdout]   21:     0x6032a01b5bb0 - <tokio::task::local::RunUntil<T> as core::future::future::Future>::poll::{{closure}}::{{closure}}::h0feefcdd8fd5efdd
[INFO] [stdout]                                at /opt/rustwide/cargo-home/registry/src/index.crates.io-6f17d22bba15001f/tokio-1.20.1/src/task/local.rs:757:65
[INFO] [stdout]   22:     0x6032a01aead3 - tokio::coop::with_budget::{{closure}}::heb09ba63977a1249
[INFO] [stdout]                                at /opt/rustwide/cargo-home/registry/src/index.crates.io-6f17d22bba15001f/tokio-1.20.1/src/coop.rs:102:9
[INFO] [stdout]   23:     0x6032a01b2cea - std::thread::local::LocalKey<T>::try_with::h5dcb768b088db509
[INFO] [stdout]                                at /rustc/202008a1b8de96d2e5b6bc02d379db03a877d34d/library/std/src/thread/local.rs:283:12
[INFO] [stdout]   24:     0x6032a01b291a - std::thread::local::LocalKey<T>::with::h6b97e5ca71da2070
[INFO] [stdout]                                at /rustc/202008a1b8de96d2e5b6bc02d379db03a877d34d/library/std/src/thread/local.rs:260:9
[INFO] [stdout]   25:     0x6032a01b5a82 - tokio::coop::with_budget::h08d3918f769d7560
[INFO] [stdout]                                at /opt/rustwide/cargo-home/registry/src/index.crates.io-6f17d22bba15001f/tokio-1.20.1/src/coop.rs:95:5
[INFO] [stdout]   26:     0x6032a01b5a82 - tokio::coop::budget::h9be992f92ef60804
[INFO] [stdout]                                at /opt/rustwide/cargo-home/registry/src/index.crates.io-6f17d22bba15001f/tokio-1.20.1/src/coop.rs:72:5
[INFO] [stdout]   27:     0x6032a01b5a82 - <tokio::task::local::RunUntil<T> as core::future::future::Future>::poll::{{closure}}::h85577bd428c009b1
[INFO] [stdout]                                at /opt/rustwide/cargo-home/registry/src/index.crates.io-6f17d22bba15001f/tokio-1.20.1/src/task/local.rs:757:42
[INFO] [stdout]   28:     0x6032a01b824d - tokio::macros::scoped_tls::ScopedKey<T>::set::ha857aedd1861af74
[INFO] [stdout]                                at /opt/rustwide/cargo-home/registry/src/index.crates.io-6f17d22bba15001f/tokio-1.20.1/src/macros/scoped_tls.rs:61:9
[INFO] [stdout]   29:     0x6032a01b4047 - tokio::task::local::LocalSet::with::h9c0466a0f5386ee2
[INFO] [stdout]                                at /opt/rustwide/cargo-home/registry/src/index.crates.io-6f17d22bba15001f/tokio-1.20.1/src/task/local.rs:582:9
[INFO] [stdout]   30:     0x6032a01b594a - <tokio::task::local::RunUntil<T> as core::future::future::Future>::poll::hf2d2e5a41c8e3784
[INFO] [stdout]                                at /opt/rustwide/cargo-home/registry/src/index.crates.io-6f17d22bba15001f/tokio-1.20.1/src/task/local.rs:747:9
[INFO] [stdout]   31:     0x6032a01b42a5 - tokio::task::local::LocalSet::run_until::{{closure}}::ha46223afd52b9b7c
[INFO] [stdout]                                at /opt/rustwide/cargo-home/registry/src/index.crates.io-6f17d22bba15001f/tokio-1.20.1/src/task/local.rs:502:19
[INFO] [stdout]   32:     0x6032a019d63d - <core::pin::Pin<P> as core::future::future::Future>::poll::ha9afb3a74c190099
[INFO] [stdout]                                at /rustc/202008a1b8de96d2e5b6bc02d379db03a877d34d/library/core/src/future/future.rs:124:9
[INFO] [stdout]   33:     0x6032a019d39f - tokio::runtime::basic_scheduler::CoreGuard::block_on::{{closure}}::{{closure}}::{{closure}}::h169fe1ebf0831887
[INFO] [stdout]                                at /opt/rustwide/cargo-home/registry/src/index.crates.io-6f17d22bba15001f/tokio-1.20.1/src/runtime/basic_scheduler.rs:543:48
[INFO] [stdout]   34:     0x6032a01ae743 - tokio::coop::with_budget::{{closure}}::h28fc31ae6a55b94c
[INFO] [stdout]                                at /opt/rustwide/cargo-home/registry/src/index.crates.io-6f17d22bba15001f/tokio-1.20.1/src/coop.rs:102:9
[INFO] [stdout]   35:     0x6032a01b2aca - std::thread::local::LocalKey<T>::try_with::h303101f793c4d3fc
[INFO] [stdout]                                at /rustc/202008a1b8de96d2e5b6bc02d379db03a877d34d/library/std/src/thread/local.rs:283:12
[INFO] [stdout]   36:     0x6032a01b29ca - std::thread::local::LocalKey<T>::with::h79563dfe860ade04
[INFO] [stdout]                                at /rustc/202008a1b8de96d2e5b6bc02d379db03a877d34d/library/std/src/thread/local.rs:260:9
[INFO] [stdout]   37:     0x6032a019d2f9 - tokio::coop::with_budget::h0723d801357651d8
[INFO] [stdout]                                at /opt/rustwide/cargo-home/registry/src/index.crates.io-6f17d22bba15001f/tokio-1.20.1/src/coop.rs:95:5
[INFO] [stdout]   38:     0x6032a019d2f9 - tokio::coop::budget::h24cfd7527665d2f0
[INFO] [stdout]                                at /opt/rustwide/cargo-home/registry/src/index.crates.io-6f17d22bba15001f/tokio-1.20.1/src/coop.rs:72:5
[INFO] [stdout]   39:     0x6032a019d2f9 - tokio::runtime::basic_scheduler::CoreGuard::block_on::{{closure}}::{{closure}}::h559aeb4ef30bd769
[INFO] [stdout]                                at /opt/rustwide/cargo-home/registry/src/index.crates.io-6f17d22bba15001f/tokio-1.20.1/src/runtime/basic_scheduler.rs:543:25
[INFO] [stdout]   40:     0x6032a019bfc0 - tokio::runtime::basic_scheduler::Context::enter::h7fb8cbf445cd5863
[INFO] [stdout]                                at /opt/rustwide/cargo-home/registry/src/index.crates.io-6f17d22bba15001f/tokio-1.20.1/src/runtime/basic_scheduler.rs:367:19
[INFO] [stdout]   41:     0x6032a019cc3f - tokio::runtime::basic_scheduler::CoreGuard::block_on::{{closure}}::h5597efdfba8f5446
[INFO] [stdout]                                at /opt/rustwide/cargo-home/registry/src/index.crates.io-6f17d22bba15001f/tokio-1.20.1/src/runtime/basic_scheduler.rs:542:36
[INFO] [stdout]   42:     0x6032a019c9c4 - tokio::runtime::basic_scheduler::CoreGuard::enter::{{closure}}::h093186d8a6b08745
[INFO] [stdout]                                at /opt/rustwide/cargo-home/registry/src/index.crates.io-6f17d22bba15001f/tokio-1.20.1/src/runtime/basic_scheduler.rs:613:57
[INFO] [stdout]   43:     0x6032a01b8353 - tokio::macros::scoped_tls::ScopedKey<T>::set::hcff263fbf29483a6
[INFO] [stdout]                                at /opt/rustwide/cargo-home/registry/src/index.crates.io-6f17d22bba15001f/tokio-1.20.1/src/macros/scoped_tls.rs:61:9
[INFO] [stdout]   44:     0x6032a019c76f - tokio::runtime::basic_scheduler::CoreGuard::enter::hf24d902af86d9bc0
[INFO] [stdout]                                at /opt/rustwide/cargo-home/registry/src/index.crates.io-6f17d22bba15001f/tokio-1.20.1/src/runtime/basic_scheduler.rs:613:27
[INFO] [stdout]   45:     0x6032a019c9e2 - tokio::runtime::basic_scheduler::CoreGuard::block_on::h019127cc627d0a57
[INFO] [stdout]                                at /opt/rustwide/cargo-home/registry/src/index.crates.io-6f17d22bba15001f/tokio-1.20.1/src/runtime/basic_scheduler.rs:533:19
[INFO] [stdout]   46:     0x6032a019ba38 - tokio::runtime::basic_scheduler::BasicScheduler::block_on::hdb3a53c1fbb2ccc9
[INFO] [stdout]                                at /opt/rustwide/cargo-home/registry/src/index.crates.io-6f17d22bba15001f/tokio-1.20.1/src/runtime/basic_scheduler.rs:179:24
[INFO] [stdout]   47:     0x6032a019d462 - tokio::runtime::Runtime::block_on::h4ff5ec50f597e80c
[INFO] [stdout]                                at /opt/rustwide/cargo-home/registry/src/index.crates.io-6f17d22bba15001f/tokio-1.20.1/src/runtime/mod.rs:482:46
[INFO] [stdout]   48:     0x6032a01b408b - tokio::task::local::LocalSet::block_on::hd4785d3c65e0691d
[INFO] [stdout]                                at /opt/rustwide/cargo-home/registry/src/index.crates.io-6f17d22bba15001f/tokio-1.20.1/src/task/local.rs:463:9
[INFO] [stdout]   49:     0x6032a01bb2d7 - actix_rt::runtime::Runtime::block_on::h4dbda8d2d3cd58f7
[INFO] [stdout]                                at /opt/rustwide/cargo-home/registry/src/index.crates.io-6f17d22bba15001f/actix-rt-2.7.0/src/runtime.rs:80:9
[INFO] [stdout]   50:     0x6032a01b5bca - actix_rt::system::SystemRunner::block_on::h814b330703da1d40
[INFO] [stdout]                                at /opt/rustwide/cargo-home/registry/src/index.crates.io-6f17d22bba15001f/actix-rt-2.7.0/src/system.rs:209:9
[INFO] [stdout]   51:     0x6032a01bbac2 - caelid::app::model::user::authentication::test::authenticate_via_uname_pw::h3f10fe78314edac8
[INFO] [stdout]                                at /opt/rustwide/workdir/src/app/model/user/authentication.rs:29:5
[INFO] [stdout]   52:     0x6032a01bba77 - caelid::app::model::user::authentication::test::authenticate_via_uname_pw::{{closure}}::hffb304a50d72ff89
[INFO] [stdout]                                at /opt/rustwide/workdir/src/app/model/user/authentication.rs:30:41
[INFO] [stdout]   53:     0x6032a01b6956 - core::ops::function::FnOnce::call_once::h533317b6d5806cbb
[INFO] [stdout]                                at /rustc/202008a1b8de96d2e5b6bc02d379db03a877d34d/library/core/src/ops/function.rs:250:5
[INFO] [stdout]   54:     0x6032a01fb87b - core::ops::function::FnOnce::call_once::h871bf86719ec9aa4
[INFO] [stdout]                                at /rustc/202008a1b8de96d2e5b6bc02d379db03a877d34d/library/core/src/ops/function.rs:250:5
[INFO] [stdout]   55:     0x6032a01fb87b - test::__rust_begin_short_backtrace::h2167df1e2b7d76fd
[INFO] [stdout]                                at /rustc/202008a1b8de96d2e5b6bc02d379db03a877d34d/library/test/src/lib.rs:632:18
[INFO] [stdout]   56:     0x6032a01fb268 - test::run_test_in_process::{{closure}}::h15d92f75a3adfb79
[INFO] [stdout]                                at /rustc/202008a1b8de96d2e5b6bc02d379db03a877d34d/library/test/src/lib.rs:655:60
[INFO] [stdout]   57:     0x6032a01fb268 - <core::panic::unwind_safe::AssertUnwindSafe<F> as core::ops::function::FnOnce<()>>::call_once::hb6c8955835a8dbbb
[INFO] [stdout]                                at /rustc/202008a1b8de96d2e5b6bc02d379db03a877d34d/library/core/src/panic/unwind_safe.rs:272:9
[INFO] [stdout]   58:     0x6032a01fb268 - std::panicking::try::do_call::hc79d0fc888a0bd30
[INFO] [stdout]                                at /rustc/202008a1b8de96d2e5b6bc02d379db03a877d34d/library/std/src/panicking.rs:557:40
[INFO] [stdout]   59:     0x6032a01fb268 - std::panicking::try::hb8a7878e3a8589d6
[INFO] [stdout]                                at /rustc/202008a1b8de96d2e5b6bc02d379db03a877d34d/library/std/src/panicking.rs:520:19
[INFO] [stdout]   60:     0x6032a01fb268 - std::panic::catch_unwind::hb8e4600ff0ff5cfa
[INFO] [stdout]                                at /rustc/202008a1b8de96d2e5b6bc02d379db03a877d34d/library/std/src/panic.rs:358:14
[INFO] [stdout]   61:     0x6032a01fb268 - test::run_test_in_process::hc2900b0b18688dd6
[INFO] [stdout]                                at /rustc/202008a1b8de96d2e5b6bc02d379db03a877d34d/library/test/src/lib.rs:655:27
[INFO] [stdout]   62:     0x6032a01fb268 - test::run_test::{{closure}}::hac2a9cb07be3d48d
[INFO] [stdout]                                at /rustc/202008a1b8de96d2e5b6bc02d379db03a877d34d/library/test/src/lib.rs:576:43
[INFO] [stdout]   63:     0x6032a01bed0a - test::run_test::{{closure}}::h4a5b729e66a38cd8
[INFO] [stdout]                                at /rustc/202008a1b8de96d2e5b6bc02d379db03a877d34d/library/test/src/lib.rs:606:41
[INFO] [stdout]   64:     0x6032a01bed0a - std::sys::backtrace::__rust_begin_short_backtrace::h0496fb742492f573
[INFO] [stdout]                                at /rustc/202008a1b8de96d2e5b6bc02d379db03a877d34d/library/std/src/sys/backtrace.rs:154:18
[INFO] [stdout]   65:     0x6032a01c2684 - std::thread::Builder::spawn_unchecked_::{{closure}}::{{closure}}::hbb6d257c550a54bd
[INFO] [stdout]                                at /rustc/202008a1b8de96d2e5b6bc02d379db03a877d34d/library/std/src/thread/mod.rs:561:17
[INFO] [stdout]   66:     0x6032a01c2684 - <core::panic::unwind_safe::AssertUnwindSafe<F> as core::ops::function::FnOnce<()>>::call_once::h46696fe4a6832328
[INFO] [stdout]                                at /rustc/202008a1b8de96d2e5b6bc02d379db03a877d34d/library/core/src/panic/unwind_safe.rs:272:9
[INFO] [stdout]   67:     0x6032a01c2684 - std::panicking::try::do_call::h2625a51b667bfb64
[INFO] [stdout]                                at /rustc/202008a1b8de96d2e5b6bc02d379db03a877d34d/library/std/src/panicking.rs:557:40
[INFO] [stdout]   68:     0x6032a01c2684 - std::panicking::try::hb956a59a1973aa4c
[INFO] [stdout]                                at /rustc/202008a1b8de96d2e5b6bc02d379db03a877d34d/library/std/src/panicking.rs:520:19
[INFO] [stdout]   69:     0x6032a01c2684 - std::panic::catch_unwind::h64f3b9d1067ef6a0
[INFO] [stdout]                                at /rustc/202008a1b8de96d2e5b6bc02d379db03a877d34d/library/std/src/panic.rs:358:14
[INFO] [stdout]   70:     0x6032a01c2684 - std::thread::Builder::spawn_unchecked_::{{closure}}::h42b2841295b6c0b2
[INFO] [stdout]                                at /rustc/202008a1b8de96d2e5b6bc02d379db03a877d34d/library/std/src/thread/mod.rs:559:30
[INFO] [stdout]   71:     0x6032a01c2684 - core::ops::function::FnOnce::call_once{{vtable.shim}}::h6127de71b8124639
[INFO] [stdout]                                at /rustc/202008a1b8de96d2e5b6bc02d379db03a877d34d/library/core/src/ops/function.rs:250:5
[INFO] [stdout]   72:     0x6032a032495b - <alloc::boxed::Box<F,A> as core::ops::function::FnOnce<Args>>::call_once::h42f0ba71002a1b2c
[INFO] [stdout]                                at /rustc/202008a1b8de96d2e5b6bc02d379db03a877d34d/library/alloc/src/boxed.rs:1972:9
[INFO] [stdout]   73:     0x6032a032495b - <alloc::boxed::Box<F,A> as core::ops::function::FnOnce<Args>>::call_once::had9e47d7a3dcecb8
[INFO] [stdout]                                at /rustc/202008a1b8de96d2e5b6bc02d379db03a877d34d/library/alloc/src/boxed.rs:1972:9
[INFO] [stdout]   74:     0x6032a032495b - std::sys::pal::unix::thread::Thread::new::thread_start::h48cf765408f6f5f2
[INFO] [stdout]                                at /rustc/202008a1b8de96d2e5b6bc02d379db03a877d34d/library/std/src/sys/pal/unix/thread.rs:105:17
[INFO] [stdout]   75:     0x701a6edeaac3 - <unknown>
[INFO] [stdout]   76:     0x701a6ee7ba04 - clone
[INFO] [stdout]   77:                0x0 - <unknown>
[INFO] [stdout] 
[INFO] [stdout] 
[INFO] [stdout] failures:
[INFO] [stdout]     app::model::user::authentication::test::authenticate_via_uname_pw
[INFO] [stdout] 
[INFO] [stdout] test result: FAILED. 0 passed; 1 failed; 0 ignored; 0 measured; 0 filtered out; finished in 0.10s
[INFO] [stdout] 
[INFO] [stderr] error: test failed, to rerun pass `--bin caelid`
[INFO] running `Command { std: "docker" "inspect" "ff80991746d96de730717cc25f0dbb6ea2ae3df1d77cc28a609a0137dd9d0af8", kill_on_drop: false }`
[INFO] running `Command { std: "docker" "rm" "-f" "ff80991746d96de730717cc25f0dbb6ea2ae3df1d77cc28a609a0137dd9d0af8", kill_on_drop: false }`
[INFO] [stdout] ff80991746d96de730717cc25f0dbb6ea2ae3df1d77cc28a609a0137dd9d0af8
