[INFO] cloning repository https://github.com/KingSherriff/hdvlibrary
[INFO] running `Command { std: "git" "-c" "credential.helper=" "-c" "credential.helper=/workspace/cargo-home/bin/git-credential-null" "clone" "--bare" "https://github.com/KingSherriff/hdvlibrary" "/workspace/cache/git-repos/https%3A%2F%2Fgithub.com%2FKingSherriff%2Fhdvlibrary", kill_on_drop: false }`
[INFO] [stderr] Cloning into bare repository '/workspace/cache/git-repos/https%3A%2F%2Fgithub.com%2FKingSherriff%2Fhdvlibrary'...
[INFO] running `Command { std: "git" "rev-parse" "HEAD", kill_on_drop: false }`
[INFO] [stdout] 07c0cf903c7a7b308196368966c1e3c129385105
[INFO] testing KingSherriff/hdvlibrary against 1.83.0 for beta-1.84.0-4-retry
[INFO] running `Command { std: "git" "clone" "/workspace/cache/git-repos/https%3A%2F%2Fgithub.com%2FKingSherriff%2Fhdvlibrary" "/workspace/builds/worker-4-tc1/source", kill_on_drop: false }`
[INFO] [stderr] Cloning into '/workspace/builds/worker-4-tc1/source'...
[INFO] [stderr] done.
[INFO] validating manifest of git repo https://github.com/KingSherriff/hdvlibrary on toolchain 1.83.0
[INFO] running `Command { std: CARGO_HOME="/workspace/cargo-home" RUSTUP_HOME="/workspace/rustup-home" "/workspace/cargo-home/bin/cargo" "+1.83.0" "metadata" "--manifest-path" "Cargo.toml" "--no-deps", kill_on_drop: false }`
[INFO] started tweaking git repo https://github.com/KingSherriff/hdvlibrary
[INFO] finished tweaking git repo https://github.com/KingSherriff/hdvlibrary
[INFO] tweaked toml for git repo https://github.com/KingSherriff/hdvlibrary written to /workspace/builds/worker-4-tc1/source/Cargo.toml
[INFO] crate git repo https://github.com/KingSherriff/hdvlibrary already has a lockfile, it will not be regenerated
[INFO] running `Command { std: CARGO_HOME="/workspace/cargo-home" RUSTUP_HOME="/workspace/rustup-home" "/workspace/cargo-home/bin/cargo" "+1.83.0" "fetch" "--manifest-path" "Cargo.toml", kill_on_drop: false }`
[INFO] running `Command { std: "docker" "create" "-v" "/var/lib/crater-agent-workspace/builds/worker-4-tc1/target:/opt/rustwide/target:rw,Z" "-v" "/var/lib/crater-agent-workspace/builds/worker-4-tc1/source:/opt/rustwide/workdir:ro,Z" "-v" "/var/lib/crater-agent-workspace/cargo-home:/opt/rustwide/cargo-home:ro,Z" "-v" "/var/lib/crater-agent-workspace/rustup-home:/opt/rustwide/rustup-home:ro,Z" "-e" "SOURCE_DIR=/opt/rustwide/workdir" "-e" "CARGO_TARGET_DIR=/opt/rustwide/target" "-e" "CARGO_HOME=/opt/rustwide/cargo-home" "-e" "RUSTUP_HOME=/opt/rustwide/rustup-home" "-w" "/opt/rustwide/workdir" "-m" "1610612736" "--user" "0:0" "--network" "none" "ghcr.io/rust-lang/crates-build-env/linux@sha256:f3a9d4ad9d972b27faf3965f35b62e55ba32bbce8f20bc8fe909558a86702fde" "/opt/rustwide/cargo-home/bin/cargo" "+1.83.0" "metadata" "--no-deps" "--format-version=1", kill_on_drop: false }`
[INFO] [stdout] e44c6943e93a276410e991129dc3f6a1a1b20fe09653660100499588fce2306a
[INFO] running `Command { std: "docker" "start" "-a" "e44c6943e93a276410e991129dc3f6a1a1b20fe09653660100499588fce2306a", kill_on_drop: false }`
[INFO] running `Command { std: "docker" "inspect" "e44c6943e93a276410e991129dc3f6a1a1b20fe09653660100499588fce2306a", kill_on_drop: false }`
[INFO] running `Command { std: "docker" "rm" "-f" "e44c6943e93a276410e991129dc3f6a1a1b20fe09653660100499588fce2306a", kill_on_drop: false }`
[INFO] [stdout] e44c6943e93a276410e991129dc3f6a1a1b20fe09653660100499588fce2306a
[INFO] running `Command { std: "docker" "create" "-v" "/var/lib/crater-agent-workspace/builds/worker-4-tc1/target:/opt/rustwide/target:rw,Z" "-v" "/var/lib/crater-agent-workspace/builds/worker-4-tc1/source:/opt/rustwide/workdir:ro,Z" "-v" "/var/lib/crater-agent-workspace/cargo-home:/opt/rustwide/cargo-home:ro,Z" "-v" "/var/lib/crater-agent-workspace/rustup-home:/opt/rustwide/rustup-home:ro,Z" "-e" "SOURCE_DIR=/opt/rustwide/workdir" "-e" "CARGO_TARGET_DIR=/opt/rustwide/target" "-e" "CARGO_INCREMENTAL=0" "-e" "RUST_BACKTRACE=full" "-e" "RUSTFLAGS=--cap-lints=warn" "-e" "RUSTDOCFLAGS=--cap-lints=warn" "-e" "CARGO_HOME=/opt/rustwide/cargo-home" "-e" "RUSTUP_HOME=/opt/rustwide/rustup-home" "-w" "/opt/rustwide/workdir" "-m" "1610612736" "--user" "0:0" "--network" "none" "ghcr.io/rust-lang/crates-build-env/linux@sha256:f3a9d4ad9d972b27faf3965f35b62e55ba32bbce8f20bc8fe909558a86702fde" "/opt/rustwide/cargo-home/bin/cargo" "+1.83.0" "build" "--frozen" "--message-format=json", kill_on_drop: false }`
[INFO] [stdout] 01c9373a7c39899916d54834dfe74ca76a4aa036c2352914dbd1d6117a0d363a
[INFO] running `Command { std: "docker" "start" "-a" "01c9373a7c39899916d54834dfe74ca76a4aa036c2352914dbd1d6117a0d363a", kill_on_drop: false }`
[INFO] [stderr]    Compiling libc v0.2.155
[INFO] [stderr]    Compiling ppv-lite86 v0.2.17
[INFO] [stderr]    Compiling getrandom v0.2.15
[INFO] [stderr]    Compiling rand_core v0.6.4
[INFO] [stderr]    Compiling rand_chacha v0.3.1
[INFO] [stderr]    Compiling rand v0.8.5
[INFO] [stderr]    Compiling hdvlibrary v0.1.1 (/opt/rustwide/workdir)
[INFO] [stderr]     Finished `dev` profile [unoptimized + debuginfo] target(s) in 3.48s
[INFO] running `Command { std: "docker" "inspect" "01c9373a7c39899916d54834dfe74ca76a4aa036c2352914dbd1d6117a0d363a", kill_on_drop: false }`
[INFO] running `Command { std: "docker" "rm" "-f" "01c9373a7c39899916d54834dfe74ca76a4aa036c2352914dbd1d6117a0d363a", kill_on_drop: false }`
[INFO] [stdout] 01c9373a7c39899916d54834dfe74ca76a4aa036c2352914dbd1d6117a0d363a
[INFO] running `Command { std: "docker" "create" "-v" "/var/lib/crater-agent-workspace/builds/worker-4-tc1/target:/opt/rustwide/target:rw,Z" "-v" "/var/lib/crater-agent-workspace/builds/worker-4-tc1/source:/opt/rustwide/workdir:ro,Z" "-v" "/var/lib/crater-agent-workspace/cargo-home:/opt/rustwide/cargo-home:ro,Z" "-v" "/var/lib/crater-agent-workspace/rustup-home:/opt/rustwide/rustup-home:ro,Z" "-e" "SOURCE_DIR=/opt/rustwide/workdir" "-e" "CARGO_TARGET_DIR=/opt/rustwide/target" "-e" "CARGO_INCREMENTAL=0" "-e" "RUST_BACKTRACE=full" "-e" "RUSTFLAGS=--cap-lints=warn" "-e" "RUSTDOCFLAGS=--cap-lints=warn" "-e" "CARGO_HOME=/opt/rustwide/cargo-home" "-e" "RUSTUP_HOME=/opt/rustwide/rustup-home" "-w" "/opt/rustwide/workdir" "-m" "1610612736" "--user" "0:0" "--network" "none" "ghcr.io/rust-lang/crates-build-env/linux@sha256:f3a9d4ad9d972b27faf3965f35b62e55ba32bbce8f20bc8fe909558a86702fde" "/opt/rustwide/cargo-home/bin/cargo" "+1.83.0" "test" "--frozen" "--no-run" "--message-format=json", kill_on_drop: false }`
[INFO] [stdout] 21bbc51d3750836ad13e769ce486e62cc808393644c2558ac40406d51c9df065
[INFO] running `Command { std: "docker" "start" "-a" "21bbc51d3750836ad13e769ce486e62cc808393644c2558ac40406d51c9df065", kill_on_drop: false }`
[INFO] [stderr]    Compiling hdvlibrary v0.1.1 (/opt/rustwide/workdir)
[INFO] [stderr]     Finished `test` profile [unoptimized + debuginfo] target(s) in 0.52s
[INFO] running `Command { std: "docker" "inspect" "21bbc51d3750836ad13e769ce486e62cc808393644c2558ac40406d51c9df065", kill_on_drop: false }`
[INFO] running `Command { std: "docker" "rm" "-f" "21bbc51d3750836ad13e769ce486e62cc808393644c2558ac40406d51c9df065", kill_on_drop: false }`
[INFO] [stdout] 21bbc51d3750836ad13e769ce486e62cc808393644c2558ac40406d51c9df065
[INFO] running `Command { std: "docker" "create" "-v" "/var/lib/crater-agent-workspace/builds/worker-4-tc1/target:/opt/rustwide/target:rw,Z" "-v" "/var/lib/crater-agent-workspace/builds/worker-4-tc1/source:/opt/rustwide/workdir:ro,Z" "-v" "/var/lib/crater-agent-workspace/cargo-home:/opt/rustwide/cargo-home:ro,Z" "-v" "/var/lib/crater-agent-workspace/rustup-home:/opt/rustwide/rustup-home:ro,Z" "-e" "SOURCE_DIR=/opt/rustwide/workdir" "-e" "CARGO_TARGET_DIR=/opt/rustwide/target" "-e" "CARGO_INCREMENTAL=0" "-e" "RUST_BACKTRACE=full" "-e" "RUSTFLAGS=--cap-lints=warn" "-e" "RUSTDOCFLAGS=--cap-lints=warn" "-e" "CARGO_HOME=/opt/rustwide/cargo-home" "-e" "RUSTUP_HOME=/opt/rustwide/rustup-home" "-w" "/opt/rustwide/workdir" "-m" "1610612736" "--user" "0:0" "--network" "none" "ghcr.io/rust-lang/crates-build-env/linux@sha256:f3a9d4ad9d972b27faf3965f35b62e55ba32bbce8f20bc8fe909558a86702fde" "/opt/rustwide/cargo-home/bin/cargo" "+1.83.0" "test" "--frozen", kill_on_drop: false }`
[INFO] [stdout] 92b3348b20d3e816f4e9a12c8cc64d0e65b0a4a04e428e1436c60bbd68f8e78b
[INFO] running `Command { std: "docker" "start" "-a" "92b3348b20d3e816f4e9a12c8cc64d0e65b0a4a04e428e1436c60bbd68f8e78b", kill_on_drop: false }`
[INFO] [stderr]     Finished `test` profile [unoptimized + debuginfo] target(s) in 0.02s
[INFO] [stderr]      Running unittests src/lib.rs (/opt/rustwide/target/debug/deps/hdvlibrary-0afd83c25b2cc7e6)
[INFO] [stderr]    Doc-tests hdvlibrary
[INFO] [stdout] 
[INFO] [stdout] running 0 tests
[INFO] [stdout] 
[INFO] [stdout] test result: ok. 0 passed; 0 failed; 0 ignored; 0 measured; 0 filtered out; finished in 0.00s
[INFO] [stdout] 
[INFO] [stdout] 
[INFO] [stdout] running 4 tests
[INFO] [stdout] test src/lib.rs - gen_hdv_matrix (line 54) ... FAILED
[INFO] [stdout] test src/lib.rs - gen_hdv_matrix_custom (line 73) ... FAILED
[INFO] [stdout] test src/lib.rs - gen_hdv (line 8) ... FAILED
[INFO] [stdout] test src/lib.rs - gen_hdv_custom (line 31) ... FAILED
[INFO] [stdout] 
[INFO] [stdout] failures:
[INFO] [stdout] 
[INFO] [stdout] ---- src/lib.rs - gen_hdv_matrix (line 54) stdout ----
[INFO] [stdout] error[E0425]: cannot find function `gen_hdv_matrix` in this scope
[INFO] [stdout]  --> src/lib.rs:55:12
[INFO] [stdout]   |
[INFO] [stdout] 3 | let hdvm = gen_hdv_matrix(3);
[INFO] [stdout]   |            ^^^^^^^^^^^^^^ not found in this scope
[INFO] [stdout]   |
[INFO] [stdout] help: consider importing this function
[INFO] [stdout]   |
[INFO] [stdout] 2 + use hdvlibrary::gen_hdv_matrix;
[INFO] [stdout]   |
[INFO] [stdout] 
[INFO] [stdout] error[E0425]: cannot find function `len` in this scope
[INFO] [stdout]  --> src/lib.rs:58:15
[INFO] [stdout]   |
[INFO] [stdout] 6 | assert_eq!(3, len(hdvm));
[INFO] [stdout]   |               ^^^ not found in this scope
[INFO] [stdout] 
[INFO] [stdout] error[E0425]: cannot find function `len` in this scope
[INFO] [stdout]  --> src/lib.rs:59:19
[INFO] [stdout]   |
[INFO] [stdout] 7 | assert_eq!(10000, len(hdv));
[INFO] [stdout]   |                   ^^^ not found in this scope
[INFO] [stdout] 
[INFO] [stdout] error: aborting due to 3 previous errors
[INFO] [stdout] 
[INFO] [stdout] For more information about this error, try `rustc --explain E0425`.
[INFO] [stdout] Couldn't compile the test.
[INFO] [stdout] ---- src/lib.rs - gen_hdv_matrix_custom (line 73) stdout ----
[INFO] [stdout] error[E0425]: cannot find function `gen_hdv_matrix` in this scope
[INFO] [stdout]  --> src/lib.rs:74:12
[INFO] [stdout]   |
[INFO] [stdout] 3 | let hdvm = gen_hdv_matrix(3, 20000, 0.8);
[INFO] [stdout]   |            ^^^^^^^^^^^^^^ not found in this scope
[INFO] [stdout]   |
[INFO] [stdout] help: consider importing this function
[INFO] [stdout]   |
[INFO] [stdout] 2 + use hdvlibrary::gen_hdv_matrix;
[INFO] [stdout]   |
[INFO] [stdout] 
[INFO] [stdout] error[E0425]: cannot find function `len` in this scope
[INFO] [stdout]  --> src/lib.rs:77:15
[INFO] [stdout]   |
[INFO] [stdout] 6 | assert_eq!(3, len(hdvm));
[INFO] [stdout]   |               ^^^ not found in this scope
[INFO] [stdout] 
[INFO] [stdout] error[E0425]: cannot find function `len` in this scope
[INFO] [stdout]  --> src/lib.rs:78:19
[INFO] [stdout]   |
[INFO] [stdout] 7 | assert_eq!(20000, len(hdv));
[INFO] [stdout]   |                   ^^^ not found in this scope
[INFO] [stdout] 
[INFO] [stdout] error: aborting due to 3 previous errors
[INFO] [stdout] 
[INFO] [stdout] For more information about this error, try `rustc --explain E0425`.
[INFO] [stdout] Couldn't compile the test.
[INFO] [stdout] ---- src/lib.rs - gen_hdv (line 8) stdout ----
[INFO] [stdout] error[E0425]: cannot find function `gen_hdv` in this scope
[INFO] [stdout]  --> src/lib.rs:9:11
[INFO] [stdout]   |
[INFO] [stdout] 3 | let hdv = gen_hdv();
[INFO] [stdout]   |           ^^^^^^^ not found in this scope
[INFO] [stdout]   |
[INFO] [stdout] help: consider importing this function
[INFO] [stdout]   |
[INFO] [stdout] 2 + use hdvlibrary::gen_hdv;
[INFO] [stdout]   |
[INFO] [stdout] 
[INFO] [stdout] error[E0425]: cannot find function `len` in this scope
[INFO] [stdout]  --> src/lib.rs:11:19
[INFO] [stdout]   |
[INFO] [stdout] 5 | assert_eq!(10000, len(hdv));
[INFO] [stdout]   |                   ^^^ not found in this scope
[INFO] [stdout] 
[INFO] [stdout] error: aborting due to 2 previous errors
[INFO] [stdout] 
[INFO] [stdout] For more information about this error, try `rustc --explain E0425`.
[INFO] [stdout] Couldn't compile the test.
[INFO] [stdout] ---- src/lib.rs - gen_hdv_custom (line 31) stdout ----
[INFO] [stdout] error[E0425]: cannot find function `gen_hdv_num` in this scope
[INFO] [stdout]  --> src/lib.rs:32:11
[INFO] [stdout]   |
[INFO] [stdout] 3 | let hdv = gen_hdv_num(20000, 0.8);
[INFO] [stdout]   |           ^^^^^^^^^^^ not found in this scope
[INFO] [stdout] 
[INFO] [stdout] error[E0425]: cannot find function `len` in this scope
[INFO] [stdout]  --> src/lib.rs:34:19
[INFO] [stdout]   |
[INFO] [stdout] 5 | assert_eq!(20000, len(hdv));
[INFO] [stdout]   |                   ^^^ not found in this scope
[INFO] [stdout] 
[INFO] [stdout] error: aborting due to 2 previous errors
[INFO] [stdout] 
[INFO] [stdout] For more information about this error, try `rustc --explain E0425`.
[INFO] [stdout] Couldn't compile the test.
[INFO] [stdout] 
[INFO] [stdout] failures:
[INFO] [stdout]     src/lib.rs - gen_hdv (line 8)
[INFO] [stdout]     src/lib.rs - gen_hdv_custom (line 31)
[INFO] [stdout]     src/lib.rs - gen_hdv_matrix (line 54)
[INFO] [stdout]     src/lib.rs - gen_hdv_matrix_custom (line 73)
[INFO] [stdout] 
[INFO] [stdout] test result: FAILED. 0 passed; 4 failed; 0 ignored; 0 measured; 0 filtered out; finished in 0.24s
[INFO] [stdout] 
[INFO] [stderr] error: doctest failed, to rerun pass `--doc`
[INFO] running `Command { std: "docker" "inspect" "92b3348b20d3e816f4e9a12c8cc64d0e65b0a4a04e428e1436c60bbd68f8e78b", kill_on_drop: false }`
[INFO] running `Command { std: "docker" "rm" "-f" "92b3348b20d3e816f4e9a12c8cc64d0e65b0a4a04e428e1436c60bbd68f8e78b", kill_on_drop: false }`
[INFO] [stdout] 92b3348b20d3e816f4e9a12c8cc64d0e65b0a4a04e428e1436c60bbd68f8e78b
