[INFO] cloning repository https://github.com/KevinV2023/Native-American-Webscraping-Project
[INFO] running `Command { std: "git" "-c" "credential.helper=" "-c" "credential.helper=/workspace/cargo-home/bin/git-credential-null" "clone" "--bare" "https://github.com/KevinV2023/Native-American-Webscraping-Project" "/workspace/cache/git-repos/https%3A%2F%2Fgithub.com%2FKevinV2023%2FNative-American-Webscraping-Project", kill_on_drop: false }`
[INFO] [stderr] Cloning into bare repository '/workspace/cache/git-repos/https%3A%2F%2Fgithub.com%2FKevinV2023%2FNative-American-Webscraping-Project'...
[INFO] running `Command { std: "git" "rev-parse" "HEAD", kill_on_drop: false }`
[INFO] [stdout] c84ca3487ecf00d2d21f1272fc532f5bee2782e4
[INFO] testing KevinV2023/Native-American-Webscraping-Project against 1.83.0 for beta-1.84.0-4-retry
[INFO] running `Command { std: "git" "clone" "/workspace/cache/git-repos/https%3A%2F%2Fgithub.com%2FKevinV2023%2FNative-American-Webscraping-Project" "/workspace/builds/worker-6-tc1/source", kill_on_drop: false }`
[INFO] [stderr] Cloning into '/workspace/builds/worker-6-tc1/source'...
[INFO] [stderr] done.
[INFO] validating manifest of git repo https://github.com/KevinV2023/Native-American-Webscraping-Project on toolchain 1.83.0
[INFO] running `Command { std: CARGO_HOME="/workspace/cargo-home" RUSTUP_HOME="/workspace/rustup-home" "/workspace/cargo-home/bin/cargo" "+1.83.0" "metadata" "--manifest-path" "Cargo.toml" "--no-deps", kill_on_drop: false }`
[INFO] started tweaking git repo https://github.com/KevinV2023/Native-American-Webscraping-Project
[INFO] finished tweaking git repo https://github.com/KevinV2023/Native-American-Webscraping-Project
[INFO] tweaked toml for git repo https://github.com/KevinV2023/Native-American-Webscraping-Project written to /workspace/builds/worker-6-tc1/source/Cargo.toml
[INFO] crate git repo https://github.com/KevinV2023/Native-American-Webscraping-Project already has a lockfile, it will not be regenerated
[INFO] running `Command { std: CARGO_HOME="/workspace/cargo-home" RUSTUP_HOME="/workspace/rustup-home" "/workspace/cargo-home/bin/cargo" "+1.83.0" "fetch" "--manifest-path" "Cargo.toml", kill_on_drop: false }`
[INFO] [stderr]     Updating crates.io index
[INFO] [stderr]  Downloading crates ...
[INFO] [stderr]   Downloaded serpapi-search-rust v0.1.1
[INFO] running `Command { std: "docker" "create" "-v" "/var/lib/crater-agent-workspace/builds/worker-6-tc1/target:/opt/rustwide/target:rw,Z" "-v" "/var/lib/crater-agent-workspace/builds/worker-6-tc1/source:/opt/rustwide/workdir:ro,Z" "-v" "/var/lib/crater-agent-workspace/cargo-home:/opt/rustwide/cargo-home:ro,Z" "-v" "/var/lib/crater-agent-workspace/rustup-home:/opt/rustwide/rustup-home:ro,Z" "-e" "SOURCE_DIR=/opt/rustwide/workdir" "-e" "CARGO_TARGET_DIR=/opt/rustwide/target" "-e" "CARGO_HOME=/opt/rustwide/cargo-home" "-e" "RUSTUP_HOME=/opt/rustwide/rustup-home" "-w" "/opt/rustwide/workdir" "-m" "1610612736" "--user" "0:0" "--network" "none" "ghcr.io/rust-lang/crates-build-env/linux@sha256:f3a9d4ad9d972b27faf3965f35b62e55ba32bbce8f20bc8fe909558a86702fde" "/opt/rustwide/cargo-home/bin/cargo" "+1.83.0" "metadata" "--no-deps" "--format-version=1", kill_on_drop: false }`
[INFO] [stdout] b379b8bdffdf992ae79834f858a616f97a0befa09e1693fd83c9ad2096bff490
[INFO] running `Command { std: "docker" "start" "-a" "b379b8bdffdf992ae79834f858a616f97a0befa09e1693fd83c9ad2096bff490", kill_on_drop: false }`
[INFO] running `Command { std: "docker" "inspect" "b379b8bdffdf992ae79834f858a616f97a0befa09e1693fd83c9ad2096bff490", kill_on_drop: false }`
[INFO] running `Command { std: "docker" "rm" "-f" "b379b8bdffdf992ae79834f858a616f97a0befa09e1693fd83c9ad2096bff490", kill_on_drop: false }`
[INFO] [stdout] b379b8bdffdf992ae79834f858a616f97a0befa09e1693fd83c9ad2096bff490
[INFO] running `Command { std: "docker" "create" "-v" "/var/lib/crater-agent-workspace/builds/worker-6-tc1/target:/opt/rustwide/target:rw,Z" "-v" "/var/lib/crater-agent-workspace/builds/worker-6-tc1/source:/opt/rustwide/workdir:ro,Z" "-v" "/var/lib/crater-agent-workspace/cargo-home:/opt/rustwide/cargo-home:ro,Z" "-v" "/var/lib/crater-agent-workspace/rustup-home:/opt/rustwide/rustup-home:ro,Z" "-e" "SOURCE_DIR=/opt/rustwide/workdir" "-e" "CARGO_TARGET_DIR=/opt/rustwide/target" "-e" "CARGO_INCREMENTAL=0" "-e" "RUST_BACKTRACE=full" "-e" "RUSTFLAGS=--cap-lints=warn" "-e" "RUSTDOCFLAGS=--cap-lints=warn" "-e" "CARGO_HOME=/opt/rustwide/cargo-home" "-e" "RUSTUP_HOME=/opt/rustwide/rustup-home" "-w" "/opt/rustwide/workdir" "-m" "1610612736" "--user" "0:0" "--network" "none" "ghcr.io/rust-lang/crates-build-env/linux@sha256:f3a9d4ad9d972b27faf3965f35b62e55ba32bbce8f20bc8fe909558a86702fde" "/opt/rustwide/cargo-home/bin/cargo" "+1.83.0" "build" "--frozen" "--message-format=json", kill_on_drop: false }`
[INFO] [stdout] 974e2bf0baec17b668119b47de786e6115338dc6b5ca3978765f7daff024f536
[INFO] running `Command { std: "docker" "start" "-a" "974e2bf0baec17b668119b47de786e6115338dc6b5ca3978765f7daff024f536", kill_on_drop: false }`
[INFO] [stderr]    Compiling libc v0.2.133
[INFO] [stderr]    Compiling proc-macro2 v1.0.43
[INFO] [stderr]    Compiling quote v1.0.21
[INFO] [stderr]    Compiling unicode-ident v1.0.4
[INFO] [stderr]    Compiling syn v1.0.100
[INFO] [stderr]    Compiling log v0.4.17
[INFO] [stderr]    Compiling once_cell v1.15.0
[INFO] [stderr]    Compiling lock_api v0.4.9
[INFO] [stderr]    Compiling cc v1.0.73
[INFO] [stderr]    Compiling pkg-config v0.3.25
[INFO] [stderr]    Compiling pin-project-lite v0.2.9
[INFO] [stderr]    Compiling parking_lot_core v0.9.3
[INFO] [stderr]    Compiling scopeguard v1.1.0
[INFO] [stderr]    Compiling bytes v1.2.1
[INFO] [stderr]    Compiling smallvec v1.9.0
[INFO] [stderr]    Compiling futures-core v0.3.24
[INFO] [stderr]    Compiling tokio v1.21.1
[INFO] [stderr]    Compiling itoa v1.0.3
[INFO] [stderr]    Compiling futures-task v0.3.24
[INFO] [stderr]    Compiling tracing-core v0.1.29
[INFO] [stderr]    Compiling slab v0.4.7
[INFO] [stderr]    Compiling indexmap v1.9.1
[INFO] [stderr]    Compiling futures-util v0.3.24
[INFO] [stderr]    Compiling openssl v0.10.41
[INFO] [stderr]    Compiling futures-channel v0.3.24
[INFO] [stderr]    Compiling serde v1.0.145
[INFO] [stderr]    Compiling native-tls v0.2.10
[INFO] [stderr]    Compiling hashbrown v0.12.3
[INFO] [stderr]    Compiling futures-sink v0.3.24
[INFO] [stderr]    Compiling tinyvec_macros v0.1.0
[INFO] [stderr]    Compiling try-lock v0.2.3
[INFO] [stderr]    Compiling tinyvec v1.6.0
[INFO] [stderr]    Compiling openssl-probe v0.1.5
[INFO] [stderr]    Compiling percent-encoding v2.2.0
[INFO] [stderr]    Compiling want v0.3.0
[INFO] [stderr]    Compiling http v0.2.8
[INFO] [stderr]    Compiling form_urlencoded v1.1.0
[INFO] [stderr]    Compiling tower-service v0.3.2
[INFO] [stderr]    Compiling unicode-bidi v0.3.8
[INFO] [stderr]    Compiling ryu v1.0.11
[INFO] [stderr]    Compiling httpdate v1.0.2
[INFO] [stderr]    Compiling tracing v0.1.36
[INFO] [stderr]    Compiling encoding_rs v0.8.31
[INFO] [stderr]    Compiling mio v0.8.4
[INFO] [stderr]    Compiling num_cpus v1.13.1
[INFO] [stderr]    Compiling signal-hook-registry v1.4.0
[INFO] [stderr]    Compiling parking_lot v0.12.1
[INFO] [stderr]    Compiling socket2 v0.4.7
[INFO] [stderr]    Compiling serde_json v1.0.85
[INFO] [stderr]    Compiling unicode-normalization v0.1.22
[INFO] [stderr]    Compiling ipnet v2.5.0
[INFO] [stderr]    Compiling openssl-sys v0.9.75
[INFO] [stderr]    Compiling base64 v0.13.0
[INFO] [stderr]    Compiling mime v0.3.16
[INFO] [stderr]    Compiling http-body v0.4.5
[INFO] [stderr]    Compiling idna v0.3.0
[INFO] [stderr]    Compiling url v2.3.1
[INFO] [stderr]    Compiling serde_urlencoded v0.7.1
[INFO] [stderr]    Compiling tokio-macros v1.8.0
[INFO] [stderr]    Compiling openssl-macros v0.1.0
[INFO] [stderr]    Compiling tokio-util v0.7.4
[INFO] [stderr]    Compiling tokio-native-tls v0.3.0
[INFO] [stderr]    Compiling h2 v0.3.14
[INFO] [stderr]    Compiling hyper v0.14.20
[INFO] [stderr]    Compiling hyper-tls v0.5.0
[INFO] [stderr]    Compiling reqwest v0.11.12
[INFO] [stderr]    Compiling serpapi-search-rust v0.1.1
[INFO] [stderr]    Compiling Native-American-Webscraping-Project v0.1.0 (/opt/rustwide/workdir)
[INFO] [stdout] warning: unused imports: `ops::Deref`, `path::Path`, `self`, and `self`
[INFO] [stdout]  --> src/lib.rs:1:44
[INFO] [stdout]   |
[INFO] [stdout] 1 | use std::{collections::HashMap, fs::{File, self}, io::{self, BufRead, BufReader, Error}, path::Path, ops::Deref};
[INFO] [stdout]   |                                            ^^^^        ^^^^                              ^^^^^^^^^^  ^^^^^^^^^^
[INFO] [stdout]   |
[INFO] [stdout]   = note: `#[warn(unused_imports)]` on by default
[INFO] [stdout] 
[INFO] [stdout] 
[INFO] [stdout] warning: unused import: `json`
[INFO] [stdout]  --> src/lib.rs:2:25
[INFO] [stdout]   |
[INFO] [stdout] 2 | use serde_json::{Value, json};
[INFO] [stdout]   |                         ^^^^
[INFO] [stdout] 
[INFO] [stdout] 
[INFO] [stdout] warning: crate `Native_American_Webscraping_Project` should have a snake case name
[INFO] [stdout]   |
[INFO] [stdout]   = help: convert the identifier to snake case: `native_american_webscraping_project`
[INFO] [stdout]   = note: `#[warn(non_snake_case)]` on by default
[INFO] [stdout] 
[INFO] [stdout] 
[INFO] [stdout] warning: call to `.clone()` on a reference in this situation does nothing
[INFO] [stdout]   --> src/lib.rs:50:23
[INFO] [stdout]    |
[INFO] [stdout] 50 |     path.push_str(name.clone());
[INFO] [stdout]    |                       ^^^^^^^^ help: remove this redundant call
[INFO] [stdout]    |
[INFO] [stdout]    = note: the type `str` does not implement `Clone`, so calling `clone` on `&str` copies the reference, which does not do anything and can be removed
[INFO] [stdout]    = note: `#[warn(noop_method_call)]` on by default
[INFO] [stdout] 
[INFO] [stdout] 
[INFO] [stdout] warning: unused import: `serpapi_search_rust::serp_api_search::SerpApiSearch`
[INFO] [stdout]  --> src/main.rs:4:5
[INFO] [stdout]   |
[INFO] [stdout] 4 | use serpapi_search_rust::serp_api_search::SerpApiSearch;
[INFO] [stdout]   |     ^^^^^^^^^^^^^^^^^^^^^^^^^^^^^^^^^^^^^^^^^^^^^^^^^^^
[INFO] [stdout]   |
[INFO] [stdout]   = note: `#[warn(unused_imports)]` on by default
[INFO] [stdout] 
[INFO] [stdout] 
[INFO] [stdout] warning: unused import: `std::collections::HashMap`
[INFO] [stdout]  --> src/main.rs:5:5
[INFO] [stdout]   |
[INFO] [stdout] 5 | use std::collections::HashMap;
[INFO] [stdout]   |     ^^^^^^^^^^^^^^^^^^^^^^^^^
[INFO] [stdout] 
[INFO] [stdout] 
[INFO] [stdout] warning: unused variable: `dispenser`
[INFO] [stdout]   --> src/main.rs:10:7
[INFO] [stdout]    |
[INFO] [stdout] 10 |   let dispenser = Dispenser::new("key.txt", "tribes.txt");
[INFO] [stdout]    |       ^^^^^^^^^ help: if this is intentional, prefix it with an underscore: `_dispenser`
[INFO] [stdout]    |
[INFO] [stdout]    = note: `#[warn(unused_variables)]` on by default
[INFO] [stdout] 
[INFO] [stdout] 
[INFO] [stderr]     Finished `dev` profile [unoptimized + debuginfo] target(s) in 38.14s
[INFO] running `Command { std: "docker" "inspect" "974e2bf0baec17b668119b47de786e6115338dc6b5ca3978765f7daff024f536", kill_on_drop: false }`
[INFO] running `Command { std: "docker" "rm" "-f" "974e2bf0baec17b668119b47de786e6115338dc6b5ca3978765f7daff024f536", kill_on_drop: false }`
[INFO] [stdout] 974e2bf0baec17b668119b47de786e6115338dc6b5ca3978765f7daff024f536
[INFO] running `Command { std: "docker" "create" "-v" "/var/lib/crater-agent-workspace/builds/worker-6-tc1/target:/opt/rustwide/target:rw,Z" "-v" "/var/lib/crater-agent-workspace/builds/worker-6-tc1/source:/opt/rustwide/workdir:ro,Z" "-v" "/var/lib/crater-agent-workspace/cargo-home:/opt/rustwide/cargo-home:ro,Z" "-v" "/var/lib/crater-agent-workspace/rustup-home:/opt/rustwide/rustup-home:ro,Z" "-e" "SOURCE_DIR=/opt/rustwide/workdir" "-e" "CARGO_TARGET_DIR=/opt/rustwide/target" "-e" "CARGO_INCREMENTAL=0" "-e" "RUST_BACKTRACE=full" "-e" "RUSTFLAGS=--cap-lints=warn" "-e" "RUSTDOCFLAGS=--cap-lints=warn" "-e" "CARGO_HOME=/opt/rustwide/cargo-home" "-e" "RUSTUP_HOME=/opt/rustwide/rustup-home" "-w" "/opt/rustwide/workdir" "-m" "1610612736" "--user" "0:0" "--network" "none" "ghcr.io/rust-lang/crates-build-env/linux@sha256:f3a9d4ad9d972b27faf3965f35b62e55ba32bbce8f20bc8fe909558a86702fde" "/opt/rustwide/cargo-home/bin/cargo" "+1.83.0" "test" "--frozen" "--no-run" "--message-format=json", kill_on_drop: false }`
[INFO] [stdout] fc71ba37eef266ebc0dc2583286314422e16f913a0b2fae0636dd32dbcefaba4
[INFO] running `Command { std: "docker" "start" "-a" "fc71ba37eef266ebc0dc2583286314422e16f913a0b2fae0636dd32dbcefaba4", kill_on_drop: false }`
[INFO] [stderr]    Compiling Native-American-Webscraping-Project v0.1.0 (/opt/rustwide/workdir)
[INFO] [stdout] warning: unused imports: `ops::Deref`, `path::Path`, `self`, and `self`
[INFO] [stdout]  --> src/lib.rs:1:44
[INFO] [stdout]   |
[INFO] [stdout] 1 | use std::{collections::HashMap, fs::{File, self}, io::{self, BufRead, BufReader, Error}, path::Path, ops::Deref};
[INFO] [stdout]   |                                            ^^^^        ^^^^                              ^^^^^^^^^^  ^^^^^^^^^^
[INFO] [stdout]   |
[INFO] [stdout]   = note: `#[warn(unused_imports)]` on by default
[INFO] [stdout] 
[INFO] [stdout] 
[INFO] [stdout] warning: unused import: `json`
[INFO] [stdout]  --> src/lib.rs:2:25
[INFO] [stdout]   |
[INFO] [stdout] 2 | use serde_json::{Value, json};
[INFO] [stdout]   |                         ^^^^
[INFO] [stdout] 
[INFO] [stdout] 
[INFO] [stdout] warning: crate `Native_American_Webscraping_Project` should have a snake case name
[INFO] [stdout]   |
[INFO] [stdout]   = help: convert the identifier to snake case: `native_american_webscraping_project`
[INFO] [stdout]   = note: `#[warn(non_snake_case)]` on by default
[INFO] [stdout] 
[INFO] [stdout] 
[INFO] [stdout] warning: call to `.clone()` on a reference in this situation does nothing
[INFO] [stdout]   --> src/lib.rs:50:23
[INFO] [stdout]    |
[INFO] [stdout] 50 |     path.push_str(name.clone());
[INFO] [stdout]    |                       ^^^^^^^^ help: remove this redundant call
[INFO] [stdout]    |
[INFO] [stdout]    = note: the type `str` does not implement `Clone`, so calling `clone` on `&str` copies the reference, which does not do anything and can be removed
[INFO] [stdout]    = note: `#[warn(noop_method_call)]` on by default
[INFO] [stdout] 
[INFO] [stdout] 
[INFO] [stdout] warning: unused import: `serpapi_search_rust::serp_api_search::SerpApiSearch`
[INFO] [stdout]  --> src/main.rs:4:5
[INFO] [stdout]   |
[INFO] [stdout] 4 | use serpapi_search_rust::serp_api_search::SerpApiSearch;
[INFO] [stdout]   |     ^^^^^^^^^^^^^^^^^^^^^^^^^^^^^^^^^^^^^^^^^^^^^^^^^^^
[INFO] [stdout]   |
[INFO] [stdout]   = note: `#[warn(unused_imports)]` on by default
[INFO] [stdout] 
[INFO] [stdout] 
[INFO] [stdout] warning: unused import: `std::collections::HashMap`
[INFO] [stdout]  --> src/main.rs:5:5
[INFO] [stdout]   |
[INFO] [stdout] 5 | use std::collections::HashMap;
[INFO] [stdout]   |     ^^^^^^^^^^^^^^^^^^^^^^^^^
[INFO] [stdout] 
[INFO] [stdout] 
[INFO] [stdout] warning: unused variable: `dispenser`
[INFO] [stdout]   --> src/main.rs:10:7
[INFO] [stdout]    |
[INFO] [stdout] 10 |   let dispenser = Dispenser::new("key.txt", "tribes.txt");
[INFO] [stdout]    |       ^^^^^^^^^ help: if this is intentional, prefix it with an underscore: `_dispenser`
[INFO] [stdout]    |
[INFO] [stdout]    = note: `#[warn(unused_variables)]` on by default
[INFO] [stdout] 
[INFO] [stdout] 
[INFO] [stdout] warning: unused imports: `ops::Deref`, `path::Path`, `self`, and `self`
[INFO] [stdout]  --> src/lib.rs:1:44
[INFO] [stdout]   |
[INFO] [stdout] 1 | use std::{collections::HashMap, fs::{File, self}, io::{self, BufRead, BufReader, Error}, path::Path, ops::Deref};
[INFO] [stdout]   |                                            ^^^^        ^^^^                              ^^^^^^^^^^  ^^^^^^^^^^
[INFO] [stdout]   |
[INFO] [stdout]   = note: `#[warn(unused_imports)]` on by default
[INFO] [stdout] 
[INFO] [stdout] 
[INFO] [stdout] warning: unused import: `json`
[INFO] [stdout]  --> src/lib.rs:2:25
[INFO] [stdout]   |
[INFO] [stdout] 2 | use serde_json::{Value, json};
[INFO] [stdout]   |                         ^^^^
[INFO] [stdout] 
[INFO] [stdout] 
[INFO] [stdout] warning: unused import: `json`
[INFO] [stdout]   --> src/lib.rs:71:29
[INFO] [stdout]    |
[INFO] [stdout] 71 |     use serde_json::{Value, json};
[INFO] [stdout]    |                             ^^^^
[INFO] [stdout] 
[INFO] [stdout] 
[INFO] [stdout] warning: call to `.clone()` on a reference in this situation does nothing
[INFO] [stdout]   --> src/lib.rs:50:23
[INFO] [stdout]    |
[INFO] [stdout] 50 |     path.push_str(name.clone());
[INFO] [stdout]    |                       ^^^^^^^^ help: remove this redundant call
[INFO] [stdout]    |
[INFO] [stdout]    = note: the type `str` does not implement `Clone`, so calling `clone` on `&str` copies the reference, which does not do anything and can be removed
[INFO] [stdout]    = note: `#[warn(noop_method_call)]` on by default
[INFO] [stdout] 
[INFO] [stdout] 
[INFO] [stderr]     Finished `test` profile [unoptimized + debuginfo] target(s) in 3.34s
[INFO] running `Command { std: "docker" "inspect" "fc71ba37eef266ebc0dc2583286314422e16f913a0b2fae0636dd32dbcefaba4", kill_on_drop: false }`
[INFO] running `Command { std: "docker" "rm" "-f" "fc71ba37eef266ebc0dc2583286314422e16f913a0b2fae0636dd32dbcefaba4", kill_on_drop: false }`
[INFO] [stdout] fc71ba37eef266ebc0dc2583286314422e16f913a0b2fae0636dd32dbcefaba4
[INFO] running `Command { std: "docker" "create" "-v" "/var/lib/crater-agent-workspace/builds/worker-6-tc1/target:/opt/rustwide/target:rw,Z" "-v" "/var/lib/crater-agent-workspace/builds/worker-6-tc1/source:/opt/rustwide/workdir:ro,Z" "-v" "/var/lib/crater-agent-workspace/cargo-home:/opt/rustwide/cargo-home:ro,Z" "-v" "/var/lib/crater-agent-workspace/rustup-home:/opt/rustwide/rustup-home:ro,Z" "-e" "SOURCE_DIR=/opt/rustwide/workdir" "-e" "CARGO_TARGET_DIR=/opt/rustwide/target" "-e" "CARGO_INCREMENTAL=0" "-e" "RUST_BACKTRACE=full" "-e" "RUSTFLAGS=--cap-lints=warn" "-e" "RUSTDOCFLAGS=--cap-lints=warn" "-e" "CARGO_HOME=/opt/rustwide/cargo-home" "-e" "RUSTUP_HOME=/opt/rustwide/rustup-home" "-w" "/opt/rustwide/workdir" "-m" "1610612736" "--user" "0:0" "--network" "none" "ghcr.io/rust-lang/crates-build-env/linux@sha256:f3a9d4ad9d972b27faf3965f35b62e55ba32bbce8f20bc8fe909558a86702fde" "/opt/rustwide/cargo-home/bin/cargo" "+1.83.0" "test" "--frozen", kill_on_drop: false }`
[INFO] [stdout] bbdb176ae03fc09aa956d33e34dce9ae822191b9288993885cee452c0fb2e846
[INFO] running `Command { std: "docker" "start" "-a" "bbdb176ae03fc09aa956d33e34dce9ae822191b9288993885cee452c0fb2e846", kill_on_drop: false }`
[INFO] [stderr] warning: unused imports: `ops::Deref`, `path::Path`, `self`, and `self`
[INFO] [stderr]  --> src/lib.rs:1:44
[INFO] [stderr]   |
[INFO] [stderr] 1 | use std::{collections::HashMap, fs::{File, self}, io::{self, BufRead, BufReader, Error}, path::Path, ops::Deref};
[INFO] [stderr]   |                                            ^^^^        ^^^^                              ^^^^^^^^^^  ^^^^^^^^^^
[INFO] [stderr]   |
[INFO] [stderr]   = note: `#[warn(unused_imports)]` on by default
[INFO] [stderr] 
[INFO] [stderr] warning: unused import: `json`
[INFO] [stderr]  --> src/lib.rs:2:25
[INFO] [stderr]   |
[INFO] [stderr] 2 | use serde_json::{Value, json};
[INFO] [stderr]   |                         ^^^^
[INFO] [stderr] 
[INFO] [stderr] warning: crate `Native_American_Webscraping_Project` should have a snake case name
[INFO] [stderr]   |
[INFO] [stderr]   = help: convert the identifier to snake case: `native_american_webscraping_project`
[INFO] [stderr]   = note: `#[warn(non_snake_case)]` on by default
[INFO] [stderr] 
[INFO] [stderr] warning: call to `.clone()` on a reference in this situation does nothing
[INFO] [stderr]   --> src/lib.rs:50:23
[INFO] [stderr]    |
[INFO] [stderr] 50 |     path.push_str(name.clone());
[INFO] [stderr]    |                       ^^^^^^^^ help: remove this redundant call
[INFO] [stderr]    |
[INFO] [stderr]    = note: the type `str` does not implement `Clone`, so calling `clone` on `&str` copies the reference, which does not do anything and can be removed
[INFO] [stderr]    = note: `#[warn(noop_method_call)]` on by default
[INFO] [stderr] 
[INFO] [stderr] warning: unused import: `json`
[INFO] [stderr]   --> src/lib.rs:71:29
[INFO] [stderr]    |
[INFO] [stderr] 71 |     use serde_json::{Value, json};
[INFO] [stderr]    |                             ^^^^
[INFO] [stderr] 
[INFO] [stderr] warning: `Native-American-Webscraping-Project` (lib) generated 4 warnings (run `cargo fix --lib -p Native-American-Webscraping-Project` to apply 3 suggestions)
[INFO] [stderr] warning: `Native-American-Webscraping-Project` (lib test) generated 4 warnings (3 duplicates) (run `cargo fix --lib -p Native-American-Webscraping-Project --tests` to apply 1 suggestion)
[INFO] [stderr] warning: unused import: `serpapi_search_rust::serp_api_search::SerpApiSearch`
[INFO] [stderr]  --> src/main.rs:4:5
[INFO] [stderr]   |
[INFO] [stderr] 4 | use serpapi_search_rust::serp_api_search::SerpApiSearch;
[INFO] [stderr]   |     ^^^^^^^^^^^^^^^^^^^^^^^^^^^^^^^^^^^^^^^^^^^^^^^^^^^
[INFO] [stderr]   |
[INFO] [stderr]   = note: `#[warn(unused_imports)]` on by default
[INFO] [stderr] 
[INFO] [stderr] warning: unused import: `std::collections::HashMap`
[INFO] [stderr]  --> src/main.rs:5:5
[INFO] [stderr]   |
[INFO] [stderr] 5 | use std::collections::HashMap;
[INFO] [stderr]   |     ^^^^^^^^^^^^^^^^^^^^^^^^^
[INFO] [stderr] 
[INFO] [stderr] warning: unused variable: `dispenser`
[INFO] [stderr]   --> src/main.rs:10:7
[INFO] [stderr]    |
[INFO] [stderr] 10 |   let dispenser = Dispenser::new("key.txt", "tribes.txt");
[INFO] [stderr]    |       ^^^^^^^^^ help: if this is intentional, prefix it with an underscore: `_dispenser`
[INFO] [stderr]    |
[INFO] [stderr]    = note: `#[warn(unused_variables)]` on by default
[INFO] [stderr] 
[INFO] [stderr] warning: `Native-American-Webscraping-Project` (bin "Native-American-Webscraping-Project" test) generated 3 warnings (run `cargo fix --bin "Native-American-Webscraping-Project" --tests` to apply 2 suggestions)
[INFO] [stderr]     Finished `test` profile [unoptimized + debuginfo] target(s) in 0.11s
[INFO] [stderr]      Running unittests src/lib.rs (/opt/rustwide/target/debug/deps/Native_American_Webscraping_Project-056901e803e495e1)
[INFO] [stdout] 
[INFO] [stdout] running 3 tests
[INFO] [stdout] test tests::parse_api_call ... ok
[INFO] [stdout] test tests::return_key ... ok
[INFO] [stdout] test tests::test_api_call ... FAILED
[INFO] [stdout] 
[INFO] [stdout] failures:
[INFO] [stdout] 
[INFO] [stdout] ---- tests::test_api_call stdout ----
[INFO] [stdout] src/config/key.txt
[INFO] [stdout] thread 'tests::test_api_call' panicked at src/lib.rs:16:44:
[INFO] [stdout] called `Result::unwrap()` on an `Err` value: Os { code: 2, kind: NotFound, message: "No such file or directory" }
[INFO] [stdout] stack backtrace:
[INFO] [stdout]    0:     0x603c362ffd1a - std::backtrace_rs::backtrace::libunwind::trace::h5a5b8284f2d0c266
[INFO] [stdout]                                at /rustc/90b35a6239c3d8bdabc530a6a0816f7ff89a0aaf/library/std/src/../../backtrace/src/backtrace/libunwind.rs:116:5
[INFO] [stdout]    1:     0x603c362ffd1a - std::backtrace_rs::backtrace::trace_unsynchronized::h76d4f1c9b0b875e3
[INFO] [stdout]                                at /rustc/90b35a6239c3d8bdabc530a6a0816f7ff89a0aaf/library/std/src/../../backtrace/src/backtrace/mod.rs:66:5
[INFO] [stdout]    2:     0x603c362ffd1a - std::sys::backtrace::_print_fmt::hc4546b8364a537c6
[INFO] [stdout]                                at /rustc/90b35a6239c3d8bdabc530a6a0816f7ff89a0aaf/library/std/src/sys/backtrace.rs:66:9
[INFO] [stdout]    3:     0x603c362ffd1a - <std::sys::backtrace::BacktraceLock::print::DisplayBacktrace as core::fmt::Display>::fmt::h5b6bd5631a6d1f6b
[INFO] [stdout]                                at /rustc/90b35a6239c3d8bdabc530a6a0816f7ff89a0aaf/library/std/src/sys/backtrace.rs:39:26
[INFO] [stdout]    4:     0x603c36327e23 - core::fmt::rt::Argument::fmt::h270f6602a2b96f62
[INFO] [stdout]                                at /rustc/90b35a6239c3d8bdabc530a6a0816f7ff89a0aaf/library/core/src/fmt/rt.rs:177:76
[INFO] [stdout]    5:     0x603c36327e23 - core::fmt::write::h7550c97b06c86515
[INFO] [stdout]                                at /rustc/90b35a6239c3d8bdabc530a6a0816f7ff89a0aaf/library/core/src/fmt/mod.rs:1186:21
[INFO] [stdout]    6:     0x603c362fc3b3 - std::io::Write::write_fmt::h509ff860e5956e5e
[INFO] [stdout]                                at /rustc/90b35a6239c3d8bdabc530a6a0816f7ff89a0aaf/library/std/src/io/mod.rs:1839:15
[INFO] [stdout]    7:     0x603c362ffb62 - std::sys::backtrace::BacktraceLock::print::h2395ccd2c84ba3aa
[INFO] [stdout]                                at /rustc/90b35a6239c3d8bdabc530a6a0816f7ff89a0aaf/library/std/src/sys/backtrace.rs:42:9
[INFO] [stdout]    8:     0x603c3630117a - std::panicking::default_hook::{{closure}}::he19d4c7230e07961
[INFO] [stdout]                                at /rustc/90b35a6239c3d8bdabc530a6a0816f7ff89a0aaf/library/std/src/panicking.rs:268:22
[INFO] [stdout]    9:     0x603c36300f84 - std::panicking::default_hook::hf614597d3c67bbdb
[INFO] [stdout]                                at /rustc/90b35a6239c3d8bdabc530a6a0816f7ff89a0aaf/library/std/src/panicking.rs:292:9
[INFO] [stdout]   10:     0x603c35ea3109 - <alloc::boxed::Box<F,A> as core::ops::function::Fn<Args>>::call::h39b51ce4599c23d1
[INFO] [stdout]                                at /rustc/90b35a6239c3d8bdabc530a6a0816f7ff89a0aaf/library/alloc/src/boxed.rs:2468:9
[INFO] [stdout]   11:     0x603c35ea3109 - test::test_main::{{closure}}::he977ae839a582784
[INFO] [stdout]                                at /rustc/90b35a6239c3d8bdabc530a6a0816f7ff89a0aaf/library/test/src/lib.rs:133:21
[INFO] [stdout]   12:     0x603c36301818 - <alloc::boxed::Box<F,A> as core::ops::function::Fn<Args>>::call::h9455091b6b06f9fb
[INFO] [stdout]                                at /rustc/90b35a6239c3d8bdabc530a6a0816f7ff89a0aaf/library/alloc/src/boxed.rs:2468:9
[INFO] [stdout]   13:     0x603c36301818 - std::panicking::rust_panic_with_hook::h8942133a8b252070
[INFO] [stdout]                                at /rustc/90b35a6239c3d8bdabc530a6a0816f7ff89a0aaf/library/std/src/panicking.rs:809:13
[INFO] [stdout]   14:     0x603c363015da - std::panicking::begin_panic_handler::{{closure}}::hb5f5963570096b29
[INFO] [stdout]                                at /rustc/90b35a6239c3d8bdabc530a6a0816f7ff89a0aaf/library/std/src/panicking.rs:674:13
[INFO] [stdout]   15:     0x603c363001f9 - std::sys::backtrace::__rust_end_short_backtrace::h6208cedc1922feda
[INFO] [stdout]                                at /rustc/90b35a6239c3d8bdabc530a6a0816f7ff89a0aaf/library/std/src/sys/backtrace.rs:170:18
[INFO] [stdout]   16:     0x603c3630126c - rust_begin_unwind
[INFO] [stdout]                                at /rustc/90b35a6239c3d8bdabc530a6a0816f7ff89a0aaf/library/std/src/panicking.rs:665:5
[INFO] [stdout]   17:     0x603c35e502a0 - core::panicking::panic_fmt::h0c3082644d1bf418
[INFO] [stdout]                                at /rustc/90b35a6239c3d8bdabc530a6a0816f7ff89a0aaf/library/core/src/panicking.rs:74:14
[INFO] [stdout]   18:     0x603c35e50726 - core::result::unwrap_failed::hd20b4aa073bda1e2
[INFO] [stdout]                                at /rustc/90b35a6239c3d8bdabc530a6a0816f7ff89a0aaf/library/core/src/result.rs:1700:5
[INFO] [stdout]   19:     0x603c35e5aa7a - core::result::Result<T,E>::unwrap::h0b922cd0cb723033
[INFO] [stdout]                                at /rustc/90b35a6239c3d8bdabc530a6a0816f7ff89a0aaf/library/core/src/result.rs:1104:23
[INFO] [stdout]   20:     0x603c35e5aa7a - Native_American_Webscraping_Project::Dispenser::new::hff8d1ebd8f847b01
[INFO] [stdout]                                at /opt/rustwide/workdir/src/lib.rs:16:18
[INFO] [stdout]   21:     0x603c35e619f1 - Native_American_Webscraping_Project::tests::test_api_call::{{closure}}::h630ffd2e1abee762
[INFO] [stdout]                                at /opt/rustwide/workdir/src/lib.rs:85:25
[INFO] [stdout]   22:     0x603c35e5effd - <core::pin::Pin<P> as core::future::future::Future>::poll::hade8c136f3b6abd5
[INFO] [stdout]                                at /rustc/90b35a6239c3d8bdabc530a6a0816f7ff89a0aaf/library/core/src/future/future.rs:123:9
[INFO] [stdout]   23:     0x603c35e67a6f - tokio::runtime::scheduler::current_thread::CoreGuard::block_on::{{closure}}::{{closure}}::{{closure}}::h8fa9bff5f8f44d6f
[INFO] [stdout]                                at /opt/rustwide/cargo-home/registry/src/index.crates.io-6f17d22bba15001f/tokio-1.21.1/src/runtime/scheduler/current_thread.rs:525:48
[INFO] [stdout]   24:     0x603c35e59b33 - tokio::coop::with_budget::{{closure}}::hc64de40efd02201e
[INFO] [stdout]                                at /opt/rustwide/cargo-home/registry/src/index.crates.io-6f17d22bba15001f/tokio-1.21.1/src/coop.rs:102:9
[INFO] [stdout]   25:     0x603c35e51cba - std::thread::local::LocalKey<T>::try_with::hca98df4a3927d30f
[INFO] [stdout]                                at /rustc/90b35a6239c3d8bdabc530a6a0816f7ff89a0aaf/library/std/src/thread/local.rs:283:12
[INFO] [stdout]   26:     0x603c35e5114a - std::thread::local::LocalKey<T>::with::h80d26f0430ec5e4f
[INFO] [stdout]                                at /rustc/90b35a6239c3d8bdabc530a6a0816f7ff89a0aaf/library/std/src/thread/local.rs:260:9
[INFO] [stdout]   27:     0x603c35e67859 - tokio::coop::with_budget::h99994047ccddd5a0
[INFO] [stdout]                                at /opt/rustwide/cargo-home/registry/src/index.crates.io-6f17d22bba15001f/tokio-1.21.1/src/coop.rs:95:5
[INFO] [stdout]   28:     0x603c35e67859 - tokio::coop::budget::he9b7305a2c354b15
[INFO] [stdout]                                at /opt/rustwide/cargo-home/registry/src/index.crates.io-6f17d22bba15001f/tokio-1.21.1/src/coop.rs:72:5
[INFO] [stdout]   29:     0x603c35e67859 - tokio::runtime::scheduler::current_thread::CoreGuard::block_on::{{closure}}::{{closure}}::h24b6cda641dc7c6f
[INFO] [stdout]                                at /opt/rustwide/cargo-home/registry/src/index.crates.io-6f17d22bba15001f/tokio-1.21.1/src/runtime/scheduler/current_thread.rs:525:25
[INFO] [stdout]   30:     0x603c35e65a10 - tokio::runtime::scheduler::current_thread::Context::enter::hc9e4ac9b2c96b933
[INFO] [stdout]                                at /opt/rustwide/cargo-home/registry/src/index.crates.io-6f17d22bba15001f/tokio-1.21.1/src/runtime/scheduler/current_thread.rs:349:19
[INFO] [stdout]   31:     0x603c35e6697f - tokio::runtime::scheduler::current_thread::CoreGuard::block_on::{{closure}}::h3da261c03b2766d3
[INFO] [stdout]                                at /opt/rustwide/cargo-home/registry/src/index.crates.io-6f17d22bba15001f/tokio-1.21.1/src/runtime/scheduler/current_thread.rs:524:36
[INFO] [stdout]   32:     0x603c35e66694 - tokio::runtime::scheduler::current_thread::CoreGuard::enter::{{closure}}::h21f412beed705ccb
[INFO] [stdout]                                at /opt/rustwide/cargo-home/registry/src/index.crates.io-6f17d22bba15001f/tokio-1.21.1/src/runtime/scheduler/current_thread.rs:595:57
[INFO] [stdout]   33:     0x603c35e55bd3 - tokio::macros::scoped_tls::ScopedKey<T>::set::h3b3a3481cfecb6c0
[INFO] [stdout]                                at /opt/rustwide/cargo-home/registry/src/index.crates.io-6f17d22bba15001f/tokio-1.21.1/src/macros/scoped_tls.rs:61:9
[INFO] [stdout]   34:     0x603c35e6643f - tokio::runtime::scheduler::current_thread::CoreGuard::enter::hbfb07b817cd9e95b
[INFO] [stdout]                                at /opt/rustwide/cargo-home/registry/src/index.crates.io-6f17d22bba15001f/tokio-1.21.1/src/runtime/scheduler/current_thread.rs:595:27
[INFO] [stdout]   35:     0x603c35e66722 - tokio::runtime::scheduler::current_thread::CoreGuard::block_on::hd565846b368b5a98
[INFO] [stdout]                                at /opt/rustwide/cargo-home/registry/src/index.crates.io-6f17d22bba15001f/tokio-1.21.1/src/runtime/scheduler/current_thread.rs:515:19
[INFO] [stdout]   36:     0x603c35e64ac8 - tokio::runtime::scheduler::current_thread::CurrentThread::block_on::h6306ec49b154ad54
[INFO] [stdout]                                at /opt/rustwide/cargo-home/registry/src/index.crates.io-6f17d22bba15001f/tokio-1.21.1/src/runtime/scheduler/current_thread.rs:161:24
[INFO] [stdout]   37:     0x603c35e5a04d - tokio::runtime::Runtime::block_on::h97bdcaa221082e0a
[INFO] [stdout]                                at /opt/rustwide/cargo-home/registry/src/index.crates.io-6f17d22bba15001f/tokio-1.21.1/src/runtime/mod.rs:490:46
[INFO] [stdout]   38:     0x603c35e618ef - Native_American_Webscraping_Project::tests::test_api_call::haa23939ab22cb76b
[INFO] [stdout]                                at /opt/rustwide/workdir/src/lib.rs:88:9
[INFO] [stdout]   39:     0x603c35e617b7 - Native_American_Webscraping_Project::tests::test_api_call::{{closure}}::hc85cccaebee3b797
[INFO] [stdout]                                at /opt/rustwide/workdir/src/lib.rs:84:29
[INFO] [stdout]   40:     0x603c35e51dd6 - core::ops::function::FnOnce::call_once::h15cfc7ac7833a915
[INFO] [stdout]                                at /rustc/90b35a6239c3d8bdabc530a6a0816f7ff89a0aaf/library/core/src/ops/function.rs:250:5
[INFO] [stdout]   41:     0x603c35ea7acb - core::ops::function::FnOnce::call_once::h109cf8051a59b34e
[INFO] [stdout]                                at /rustc/90b35a6239c3d8bdabc530a6a0816f7ff89a0aaf/library/core/src/ops/function.rs:250:5
[INFO] [stdout]   42:     0x603c35ea7acb - test::__rust_begin_short_backtrace::hf4fff89d377446ba
[INFO] [stdout]                                at /rustc/90b35a6239c3d8bdabc530a6a0816f7ff89a0aaf/library/test/src/lib.rs:621:18
[INFO] [stdout]   43:     0x603c35ea7307 - test::run_test_in_process::{{closure}}::h0e39181dd7ee5a43
[INFO] [stdout]                                at /rustc/90b35a6239c3d8bdabc530a6a0816f7ff89a0aaf/library/test/src/lib.rs:644:60
[INFO] [stdout]   44:     0x603c35ea7307 - <core::panic::unwind_safe::AssertUnwindSafe<F> as core::ops::function::FnOnce<()>>::call_once::hc5a66a30f0bdfd1f
[INFO] [stdout]                                at /rustc/90b35a6239c3d8bdabc530a6a0816f7ff89a0aaf/library/core/src/panic/unwind_safe.rs:272:9
[INFO] [stdout]   45:     0x603c35ea7307 - std::panicking::try::do_call::h873b7cf639554a5e
[INFO] [stdout]                                at /rustc/90b35a6239c3d8bdabc530a6a0816f7ff89a0aaf/library/std/src/panicking.rs:557:40
[INFO] [stdout]   46:     0x603c35ea7307 - std::panicking::try::hdb19862fad9c8bd1
[INFO] [stdout]                                at /rustc/90b35a6239c3d8bdabc530a6a0816f7ff89a0aaf/library/std/src/panicking.rs:520:19
[INFO] [stdout]   47:     0x603c35ea7307 - std::panic::catch_unwind::h281fe732d236d260
[INFO] [stdout]                                at /rustc/90b35a6239c3d8bdabc530a6a0816f7ff89a0aaf/library/std/src/panic.rs:358:14
[INFO] [stdout]   48:     0x603c35ea7307 - test::run_test_in_process::h949b6df8457ed338
[INFO] [stdout]                                at /rustc/90b35a6239c3d8bdabc530a6a0816f7ff89a0aaf/library/test/src/lib.rs:644:27
[INFO] [stdout]   49:     0x603c35ea7307 - test::run_test::{{closure}}::h52c556a6d4740e10
[INFO] [stdout]                                at /rustc/90b35a6239c3d8bdabc530a6a0816f7ff89a0aaf/library/test/src/lib.rs:565:43
[INFO] [stdout]   50:     0x603c35e6c5e4 - test::run_test::{{closure}}::h4237f6381c45ccb9
[INFO] [stdout]                                at /rustc/90b35a6239c3d8bdabc530a6a0816f7ff89a0aaf/library/test/src/lib.rs:595:41
[INFO] [stdout]   51:     0x603c35e6c5e4 - std::sys::backtrace::__rust_begin_short_backtrace::h505c97a579eca628
[INFO] [stdout]                                at /rustc/90b35a6239c3d8bdabc530a6a0816f7ff89a0aaf/library/std/src/sys/backtrace.rs:154:18
[INFO] [stdout]   52:     0x603c35e6fcae - std::thread::Builder::spawn_unchecked_::{{closure}}::{{closure}}::h9e86b2e2bc107ea3
[INFO] [stdout]                                at /rustc/90b35a6239c3d8bdabc530a6a0816f7ff89a0aaf/library/std/src/thread/mod.rs:538:17
[INFO] [stdout]   53:     0x603c35e6fcae - <core::panic::unwind_safe::AssertUnwindSafe<F> as core::ops::function::FnOnce<()>>::call_once::h8b06ddb275ff4a25
[INFO] [stdout]                                at /rustc/90b35a6239c3d8bdabc530a6a0816f7ff89a0aaf/library/core/src/panic/unwind_safe.rs:272:9
[INFO] [stdout]   54:     0x603c35e6fcae - std::panicking::try::do_call::hb26ecd7cd9a9355d
[INFO] [stdout]                                at /rustc/90b35a6239c3d8bdabc530a6a0816f7ff89a0aaf/library/std/src/panicking.rs:557:40
[INFO] [stdout]   55:     0x603c35e6fcae - std::panicking::try::h8ddeca9d705f9069
[INFO] [stdout]                                at /rustc/90b35a6239c3d8bdabc530a6a0816f7ff89a0aaf/library/std/src/panicking.rs:520:19
[INFO] [stdout]   56:     0x603c35e6fcae - std::panic::catch_unwind::h49e1c33078844c46
[INFO] [stdout]                                at /rustc/90b35a6239c3d8bdabc530a6a0816f7ff89a0aaf/library/std/src/panic.rs:358:14
[INFO] [stdout]   57:     0x603c35e6fcae - std::thread::Builder::spawn_unchecked_::{{closure}}::h6073db6ff56ad35d
[INFO] [stdout]                                at /rustc/90b35a6239c3d8bdabc530a6a0816f7ff89a0aaf/library/std/src/thread/mod.rs:537:30
[INFO] [stdout]   58:     0x603c35e6fcae - core::ops::function::FnOnce::call_once{{vtable.shim}}::h2c5a5f3779c774f1
[INFO] [stdout]                                at /rustc/90b35a6239c3d8bdabc530a6a0816f7ff89a0aaf/library/core/src/ops/function.rs:250:5
[INFO] [stdout]   59:     0x603c36305adb - <alloc::boxed::Box<F,A> as core::ops::function::FnOnce<Args>>::call_once::hf75717d9f28faebf
[INFO] [stdout]                                at /rustc/90b35a6239c3d8bdabc530a6a0816f7ff89a0aaf/library/alloc/src/boxed.rs:2454:9
[INFO] [stdout]   60:     0x603c36305adb - <alloc::boxed::Box<F,A> as core::ops::function::FnOnce<Args>>::call_once::h7bd883a5f3c5f3c1
[INFO] [stdout]                                at /rustc/90b35a6239c3d8bdabc530a6a0816f7ff89a0aaf/library/alloc/src/boxed.rs:2454:9
[INFO] [stdout]   61:     0x603c36305adb - std::sys::pal::unix::thread::Thread::new::thread_start::hcc78f3943333fa94
[INFO] [stdout]                                at /rustc/90b35a6239c3d8bdabc530a6a0816f7ff89a0aaf/library/std/src/sys/pal/unix/thread.rs:105:17
[INFO] [stdout]   62:     0x7c082015aac3 - <unknown>
[INFO] [stdout]   63:     0x7c08201eba04 - clone
[INFO] [stdout]   64:                0x0 - <unknown>
[INFO] [stdout] 
[INFO] [stdout] 
[INFO] [stdout] failures:
[INFO] [stdout]     tests::test_api_call
[INFO] [stdout] 
[INFO] [stdout] test result: FAILED. 2 passed; 1 failed; 0 ignored; 0 measured; 0 filtered out; finished in 0.06s
[INFO] [stdout] 
[INFO] [stderr] error: test failed, to rerun pass `--lib`
[INFO] running `Command { std: "docker" "inspect" "bbdb176ae03fc09aa956d33e34dce9ae822191b9288993885cee452c0fb2e846", kill_on_drop: false }`
[INFO] running `Command { std: "docker" "rm" "-f" "bbdb176ae03fc09aa956d33e34dce9ae822191b9288993885cee452c0fb2e846", kill_on_drop: false }`
[INFO] [stdout] bbdb176ae03fc09aa956d33e34dce9ae822191b9288993885cee452c0fb2e846
