[INFO] cloning repository https://github.com/Kesin11/junit2json-rs
[INFO] running `Command { std: "git" "-c" "credential.helper=" "-c" "credential.helper=/workspace/cargo-home/bin/git-credential-null" "clone" "--bare" "https://github.com/Kesin11/junit2json-rs" "/workspace/cache/git-repos/https%3A%2F%2Fgithub.com%2FKesin11%2Fjunit2json-rs", kill_on_drop: false }`
[INFO] [stderr] Cloning into bare repository '/workspace/cache/git-repos/https%3A%2F%2Fgithub.com%2FKesin11%2Fjunit2json-rs'...
[INFO] running `Command { std: "git" "rev-parse" "HEAD", kill_on_drop: false }`
[INFO] [stdout] a9f50c17c8d9e069fbf3f91a33c5a293fa99c10e
[INFO] testing Kesin11/junit2json-rs against 1.83.0 for beta-1.84.0-4-retry
[INFO] running `Command { std: "git" "clone" "/workspace/cache/git-repos/https%3A%2F%2Fgithub.com%2FKesin11%2Fjunit2json-rs" "/workspace/builds/worker-2-tc1/source", kill_on_drop: false }`
[INFO] [stderr] Cloning into '/workspace/builds/worker-2-tc1/source'...
[INFO] [stderr] done.
[INFO] validating manifest of git repo https://github.com/Kesin11/junit2json-rs on toolchain 1.83.0
[INFO] running `Command { std: CARGO_HOME="/workspace/cargo-home" RUSTUP_HOME="/workspace/rustup-home" "/workspace/cargo-home/bin/cargo" "+1.83.0" "metadata" "--manifest-path" "Cargo.toml" "--no-deps", kill_on_drop: false }`
[INFO] started tweaking git repo https://github.com/Kesin11/junit2json-rs
[INFO] finished tweaking git repo https://github.com/Kesin11/junit2json-rs
[INFO] tweaked toml for git repo https://github.com/Kesin11/junit2json-rs written to /workspace/builds/worker-2-tc1/source/Cargo.toml
[INFO] crate git repo https://github.com/Kesin11/junit2json-rs already has a lockfile, it will not be regenerated
[INFO] running `Command { std: CARGO_HOME="/workspace/cargo-home" RUSTUP_HOME="/workspace/rustup-home" "/workspace/cargo-home/bin/cargo" "+1.83.0" "fetch" "--manifest-path" "Cargo.toml", kill_on_drop: false }`
[INFO] [stderr]  Downloading crates ...
[INFO] [stderr]   Downloaded quick-xml v0.37.0
[INFO] running `Command { std: "docker" "create" "-v" "/var/lib/crater-agent-workspace/builds/worker-2-tc1/target:/opt/rustwide/target:rw,Z" "-v" "/var/lib/crater-agent-workspace/builds/worker-2-tc1/source:/opt/rustwide/workdir:ro,Z" "-v" "/var/lib/crater-agent-workspace/cargo-home:/opt/rustwide/cargo-home:ro,Z" "-v" "/var/lib/crater-agent-workspace/rustup-home:/opt/rustwide/rustup-home:ro,Z" "-e" "SOURCE_DIR=/opt/rustwide/workdir" "-e" "CARGO_TARGET_DIR=/opt/rustwide/target" "-e" "CARGO_HOME=/opt/rustwide/cargo-home" "-e" "RUSTUP_HOME=/opt/rustwide/rustup-home" "-w" "/opt/rustwide/workdir" "-m" "1610612736" "--user" "0:0" "--network" "none" "ghcr.io/rust-lang/crates-build-env/linux@sha256:f3a9d4ad9d972b27faf3965f35b62e55ba32bbce8f20bc8fe909558a86702fde" "/opt/rustwide/cargo-home/bin/cargo" "+1.83.0" "metadata" "--no-deps" "--format-version=1", kill_on_drop: false }`
[INFO] [stdout] f5594a429b0d540a1a6fc1de60f3bfe16376fdf38a732fbb7613de1bc7fd3ccd
[INFO] running `Command { std: "docker" "start" "-a" "f5594a429b0d540a1a6fc1de60f3bfe16376fdf38a732fbb7613de1bc7fd3ccd", kill_on_drop: false }`
[INFO] running `Command { std: "docker" "inspect" "f5594a429b0d540a1a6fc1de60f3bfe16376fdf38a732fbb7613de1bc7fd3ccd", kill_on_drop: false }`
[INFO] running `Command { std: "docker" "rm" "-f" "f5594a429b0d540a1a6fc1de60f3bfe16376fdf38a732fbb7613de1bc7fd3ccd", kill_on_drop: false }`
[INFO] [stdout] f5594a429b0d540a1a6fc1de60f3bfe16376fdf38a732fbb7613de1bc7fd3ccd
[INFO] running `Command { std: "docker" "create" "-v" "/var/lib/crater-agent-workspace/builds/worker-2-tc1/target:/opt/rustwide/target:rw,Z" "-v" "/var/lib/crater-agent-workspace/builds/worker-2-tc1/source:/opt/rustwide/workdir:ro,Z" "-v" "/var/lib/crater-agent-workspace/cargo-home:/opt/rustwide/cargo-home:ro,Z" "-v" "/var/lib/crater-agent-workspace/rustup-home:/opt/rustwide/rustup-home:ro,Z" "-e" "SOURCE_DIR=/opt/rustwide/workdir" "-e" "CARGO_TARGET_DIR=/opt/rustwide/target" "-e" "CARGO_INCREMENTAL=0" "-e" "RUST_BACKTRACE=full" "-e" "RUSTFLAGS=--cap-lints=warn" "-e" "RUSTDOCFLAGS=--cap-lints=warn" "-e" "CARGO_HOME=/opt/rustwide/cargo-home" "-e" "RUSTUP_HOME=/opt/rustwide/rustup-home" "-w" "/opt/rustwide/workdir" "-m" "1610612736" "--user" "0:0" "--network" "none" "ghcr.io/rust-lang/crates-build-env/linux@sha256:f3a9d4ad9d972b27faf3965f35b62e55ba32bbce8f20bc8fe909558a86702fde" "/opt/rustwide/cargo-home/bin/cargo" "+1.83.0" "build" "--frozen" "--message-format=json", kill_on_drop: false }`
[INFO] [stdout] e40b0e4a19dd999b88d2f47a0c3e3a7ca9e112350404c1438487d89eccd535cc
[INFO] running `Command { std: "docker" "start" "-a" "e40b0e4a19dd999b88d2f47a0c3e3a7ca9e112350404c1438487d89eccd535cc", kill_on_drop: false }`
[INFO] [stderr]    Compiling proc-macro2 v1.0.75
[INFO] [stderr]    Compiling unicode-ident v1.0.9
[INFO] [stderr]    Compiling ident_case v1.0.1
[INFO] [stderr]    Compiling serde v1.0.203
[INFO] [stderr]    Compiling strsim v0.10.0
[INFO] [stderr]    Compiling fnv v1.0.7
[INFO] [stderr]    Compiling utf8parse v0.2.1
[INFO] [stderr]    Compiling anstyle-query v1.0.0
[INFO] [stderr]    Compiling is_terminal_polyfill v1.70.1
[INFO] [stderr]    Compiling anstyle v1.0.1
[INFO] [stderr]    Compiling colorchoice v1.0.0
[INFO] [stderr]    Compiling strsim v0.11.0
[INFO] [stderr]    Compiling serde_json v1.0.120
[INFO] [stderr]    Compiling clap_lex v0.7.0
[INFO] [stderr]    Compiling heck v0.5.0
[INFO] [stderr]    Compiling ryu v1.0.13
[INFO] [stderr]    Compiling anstyle-parse v0.2.1
[INFO] [stderr]    Compiling anstream v0.6.18
[INFO] [stderr]    Compiling clap_builder v4.5.8
[INFO] [stderr]    Compiling quote v1.0.35
[INFO] [stderr]    Compiling syn v2.0.48
[INFO] [stderr]    Compiling darling_core v0.20.1
[INFO] [stderr]    Compiling serde_derive v1.0.203
[INFO] [stderr]    Compiling clap_derive v4.5.8
[INFO] [stderr]    Compiling darling_macro v0.20.1
[INFO] [stderr]    Compiling clap v4.5.8
[INFO] [stderr]    Compiling darling v0.20.1
[INFO] [stderr]    Compiling serde_with_macros v3.9.0
[INFO] [stderr]    Compiling serde_with v3.9.0
[INFO] [stderr]    Compiling quick-xml v0.37.0
[INFO] [stderr]    Compiling junit2json v0.2.9 (/opt/rustwide/workdir)
[INFO] [stderr]     Finished `dev` profile [unoptimized + debuginfo] target(s) in 24.40s
[INFO] running `Command { std: "docker" "inspect" "e40b0e4a19dd999b88d2f47a0c3e3a7ca9e112350404c1438487d89eccd535cc", kill_on_drop: false }`
[INFO] running `Command { std: "docker" "rm" "-f" "e40b0e4a19dd999b88d2f47a0c3e3a7ca9e112350404c1438487d89eccd535cc", kill_on_drop: false }`
[INFO] [stdout] e40b0e4a19dd999b88d2f47a0c3e3a7ca9e112350404c1438487d89eccd535cc
[INFO] running `Command { std: "docker" "create" "-v" "/var/lib/crater-agent-workspace/builds/worker-2-tc1/target:/opt/rustwide/target:rw,Z" "-v" "/var/lib/crater-agent-workspace/builds/worker-2-tc1/source:/opt/rustwide/workdir:ro,Z" "-v" "/var/lib/crater-agent-workspace/cargo-home:/opt/rustwide/cargo-home:ro,Z" "-v" "/var/lib/crater-agent-workspace/rustup-home:/opt/rustwide/rustup-home:ro,Z" "-e" "SOURCE_DIR=/opt/rustwide/workdir" "-e" "CARGO_TARGET_DIR=/opt/rustwide/target" "-e" "CARGO_INCREMENTAL=0" "-e" "RUST_BACKTRACE=full" "-e" "RUSTFLAGS=--cap-lints=warn" "-e" "RUSTDOCFLAGS=--cap-lints=warn" "-e" "CARGO_HOME=/opt/rustwide/cargo-home" "-e" "RUSTUP_HOME=/opt/rustwide/rustup-home" "-w" "/opt/rustwide/workdir" "-m" "1610612736" "--user" "0:0" "--network" "none" "ghcr.io/rust-lang/crates-build-env/linux@sha256:f3a9d4ad9d972b27faf3965f35b62e55ba32bbce8f20bc8fe909558a86702fde" "/opt/rustwide/cargo-home/bin/cargo" "+1.83.0" "test" "--frozen" "--no-run" "--message-format=json", kill_on_drop: false }`
[INFO] [stdout] 6c712340a217c40be44e9712d6463016bb1ee302a81225912001e003796182cf
[INFO] running `Command { std: "docker" "start" "-a" "6c712340a217c40be44e9712d6463016bb1ee302a81225912001e003796182cf", kill_on_drop: false }`
[INFO] [stderr]    Compiling darling_core v0.20.1
[INFO] [stderr]    Compiling aho-corasick v1.0.2
[INFO] [stderr]    Compiling libc v0.2.147
[INFO] [stderr]    Compiling regex-syntax v0.7.4
[INFO] [stderr]    Compiling bstr v1.6.0
[INFO] [stderr]    Compiling log v0.4.19
[INFO] [stderr]    Compiling same-file v1.0.6
[INFO] [stderr]    Compiling similar v2.2.1
[INFO] [stderr]    Compiling linked-hash-map v0.5.6
[INFO] [stderr]    Compiling diff v0.1.13
[INFO] [stderr]    Compiling yansi v0.5.1
[INFO] [stderr]    Compiling walkdir v2.3.3
[INFO] [stderr]    Compiling pretty_assertions v1.4.0
[INFO] [stderr]    Compiling console v0.15.7
[INFO] [stderr]    Compiling darling_macro v0.20.1
[INFO] [stderr]    Compiling regex-automata v0.3.3
[INFO] [stderr]    Compiling darling v0.20.1
[INFO] [stderr]    Compiling serde_with_macros v3.9.0
[INFO] [stderr]    Compiling serde_with v3.9.0
[INFO] [stderr]    Compiling regex v1.9.1
[INFO] [stderr]    Compiling globset v0.4.11
[INFO] [stderr]    Compiling insta v1.39.0
[INFO] [stderr]    Compiling junit2json v0.2.9 (/opt/rustwide/workdir)
[INFO] [stderr]     Finished `test` profile [unoptimized + debuginfo] target(s) in 18.81s
[INFO] running `Command { std: "docker" "inspect" "6c712340a217c40be44e9712d6463016bb1ee302a81225912001e003796182cf", kill_on_drop: false }`
[INFO] running `Command { std: "docker" "rm" "-f" "6c712340a217c40be44e9712d6463016bb1ee302a81225912001e003796182cf", kill_on_drop: false }`
[INFO] [stdout] 6c712340a217c40be44e9712d6463016bb1ee302a81225912001e003796182cf
[INFO] running `Command { std: "docker" "create" "-v" "/var/lib/crater-agent-workspace/builds/worker-2-tc1/target:/opt/rustwide/target:rw,Z" "-v" "/var/lib/crater-agent-workspace/builds/worker-2-tc1/source:/opt/rustwide/workdir:ro,Z" "-v" "/var/lib/crater-agent-workspace/cargo-home:/opt/rustwide/cargo-home:ro,Z" "-v" "/var/lib/crater-agent-workspace/rustup-home:/opt/rustwide/rustup-home:ro,Z" "-e" "SOURCE_DIR=/opt/rustwide/workdir" "-e" "CARGO_TARGET_DIR=/opt/rustwide/target" "-e" "CARGO_INCREMENTAL=0" "-e" "RUST_BACKTRACE=full" "-e" "RUSTFLAGS=--cap-lints=warn" "-e" "RUSTDOCFLAGS=--cap-lints=warn" "-e" "CARGO_HOME=/opt/rustwide/cargo-home" "-e" "RUSTUP_HOME=/opt/rustwide/rustup-home" "-w" "/opt/rustwide/workdir" "-m" "1610612736" "--user" "0:0" "--network" "none" "ghcr.io/rust-lang/crates-build-env/linux@sha256:f3a9d4ad9d972b27faf3965f35b62e55ba32bbce8f20bc8fe909558a86702fde" "/opt/rustwide/cargo-home/bin/cargo" "+1.83.0" "test" "--frozen", kill_on_drop: false }`
[INFO] [stdout] a51988be18ac79d2e24e2d05c8924bbef435b0f9662c142b365599c9f3bb15c4
[INFO] running `Command { std: "docker" "start" "-a" "a51988be18ac79d2e24e2d05c8924bbef435b0f9662c142b365599c9f3bb15c4", kill_on_drop: false }`
[INFO] [stderr]     Finished `test` profile [unoptimized + debuginfo] target(s) in 0.12s
[INFO] [stderr]      Running unittests src/lib.rs (/opt/rustwide/target/debug/deps/junit2json-d0bd71bb63f30bc5)
[INFO] [stdout] 
[INFO] [stdout] running 0 tests
[INFO] [stdout] 
[INFO] [stdout] test result: ok. 0 passed; 0 failed; 0 ignored; 0 measured; 0 filtered out; finished in 0.00s
[INFO] [stdout] 
[INFO] [stderr]      Running unittests src/main.rs (/opt/rustwide/target/debug/deps/junit2json-292e072be084f45b)
[INFO] [stdout] 
[INFO] [stdout] running 0 tests
[INFO] [stdout] 
[INFO] [stdout] test result: ok. 0 passed; 0 failed; 0 ignored; 0 measured; 0 filtered out; finished in 0.00s
[INFO] [stdout] 
[INFO] [stderr]      Running tests/deserialize.rs (/opt/rustwide/target/debug/deps/deserialize-9b5e072b74ce31b0)
[INFO] [stdout] 
[INFO] [stdout] running 10 tests
[INFO] [stdout] test testcase_failure_has_inner ... ok
[INFO] [stdout] test some_testsuite_property_are_empty ... ok
[INFO] [stdout] test testcase_system_err_has_inner ... ok
[INFO] [stdout] test testcase_system_out_has_inner ... ok
[INFO] [stdout] test testsuite_property_is_empty ... ok
[INFO] [stdout] test not_junit_xml ... ok
[INFO] [stdout] test testsuites_properties_are_absent ... ok
[INFO] [stdout] test testsuite_has_some_fields ... ok
[INFO] [stdout] test testsuite_property_has_some_fields ... ok
[INFO] [stdout] test skipped_testcase ... ok
[INFO] [stdout] 
[INFO] [stdout] test result: ok. 10 passed; 0 failed; 0 ignored; 0 measured; 0 filtered out; finished in 0.01s
[INFO] [stdout] 
[INFO] [stderr]      Running tests/filter_tags.rs (/opt/rustwide/target/debug/deps/filter_tags-612c55c6da650a32)
[INFO] [stdout] 
[INFO] [stdout] running 3 tests
[INFO] [stdout] test filter_system_err ... ok
[INFO] [stdout] test filter_system_out ... ok
[INFO] [stdout] test filter_system_out_and_err ... ok
[INFO] [stdout] 
[INFO] [stdout] test result: ok. 3 passed; 0 failed; 0 ignored; 0 measured; 0 filtered out; finished in 0.00s
[INFO] [stdout] 
[INFO] [stderr]      Running tests/serialize.rs (/opt/rustwide/target/debug/deps/serialize-90bca344fa204e97)
[INFO] [stdout] 
[INFO] [stdout] running 8 tests
[INFO] [stdout] test skipped_testcase ... ok
[INFO] [stdout] test testcase_failure_has_inner ... ok
[INFO] [stdout] test testcase_system_err_has_inner ... ok
[INFO] [stdout] test some_testsuite_property_are_empty ... ok
[INFO] [stdout] test testcase_system_out_has_inner ... ok
[INFO] [stdout] test testsuite_has_some_fields ... ok
[INFO] [stdout] test testsuite_property_has_some_fields ... ok
[INFO] [stdout] test testsuite_property_is_empty ... ok
[INFO] [stderr]      Running tests/snapshot.rs (/opt/rustwide/target/debug/deps/snapshot-e947806184d4ffc4)
[INFO] [stdout] 
[INFO] [stdout] test result: ok. 8 passed; 0 failed; 0 ignored; 0 measured; 0 filtered out; finished in 0.02s
[INFO] [stdout] 
[INFO] [stdout] 
[INFO] [stdout] running 1 test
[INFO] [stdout] test fixtures_snapshot ... ok
[INFO] [stdout] 
[INFO] [stdout] test result: ok. 1 passed; 0 failed; 0 ignored; 0 measured; 0 filtered out; finished in 0.05s
[INFO] [stdout] 
[INFO] [stderr]    Doc-tests junit2json
[INFO] [stdout] 
[INFO] [stdout] running 9 tests
[INFO] [stdout] test src/lib.rs - (line 123) ... FAILED
[INFO] [stdout] test src/lib.rs - (line 22) ... FAILED
[INFO] [stdout] test src/lib.rs - (line 117) ... FAILED
[INFO] [stdout] test src/lib.rs - (line 145) ... FAILED
[INFO] [stdout] test src/lib.rs - (line 17) ... FAILED
[INFO] [stdout] test src/lib.rs - (line 111) ... FAILED
[INFO] [stdout] test src/lib.rs - from_str (line 485) ... ok
[INFO] [stdout] test src/lib.rs - from_reader (line 452) ... ok
[INFO] [stdout] test src/lib.rs - TestSuitesOrTestSuite::filter_tags (line 196) ... ok
[INFO] [stdout] 
[INFO] [stdout] failures:
[INFO] [stdout] 
[INFO] [stdout] ---- src/lib.rs - (line 123) stdout ----
[INFO] [stdout] error: comparison operators cannot be chained
[INFO] [stdout]  --> src/lib.rs:125:12
[INFO] [stdout]   |
[INFO] [stdout] 5 | junit2json <junit_xml_file> | jq .testsuites.testsuite[].testcase[].classname
[INFO] [stdout]   |            ^              ^
[INFO] [stdout]   |
[INFO] [stdout]   = help: use `::<...>` instead of `<...>` to specify lifetime, type, or const arguments
[INFO] [stdout]   = help: or use `(...)` if you meant to specify fn arguments
[INFO] [stdout] 
[INFO] [stdout] error: aborting due to 1 previous error
[INFO] [stdout] 
[INFO] [stdout] Couldn't compile the test.
[INFO] [stdout] ---- src/lib.rs - (line 22) stdout ----
[INFO] [stdout] error: comparison operators cannot be chained
[INFO] [stdout]  --> src/lib.rs:24:15
[INFO] [stdout]   |
[INFO] [stdout] 5 | junit2json -p <junit_xml_file>
[INFO] [stdout]   |               ^              ^
[INFO] [stdout]   |
[INFO] [stdout]   = help: use `::<...>` instead of `<...>` to specify lifetime, type, or const arguments
[INFO] [stdout]   = help: or use `(...)` if you meant to specify fn arguments
[INFO] [stdout] 
[INFO] [stdout] error: aborting due to 1 previous error
[INFO] [stdout] 
[INFO] [stdout] Couldn't compile the test.
[INFO] [stdout] ---- src/lib.rs - (line 117) stdout ----
[INFO] [stdout] error: comparison operators cannot be chained
[INFO] [stdout]  --> src/lib.rs:119:12
[INFO] [stdout]   |
[INFO] [stdout] 5 | junit2json <junit_xml_file> | jq .testsuites.testsuite[].name
[INFO] [stdout]   |            ^              ^
[INFO] [stdout]   |
[INFO] [stdout]   = help: use `::<...>` instead of `<...>` to specify lifetime, type, or const arguments
[INFO] [stdout]   = help: or use `(...)` if you meant to specify fn arguments
[INFO] [stdout] 
[INFO] [stdout] error: aborting due to 1 previous error
[INFO] [stdout] 
[INFO] [stdout] Couldn't compile the test.
[INFO] [stdout] ---- src/lib.rs - (line 145) stdout ----
[INFO] [stdout] error: expected one of `!`, `.`, `::`, `;`, `?`, `{`, `}`, or an operator, found `junit2json`
[INFO] [stdout]  --> src/lib.rs:147:10
[INFO] [stdout]   |
[INFO] [stdout] 5 | wasmtime junit2json.wasm --dir=. -- -p <junit_xml_file>
[INFO] [stdout]   |          ^^^^^^^^^^ expected one of 8 possible tokens
[INFO] [stdout] 
[INFO] [stdout] error: aborting due to 1 previous error
[INFO] [stdout] 
[INFO] [stdout] Couldn't compile the test.
[INFO] [stdout] ---- src/lib.rs - (line 17) stdout ----
[INFO] [stdout] error: expected one of `!`, `.`, `::`, `;`, `?`, `{`, `}`, or an operator, found `install`
[INFO] [stdout]  --> src/lib.rs:19:7
[INFO] [stdout]   |
[INFO] [stdout] 5 | cargo install junit2json
[INFO] [stdout]   |       ^^^^^^^ expected one of 8 possible tokens
[INFO] [stdout] 
[INFO] [stdout] error: aborting due to 1 previous error
[INFO] [stdout] 
[INFO] [stdout] Couldn't compile the test.
[INFO] [stdout] ---- src/lib.rs - (line 111) stdout ----
[INFO] [stdout] error: comparison operators cannot be chained
[INFO] [stdout]  --> src/lib.rs:113:12
[INFO] [stdout]   |
[INFO] [stdout] 5 | junit2json <junit_xml_file> | jq .testsuites.tests
[INFO] [stdout]   |            ^              ^
[INFO] [stdout]   |
[INFO] [stdout]   = help: use `::<...>` instead of `<...>` to specify lifetime, type, or const arguments
[INFO] [stdout]   = help: or use `(...)` if you meant to specify fn arguments
[INFO] [stdout] 
[INFO] [stdout] error: aborting due to 1 previous error
[INFO] [stdout] 
[INFO] [stdout] Couldn't compile the test.
[INFO] [stdout] 
[INFO] [stdout] failures:
[INFO] [stdout]     src/lib.rs - (line 111)
[INFO] [stdout]     src/lib.rs - (line 117)
[INFO] [stdout]     src/lib.rs - (line 123)
[INFO] [stdout]     src/lib.rs - (line 145)
[INFO] [stdout]     src/lib.rs - (line 17)
[INFO] [stdout]     src/lib.rs - (line 22)
[INFO] [stdout] 
[INFO] [stdout] test result: FAILED. 3 passed; 6 failed; 0 ignored; 0 measured; 0 filtered out; finished in 1.42s
[INFO] [stdout] 
[INFO] [stderr] error: doctest failed, to rerun pass `--doc`
[INFO] running `Command { std: "docker" "inspect" "a51988be18ac79d2e24e2d05c8924bbef435b0f9662c142b365599c9f3bb15c4", kill_on_drop: false }`
[INFO] running `Command { std: "docker" "rm" "-f" "a51988be18ac79d2e24e2d05c8924bbef435b0f9662c142b365599c9f3bb15c4", kill_on_drop: false }`
[INFO] [stdout] a51988be18ac79d2e24e2d05c8924bbef435b0f9662c142b365599c9f3bb15c4
