[INFO] cloning repository https://github.com/Keruspe/mnemesis
[INFO] running `Command { std: "git" "-c" "credential.helper=" "-c" "credential.helper=/workspace/cargo-home/bin/git-credential-null" "clone" "--bare" "https://github.com/Keruspe/mnemesis" "/workspace/cache/git-repos/https%3A%2F%2Fgithub.com%2FKeruspe%2Fmnemesis", kill_on_drop: false }`
[INFO] [stderr] Cloning into bare repository '/workspace/cache/git-repos/https%3A%2F%2Fgithub.com%2FKeruspe%2Fmnemesis'...
[INFO] running `Command { std: "git" "rev-parse" "HEAD", kill_on_drop: false }`
[INFO] [stdout] bd2ed408f6d824b280ff3f63c0e3d2b06e81fabb
[INFO] testing Keruspe/mnemesis against 1.83.0 for beta-1.84.0-4-retry
[INFO] running `Command { std: "git" "clone" "/workspace/cache/git-repos/https%3A%2F%2Fgithub.com%2FKeruspe%2Fmnemesis" "/workspace/builds/worker-3-tc1/source", kill_on_drop: false }`
[INFO] [stderr] Cloning into '/workspace/builds/worker-3-tc1/source'...
[INFO] [stderr] done.
[INFO] validating manifest of git repo https://github.com/Keruspe/mnemesis on toolchain 1.83.0
[INFO] running `Command { std: CARGO_HOME="/workspace/cargo-home" RUSTUP_HOME="/workspace/rustup-home" "/workspace/cargo-home/bin/cargo" "+1.83.0" "metadata" "--manifest-path" "Cargo.toml" "--no-deps", kill_on_drop: false }`
[INFO] started tweaking git repo https://github.com/Keruspe/mnemesis
[INFO] finished tweaking git repo https://github.com/Keruspe/mnemesis
[INFO] tweaked toml for git repo https://github.com/Keruspe/mnemesis written to /workspace/builds/worker-3-tc1/source/Cargo.toml
[INFO] crate git repo https://github.com/Keruspe/mnemesis already has a lockfile, it will not be regenerated
[INFO] running `Command { std: CARGO_HOME="/workspace/cargo-home" RUSTUP_HOME="/workspace/rustup-home" "/workspace/cargo-home/bin/cargo" "+1.83.0" "fetch" "--manifest-path" "Cargo.toml", kill_on_drop: false }`
[INFO] [stderr]     Updating crates.io index
[INFO] [stderr]  Downloading crates ...
[INFO] [stderr]   Downloaded spin v0.5.0
[INFO] [stderr]   Downloaded rprompt v1.0.3
[INFO] [stderr]   Downloaded rpassword v3.0.2
[INFO] [stderr]   Downloaded file v1.1.2
[INFO] [stderr]   Downloaded crypto-mac v0.3.0
[INFO] [stderr]   Downloaded serde v1.0.97
[INFO] [stderr]   Downloaded ring v0.14.6
[INFO] [stderr]   Downloaded hmac v0.1.1
[INFO] [stderr]   Downloaded rustc-hex v1.0.0
[INFO] [stderr]   Downloaded byte-tools v0.1.3
[INFO] [stderr]   Downloaded generic-array v0.7.3
[INFO] [stderr]   Downloaded username v0.2.0
[INFO] [stderr]   Downloaded sha-1 v0.3.4
[INFO] [stderr]   Downloaded digest v0.5.2
[INFO] [stderr]   Downloaded digest-buffer v0.3.1
[INFO] [stderr]   Downloaded sha2 v0.5.3
[INFO] [stderr]   Downloaded oath v0.10.2
[INFO] running `Command { std: "docker" "create" "-v" "/var/lib/crater-agent-workspace/builds/worker-3-tc1/target:/opt/rustwide/target:rw,Z" "-v" "/var/lib/crater-agent-workspace/builds/worker-3-tc1/source:/opt/rustwide/workdir:ro,Z" "-v" "/var/lib/crater-agent-workspace/cargo-home:/opt/rustwide/cargo-home:ro,Z" "-v" "/var/lib/crater-agent-workspace/rustup-home:/opt/rustwide/rustup-home:ro,Z" "-e" "SOURCE_DIR=/opt/rustwide/workdir" "-e" "CARGO_TARGET_DIR=/opt/rustwide/target" "-e" "CARGO_HOME=/opt/rustwide/cargo-home" "-e" "RUSTUP_HOME=/opt/rustwide/rustup-home" "-w" "/opt/rustwide/workdir" "-m" "1610612736" "--user" "0:0" "--network" "none" "ghcr.io/rust-lang/crates-build-env/linux@sha256:f3a9d4ad9d972b27faf3965f35b62e55ba32bbce8f20bc8fe909558a86702fde" "/opt/rustwide/cargo-home/bin/cargo" "+1.83.0" "metadata" "--no-deps" "--format-version=1", kill_on_drop: false }`
[INFO] [stdout] 667633e2ea4c0711bae6d63f276525ddd336f58c1746f56a248b1793b30d2ce5
[INFO] running `Command { std: "docker" "start" "-a" "667633e2ea4c0711bae6d63f276525ddd336f58c1746f56a248b1793b30d2ce5", kill_on_drop: false }`
[INFO] running `Command { std: "docker" "inspect" "667633e2ea4c0711bae6d63f276525ddd336f58c1746f56a248b1793b30d2ce5", kill_on_drop: false }`
[INFO] running `Command { std: "docker" "rm" "-f" "667633e2ea4c0711bae6d63f276525ddd336f58c1746f56a248b1793b30d2ce5", kill_on_drop: false }`
[INFO] [stdout] 667633e2ea4c0711bae6d63f276525ddd336f58c1746f56a248b1793b30d2ce5
[INFO] running `Command { std: "docker" "create" "-v" "/var/lib/crater-agent-workspace/builds/worker-3-tc1/target:/opt/rustwide/target:rw,Z" "-v" "/var/lib/crater-agent-workspace/builds/worker-3-tc1/source:/opt/rustwide/workdir:ro,Z" "-v" "/var/lib/crater-agent-workspace/cargo-home:/opt/rustwide/cargo-home:ro,Z" "-v" "/var/lib/crater-agent-workspace/rustup-home:/opt/rustwide/rustup-home:ro,Z" "-e" "SOURCE_DIR=/opt/rustwide/workdir" "-e" "CARGO_TARGET_DIR=/opt/rustwide/target" "-e" "CARGO_INCREMENTAL=0" "-e" "RUST_BACKTRACE=full" "-e" "RUSTFLAGS=--cap-lints=warn" "-e" "RUSTDOCFLAGS=--cap-lints=warn" "-e" "CARGO_HOME=/opt/rustwide/cargo-home" "-e" "RUSTUP_HOME=/opt/rustwide/rustup-home" "-w" "/opt/rustwide/workdir" "-m" "1610612736" "--user" "0:0" "--network" "none" "ghcr.io/rust-lang/crates-build-env/linux@sha256:f3a9d4ad9d972b27faf3965f35b62e55ba32bbce8f20bc8fe909558a86702fde" "/opt/rustwide/cargo-home/bin/cargo" "+1.83.0" "build" "--frozen" "--message-format=json", kill_on_drop: false }`
[INFO] [stdout] 98ca54b632d9e6eee7c994b370f22cce7942086f15efcc191785929111e99fa3
[INFO] running `Command { std: "docker" "start" "-a" "98ca54b632d9e6eee7c994b370f22cce7942086f15efcc191785929111e99fa3", kill_on_drop: false }`
[INFO] [stderr]    Compiling typenum v1.10.0
[INFO] [stderr]    Compiling nodrop v0.1.13
[INFO] [stderr]    Compiling proc-macro2 v0.4.27
[INFO] [stderr]    Compiling libc v0.2.48
[INFO] [stderr]    Compiling unicode-xid v0.1.0
[INFO] [stderr]    Compiling byte-tools v0.1.3
[INFO] [stderr]    Compiling byteorder v1.3.1
[INFO] [stderr]    Compiling ryu v1.0.0
[INFO] [stderr]    Compiling fake-simd v0.1.2
[INFO] [stderr]    Compiling serde v1.0.97
[INFO] [stderr]    Compiling constant_time_eq v0.1.3
[INFO] [stderr]    Compiling cc v1.0.29
[INFO] [stderr]    Compiling unicode-width v0.1.5
[INFO] [stderr]    Compiling vec_map v0.8.1
[INFO] [stderr]    Compiling spin v0.5.0
[INFO] [stderr]    Compiling lazy_static v1.2.0
[INFO] [stderr]    Compiling strsim v0.7.0
[INFO] [stderr]    Compiling ansi_term v0.11.0
[INFO] [stderr]    Compiling textwrap v0.10.0
[INFO] [stderr]    Compiling rustc-hex v1.0.0
[INFO] [stderr]    Compiling untrusted v0.6.2
[INFO] [stderr]    Compiling bitflags v1.0.4
[INFO] [stderr]    Compiling itoa v0.4.3
[INFO] [stderr]    Compiling username v0.2.0
[INFO] [stderr]    Compiling file v1.1.2
[INFO] [stderr]    Compiling xdg v2.2.0
[INFO] [stderr]    Compiling rprompt v1.0.3
[INFO] [stderr]    Compiling base32 v0.4.0
[INFO] [stderr]    Compiling atty v0.2.11
[INFO] [stderr]    Compiling rpassword v3.0.2
[INFO] [stderr]    Compiling clap v2.32.0
[INFO] [stderr]    Compiling ring v0.14.6
[INFO] [stderr]    Compiling quote v0.6.11
[INFO] [stderr]    Compiling base64 v0.10.1
[INFO] [stderr]    Compiling syn v0.15.26
[INFO] [stderr]    Compiling generic-array v0.7.3
[INFO] [stderr]    Compiling digest v0.5.2
[INFO] [stderr]    Compiling digest-buffer v0.3.1
[INFO] [stderr]    Compiling crypto-mac v0.3.0
[INFO] [stderr]    Compiling hmac v0.1.1
[INFO] [stderr]    Compiling sha2 v0.5.3
[INFO] [stderr]    Compiling sha-1 v0.3.4
[INFO] [stderr]    Compiling oath v0.10.2
[INFO] [stderr]    Compiling serde_derive v1.0.87
[INFO] [stderr]    Compiling serde_json v1.0.40
[INFO] [stderr]    Compiling mnemesis v0.1.0 (/opt/rustwide/workdir)
[INFO] [stdout] warning: non-local `impl` definition, `impl` blocks should be written at the same level as their item
[INFO] [stdout]   --> src/lib.rs:22:26
[INFO] [stdout]    |
[INFO] [stdout] 22 | #[derive(Debug,PartialEq,Deserialize,Serialize)]
[INFO] [stdout]    |                          ^----------
[INFO] [stdout]    |                          |
[INFO] [stdout]    |                          `Deserialize` is not local
[INFO] [stdout]    |                          move the `impl` block outside of this constant `_IMPL_DESERIALIZE_FOR_Entity`
[INFO] [stdout] 23 | #[serde(tag = "type")]
[INFO] [stdout] 24 | pub enum Entity {
[INFO] [stdout]    |          ------ `Entity` is not local
[INFO] [stdout]    |
[INFO] [stdout]    = note: the derive macro `Deserialize` defines the non-local `impl`, and may need to be changed
[INFO] [stdout]    = note: the derive macro `Deserialize` may come from an old version of the `serde_derive` crate, try updating your dependency with `cargo update -p serde_derive`
[INFO] [stdout]    = note: an `impl` is never scoped, even when it is nested inside an item, as it may impact type checking outside of that item, which can be the case if neither the trait or the self type are at the same nesting level as the `impl`
[INFO] [stdout]    = note: items in an anonymous const item (`const _: () = { ... }`) are treated as in the same scope as the anonymous const's declaration for the purpose of this lint
[INFO] [stdout]    = note: `#[warn(non_local_definitions)]` on by default
[INFO] [stdout]    = note: this warning originates in the derive macro `Deserialize` (in Nightly builds, run with -Z macro-backtrace for more info)
[INFO] [stdout] 
[INFO] [stdout] 
[INFO] [stdout] warning: non-local `impl` definition, `impl` blocks should be written at the same level as their item
[INFO] [stdout]   --> src/lib.rs:22:38
[INFO] [stdout]    |
[INFO] [stdout] 22 | #[derive(Debug,PartialEq,Deserialize,Serialize)]
[INFO] [stdout]    |                                      ^--------
[INFO] [stdout]    |                                      |
[INFO] [stdout]    |                                      `Serialize` is not local
[INFO] [stdout]    |                                      move the `impl` block outside of this constant `_IMPL_SERIALIZE_FOR_Entity`
[INFO] [stdout] 23 | #[serde(tag = "type")]
[INFO] [stdout] 24 | pub enum Entity {
[INFO] [stdout]    |          ------ `Entity` is not local
[INFO] [stdout]    |
[INFO] [stdout]    = note: the derive macro `Serialize` defines the non-local `impl`, and may need to be changed
[INFO] [stdout]    = note: the derive macro `Serialize` may come from an old version of the `serde_derive` crate, try updating your dependency with `cargo update -p serde_derive`
[INFO] [stdout]    = note: an `impl` is never scoped, even when it is nested inside an item, as it may impact type checking outside of that item, which can be the case if neither the trait or the self type are at the same nesting level as the `impl`
[INFO] [stdout]    = note: items in an anonymous const item (`const _: () = { ... }`) are treated as in the same scope as the anonymous const's declaration for the purpose of this lint
[INFO] [stdout]    = note: this warning originates in the derive macro `Serialize` (in Nightly builds, run with -Z macro-backtrace for more info)
[INFO] [stdout] 
[INFO] [stdout] 
[INFO] [stdout] warning: non-local `impl` definition, `impl` blocks should be written at the same level as their item
[INFO] [stdout]   --> src/lib.rs:36:26
[INFO] [stdout]    |
[INFO] [stdout] 36 | #[derive(Debug,PartialEq,Deserialize,Serialize)]
[INFO] [stdout]    |                          ^----------
[INFO] [stdout]    |                          |
[INFO] [stdout]    |                          `Deserialize` is not local
[INFO] [stdout]    |                          move the `impl` block outside of this constant `_IMPL_DESERIALIZE_FOR_Credentials`
[INFO] [stdout] 37 | pub struct Credentials {
[INFO] [stdout]    |            ----------- `Credentials` is not local
[INFO] [stdout]    |
[INFO] [stdout]    = note: the derive macro `Deserialize` defines the non-local `impl`, and may need to be changed
[INFO] [stdout]    = note: the derive macro `Deserialize` may come from an old version of the `serde_derive` crate, try updating your dependency with `cargo update -p serde_derive`
[INFO] [stdout]    = note: an `impl` is never scoped, even when it is nested inside an item, as it may impact type checking outside of that item, which can be the case if neither the trait or the self type are at the same nesting level as the `impl`
[INFO] [stdout]    = note: items in an anonymous const item (`const _: () = { ... }`) are treated as in the same scope as the anonymous const's declaration for the purpose of this lint
[INFO] [stdout]    = note: this warning originates in the derive macro `Deserialize` (in Nightly builds, run with -Z macro-backtrace for more info)
[INFO] [stdout] 
[INFO] [stdout] 
[INFO] [stdout] warning: non-local `impl` definition, `impl` blocks should be written at the same level as their item
[INFO] [stdout]   --> src/lib.rs:36:38
[INFO] [stdout]    |
[INFO] [stdout] 36 | #[derive(Debug,PartialEq,Deserialize,Serialize)]
[INFO] [stdout]    |                                      ^--------
[INFO] [stdout]    |                                      |
[INFO] [stdout]    |                                      `Serialize` is not local
[INFO] [stdout]    |                                      move the `impl` block outside of this constant `_IMPL_SERIALIZE_FOR_Credentials`
[INFO] [stdout] 37 | pub struct Credentials {
[INFO] [stdout]    |            ----------- `Credentials` is not local
[INFO] [stdout]    |
[INFO] [stdout]    = note: the derive macro `Serialize` defines the non-local `impl`, and may need to be changed
[INFO] [stdout]    = note: the derive macro `Serialize` may come from an old version of the `serde_derive` crate, try updating your dependency with `cargo update -p serde_derive`
[INFO] [stdout]    = note: an `impl` is never scoped, even when it is nested inside an item, as it may impact type checking outside of that item, which can be the case if neither the trait or the self type are at the same nesting level as the `impl`
[INFO] [stdout]    = note: items in an anonymous const item (`const _: () = { ... }`) are treated as in the same scope as the anonymous const's declaration for the purpose of this lint
[INFO] [stdout]    = note: this warning originates in the derive macro `Serialize` (in Nightly builds, run with -Z macro-backtrace for more info)
[INFO] [stdout] 
[INFO] [stdout] 
[INFO] [stdout] warning: non-local `impl` definition, `impl` blocks should be written at the same level as their item
[INFO] [stdout]   --> src/lib.rs:62:26
[INFO] [stdout]    |
[INFO] [stdout] 62 | #[derive(Debug,PartialEq,Deserialize,Serialize)]
[INFO] [stdout]    |                          ^----------
[INFO] [stdout]    |                          |
[INFO] [stdout]    |                          `Deserialize` is not local
[INFO] [stdout]    |                          move the `impl` block outside of this constant `_IMPL_DESERIALIZE_FOR_MnemesisConfig`
[INFO] [stdout] 63 | struct MnemesisConfig {
[INFO] [stdout]    |        -------------- `MnemesisConfig` is not local
[INFO] [stdout]    |
[INFO] [stdout]    = note: the derive macro `Deserialize` defines the non-local `impl`, and may need to be changed
[INFO] [stdout]    = note: the derive macro `Deserialize` may come from an old version of the `serde_derive` crate, try updating your dependency with `cargo update -p serde_derive`
[INFO] [stdout]    = note: an `impl` is never scoped, even when it is nested inside an item, as it may impact type checking outside of that item, which can be the case if neither the trait or the self type are at the same nesting level as the `impl`
[INFO] [stdout]    = note: items in an anonymous const item (`const _: () = { ... }`) are treated as in the same scope as the anonymous const's declaration for the purpose of this lint
[INFO] [stdout]    = note: this warning originates in the derive macro `Deserialize` (in Nightly builds, run with -Z macro-backtrace for more info)
[INFO] [stdout] 
[INFO] [stdout] 
[INFO] [stdout] warning: non-local `impl` definition, `impl` blocks should be written at the same level as their item
[INFO] [stdout]   --> src/lib.rs:62:38
[INFO] [stdout]    |
[INFO] [stdout] 62 | #[derive(Debug,PartialEq,Deserialize,Serialize)]
[INFO] [stdout]    |                                      ^--------
[INFO] [stdout]    |                                      |
[INFO] [stdout]    |                                      `Serialize` is not local
[INFO] [stdout]    |                                      move the `impl` block outside of this constant `_IMPL_SERIALIZE_FOR_MnemesisConfig`
[INFO] [stdout] 63 | struct MnemesisConfig {
[INFO] [stdout]    |        -------------- `MnemesisConfig` is not local
[INFO] [stdout]    |
[INFO] [stdout]    = note: the derive macro `Serialize` defines the non-local `impl`, and may need to be changed
[INFO] [stdout]    = note: the derive macro `Serialize` may come from an old version of the `serde_derive` crate, try updating your dependency with `cargo update -p serde_derive`
[INFO] [stdout]    = note: an `impl` is never scoped, even when it is nested inside an item, as it may impact type checking outside of that item, which can be the case if neither the trait or the self type are at the same nesting level as the `impl`
[INFO] [stdout]    = note: items in an anonymous const item (`const _: () = { ... }`) are treated as in the same scope as the anonymous const's declaration for the purpose of this lint
[INFO] [stdout]    = note: this warning originates in the derive macro `Serialize` (in Nightly builds, run with -Z macro-backtrace for more info)
[INFO] [stdout] 
[INFO] [stdout] 
[INFO] [stderr]     Finished `dev` profile [unoptimized + debuginfo] target(s) in 18.99s
[INFO] running `Command { std: "docker" "inspect" "98ca54b632d9e6eee7c994b370f22cce7942086f15efcc191785929111e99fa3", kill_on_drop: false }`
[INFO] running `Command { std: "docker" "rm" "-f" "98ca54b632d9e6eee7c994b370f22cce7942086f15efcc191785929111e99fa3", kill_on_drop: false }`
[INFO] [stdout] 98ca54b632d9e6eee7c994b370f22cce7942086f15efcc191785929111e99fa3
[INFO] running `Command { std: "docker" "create" "-v" "/var/lib/crater-agent-workspace/builds/worker-3-tc1/target:/opt/rustwide/target:rw,Z" "-v" "/var/lib/crater-agent-workspace/builds/worker-3-tc1/source:/opt/rustwide/workdir:ro,Z" "-v" "/var/lib/crater-agent-workspace/cargo-home:/opt/rustwide/cargo-home:ro,Z" "-v" "/var/lib/crater-agent-workspace/rustup-home:/opt/rustwide/rustup-home:ro,Z" "-e" "SOURCE_DIR=/opt/rustwide/workdir" "-e" "CARGO_TARGET_DIR=/opt/rustwide/target" "-e" "CARGO_INCREMENTAL=0" "-e" "RUST_BACKTRACE=full" "-e" "RUSTFLAGS=--cap-lints=warn" "-e" "RUSTDOCFLAGS=--cap-lints=warn" "-e" "CARGO_HOME=/opt/rustwide/cargo-home" "-e" "RUSTUP_HOME=/opt/rustwide/rustup-home" "-w" "/opt/rustwide/workdir" "-m" "1610612736" "--user" "0:0" "--network" "none" "ghcr.io/rust-lang/crates-build-env/linux@sha256:f3a9d4ad9d972b27faf3965f35b62e55ba32bbce8f20bc8fe909558a86702fde" "/opt/rustwide/cargo-home/bin/cargo" "+1.83.0" "test" "--frozen" "--no-run" "--message-format=json", kill_on_drop: false }`
[INFO] [stdout] 76e2a50de4447a19e11c478f407fb34637b2b80c3601341f3ca0eaf38c40376e
[INFO] running `Command { std: "docker" "start" "-a" "76e2a50de4447a19e11c478f407fb34637b2b80c3601341f3ca0eaf38c40376e", kill_on_drop: false }`
[INFO] [stdout] warning: non-local `impl` definition, `impl` blocks should be written at the same level as their item
[INFO] [stdout]   --> src/lib.rs:22:26
[INFO] [stdout]    |
[INFO] [stdout] 22 | #[derive(Debug,PartialEq,Deserialize,Serialize)]
[INFO] [stdout]    |                          ^----------
[INFO] [stdout]    |                          |
[INFO] [stdout]    |                          `Deserialize` is not local
[INFO] [stdout]    |                          move the `impl` block outside of this constant `_IMPL_DESERIALIZE_FOR_Entity`
[INFO] [stdout] 23 | #[serde(tag = "type")]
[INFO] [stdout] 24 | pub enum Entity {
[INFO] [stdout]    |          ------ `Entity` is not local
[INFO] [stdout]    |
[INFO] [stdout]    = note: the derive macro `Deserialize` defines the non-local `impl`, and may need to be changed
[INFO] [stdout]    = note: the derive macro `Deserialize` may come from an old version of the `serde_derive` crate, try updating your dependency with `cargo update -p serde_derive`
[INFO] [stdout]    = note: an `impl` is never scoped, even when it is nested inside an item, as it may impact type checking outside of that item, which can be the case if neither the trait or the self type are at the same nesting level as the `impl`
[INFO] [stdout]    = note: items in an anonymous const item (`const _: () = { ... }`) are treated as in the same scope as the anonymous const's declaration for the purpose of this lint
[INFO] [stdout]    = note: `#[warn(non_local_definitions)]` on by default
[INFO] [stdout]    = note: this warning originates in the derive macro `Deserialize` (in Nightly builds, run with -Z macro-backtrace for more info)
[INFO] [stdout] 
[INFO] [stdout] 
[INFO] [stdout] warning: non-local `impl` definition, `impl` blocks should be written at the same level as their item
[INFO] [stdout]   --> src/lib.rs:22:38
[INFO] [stdout]    |
[INFO] [stdout] 22 | #[derive(Debug,PartialEq,Deserialize,Serialize)]
[INFO] [stdout]    |                                      ^--------
[INFO] [stdout]    |                                      |
[INFO] [stdout]    |                                      `Serialize` is not local
[INFO] [stdout]    |                                      move the `impl` block outside of this constant `_IMPL_SERIALIZE_FOR_Entity`
[INFO] [stdout] 23 | #[serde(tag = "type")]
[INFO] [stdout] 24 | pub enum Entity {
[INFO] [stdout]    |          ------ `Entity` is not local
[INFO] [stdout]    |
[INFO] [stdout]    = note: the derive macro `Serialize` defines the non-local `impl`, and may need to be changed
[INFO] [stdout]    = note: the derive macro `Serialize` may come from an old version of the `serde_derive` crate, try updating your dependency with `cargo update -p serde_derive`
[INFO] [stdout]    = note: an `impl` is never scoped, even when it is nested inside an item, as it may impact type checking outside of that item, which can be the case if neither the trait or the self type are at the same nesting level as the `impl`
[INFO] [stdout]    = note: items in an anonymous const item (`const _: () = { ... }`) are treated as in the same scope as the anonymous const's declaration for the purpose of this lint
[INFO] [stdout]    = note: this warning originates in the derive macro `Serialize` (in Nightly builds, run with -Z macro-backtrace for more info)
[INFO] [stdout] 
[INFO] [stdout] 
[INFO] [stdout] warning: non-local `impl` definition, `impl` blocks should be written at the same level as their item
[INFO] [stdout]   --> src/lib.rs:36:26
[INFO] [stdout]    |
[INFO] [stdout] 36 | #[derive(Debug,PartialEq,Deserialize,Serialize)]
[INFO] [stdout]    |                          ^----------
[INFO] [stdout]    |                          |
[INFO] [stdout]    |                          `Deserialize` is not local
[INFO] [stdout]    |                          move the `impl` block outside of this constant `_IMPL_DESERIALIZE_FOR_Credentials`
[INFO] [stdout] 37 | pub struct Credentials {
[INFO] [stdout]    |            ----------- `Credentials` is not local
[INFO] [stdout]    |
[INFO] [stdout]    = note: the derive macro `Deserialize` defines the non-local `impl`, and may need to be changed
[INFO] [stdout]    = note: the derive macro `Deserialize` may come from an old version of the `serde_derive` crate, try updating your dependency with `cargo update -p serde_derive`
[INFO] [stdout]    = note: an `impl` is never scoped, even when it is nested inside an item, as it may impact type checking outside of that item, which can be the case if neither the trait or the self type are at the same nesting level as the `impl`
[INFO] [stdout]    = note: items in an anonymous const item (`const _: () = { ... }`) are treated as in the same scope as the anonymous const's declaration for the purpose of this lint
[INFO] [stdout]    = note: this warning originates in the derive macro `Deserialize` (in Nightly builds, run with -Z macro-backtrace for more info)
[INFO] [stdout] 
[INFO] [stdout] 
[INFO] [stdout] warning: non-local `impl` definition, `impl` blocks should be written at the same level as their item
[INFO] [stdout]   --> src/lib.rs:36:38
[INFO] [stdout]    |
[INFO] [stdout] 36 | #[derive(Debug,PartialEq,Deserialize,Serialize)]
[INFO] [stdout]    |                                      ^--------
[INFO] [stdout]    |                                      |
[INFO] [stdout]    |                                      `Serialize` is not local
[INFO] [stdout]    |                                      move the `impl` block outside of this constant `_IMPL_SERIALIZE_FOR_Credentials`
[INFO] [stdout] 37 | pub struct Credentials {
[INFO] [stdout]    |            ----------- `Credentials` is not local
[INFO] [stdout]    |
[INFO] [stdout]    = note: the derive macro `Serialize` defines the non-local `impl`, and may need to be changed
[INFO] [stdout]    = note: the derive macro `Serialize` may come from an old version of the `serde_derive` crate, try updating your dependency with `cargo update -p serde_derive`
[INFO] [stdout]    = note: an `impl` is never scoped, even when it is nested inside an item, as it may impact type checking outside of that item, which can be the case if neither the trait or the self type are at the same nesting level as the `impl`
[INFO] [stdout]    = note: items in an anonymous const item (`const _: () = { ... }`) are treated as in the same scope as the anonymous const's declaration for the purpose of this lint
[INFO] [stdout]    = note: this warning originates in the derive macro `Serialize` (in Nightly builds, run with -Z macro-backtrace for more info)
[INFO] [stdout] 
[INFO] [stdout] 
[INFO] [stdout] warning: non-local `impl` definition, `impl` blocks should be written at the same level as their item
[INFO] [stdout]   --> src/lib.rs:62:26
[INFO] [stdout]    |
[INFO] [stdout] 62 | #[derive(Debug,PartialEq,Deserialize,Serialize)]
[INFO] [stdout]    |                          ^----------
[INFO] [stdout]    |                          |
[INFO] [stdout]    |                          `Deserialize` is not local
[INFO] [stdout]    |                          move the `impl` block outside of this constant `_IMPL_DESERIALIZE_FOR_MnemesisConfig`
[INFO] [stdout] 63 | struct MnemesisConfig {
[INFO] [stdout]    |        -------------- `MnemesisConfig` is not local
[INFO] [stdout]    |
[INFO] [stdout]    = note: the derive macro `Deserialize` defines the non-local `impl`, and may need to be changed
[INFO] [stdout]    = note: the derive macro `Deserialize` may come from an old version of the `serde_derive` crate, try updating your dependency with `cargo update -p serde_derive`
[INFO] [stdout]    = note: an `impl` is never scoped, even when it is nested inside an item, as it may impact type checking outside of that item, which can be the case if neither the trait or the self type are at the same nesting level as the `impl`
[INFO] [stdout]    = note: items in an anonymous const item (`const _: () = { ... }`) are treated as in the same scope as the anonymous const's declaration for the purpose of this lint
[INFO] [stdout]    = note: this warning originates in the derive macro `Deserialize` (in Nightly builds, run with -Z macro-backtrace for more info)
[INFO] [stdout] 
[INFO] [stdout] 
[INFO] [stderr]    Compiling mnemesis v0.1.0 (/opt/rustwide/workdir)
[INFO] [stdout] warning: non-local `impl` definition, `impl` blocks should be written at the same level as their item
[INFO] [stdout]   --> src/lib.rs:62:38
[INFO] [stdout]    |
[INFO] [stdout] 62 | #[derive(Debug,PartialEq,Deserialize,Serialize)]
[INFO] [stdout]    |                                      ^--------
[INFO] [stdout]    |                                      |
[INFO] [stdout]    |                                      `Serialize` is not local
[INFO] [stdout]    |                                      move the `impl` block outside of this constant `_IMPL_SERIALIZE_FOR_MnemesisConfig`
[INFO] [stdout] 63 | struct MnemesisConfig {
[INFO] [stdout]    |        -------------- `MnemesisConfig` is not local
[INFO] [stdout]    |
[INFO] [stdout]    = note: the derive macro `Serialize` defines the non-local `impl`, and may need to be changed
[INFO] [stdout]    = note: the derive macro `Serialize` may come from an old version of the `serde_derive` crate, try updating your dependency with `cargo update -p serde_derive`
[INFO] [stdout]    = note: an `impl` is never scoped, even when it is nested inside an item, as it may impact type checking outside of that item, which can be the case if neither the trait or the self type are at the same nesting level as the `impl`
[INFO] [stdout]    = note: items in an anonymous const item (`const _: () = { ... }`) are treated as in the same scope as the anonymous const's declaration for the purpose of this lint
[INFO] [stdout]    = note: this warning originates in the derive macro `Serialize` (in Nightly builds, run with -Z macro-backtrace for more info)
[INFO] [stdout] 
[INFO] [stdout] 
[INFO] [stdout] warning: non-local `impl` definition, `impl` blocks should be written at the same level as their item
[INFO] [stdout]   --> src/lib.rs:22:26
[INFO] [stdout]    |
[INFO] [stdout] 22 | #[derive(Debug,PartialEq,Deserialize,Serialize)]
[INFO] [stdout]    |                          ^----------
[INFO] [stdout]    |                          |
[INFO] [stdout]    |                          `Deserialize` is not local
[INFO] [stdout]    |                          move the `impl` block outside of this constant `_IMPL_DESERIALIZE_FOR_Entity`
[INFO] [stdout] 23 | #[serde(tag = "type")]
[INFO] [stdout] 24 | pub enum Entity {
[INFO] [stdout]    |          ------ `Entity` is not local
[INFO] [stdout]    |
[INFO] [stdout]    = note: the derive macro `Deserialize` defines the non-local `impl`, and may need to be changed
[INFO] [stdout]    = note: the derive macro `Deserialize` may come from an old version of the `serde_derive` crate, try updating your dependency with `cargo update -p serde_derive`
[INFO] [stdout]    = note: an `impl` is never scoped, even when it is nested inside an item, as it may impact type checking outside of that item, which can be the case if neither the trait or the self type are at the same nesting level as the `impl`
[INFO] [stdout]    = note: items in an anonymous const item (`const _: () = { ... }`) are treated as in the same scope as the anonymous const's declaration for the purpose of this lint
[INFO] [stdout]    = note: `#[warn(non_local_definitions)]` on by default
[INFO] [stdout]    = note: this warning originates in the derive macro `Deserialize` (in Nightly builds, run with -Z macro-backtrace for more info)
[INFO] [stdout] 
[INFO] [stdout] 
[INFO] [stdout] warning: non-local `impl` definition, `impl` blocks should be written at the same level as their item
[INFO] [stdout]   --> src/lib.rs:22:38
[INFO] [stdout]    |
[INFO] [stdout] 22 | #[derive(Debug,PartialEq,Deserialize,Serialize)]
[INFO] [stdout]    |                                      ^--------
[INFO] [stdout]    |                                      |
[INFO] [stdout]    |                                      `Serialize` is not local
[INFO] [stdout]    |                                      move the `impl` block outside of this constant `_IMPL_SERIALIZE_FOR_Entity`
[INFO] [stdout] 23 | #[serde(tag = "type")]
[INFO] [stdout] 24 | pub enum Entity {
[INFO] [stdout]    |          ------ `Entity` is not local
[INFO] [stdout]    |
[INFO] [stdout]    = note: the derive macro `Serialize` defines the non-local `impl`, and may need to be changed
[INFO] [stdout]    = note: the derive macro `Serialize` may come from an old version of the `serde_derive` crate, try updating your dependency with `cargo update -p serde_derive`
[INFO] [stdout]    = note: an `impl` is never scoped, even when it is nested inside an item, as it may impact type checking outside of that item, which can be the case if neither the trait or the self type are at the same nesting level as the `impl`
[INFO] [stdout]    = note: items in an anonymous const item (`const _: () = { ... }`) are treated as in the same scope as the anonymous const's declaration for the purpose of this lint
[INFO] [stdout]    = note: this warning originates in the derive macro `Serialize` (in Nightly builds, run with -Z macro-backtrace for more info)
[INFO] [stdout] 
[INFO] [stdout] 
[INFO] [stdout] warning: non-local `impl` definition, `impl` blocks should be written at the same level as their item
[INFO] [stdout]   --> src/lib.rs:36:26
[INFO] [stdout]    |
[INFO] [stdout] 36 | #[derive(Debug,PartialEq,Deserialize,Serialize)]
[INFO] [stdout]    |                          ^----------
[INFO] [stdout]    |                          |
[INFO] [stdout]    |                          `Deserialize` is not local
[INFO] [stdout]    |                          move the `impl` block outside of this constant `_IMPL_DESERIALIZE_FOR_Credentials`
[INFO] [stdout] 37 | pub struct Credentials {
[INFO] [stdout]    |            ----------- `Credentials` is not local
[INFO] [stdout]    |
[INFO] [stdout]    = note: the derive macro `Deserialize` defines the non-local `impl`, and may need to be changed
[INFO] [stdout]    = note: the derive macro `Deserialize` may come from an old version of the `serde_derive` crate, try updating your dependency with `cargo update -p serde_derive`
[INFO] [stdout]    = note: an `impl` is never scoped, even when it is nested inside an item, as it may impact type checking outside of that item, which can be the case if neither the trait or the self type are at the same nesting level as the `impl`
[INFO] [stdout]    = note: items in an anonymous const item (`const _: () = { ... }`) are treated as in the same scope as the anonymous const's declaration for the purpose of this lint
[INFO] [stdout]    = note: this warning originates in the derive macro `Deserialize` (in Nightly builds, run with -Z macro-backtrace for more info)
[INFO] [stdout] 
[INFO] [stdout] 
[INFO] [stdout] warning: non-local `impl` definition, `impl` blocks should be written at the same level as their item
[INFO] [stdout]   --> src/lib.rs:36:38
[INFO] [stdout]    |
[INFO] [stdout] 36 | #[derive(Debug,PartialEq,Deserialize,Serialize)]
[INFO] [stdout]    |                                      ^--------
[INFO] [stdout]    |                                      |
[INFO] [stdout]    |                                      `Serialize` is not local
[INFO] [stdout]    |                                      move the `impl` block outside of this constant `_IMPL_SERIALIZE_FOR_Credentials`
[INFO] [stdout] 37 | pub struct Credentials {
[INFO] [stdout]    |            ----------- `Credentials` is not local
[INFO] [stdout]    |
[INFO] [stdout]    = note: the derive macro `Serialize` defines the non-local `impl`, and may need to be changed
[INFO] [stdout]    = note: the derive macro `Serialize` may come from an old version of the `serde_derive` crate, try updating your dependency with `cargo update -p serde_derive`
[INFO] [stdout]    = note: an `impl` is never scoped, even when it is nested inside an item, as it may impact type checking outside of that item, which can be the case if neither the trait or the self type are at the same nesting level as the `impl`
[INFO] [stdout]    = note: items in an anonymous const item (`const _: () = { ... }`) are treated as in the same scope as the anonymous const's declaration for the purpose of this lint
[INFO] [stdout]    = note: this warning originates in the derive macro `Serialize` (in Nightly builds, run with -Z macro-backtrace for more info)
[INFO] [stdout] 
[INFO] [stdout] 
[INFO] [stdout] warning: non-local `impl` definition, `impl` blocks should be written at the same level as their item
[INFO] [stdout]   --> src/lib.rs:62:26
[INFO] [stdout]    |
[INFO] [stdout] 62 | #[derive(Debug,PartialEq,Deserialize,Serialize)]
[INFO] [stdout]    |                          ^----------
[INFO] [stdout]    |                          |
[INFO] [stdout]    |                          `Deserialize` is not local
[INFO] [stdout]    |                          move the `impl` block outside of this constant `_IMPL_DESERIALIZE_FOR_MnemesisConfig`
[INFO] [stdout] 63 | struct MnemesisConfig {
[INFO] [stdout]    |        -------------- `MnemesisConfig` is not local
[INFO] [stdout]    |
[INFO] [stdout]    = note: the derive macro `Deserialize` defines the non-local `impl`, and may need to be changed
[INFO] [stdout]    = note: the derive macro `Deserialize` may come from an old version of the `serde_derive` crate, try updating your dependency with `cargo update -p serde_derive`
[INFO] [stdout]    = note: an `impl` is never scoped, even when it is nested inside an item, as it may impact type checking outside of that item, which can be the case if neither the trait or the self type are at the same nesting level as the `impl`
[INFO] [stdout]    = note: items in an anonymous const item (`const _: () = { ... }`) are treated as in the same scope as the anonymous const's declaration for the purpose of this lint
[INFO] [stdout]    = note: this warning originates in the derive macro `Deserialize` (in Nightly builds, run with -Z macro-backtrace for more info)
[INFO] [stdout] 
[INFO] [stdout] 
[INFO] [stdout] warning: non-local `impl` definition, `impl` blocks should be written at the same level as their item
[INFO] [stdout]   --> src/lib.rs:62:38
[INFO] [stdout]    |
[INFO] [stdout] 62 | #[derive(Debug,PartialEq,Deserialize,Serialize)]
[INFO] [stdout]    |                                      ^--------
[INFO] [stdout]    |                                      |
[INFO] [stdout]    |                                      `Serialize` is not local
[INFO] [stdout]    |                                      move the `impl` block outside of this constant `_IMPL_SERIALIZE_FOR_MnemesisConfig`
[INFO] [stdout] 63 | struct MnemesisConfig {
[INFO] [stdout]    |        -------------- `MnemesisConfig` is not local
[INFO] [stdout]    |
[INFO] [stdout]    = note: the derive macro `Serialize` defines the non-local `impl`, and may need to be changed
[INFO] [stdout]    = note: the derive macro `Serialize` may come from an old version of the `serde_derive` crate, try updating your dependency with `cargo update -p serde_derive`
[INFO] [stdout]    = note: an `impl` is never scoped, even when it is nested inside an item, as it may impact type checking outside of that item, which can be the case if neither the trait or the self type are at the same nesting level as the `impl`
[INFO] [stdout]    = note: items in an anonymous const item (`const _: () = { ... }`) are treated as in the same scope as the anonymous const's declaration for the purpose of this lint
[INFO] [stdout]    = note: this warning originates in the derive macro `Serialize` (in Nightly builds, run with -Z macro-backtrace for more info)
[INFO] [stdout] 
[INFO] [stdout] 
[INFO] [stderr]     Finished `test` profile [unoptimized + debuginfo] target(s) in 0.97s
[INFO] running `Command { std: "docker" "inspect" "76e2a50de4447a19e11c478f407fb34637b2b80c3601341f3ca0eaf38c40376e", kill_on_drop: false }`
[INFO] running `Command { std: "docker" "rm" "-f" "76e2a50de4447a19e11c478f407fb34637b2b80c3601341f3ca0eaf38c40376e", kill_on_drop: false }`
[INFO] [stdout] 76e2a50de4447a19e11c478f407fb34637b2b80c3601341f3ca0eaf38c40376e
[INFO] running `Command { std: "docker" "create" "-v" "/var/lib/crater-agent-workspace/builds/worker-3-tc1/target:/opt/rustwide/target:rw,Z" "-v" "/var/lib/crater-agent-workspace/builds/worker-3-tc1/source:/opt/rustwide/workdir:ro,Z" "-v" "/var/lib/crater-agent-workspace/cargo-home:/opt/rustwide/cargo-home:ro,Z" "-v" "/var/lib/crater-agent-workspace/rustup-home:/opt/rustwide/rustup-home:ro,Z" "-e" "SOURCE_DIR=/opt/rustwide/workdir" "-e" "CARGO_TARGET_DIR=/opt/rustwide/target" "-e" "CARGO_INCREMENTAL=0" "-e" "RUST_BACKTRACE=full" "-e" "RUSTFLAGS=--cap-lints=warn" "-e" "RUSTDOCFLAGS=--cap-lints=warn" "-e" "CARGO_HOME=/opt/rustwide/cargo-home" "-e" "RUSTUP_HOME=/opt/rustwide/rustup-home" "-w" "/opt/rustwide/workdir" "-m" "1610612736" "--user" "0:0" "--network" "none" "ghcr.io/rust-lang/crates-build-env/linux@sha256:f3a9d4ad9d972b27faf3965f35b62e55ba32bbce8f20bc8fe909558a86702fde" "/opt/rustwide/cargo-home/bin/cargo" "+1.83.0" "test" "--frozen", kill_on_drop: false }`
[INFO] [stdout] 830d85a259540bcff6f4b3bfca467fd2edcbafc35b5bb9595febb1b421328cad
[INFO] running `Command { std: "docker" "start" "-a" "830d85a259540bcff6f4b3bfca467fd2edcbafc35b5bb9595febb1b421328cad", kill_on_drop: false }`
[INFO] [stderr] warning: non-local `impl` definition, `impl` blocks should be written at the same level as their item
[INFO] [stderr]   --> src/lib.rs:22:26
[INFO] [stderr]    |
[INFO] [stderr] 22 | #[derive(Debug,PartialEq,Deserialize,Serialize)]
[INFO] [stderr]    |                          ^----------
[INFO] [stderr]    |                          |
[INFO] [stderr]    |                          `Deserialize` is not local
[INFO] [stderr]    |                          move the `impl` block outside of this constant `_IMPL_DESERIALIZE_FOR_Entity`
[INFO] [stderr] 23 | #[serde(tag = "type")]
[INFO] [stderr] 24 | pub enum Entity {
[INFO] [stderr]    |          ------ `Entity` is not local
[INFO] [stderr]    |
[INFO] [stderr]    = note: the derive macro `Deserialize` defines the non-local `impl`, and may need to be changed
[INFO] [stderr]    = note: the derive macro `Deserialize` may come from an old version of the `serde_derive` crate, try updating your dependency with `cargo update -p serde_derive`
[INFO] [stderr]    = note: an `impl` is never scoped, even when it is nested inside an item, as it may impact type checking outside of that item, which can be the case if neither the trait or the self type are at the same nesting level as the `impl`
[INFO] [stderr]    = note: items in an anonymous const item (`const _: () = { ... }`) are treated as in the same scope as the anonymous const's declaration for the purpose of this lint
[INFO] [stderr]    = note: `#[warn(non_local_definitions)]` on by default
[INFO] [stderr]    = note: this warning originates in the derive macro `Deserialize` (in Nightly builds, run with -Z macro-backtrace for more info)
[INFO] [stderr] 
[INFO] [stderr] warning: non-local `impl` definition, `impl` blocks should be written at the same level as their item
[INFO] [stderr]   --> src/lib.rs:22:38
[INFO] [stderr]    |
[INFO] [stderr] 22 | #[derive(Debug,PartialEq,Deserialize,Serialize)]
[INFO] [stderr]    |                                      ^--------
[INFO] [stderr]    |                                      |
[INFO] [stderr]    |                                      `Serialize` is not local
[INFO] [stderr]    |                                      move the `impl` block outside of this constant `_IMPL_SERIALIZE_FOR_Entity`
[INFO] [stderr] 23 | #[serde(tag = "type")]
[INFO] [stderr] 24 | pub enum Entity {
[INFO] [stderr]    |          ------ `Entity` is not local
[INFO] [stderr]    |
[INFO] [stderr]    = note: the derive macro `Serialize` defines the non-local `impl`, and may need to be changed
[INFO] [stderr]    = note: the derive macro `Serialize` may come from an old version of the `serde_derive` crate, try updating your dependency with `cargo update -p serde_derive`
[INFO] [stderr]    = note: an `impl` is never scoped, even when it is nested inside an item, as it may impact type checking outside of that item, which can be the case if neither the trait or the self type are at the same nesting level as the `impl`
[INFO] [stderr]    = note: items in an anonymous const item (`const _: () = { ... }`) are treated as in the same scope as the anonymous const's declaration for the purpose of this lint
[INFO] [stderr]    = note: this warning originates in the derive macro `Serialize` (in Nightly builds, run with -Z macro-backtrace for more info)
[INFO] [stderr] 
[INFO] [stderr] warning: non-local `impl` definition, `impl` blocks should be written at the same level as their item
[INFO] [stderr]   --> src/lib.rs:36:26
[INFO] [stderr]    |
[INFO] [stderr] 36 | #[derive(Debug,PartialEq,Deserialize,Serialize)]
[INFO] [stderr]    |                          ^----------
[INFO] [stderr]    |                          |
[INFO] [stderr]    |                          `Deserialize` is not local
[INFO] [stderr]    |                          move the `impl` block outside of this constant `_IMPL_DESERIALIZE_FOR_Credentials`
[INFO] [stderr] 37 | pub struct Credentials {
[INFO] [stderr]    |            ----------- `Credentials` is not local
[INFO] [stderr]    |
[INFO] [stderr]    = note: the derive macro `Deserialize` defines the non-local `impl`, and may need to be changed
[INFO] [stderr]    = note: the derive macro `Deserialize` may come from an old version of the `serde_derive` crate, try updating your dependency with `cargo update -p serde_derive`
[INFO] [stderr]    = note: an `impl` is never scoped, even when it is nested inside an item, as it may impact type checking outside of that item, which can be the case if neither the trait or the self type are at the same nesting level as the `impl`
[INFO] [stderr]    = note: items in an anonymous const item (`const _: () = { ... }`) are treated as in the same scope as the anonymous const's declaration for the purpose of this lint
[INFO] [stderr]    = note: this warning originates in the derive macro `Deserialize` (in Nightly builds, run with -Z macro-backtrace for more info)
[INFO] [stderr] 
[INFO] [stderr] warning: non-local `impl` definition, `impl` blocks should be written at the same level as their item
[INFO] [stderr]   --> src/lib.rs:36:38
[INFO] [stderr]    |
[INFO] [stderr] 36 | #[derive(Debug,PartialEq,Deserialize,Serialize)]
[INFO] [stderr]    |                                      ^--------
[INFO] [stderr]    |                                      |
[INFO] [stderr]    |                                      `Serialize` is not local
[INFO] [stderr]    |                                      move the `impl` block outside of this constant `_IMPL_SERIALIZE_FOR_Credentials`
[INFO] [stderr] 37 | pub struct Credentials {
[INFO] [stderr]    |            ----------- `Credentials` is not local
[INFO] [stderr]    |
[INFO] [stderr]    = note: the derive macro `Serialize` defines the non-local `impl`, and may need to be changed
[INFO] [stderr]    = note: the derive macro `Serialize` may come from an old version of the `serde_derive` crate, try updating your dependency with `cargo update -p serde_derive`
[INFO] [stderr]    = note: an `impl` is never scoped, even when it is nested inside an item, as it may impact type checking outside of that item, which can be the case if neither the trait or the self type are at the same nesting level as the `impl`
[INFO] [stderr]    = note: items in an anonymous const item (`const _: () = { ... }`) are treated as in the same scope as the anonymous const's declaration for the purpose of this lint
[INFO] [stderr]    = note: this warning originates in the derive macro `Serialize` (in Nightly builds, run with -Z macro-backtrace for more info)
[INFO] [stderr] 
[INFO] [stderr] warning: non-local `impl` definition, `impl` blocks should be written at the same level as their item
[INFO] [stderr]   --> src/lib.rs:62:26
[INFO] [stderr]    |
[INFO] [stderr] 62 | #[derive(Debug,PartialEq,Deserialize,Serialize)]
[INFO] [stderr]    |                          ^----------
[INFO] [stderr]    |                          |
[INFO] [stderr]    |                          `Deserialize` is not local
[INFO] [stderr]    |                          move the `impl` block outside of this constant `_IMPL_DESERIALIZE_FOR_MnemesisConfig`
[INFO] [stderr] 63 | struct MnemesisConfig {
[INFO] [stderr]    |        -------------- `MnemesisConfig` is not local
[INFO] [stderr]    |
[INFO] [stderr]    = note: the derive macro `Deserialize` defines the non-local `impl`, and may need to be changed
[INFO] [stderr]    = note: the derive macro `Deserialize` may come from an old version of the `serde_derive` crate, try updating your dependency with `cargo update -p serde_derive`
[INFO] [stderr]    = note: an `impl` is never scoped, even when it is nested inside an item, as it may impact type checking outside of that item, which can be the case if neither the trait or the self type are at the same nesting level as the `impl`
[INFO] [stderr]    = note: items in an anonymous const item (`const _: () = { ... }`) are treated as in the same scope as the anonymous const's declaration for the purpose of this lint
[INFO] [stderr]    = note: this warning originates in the derive macro `Deserialize` (in Nightly builds, run with -Z macro-backtrace for more info)
[INFO] [stderr] 
[INFO] [stderr] warning: non-local `impl` definition, `impl` blocks should be written at the same level as their item
[INFO] [stderr]   --> src/lib.rs:62:38
[INFO] [stderr]    |
[INFO] [stderr] 62 | #[derive(Debug,PartialEq,Deserialize,Serialize)]
[INFO] [stderr]    |                                      ^--------
[INFO] [stderr]    |                                      |
[INFO] [stderr]    |                                      `Serialize` is not local
[INFO] [stderr]    |                                      move the `impl` block outside of this constant `_IMPL_SERIALIZE_FOR_MnemesisConfig`
[INFO] [stderr] 63 | struct MnemesisConfig {
[INFO] [stderr]    |        -------------- `MnemesisConfig` is not local
[INFO] [stderr]    |
[INFO] [stderr]    = note: the derive macro `Serialize` defines the non-local `impl`, and may need to be changed
[INFO] [stderr]    = note: the derive macro `Serialize` may come from an old version of the `serde_derive` crate, try updating your dependency with `cargo update -p serde_derive`
[INFO] [stderr]    = note: an `impl` is never scoped, even when it is nested inside an item, as it may impact type checking outside of that item, which can be the case if neither the trait or the self type are at the same nesting level as the `impl`
[INFO] [stderr]    = note: items in an anonymous const item (`const _: () = { ... }`) are treated as in the same scope as the anonymous const's declaration for the purpose of this lint
[INFO] [stderr]    = note: this warning originates in the derive macro `Serialize` (in Nightly builds, run with -Z macro-backtrace for more info)
[INFO] [stderr] 
[INFO] [stderr] warning: `mnemesis` (lib) generated 6 warnings
[INFO] [stderr] warning: `mnemesis` (lib test) generated 6 warnings (6 duplicates)
[INFO] [stderr]     Finished `test` profile [unoptimized + debuginfo] target(s) in 0.06s
[INFO] [stderr]      Running unittests src/lib.rs (/opt/rustwide/target/debug/deps/mnemesis_utils-b63092ec8ffa98da)
[INFO] [stdout] 
[INFO] [stdout] running 1 test
[INFO] [stdout] test test::test_encrypt_decrypt ... FAILED
[INFO] [stdout] 
[INFO] [stdout] failures:
[INFO] [stdout] 
[INFO] [stdout] ---- test::test_encrypt_decrypt stdout ----
[INFO] [stdout] thread 'test::test_encrypt_decrypt' panicked at src/lib.rs:196:49:
[INFO] [stdout] Failed to query username: Var(NotPresent)
[INFO] [stdout] stack backtrace:
[INFO] [stdout]    0:     0x5a7d45d490ea - std::backtrace_rs::backtrace::libunwind::trace::h5a5b8284f2d0c266
[INFO] [stdout]                                at /rustc/90b35a6239c3d8bdabc530a6a0816f7ff89a0aaf/library/std/src/../../backtrace/src/backtrace/libunwind.rs:116:5
[INFO] [stdout]    1:     0x5a7d45d490ea - std::backtrace_rs::backtrace::trace_unsynchronized::h76d4f1c9b0b875e3
[INFO] [stdout]                                at /rustc/90b35a6239c3d8bdabc530a6a0816f7ff89a0aaf/library/std/src/../../backtrace/src/backtrace/mod.rs:66:5
[INFO] [stdout]    2:     0x5a7d45d490ea - std::sys::backtrace::_print_fmt::hc4546b8364a537c6
[INFO] [stdout]                                at /rustc/90b35a6239c3d8bdabc530a6a0816f7ff89a0aaf/library/std/src/sys/backtrace.rs:66:9
[INFO] [stdout]    3:     0x5a7d45d490ea - <std::sys::backtrace::BacktraceLock::print::DisplayBacktrace as core::fmt::Display>::fmt::h5b6bd5631a6d1f6b
[INFO] [stdout]                                at /rustc/90b35a6239c3d8bdabc530a6a0816f7ff89a0aaf/library/std/src/sys/backtrace.rs:39:26
[INFO] [stdout]    4:     0x5a7d45d6e563 - core::fmt::rt::Argument::fmt::h270f6602a2b96f62
[INFO] [stdout]                                at /rustc/90b35a6239c3d8bdabc530a6a0816f7ff89a0aaf/library/core/src/fmt/rt.rs:177:76
[INFO] [stdout]    5:     0x5a7d45d6e563 - core::fmt::write::h7550c97b06c86515
[INFO] [stdout]                                at /rustc/90b35a6239c3d8bdabc530a6a0816f7ff89a0aaf/library/core/src/fmt/mod.rs:1186:21
[INFO] [stdout]    6:     0x5a7d45d462b3 - std::io::Write::write_fmt::h509ff860e5956e5e
[INFO] [stdout]                                at /rustc/90b35a6239c3d8bdabc530a6a0816f7ff89a0aaf/library/std/src/io/mod.rs:1839:15
[INFO] [stdout]    7:     0x5a7d45d48f32 - std::sys::backtrace::BacktraceLock::print::h2395ccd2c84ba3aa
[INFO] [stdout]                                at /rustc/90b35a6239c3d8bdabc530a6a0816f7ff89a0aaf/library/std/src/sys/backtrace.rs:42:9
[INFO] [stdout]    8:     0x5a7d45d4a54a - std::panicking::default_hook::{{closure}}::he19d4c7230e07961
[INFO] [stdout]                                at /rustc/90b35a6239c3d8bdabc530a6a0816f7ff89a0aaf/library/std/src/panicking.rs:268:22
[INFO] [stdout]    9:     0x5a7d45d4a354 - std::panicking::default_hook::hf614597d3c67bbdb
[INFO] [stdout]                                at /rustc/90b35a6239c3d8bdabc530a6a0816f7ff89a0aaf/library/std/src/panicking.rs:292:9
[INFO] [stdout]   10:     0x5a7d45cfd979 - <alloc::boxed::Box<F,A> as core::ops::function::Fn<Args>>::call::h39b51ce4599c23d1
[INFO] [stdout]                                at /rustc/90b35a6239c3d8bdabc530a6a0816f7ff89a0aaf/library/alloc/src/boxed.rs:2468:9
[INFO] [stdout]   11:     0x5a7d45cfd979 - test::test_main::{{closure}}::he977ae839a582784
[INFO] [stdout]                                at /rustc/90b35a6239c3d8bdabc530a6a0816f7ff89a0aaf/library/test/src/lib.rs:133:21
[INFO] [stdout]   12:     0x5a7d45d4abe8 - <alloc::boxed::Box<F,A> as core::ops::function::Fn<Args>>::call::h9455091b6b06f9fb
[INFO] [stdout]                                at /rustc/90b35a6239c3d8bdabc530a6a0816f7ff89a0aaf/library/alloc/src/boxed.rs:2468:9
[INFO] [stdout]   13:     0x5a7d45d4abe8 - std::panicking::rust_panic_with_hook::h8942133a8b252070
[INFO] [stdout]                                at /rustc/90b35a6239c3d8bdabc530a6a0816f7ff89a0aaf/library/std/src/panicking.rs:809:13
[INFO] [stdout]   14:     0x5a7d45d4a9aa - std::panicking::begin_panic_handler::{{closure}}::hb5f5963570096b29
[INFO] [stdout]                                at /rustc/90b35a6239c3d8bdabc530a6a0816f7ff89a0aaf/library/std/src/panicking.rs:674:13
[INFO] [stdout]   15:     0x5a7d45d495c9 - std::sys::backtrace::__rust_end_short_backtrace::h6208cedc1922feda
[INFO] [stdout]                                at /rustc/90b35a6239c3d8bdabc530a6a0816f7ff89a0aaf/library/std/src/sys/backtrace.rs:170:18
[INFO] [stdout]   16:     0x5a7d45d4a63c - rust_begin_unwind
[INFO] [stdout]                                at /rustc/90b35a6239c3d8bdabc530a6a0816f7ff89a0aaf/library/std/src/panicking.rs:665:5
[INFO] [stdout]   17:     0x5a7d45cb9a70 - core::panicking::panic_fmt::h0c3082644d1bf418
[INFO] [stdout]                                at /rustc/90b35a6239c3d8bdabc530a6a0816f7ff89a0aaf/library/core/src/panicking.rs:74:14
[INFO] [stdout]   18:     0x5a7d45cb9eb6 - core::result::unwrap_failed::hd20b4aa073bda1e2
[INFO] [stdout]                                at /rustc/90b35a6239c3d8bdabc530a6a0816f7ff89a0aaf/library/core/src/result.rs:1700:5
[INFO] [stdout]   19:     0x5a7d45cbc376 - core::result::Result<T,E>::expect::hc00fe1a7d42cf32f
[INFO] [stdout]                                at /rustc/90b35a6239c3d8bdabc530a6a0816f7ff89a0aaf/library/core/src/result.rs:1061:23
[INFO] [stdout]   20:     0x5a7d45cc40f0 - mnemesis_utils::Crypt::derive::hbb9ec509f19ed5d9
[INFO] [stdout]                                at /opt/rustwide/workdir/src/lib.rs:196:23
[INFO] [stdout]   21:     0x5a7d45cc405c - mnemesis_utils::Crypt::new::ha859563b9b7ac2bc
[INFO] [stdout]                                at /opt/rustwide/workdir/src/lib.rs:187:19
[INFO] [stdout]   22:     0x5a7d45cc5356 - mnemesis_utils::test::test_encrypt_decrypt::hf5605dc5f7bb1ed1
[INFO] [stdout]                                at /opt/rustwide/workdir/src/lib.rs:255:21
[INFO] [stdout]   23:     0x5a7d45cc52f7 - mnemesis_utils::test::test_encrypt_decrypt::{{closure}}::hf5e8ab62fa0a9eec
[INFO] [stdout]                                at /opt/rustwide/workdir/src/lib.rs:253:30
[INFO] [stdout]   24:     0x5a7d45cbb286 - core::ops::function::FnOnce::call_once::h3f64efea97ec7335
[INFO] [stdout]                                at /rustc/90b35a6239c3d8bdabc530a6a0816f7ff89a0aaf/library/core/src/ops/function.rs:250:5
[INFO] [stdout]   25:     0x5a7d45d0233b - core::ops::function::FnOnce::call_once::h109cf8051a59b34e
[INFO] [stdout]                                at /rustc/90b35a6239c3d8bdabc530a6a0816f7ff89a0aaf/library/core/src/ops/function.rs:250:5
[INFO] [stdout]   26:     0x5a7d45d0233b - test::__rust_begin_short_backtrace::hf4fff89d377446ba
[INFO] [stdout]                                at /rustc/90b35a6239c3d8bdabc530a6a0816f7ff89a0aaf/library/test/src/lib.rs:621:18
[INFO] [stdout]   27:     0x5a7d45d01b77 - test::run_test_in_process::{{closure}}::h0e39181dd7ee5a43
[INFO] [stdout]                                at /rustc/90b35a6239c3d8bdabc530a6a0816f7ff89a0aaf/library/test/src/lib.rs:644:60
[INFO] [stdout]   28:     0x5a7d45d01b77 - <core::panic::unwind_safe::AssertUnwindSafe<F> as core::ops::function::FnOnce<()>>::call_once::hc5a66a30f0bdfd1f
[INFO] [stdout]                                at /rustc/90b35a6239c3d8bdabc530a6a0816f7ff89a0aaf/library/core/src/panic/unwind_safe.rs:272:9
[INFO] [stdout]   29:     0x5a7d45d01b77 - std::panicking::try::do_call::h873b7cf639554a5e
[INFO] [stdout]                                at /rustc/90b35a6239c3d8bdabc530a6a0816f7ff89a0aaf/library/std/src/panicking.rs:557:40
[INFO] [stdout]   30:     0x5a7d45d01b77 - std::panicking::try::hdb19862fad9c8bd1
[INFO] [stdout]                                at /rustc/90b35a6239c3d8bdabc530a6a0816f7ff89a0aaf/library/std/src/panicking.rs:520:19
[INFO] [stdout]   31:     0x5a7d45d01b77 - std::panic::catch_unwind::h281fe732d236d260
[INFO] [stdout]                                at /rustc/90b35a6239c3d8bdabc530a6a0816f7ff89a0aaf/library/std/src/panic.rs:358:14
[INFO] [stdout]   32:     0x5a7d45d01b77 - test::run_test_in_process::h949b6df8457ed338
[INFO] [stdout]                                at /rustc/90b35a6239c3d8bdabc530a6a0816f7ff89a0aaf/library/test/src/lib.rs:644:27
[INFO] [stdout]   33:     0x5a7d45d01b77 - test::run_test::{{closure}}::h52c556a6d4740e10
[INFO] [stdout]                                at /rustc/90b35a6239c3d8bdabc530a6a0816f7ff89a0aaf/library/test/src/lib.rs:565:43
[INFO] [stdout]   34:     0x5a7d45cc6e54 - test::run_test::{{closure}}::h4237f6381c45ccb9
[INFO] [stdout]                                at /rustc/90b35a6239c3d8bdabc530a6a0816f7ff89a0aaf/library/test/src/lib.rs:595:41
[INFO] [stdout]   35:     0x5a7d45cc6e54 - std::sys::backtrace::__rust_begin_short_backtrace::h505c97a579eca628
[INFO] [stdout]                                at /rustc/90b35a6239c3d8bdabc530a6a0816f7ff89a0aaf/library/std/src/sys/backtrace.rs:154:18
[INFO] [stdout]   36:     0x5a7d45cca51e - std::thread::Builder::spawn_unchecked_::{{closure}}::{{closure}}::h9e86b2e2bc107ea3
[INFO] [stdout]                                at /rustc/90b35a6239c3d8bdabc530a6a0816f7ff89a0aaf/library/std/src/thread/mod.rs:538:17
[INFO] [stdout]   37:     0x5a7d45cca51e - <core::panic::unwind_safe::AssertUnwindSafe<F> as core::ops::function::FnOnce<()>>::call_once::h8b06ddb275ff4a25
[INFO] [stdout]                                at /rustc/90b35a6239c3d8bdabc530a6a0816f7ff89a0aaf/library/core/src/panic/unwind_safe.rs:272:9
[INFO] [stdout]   38:     0x5a7d45cca51e - std::panicking::try::do_call::hb26ecd7cd9a9355d
[INFO] [stdout]                                at /rustc/90b35a6239c3d8bdabc530a6a0816f7ff89a0aaf/library/std/src/panicking.rs:557:40
[INFO] [stdout]   39:     0x5a7d45cca51e - std::panicking::try::h8ddeca9d705f9069
[INFO] [stdout]                                at /rustc/90b35a6239c3d8bdabc530a6a0816f7ff89a0aaf/library/std/src/panicking.rs:520:19
[INFO] [stdout]   40:     0x5a7d45cca51e - std::panic::catch_unwind::h49e1c33078844c46
[INFO] [stdout]                                at /rustc/90b35a6239c3d8bdabc530a6a0816f7ff89a0aaf/library/std/src/panic.rs:358:14
[INFO] [stdout]   41:     0x5a7d45cca51e - std::thread::Builder::spawn_unchecked_::{{closure}}::h6073db6ff56ad35d
[INFO] [stdout]                                at /rustc/90b35a6239c3d8bdabc530a6a0816f7ff89a0aaf/library/std/src/thread/mod.rs:537:30
[INFO] [stdout]   42:     0x5a7d45cca51e - core::ops::function::FnOnce::call_once{{vtable.shim}}::h2c5a5f3779c774f1
[INFO] [stdout]                                at /rustc/90b35a6239c3d8bdabc530a6a0816f7ff89a0aaf/library/core/src/ops/function.rs:250:5
[INFO] [stdout]   43:     0x5a7d45d4e99b - <alloc::boxed::Box<F,A> as core::ops::function::FnOnce<Args>>::call_once::hf75717d9f28faebf
[INFO] [stdout]                                at /rustc/90b35a6239c3d8bdabc530a6a0816f7ff89a0aaf/library/alloc/src/boxed.rs:2454:9
[INFO] [stdout]   44:     0x5a7d45d4e99b - <alloc::boxed::Box<F,A> as core::ops::function::FnOnce<Args>>::call_once::h7bd883a5f3c5f3c1
[INFO] [stdout]                                at /rustc/90b35a6239c3d8bdabc530a6a0816f7ff89a0aaf/library/alloc/src/boxed.rs:2454:9
[INFO] [stdout]   45:     0x5a7d45d4e99b - std::sys::pal::unix::thread::Thread::new::thread_start::hcc78f3943333fa94
[INFO] [stdout]                                at /rustc/90b35a6239c3d8bdabc530a6a0816f7ff89a0aaf/library/std/src/sys/pal/unix/thread.rs:105:17
[INFO] [stdout]   46:     0x7019e2249ac3 - <unknown>
[INFO] [stdout]   47:     0x7019e22daa04 - clone
[INFO] [stdout]   48:                0x0 - <unknown>
[INFO] [stdout] 
[INFO] [stdout] 
[INFO] [stdout] failures:
[INFO] [stdout]     test::test_encrypt_decrypt
[INFO] [stdout] 
[INFO] [stdout] test result: FAILED. 0 passed; 1 failed; 0 ignored; 0 measured; 0 filtered out; finished in 0.03s
[INFO] [stdout] 
[INFO] [stderr] error: test failed, to rerun pass `--lib`
[INFO] running `Command { std: "docker" "inspect" "830d85a259540bcff6f4b3bfca467fd2edcbafc35b5bb9595febb1b421328cad", kill_on_drop: false }`
[INFO] running `Command { std: "docker" "rm" "-f" "830d85a259540bcff6f4b3bfca467fd2edcbafc35b5bb9595febb1b421328cad", kill_on_drop: false }`
[INFO] [stdout] 830d85a259540bcff6f4b3bfca467fd2edcbafc35b5bb9595febb1b421328cad
