[INFO] cloning repository https://github.com/KatsuoRyuu/ricksponse
[INFO] running `Command { std: "git" "-c" "credential.helper=" "-c" "credential.helper=/workspace/cargo-home/bin/git-credential-null" "clone" "--bare" "https://github.com/KatsuoRyuu/ricksponse" "/workspace/cache/git-repos/https%3A%2F%2Fgithub.com%2FKatsuoRyuu%2Fricksponse", kill_on_drop: false }`
[INFO] [stderr] Cloning into bare repository '/workspace/cache/git-repos/https%3A%2F%2Fgithub.com%2FKatsuoRyuu%2Fricksponse'...
[INFO] running `Command { std: "git" "rev-parse" "HEAD", kill_on_drop: false }`
[INFO] [stdout] e22b9bf35a03074aff3fe85c12deee219c7bcd75
[INFO] testing KatsuoRyuu/ricksponse against 1.83.0 for beta-1.84.0-4-retry
[INFO] running `Command { std: "git" "clone" "/workspace/cache/git-repos/https%3A%2F%2Fgithub.com%2FKatsuoRyuu%2Fricksponse" "/workspace/builds/worker-1-tc1/source", kill_on_drop: false }`
[INFO] [stderr] Cloning into '/workspace/builds/worker-1-tc1/source'...
[INFO] [stderr] done.
[INFO] validating manifest of git repo https://github.com/KatsuoRyuu/ricksponse on toolchain 1.83.0
[INFO] running `Command { std: CARGO_HOME="/workspace/cargo-home" RUSTUP_HOME="/workspace/rustup-home" "/workspace/cargo-home/bin/cargo" "+1.83.0" "metadata" "--manifest-path" "Cargo.toml" "--no-deps", kill_on_drop: false }`
[INFO] removed /workspace/builds/worker-1-tc1/source/rust-toolchain
[INFO] started tweaking git repo https://github.com/KatsuoRyuu/ricksponse
[INFO] finished tweaking git repo https://github.com/KatsuoRyuu/ricksponse
[INFO] tweaked toml for git repo https://github.com/KatsuoRyuu/ricksponse written to /workspace/builds/worker-1-tc1/source/Cargo.toml
[INFO] crate git repo https://github.com/KatsuoRyuu/ricksponse already has a lockfile, it will not be regenerated
[INFO] running `Command { std: CARGO_HOME="/workspace/cargo-home" RUSTUP_HOME="/workspace/rustup-home" "/workspace/cargo-home/bin/cargo" "+1.83.0" "fetch" "--manifest-path" "Cargo.toml", kill_on_drop: false }`
[INFO] [stderr]     Updating crates.io index
[INFO] [stderr]  Downloading crates ...
[INFO] [stderr]   Downloaded lexpr-macros v0.2.1
[INFO] [stderr]   Downloaded rmp-serde v1.1.0
[INFO] [stderr]   Downloaded libflate_lz77 v1.1.0
[INFO] [stderr]   Downloaded bytestring v1.1.0
[INFO] [stderr]   Downloaded firestorm v0.5.1
[INFO] [stderr]   Downloaded sha1 v0.10.1
[INFO] [stderr]   Downloaded hateoas v1.0.1
[INFO] [stderr]   Downloaded actix-web-codegen v4.0.1
[INFO] [stderr]   Downloaded serde_with_macros v2.0.0
[INFO] [stderr]   Downloaded flexbuffers v2.0.0
[INFO] [stderr]   Downloaded pest v2.2.1
[INFO] [stderr]   Downloaded serde_with v2.0.0
[INFO] [stderr]   Downloaded avro-rs v0.13.0
[INFO] [stderr]   Downloaded actix-http v3.2.1
[INFO] [stderr]   Downloaded time v0.3.13
[INFO] [stderr]   Downloaded bson v2.4.0
[INFO] [stderr]   Downloaded actix-web v4.1.0
[INFO] [stderr]   Downloaded lexpr v0.2.6
[INFO] [stderr]   Downloaded railsgun v2.0.0
[INFO] [stderr]   Downloaded libflate v1.2.0
[INFO] [stderr]   Downloaded pest_meta v2.2.1
[INFO] [stderr]   Downloaded serde-pickle v1.1.1
[INFO] [stderr]   Downloaded pest_generator v2.2.1
[INFO] [stderr]   Downloaded postcard v0.7.3
[INFO] [stderr]   Downloaded typed-builder v0.5.1
[INFO] [stderr]   Downloaded zerocopy v0.3.0
[INFO] [stderr]   Downloaded serde_bytes v0.11.7
[INFO] [stderr]   Downloaded pest_derive v2.2.1
[INFO] [stderr]   Downloaded paste v1.0.8
[INFO] [stderr]   Downloaded simple_serde v1.0.0-rc1
[INFO] [stderr]   Downloaded postcard-cobs v0.1.5-pre
[INFO] [stderr]   Downloaded serde-lexpr v0.1.2
[INFO] [stderr]   Downloaded libc v0.2.131
[INFO] [stderr]   Downloaded iter-read v0.3.1
[INFO] [stderr]   Downloaded tokio v1.20.1
[INFO] [stderr]   Downloaded zerocopy-derive v0.2.0
[INFO] [stderr]   Downloaded snap v0.2.5
[INFO] running `Command { std: "docker" "create" "-v" "/var/lib/crater-agent-workspace/builds/worker-1-tc1/target:/opt/rustwide/target:rw,Z" "-v" "/var/lib/crater-agent-workspace/builds/worker-1-tc1/source:/opt/rustwide/workdir:ro,Z" "-v" "/var/lib/crater-agent-workspace/cargo-home:/opt/rustwide/cargo-home:ro,Z" "-v" "/var/lib/crater-agent-workspace/rustup-home:/opt/rustwide/rustup-home:ro,Z" "-e" "SOURCE_DIR=/opt/rustwide/workdir" "-e" "CARGO_TARGET_DIR=/opt/rustwide/target" "-e" "CARGO_HOME=/opt/rustwide/cargo-home" "-e" "RUSTUP_HOME=/opt/rustwide/rustup-home" "-w" "/opt/rustwide/workdir" "-m" "1610612736" "--user" "0:0" "--network" "none" "ghcr.io/rust-lang/crates-build-env/linux@sha256:f3a9d4ad9d972b27faf3965f35b62e55ba32bbce8f20bc8fe909558a86702fde" "/opt/rustwide/cargo-home/bin/cargo" "+1.83.0" "metadata" "--no-deps" "--format-version=1", kill_on_drop: false }`
[INFO] [stdout] 0f40d3399fff6fd2d1ee172983946c3d73e4cd7af003e672143739b44fe56c08
[INFO] running `Command { std: "docker" "start" "-a" "0f40d3399fff6fd2d1ee172983946c3d73e4cd7af003e672143739b44fe56c08", kill_on_drop: false }`
[INFO] running `Command { std: "docker" "inspect" "0f40d3399fff6fd2d1ee172983946c3d73e4cd7af003e672143739b44fe56c08", kill_on_drop: false }`
[INFO] running `Command { std: "docker" "rm" "-f" "0f40d3399fff6fd2d1ee172983946c3d73e4cd7af003e672143739b44fe56c08", kill_on_drop: false }`
[INFO] [stdout] 0f40d3399fff6fd2d1ee172983946c3d73e4cd7af003e672143739b44fe56c08
[INFO] running `Command { std: "docker" "create" "-v" "/var/lib/crater-agent-workspace/builds/worker-1-tc1/target:/opt/rustwide/target:rw,Z" "-v" "/var/lib/crater-agent-workspace/builds/worker-1-tc1/source:/opt/rustwide/workdir:ro,Z" "-v" "/var/lib/crater-agent-workspace/cargo-home:/opt/rustwide/cargo-home:ro,Z" "-v" "/var/lib/crater-agent-workspace/rustup-home:/opt/rustwide/rustup-home:ro,Z" "-e" "SOURCE_DIR=/opt/rustwide/workdir" "-e" "CARGO_TARGET_DIR=/opt/rustwide/target" "-e" "CARGO_INCREMENTAL=0" "-e" "RUST_BACKTRACE=full" "-e" "RUSTFLAGS=--cap-lints=warn" "-e" "RUSTDOCFLAGS=--cap-lints=warn" "-e" "CARGO_HOME=/opt/rustwide/cargo-home" "-e" "RUSTUP_HOME=/opt/rustwide/rustup-home" "-w" "/opt/rustwide/workdir" "-m" "1610612736" "--user" "0:0" "--network" "none" "ghcr.io/rust-lang/crates-build-env/linux@sha256:f3a9d4ad9d972b27faf3965f35b62e55ba32bbce8f20bc8fe909558a86702fde" "/opt/rustwide/cargo-home/bin/cargo" "+1.83.0" "build" "--frozen" "--message-format=json", kill_on_drop: false }`
[INFO] [stdout] 4941044c8f3e8d76ab5f2347aeee9e0b490c584e1c311a578a8ad974e582ff05
[INFO] running `Command { std: "docker" "start" "-a" "4941044c8f3e8d76ab5f2347aeee9e0b490c584e1c311a578a8ad974e582ff05", kill_on_drop: false }`
[INFO] [stderr]    Compiling proc-macro2 v1.0.43
[INFO] [stderr]    Compiling quote v1.0.21
[INFO] [stderr]    Compiling unicode-ident v1.0.3
[INFO] [stderr]    Compiling syn v1.0.99
[INFO] [stderr]    Compiling autocfg v1.1.0
[INFO] [stderr]    Compiling libc v0.2.131
[INFO] [stderr]    Compiling serde_derive v1.0.143
[INFO] [stderr]    Compiling serde v1.0.143
[INFO] [stderr]    Compiling once_cell v1.13.0
[INFO] [stderr]    Compiling memchr v2.5.0
[INFO] [stderr]    Compiling version_check v0.9.4
[INFO] [stderr]    Compiling pin-project-lite v0.2.9
[INFO] [stderr]    Compiling log v0.4.17
[INFO] [stderr]    Compiling scopeguard v1.1.0
[INFO] [stderr]    Compiling futures-core v0.3.23
[INFO] [stderr]    Compiling bytes v1.2.1
[INFO] [stderr]    Compiling lock_api v0.4.7
[INFO] [stderr]    Compiling parking_lot_core v0.9.3
[INFO] [stderr]    Compiling itoa v1.0.3
[INFO] [stderr]    Compiling smallvec v1.9.0
[INFO] [stderr]    Compiling tokio v1.20.1
[INFO] [stderr]    Compiling futures-sink v0.3.23
[INFO] [stderr]    Compiling getrandom v0.2.7
[INFO] [stderr]    Compiling typenum v1.15.0
[INFO] [stderr]    Compiling mio v0.8.4
[INFO] [stderr]    Compiling socket2 v0.4.4
[INFO] [stderr]    Compiling parking_lot v0.12.1
[INFO] [stderr]    Compiling signal-hook-registry v1.4.0
[INFO] [stderr]    Compiling num_cpus v1.13.1
[INFO] [stderr]    Compiling generic-array v0.14.6
[INFO] [stderr]    Compiling slab v0.4.7
[INFO] [stderr]    Compiling byteorder v1.4.3
[INFO] [stderr]    Compiling futures-channel v0.3.23
[INFO] [stderr]    Compiling futures-task v0.3.23
[INFO] [stderr]    Compiling jobserver v0.1.24
[INFO] [stderr]    Compiling indexmap v1.9.1
[INFO] [stderr]    Compiling num-traits v0.2.15
[INFO] [stderr]    Compiling futures-util v0.3.23
[INFO] [stderr]    Compiling cc v1.0.73
[INFO] [stderr]    Compiling ryu v1.0.11
[INFO] [stderr]    Compiling futures-io v0.3.23
[INFO] [stderr]    Compiling tracing-core v0.1.29
[INFO] [stderr]    Compiling percent-encoding v2.1.0
[INFO] [stderr]    Compiling semver v1.0.13
[INFO] [stderr]    Compiling crc32fast v1.3.2
[INFO] [stderr]    Compiling tracing v0.1.36
[INFO] [stderr]    Compiling http v0.2.8
[INFO] [stderr]    Compiling num-integer v0.1.45
[INFO] [stderr]    Compiling paste v1.0.8
[INFO] [stderr]    Compiling zstd-sys v2.0.1+zstd.1.5.2
[INFO] [stderr]    Compiling rand_core v0.6.3
[INFO] [stderr]    Compiling bytestring v1.1.0
[INFO] [stderr]    Compiling ahash v0.7.6
[INFO] [stderr]    Compiling proc-macro-hack v0.5.19
[INFO] [stderr]    Compiling strsim v0.10.0
[INFO] [stderr]    Compiling zstd-safe v5.0.2+zstd.1.5.2
[INFO] [stderr]    Compiling alloc-no-stdlib v2.0.3
[INFO] [stderr]    Compiling serde_json v1.0.83
[INFO] [stderr]    Compiling local-waker v0.1.3
[INFO] [stderr]    Compiling ucd-trie v0.1.4
[INFO] [stderr]    Compiling alloc-stdlib v0.2.1
[INFO] [stderr]    Compiling rustc_version v0.4.0
[INFO] [stderr]    Compiling rand_chacha v0.3.1
[INFO] [stderr]    Compiling getrandom v0.1.16
[INFO] [stderr]    Compiling block-buffer v0.10.2
[INFO] [stderr]    Compiling crypto-common v0.1.6
[INFO] [stderr]    Compiling aho-corasick v0.7.18
[INFO] [stderr]    Compiling httparse v1.7.1
[INFO] [stderr]    Compiling regex-syntax v0.6.27
[INFO] [stderr]    Compiling time-macros v0.2.4
[INFO] [stderr]    Compiling unicode-xid v0.2.3
[INFO] [stderr]    Compiling adler v1.0.2
[INFO] [stderr]    Compiling base64 v0.13.0
[INFO] [stderr]    Compiling num_threads v0.1.6
[INFO] [stderr]    Compiling matches v0.1.9
[INFO] [stderr]    Compiling build_const v0.2.2
[INFO] [stderr]    Compiling tinyvec_macros v0.1.0
[INFO] [stderr]    Compiling encoding_rs v0.8.31
[INFO] [stderr]    Compiling crc v1.8.1
[INFO] [stderr]    Compiling tinyvec v1.6.0
[INFO] [stderr]    Compiling miniz_oxide v0.5.3
[INFO] [stderr]    Compiling digest v0.10.3
[INFO] [stderr]    Compiling rand v0.8.5
[INFO] [stderr]    Compiling toml v0.5.9
[INFO] [stderr]    Compiling darling_core v0.14.1
[INFO] [stderr]    Compiling synstructure v0.12.6
[INFO] [stderr]    Compiling heapless v0.7.16
[INFO] [stderr]    Compiling rand_core v0.5.1
[INFO] [stderr]    Compiling regex v1.6.0
[INFO] [stderr]    Compiling brotli-decompressor v2.3.2
[INFO] [stderr]    Compiling time v0.3.13
[INFO] [stderr]    Compiling actix-utils v3.0.0
[INFO] [stderr]    Compiling actix-service v2.0.2
[INFO] [stderr]    Compiling num-bigint v0.4.3
[INFO] [stderr]    Compiling thiserror-impl v1.0.32
[INFO] [stderr]    Compiling tokio-macros v1.8.0
[INFO] [stderr]    Compiling futures-macro v0.3.23
[INFO] [stderr]    Compiling num-bigint v0.2.6
[INFO] [stderr]    Compiling convert_case v0.4.0
[INFO] [stderr]    Compiling darling_macro v0.14.1
[INFO] [stderr]    Compiling rle-decode-fast v1.0.3
[INFO] [stderr]    Compiling cpufeatures v0.2.2
[INFO] [stderr]    Compiling firestorm v0.5.1
[INFO] [stderr]    Compiling unicode-segmentation v1.9.0
[INFO] [stderr]    Compiling derive_more v0.99.17
[INFO] [stderr]    Compiling heck v0.3.3
[INFO] [stderr]    Compiling sha1 v0.10.1
[INFO] [stderr]    Compiling libflate_lz77 v1.1.0
[INFO] [stderr]    Compiling darling v0.14.1
[INFO] [stderr]    Compiling zerocopy-derive v0.2.0
[INFO] [stderr]    Compiling thiserror v1.0.32
[INFO] [stderr]    Compiling pest v2.2.1
[INFO] [stderr]    Compiling proc-macro-crate v1.2.1
[INFO] [stderr]    Compiling num_enum_derive v0.5.7
[INFO] [stderr]    Compiling pest_meta v2.2.1
[INFO] [stderr]    Compiling lexpr-macros v0.2.1
[INFO] [stderr]    Compiling brotli v3.3.4
[INFO] [stderr]    Compiling rand_chacha v0.2.2
[INFO] [stderr]    Compiling pest_generator v2.2.1
[INFO] [stderr]    Compiling unicode-normalization v0.1.21
[INFO] [stderr]    Compiling flate2 v1.0.24
[INFO] [stderr]    Compiling local-channel v0.1.3
[INFO] [stderr]    Compiling form_urlencoded v1.0.1
[INFO] [stderr]    Compiling hash32 v0.2.1
[INFO] [stderr]    Compiling spin v0.9.4
[INFO] [stderr]    Compiling cookie v0.16.0
[INFO] [stderr]    Compiling mime v0.3.16
[INFO] [stderr]    Compiling itoa v0.4.8
[INFO] [stderr]    Compiling stable_deref_trait v1.2.0
[INFO] [stderr]    Compiling adler32 v1.2.0
[INFO] [stderr]    Compiling httpdate v1.0.2
[INFO] [stderr]    Compiling tokio-util v0.7.3
[INFO] [stderr]    Compiling actix-rt v2.7.0
[INFO] [stderr]    Compiling linked-hash-map v0.5.6
[INFO] [stderr]    Compiling unicode-bidi v0.3.8
[INFO] [stderr]    Compiling language-tags v0.3.2
[INFO] [stderr]    Compiling h2 v0.3.13
[INFO] [stderr]    Compiling actix-codec v0.5.0
[INFO] [stderr]    Compiling idna v0.2.3
[INFO] [stderr]    Compiling yaml-rust v0.4.5
[INFO] [stderr]    Compiling libflate v1.2.0
[INFO] [stderr]    Compiling lexpr v0.2.6
[INFO] [stderr]    Compiling pest_derive v2.2.1
[INFO] [stderr]    Compiling num_enum v0.5.7
[INFO] [stderr]    Compiling rand v0.7.3
[INFO] [stderr]    Compiling zerocopy v0.3.0
[INFO] [stderr]    Compiling serde_with_macros v2.0.0
[INFO] [stderr]    Compiling strum_macros v0.18.0
[INFO] [stderr]    Compiling uuid v1.1.2
[INFO] [stderr]    Compiling uuid v0.8.2
[INFO] [stderr]    Compiling serde_bytes v0.11.7
[INFO] [stderr]    Compiling actix-router v0.5.0
[INFO] [stderr]    Compiling snap v0.2.5
[INFO] [stderr]    Compiling typed-builder v0.5.1
[INFO] [stderr]    Compiling rmp v0.8.11
[INFO] [stderr]    Compiling digest v0.9.0
[INFO] [stderr]    Compiling strum v0.18.0
[INFO] [stderr]    Compiling half v1.8.2
[INFO] [stderr]    Compiling postcard-cobs v0.1.5-pre
[INFO] [stderr]    Compiling iter-read v0.3.1
[INFO] [stderr]    Compiling serde_cbor v0.11.2
[INFO] [stderr]    Compiling serde-pickle v1.1.1
[INFO] [stderr]    Compiling postcard v0.7.3
[INFO] [stderr]    Compiling rmp-serde v1.1.0
[INFO] [stderr]    Compiling bson v2.4.0
[INFO] [stderr]    Compiling actix-web-codegen v4.0.1
[INFO] [stderr]    Compiling serde_with v2.0.0
[INFO] [stderr]    Compiling json5 v0.4.1
[INFO] [stderr]    Compiling avro-rs v0.13.0
[INFO] [stderr]    Compiling ron v0.7.1
[INFO] [stderr]    Compiling serde_yaml v0.8.26
[INFO] [stderr]    Compiling flexbuffers v2.0.0
[INFO] [stderr]    Compiling serde_urlencoded v0.7.1
[INFO] [stderr]    Compiling serde_qs v0.8.5
[INFO] [stderr]    Compiling serde-lexpr v0.1.2
[INFO] [stderr]    Compiling url v2.2.2
[INFO] [stderr]    Compiling actix-server v2.1.1
[INFO] [stderr]    Compiling railsgun v2.0.0
[INFO] [stderr]    Compiling futures-executor v0.3.23
[INFO] [stderr]    Compiling actix-macros v0.2.3
[INFO] [stderr]    Compiling futures v0.3.23
[INFO] [stderr]    Compiling hateoas v1.0.1
[INFO] [stderr]    Compiling zstd v0.11.2+zstd.1.5.2
[INFO] [stderr]    Compiling actix-http v3.2.1
[INFO] [stderr]    Compiling actix-web v4.1.0
[INFO] [stderr]    Compiling simple_serde v1.0.0-rc1
[INFO] [stderr]    Compiling ricksponse v1.0.1 (/opt/rustwide/workdir)
[INFO] [stdout] warning: unused `#[macro_use]` import
[INFO] [stdout]  --> src/lib.rs:9:1
[INFO] [stdout]   |
[INFO] [stdout] 9 | #[macro_use]
[INFO] [stdout]   | ^^^^^^^^^^^^
[INFO] [stdout]   |
[INFO] [stdout]   = note: `#[warn(unused_imports)]` on by default
[INFO] [stdout] 
[INFO] [stdout] 
[INFO] [stdout] warning: unused import: `Visitor`
[INFO] [stdout]   --> src/entity/hateoas/mod.rs:10:35
[INFO] [stdout]    |
[INFO] [stdout] 10 | use serde::de::{DeserializeOwned, Visitor};
[INFO] [stdout]    |                                   ^^^^^^^
[INFO] [stdout] 
[INFO] [stdout] 
[INFO] [stdout] warning: unused imports: `Deserialize` and `Deserializer`
[INFO] [stdout]   --> src/entity/hateoas/mod.rs:11:13
[INFO] [stdout]    |
[INFO] [stdout] 11 | use serde::{Deserialize, Deserializer, Serialize};
[INFO] [stdout]    |             ^^^^^^^^^^^  ^^^^^^^^^^^^
[INFO] [stdout] 
[INFO] [stdout] 
[INFO] [stdout] warning: unused import: `std::marker::PhantomData`
[INFO] [stdout]   --> src/entity/hateoas/mod.rs:14:5
[INFO] [stdout]    |
[INFO] [stdout] 14 | use std::marker::PhantomData;
[INFO] [stdout]    |     ^^^^^^^^^^^^^^^^^^^^^^^^
[INFO] [stdout] 
[INFO] [stdout] 
[INFO] [stdout] warning: unused variable: `data`
[INFO] [stdout]    --> src/entity/ricksponse/ricksponse.rs:207:17
[INFO] [stdout]     |
[INFO] [stdout] 207 |                 data, http_code, ..
[INFO] [stdout]     |                 ^^^^-
[INFO] [stdout]     |                 |
[INFO] [stdout]     |                 help: try removing the field
[INFO] [stdout]     |
[INFO] [stdout]     = note: `#[warn(unused_variables)]` on by default
[INFO] [stdout] 
[INFO] [stdout] 
[INFO] [stdout] warning: constant `MAX_SIZE` is never used
[INFO] [stdout]   --> src/lib.rs:22:7
[INFO] [stdout]    |
[INFO] [stdout] 22 | const MAX_SIZE: usize = 41_943_040;
[INFO] [stdout]    |       ^^^^^^^^
[INFO] [stdout]    |
[INFO] [stdout]    = note: `#[warn(dead_code)]` on by default
[INFO] [stdout] 
[INFO] [stdout] 
[INFO] [stdout] warning: field `length` is never read
[INFO] [stdout]   --> src/entity/payload_body.rs:24:9
[INFO] [stdout]    |
[INFO] [stdout] 21 |     Body {
[INFO] [stdout]    |     ---- field in this variant
[INFO] [stdout] ...
[INFO] [stdout] 24 |         length: Option<usize>,
[INFO] [stdout]    |         ^^^^^^
[INFO] [stdout] 
[INFO] [stdout] 
[INFO] [stdout] warning: method `limit` is never used
[INFO] [stdout]   --> src/entity/payload_body.rs:81:12
[INFO] [stdout]    |
[INFO] [stdout] 35 | impl<T: DeserializeOwned, O: PayloadControl> PayloadBody<T, O> {
[INFO] [stdout]    | -------------------------------------------------------------- method in this implementation
[INFO] [stdout] ...
[INFO] [stdout] 81 |     pub fn limit(self, limit: usize) -> Self {
[INFO] [stdout]    |            ^^^^^
[INFO] [stdout] 
[INFO] [stdout] 
[INFO] [stdout] warning: struct `Payload` is never constructed
[INFO] [stdout]   --> src/entity/payload_future.rs:32:12
[INFO] [stdout]    |
[INFO] [stdout] 32 | pub struct Payload<T> {
[INFO] [stdout]    |            ^^^^^^^
[INFO] [stdout] 
[INFO] [stdout] 
[INFO] [stdout] warning: function `canonical_reason` is never used
[INFO] [stdout]    --> src/entity/ricksponse/ricksponse.rs:365:12
[INFO] [stdout]     |
[INFO] [stdout] 365 |           fn canonical_reason(num: u16) -> Option<&'static str> {
[INFO] [stdout]     |              ^^^^^^^^^^^^^^^^
[INFO] [stdout] ...
[INFO] [stdout] 376 | / auto_impl_response! {
[INFO] [stdout] 377 | |     /// 100 Continue
[INFO] [stdout] 378 | |     /// [[RFC7231, Section 6.2.1](https://tools.ietf.org/html/rfc7231#section-6.2.1)]
[INFO] [stdout] 379 | |     (100, CONTINUE, "Continue");
[INFO] [stdout] ...   |
[INFO] [stdout] 567 | |     (511, NETWORK_AUTHENTICATION_REQUIRED, "Network Authentication Required");
[INFO] [stdout] 568 | | }
[INFO] [stdout]     | |_- in this macro invocation
[INFO] [stdout]     |
[INFO] [stdout]     = note: this warning originates in the macro `auto_impl_response` (in Nightly builds, run with -Z macro-backtrace for more info)
[INFO] [stdout] 
[INFO] [stdout] 
[INFO] [stderr]     Finished `dev` profile [unoptimized + debuginfo] target(s) in 3m 44s
[INFO] [stderr] warning: the following packages contain code that will be rejected by a future version of Rust: snap v0.2.5
[INFO] [stderr] note: to see what the problems were, use the option `--future-incompat-report`, or run `cargo report future-incompatibilities --id 1`
[INFO] running `Command { std: "docker" "inspect" "4941044c8f3e8d76ab5f2347aeee9e0b490c584e1c311a578a8ad974e582ff05", kill_on_drop: false }`
[INFO] running `Command { std: "docker" "rm" "-f" "4941044c8f3e8d76ab5f2347aeee9e0b490c584e1c311a578a8ad974e582ff05", kill_on_drop: false }`
[INFO] [stdout] 4941044c8f3e8d76ab5f2347aeee9e0b490c584e1c311a578a8ad974e582ff05
[INFO] running `Command { std: "docker" "create" "-v" "/var/lib/crater-agent-workspace/builds/worker-1-tc1/target:/opt/rustwide/target:rw,Z" "-v" "/var/lib/crater-agent-workspace/builds/worker-1-tc1/source:/opt/rustwide/workdir:ro,Z" "-v" "/var/lib/crater-agent-workspace/cargo-home:/opt/rustwide/cargo-home:ro,Z" "-v" "/var/lib/crater-agent-workspace/rustup-home:/opt/rustwide/rustup-home:ro,Z" "-e" "SOURCE_DIR=/opt/rustwide/workdir" "-e" "CARGO_TARGET_DIR=/opt/rustwide/target" "-e" "CARGO_INCREMENTAL=0" "-e" "RUST_BACKTRACE=full" "-e" "RUSTFLAGS=--cap-lints=warn" "-e" "RUSTDOCFLAGS=--cap-lints=warn" "-e" "CARGO_HOME=/opt/rustwide/cargo-home" "-e" "RUSTUP_HOME=/opt/rustwide/rustup-home" "-w" "/opt/rustwide/workdir" "-m" "1610612736" "--user" "0:0" "--network" "none" "ghcr.io/rust-lang/crates-build-env/linux@sha256:f3a9d4ad9d972b27faf3965f35b62e55ba32bbce8f20bc8fe909558a86702fde" "/opt/rustwide/cargo-home/bin/cargo" "+1.83.0" "test" "--frozen" "--no-run" "--message-format=json", kill_on_drop: false }`
[INFO] [stdout] e06491614cd3ec6d6ffa0f1f0f8dc7721261d88916f7794529ba735e8e3b6a5c
[INFO] running `Command { std: "docker" "start" "-a" "e06491614cd3ec6d6ffa0f1f0f8dc7721261d88916f7794529ba735e8e3b6a5c", kill_on_drop: false }`
[INFO] [stderr]    Compiling ricksponse v1.0.1 (/opt/rustwide/workdir)
[INFO] [stdout] warning: unused `#[macro_use]` import
[INFO] [stdout]  --> src/lib.rs:9:1
[INFO] [stdout]   |
[INFO] [stdout] 9 | #[macro_use]
[INFO] [stdout]   | ^^^^^^^^^^^^
[INFO] [stdout]   |
[INFO] [stdout]   = note: `#[warn(unused_imports)]` on by default
[INFO] [stdout] 
[INFO] [stdout] 
[INFO] [stdout] warning: unused import: `Visitor`
[INFO] [stdout]   --> src/entity/hateoas/mod.rs:10:35
[INFO] [stdout]    |
[INFO] [stdout] 10 | use serde::de::{DeserializeOwned, Visitor};
[INFO] [stdout]    |                                   ^^^^^^^
[INFO] [stdout] 
[INFO] [stdout] 
[INFO] [stdout] warning: unused imports: `Deserialize` and `Deserializer`
[INFO] [stdout]   --> src/entity/hateoas/mod.rs:11:13
[INFO] [stdout]    |
[INFO] [stdout] 11 | use serde::{Deserialize, Deserializer, Serialize};
[INFO] [stdout]    |             ^^^^^^^^^^^  ^^^^^^^^^^^^
[INFO] [stdout] 
[INFO] [stdout] 
[INFO] [stdout] warning: unused import: `std::marker::PhantomData`
[INFO] [stdout]   --> src/entity/hateoas/mod.rs:14:5
[INFO] [stdout]    |
[INFO] [stdout] 14 | use std::marker::PhantomData;
[INFO] [stdout]    |     ^^^^^^^^^^^^^^^^^^^^^^^^
[INFO] [stdout] 
[INFO] [stdout] 
[INFO] [stdout] warning: unused variable: `data`
[INFO] [stdout]    --> src/entity/ricksponse/ricksponse.rs:207:17
[INFO] [stdout]     |
[INFO] [stdout] 207 |                 data, http_code, ..
[INFO] [stdout]     |                 ^^^^-
[INFO] [stdout]     |                 |
[INFO] [stdout]     |                 help: try removing the field
[INFO] [stdout]     |
[INFO] [stdout]     = note: `#[warn(unused_variables)]` on by default
[INFO] [stdout] 
[INFO] [stdout] 
[INFO] [stdout] warning: constant `MAX_SIZE` is never used
[INFO] [stdout]   --> src/lib.rs:22:7
[INFO] [stdout]    |
[INFO] [stdout] 22 | const MAX_SIZE: usize = 41_943_040;
[INFO] [stdout]    |       ^^^^^^^^
[INFO] [stdout]    |
[INFO] [stdout]    = note: `#[warn(dead_code)]` on by default
[INFO] [stdout] 
[INFO] [stdout] 
[INFO] [stdout] warning: field `length` is never read
[INFO] [stdout]   --> src/entity/payload_body.rs:24:9
[INFO] [stdout]    |
[INFO] [stdout] 21 |     Body {
[INFO] [stdout]    |     ---- field in this variant
[INFO] [stdout] ...
[INFO] [stdout] 24 |         length: Option<usize>,
[INFO] [stdout]    |         ^^^^^^
[INFO] [stdout] 
[INFO] [stdout] 
[INFO] [stdout] warning: method `limit` is never used
[INFO] [stdout]   --> src/entity/payload_body.rs:81:12
[INFO] [stdout]    |
[INFO] [stdout] 35 | impl<T: DeserializeOwned, O: PayloadControl> PayloadBody<T, O> {
[INFO] [stdout]    | -------------------------------------------------------------- method in this implementation
[INFO] [stdout] ...
[INFO] [stdout] 81 |     pub fn limit(self, limit: usize) -> Self {
[INFO] [stdout]    |            ^^^^^
[INFO] [stdout] 
[INFO] [stdout] 
[INFO] [stdout] warning: struct `Payload` is never constructed
[INFO] [stdout]   --> src/entity/payload_future.rs:32:12
[INFO] [stdout]    |
[INFO] [stdout] 32 | pub struct Payload<T> {
[INFO] [stdout]    |            ^^^^^^^
[INFO] [stdout] 
[INFO] [stdout] 
[INFO] [stdout] warning: function `canonical_reason` is never used
[INFO] [stdout]    --> src/entity/ricksponse/ricksponse.rs:365:12
[INFO] [stdout]     |
[INFO] [stdout] 365 |           fn canonical_reason(num: u16) -> Option<&'static str> {
[INFO] [stdout]     |              ^^^^^^^^^^^^^^^^
[INFO] [stdout] ...
[INFO] [stdout] 376 | / auto_impl_response! {
[INFO] [stdout] 377 | |     /// 100 Continue
[INFO] [stdout] 378 | |     /// [[RFC7231, Section 6.2.1](https://tools.ietf.org/html/rfc7231#section-6.2.1)]
[INFO] [stdout] 379 | |     (100, CONTINUE, "Continue");
[INFO] [stdout] ...   |
[INFO] [stdout] 567 | |     (511, NETWORK_AUTHENTICATION_REQUIRED, "Network Authentication Required");
[INFO] [stdout] 568 | | }
[INFO] [stdout]     | |_- in this macro invocation
[INFO] [stdout]     |
[INFO] [stdout]     = note: this warning originates in the macro `auto_impl_response` (in Nightly builds, run with -Z macro-backtrace for more info)
[INFO] [stdout] 
[INFO] [stdout] 
[INFO] [stdout] warning: unused import: `Visitor`
[INFO] [stdout]   --> src/entity/hateoas/mod.rs:10:35
[INFO] [stdout]    |
[INFO] [stdout] 10 | use serde::de::{DeserializeOwned, Visitor};
[INFO] [stdout]    |                                   ^^^^^^^
[INFO] [stdout]    |
[INFO] [stdout]    = note: `#[warn(unused_imports)]` on by default
[INFO] [stdout] 
[INFO] [stdout] 
[INFO] [stdout] warning: unused imports: `Deserialize` and `Deserializer`
[INFO] [stdout]   --> src/entity/hateoas/mod.rs:11:13
[INFO] [stdout]    |
[INFO] [stdout] 11 | use serde::{Deserialize, Deserializer, Serialize};
[INFO] [stdout]    |             ^^^^^^^^^^^  ^^^^^^^^^^^^
[INFO] [stdout] 
[INFO] [stdout] 
[INFO] [stdout] warning: unused import: `std::marker::PhantomData`
[INFO] [stdout]   --> src/entity/hateoas/mod.rs:14:5
[INFO] [stdout]    |
[INFO] [stdout] 14 | use std::marker::PhantomData;
[INFO] [stdout]    |     ^^^^^^^^^^^^^^^^^^^^^^^^
[INFO] [stdout] 
[INFO] [stdout] 
[INFO] [stdout] warning: unused variable: `data`
[INFO] [stdout]    --> src/entity/ricksponse/ricksponse.rs:207:17
[INFO] [stdout]     |
[INFO] [stdout] 207 |                 data, http_code, ..
[INFO] [stdout]     |                 ^^^^-
[INFO] [stdout]     |                 |
[INFO] [stdout]     |                 help: try removing the field
[INFO] [stdout]     |
[INFO] [stdout]     = note: `#[warn(unused_variables)]` on by default
[INFO] [stdout] 
[INFO] [stdout] 
[INFO] [stdout] warning: unused variable: `ricksponse_continue`
[INFO] [stdout]    --> src/entity/ricksponse/ricksponse.rs:577:13
[INFO] [stdout]     |
[INFO] [stdout] 577 |         let ricksponse_continue = Ricksponse::CONTINUE(());
[INFO] [stdout]     |             ^^^^^^^^^^^^^^^^^^^ help: if this is intentional, prefix it with an underscore: `_ricksponse_continue`
[INFO] [stdout] 
[INFO] [stdout] 
[INFO] [stdout] warning: unused variable: `response_continue`
[INFO] [stdout]    --> src/entity/ricksponse/ricksponse.rs:578:13
[INFO] [stdout]     |
[INFO] [stdout] 578 |         let response_continue = Response::CONTINUE(());
[INFO] [stdout]     |             ^^^^^^^^^^^^^^^^^ help: if this is intentional, prefix it with an underscore: `_response_continue`
[INFO] [stdout] 
[INFO] [stdout] 
[INFO] [stdout] warning: variable does not need to be mutable
[INFO] [stdout]    --> src/error.rs:114:13
[INFO] [stdout]     |
[INFO] [stdout] 114 |         let mut buf = BytesMut::new();
[INFO] [stdout]     |             ----^^^
[INFO] [stdout]     |             |
[INFO] [stdout]     |             help: remove this `mut`
[INFO] [stdout]     |
[INFO] [stdout]     = note: `#[warn(unused_mut)]` on by default
[INFO] [stdout] 
[INFO] [stdout] 
[INFO] [stdout] warning: constant `MAX_SIZE` is never used
[INFO] [stdout]   --> src/lib.rs:22:7
[INFO] [stdout]    |
[INFO] [stdout] 22 | const MAX_SIZE: usize = 41_943_040;
[INFO] [stdout]    |       ^^^^^^^^
[INFO] [stdout]    |
[INFO] [stdout]    = note: `#[warn(dead_code)]` on by default
[INFO] [stdout] 
[INFO] [stdout] 
[INFO] [stdout] warning: constant `RICKSPONSE_1` is never used
[INFO] [stdout]    --> src/entity/hateoas/mod.rs:402:11
[INFO] [stdout]     |
[INFO] [stdout] 402 |     const RICKSPONSE_1: &str = r##"
[INFO] [stdout]     |           ^^^^^^^^^^^^
[INFO] [stdout] 
[INFO] [stdout] 
[INFO] [stdout] warning: field `length` is never read
[INFO] [stdout]   --> src/entity/payload_body.rs:24:9
[INFO] [stdout]    |
[INFO] [stdout] 21 |     Body {
[INFO] [stdout]    |     ---- field in this variant
[INFO] [stdout] ...
[INFO] [stdout] 24 |         length: Option<usize>,
[INFO] [stdout]    |         ^^^^^^
[INFO] [stdout] 
[INFO] [stdout] 
[INFO] [stdout] warning: method `limit` is never used
[INFO] [stdout]   --> src/entity/payload_body.rs:81:12
[INFO] [stdout]    |
[INFO] [stdout] 35 | impl<T: DeserializeOwned, O: PayloadControl> PayloadBody<T, O> {
[INFO] [stdout]    | -------------------------------------------------------------- method in this implementation
[INFO] [stdout] ...
[INFO] [stdout] 81 |     pub fn limit(self, limit: usize) -> Self {
[INFO] [stdout]    |            ^^^^^
[INFO] [stdout] 
[INFO] [stdout] 
[INFO] [stdout] warning: struct `Payload` is never constructed
[INFO] [stdout]   --> src/entity/payload_future.rs:32:12
[INFO] [stdout]    |
[INFO] [stdout] 32 | pub struct Payload<T> {
[INFO] [stdout]    |            ^^^^^^^
[INFO] [stdout] 
[INFO] [stdout] 
[INFO] [stdout] warning: function `canonical_reason` is never used
[INFO] [stdout]    --> src/entity/ricksponse/ricksponse.rs:365:12
[INFO] [stdout]     |
[INFO] [stdout] 365 |           fn canonical_reason(num: u16) -> Option<&'static str> {
[INFO] [stdout]     |              ^^^^^^^^^^^^^^^^
[INFO] [stdout] ...
[INFO] [stdout] 376 | / auto_impl_response! {
[INFO] [stdout] 377 | |     /// 100 Continue
[INFO] [stdout] 378 | |     /// [[RFC7231, Section 6.2.1](https://tools.ietf.org/html/rfc7231#section-6.2.1)]
[INFO] [stdout] 379 | |     (100, CONTINUE, "Continue");
[INFO] [stdout] ...   |
[INFO] [stdout] 567 | |     (511, NETWORK_AUTHENTICATION_REQUIRED, "Network Authentication Required");
[INFO] [stdout] 568 | | }
[INFO] [stdout]     | |_- in this macro invocation
[INFO] [stdout]     |
[INFO] [stdout]     = note: this warning originates in the macro `auto_impl_response` (in Nightly builds, run with -Z macro-backtrace for more info)
[INFO] [stdout] 
[INFO] [stdout] 
[INFO] [stdout] warning: constant `RICKSPONSE_1` is never used
[INFO] [stdout]   --> src/lib.rs:60:11
[INFO] [stdout]    |
[INFO] [stdout] 60 |     const RICKSPONSE_1: &str = r##"
[INFO] [stdout]    |           ^^^^^^^^^^^^
[INFO] [stdout] 
[INFO] [stdout] 
[INFO] [stderr]     Finished `test` profile [unoptimized + debuginfo] target(s) in 9.64s
[INFO] [stderr] warning: the following packages contain code that will be rejected by a future version of Rust: snap v0.2.5
[INFO] [stderr] note: to see what the problems were, use the option `--future-incompat-report`, or run `cargo report future-incompatibilities --id 1`
[INFO] running `Command { std: "docker" "inspect" "e06491614cd3ec6d6ffa0f1f0f8dc7721261d88916f7794529ba735e8e3b6a5c", kill_on_drop: false }`
[INFO] running `Command { std: "docker" "rm" "-f" "e06491614cd3ec6d6ffa0f1f0f8dc7721261d88916f7794529ba735e8e3b6a5c", kill_on_drop: false }`
[INFO] [stdout] e06491614cd3ec6d6ffa0f1f0f8dc7721261d88916f7794529ba735e8e3b6a5c
[INFO] running `Command { std: "docker" "create" "-v" "/var/lib/crater-agent-workspace/builds/worker-1-tc1/target:/opt/rustwide/target:rw,Z" "-v" "/var/lib/crater-agent-workspace/builds/worker-1-tc1/source:/opt/rustwide/workdir:ro,Z" "-v" "/var/lib/crater-agent-workspace/cargo-home:/opt/rustwide/cargo-home:ro,Z" "-v" "/var/lib/crater-agent-workspace/rustup-home:/opt/rustwide/rustup-home:ro,Z" "-e" "SOURCE_DIR=/opt/rustwide/workdir" "-e" "CARGO_TARGET_DIR=/opt/rustwide/target" "-e" "CARGO_INCREMENTAL=0" "-e" "RUST_BACKTRACE=full" "-e" "RUSTFLAGS=--cap-lints=warn" "-e" "RUSTDOCFLAGS=--cap-lints=warn" "-e" "CARGO_HOME=/opt/rustwide/cargo-home" "-e" "RUSTUP_HOME=/opt/rustwide/rustup-home" "-w" "/opt/rustwide/workdir" "-m" "1610612736" "--user" "0:0" "--network" "none" "ghcr.io/rust-lang/crates-build-env/linux@sha256:f3a9d4ad9d972b27faf3965f35b62e55ba32bbce8f20bc8fe909558a86702fde" "/opt/rustwide/cargo-home/bin/cargo" "+1.83.0" "test" "--frozen", kill_on_drop: false }`
[INFO] [stdout] ae81c9b2c2eadb2be6236986117973c60f048c2f1b30f7dbcdfacba1364d0ae4
[INFO] running `Command { std: "docker" "start" "-a" "ae81c9b2c2eadb2be6236986117973c60f048c2f1b30f7dbcdfacba1364d0ae4", kill_on_drop: false }`
[INFO] [stderr] warning: unused `#[macro_use]` import
[INFO] [stderr]  --> src/lib.rs:9:1
[INFO] [stderr]   |
[INFO] [stderr] 9 | #[macro_use]
[INFO] [stderr]   | ^^^^^^^^^^^^
[INFO] [stderr]   |
[INFO] [stderr]   = note: `#[warn(unused_imports)]` on by default
[INFO] [stderr] 
[INFO] [stderr] warning: unused import: `Visitor`
[INFO] [stderr]   --> src/entity/hateoas/mod.rs:10:35
[INFO] [stderr]    |
[INFO] [stderr] 10 | use serde::de::{DeserializeOwned, Visitor};
[INFO] [stderr]    |                                   ^^^^^^^
[INFO] [stderr] 
[INFO] [stderr] warning: unused imports: `Deserialize` and `Deserializer`
[INFO] [stderr]   --> src/entity/hateoas/mod.rs:11:13
[INFO] [stderr]    |
[INFO] [stderr] 11 | use serde::{Deserialize, Deserializer, Serialize};
[INFO] [stderr]    |             ^^^^^^^^^^^  ^^^^^^^^^^^^
[INFO] [stderr] 
[INFO] [stderr] warning: unused import: `std::marker::PhantomData`
[INFO] [stderr]   --> src/entity/hateoas/mod.rs:14:5
[INFO] [stderr]    |
[INFO] [stderr] 14 | use std::marker::PhantomData;
[INFO] [stderr]    |     ^^^^^^^^^^^^^^^^^^^^^^^^
[INFO] [stderr] 
[INFO] [stderr] warning: unused variable: `data`
[INFO] [stderr]    --> src/entity/ricksponse/ricksponse.rs:207:17
[INFO] [stderr]     |
[INFO] [stderr] 207 |                 data, http_code, ..
[INFO] [stderr]     |                 ^^^^-
[INFO] [stderr]     |                 |
[INFO] [stderr]     |                 help: try removing the field
[INFO] [stderr]     |
[INFO] [stderr]     = note: `#[warn(unused_variables)]` on by default
[INFO] [stderr] 
[INFO] [stderr] warning: constant `MAX_SIZE` is never used
[INFO] [stderr]   --> src/lib.rs:22:7
[INFO] [stderr]    |
[INFO] [stderr] 22 | const MAX_SIZE: usize = 41_943_040;
[INFO] [stderr]    |       ^^^^^^^^
[INFO] [stderr]    |
[INFO] [stderr]    = note: `#[warn(dead_code)]` on by default
[INFO] [stderr] 
[INFO] [stderr] warning: field `length` is never read
[INFO] [stderr]   --> src/entity/payload_body.rs:24:9
[INFO] [stderr]    |
[INFO] [stderr] 21 |     Body {
[INFO] [stderr]    |     ---- field in this variant
[INFO] [stderr] ...
[INFO] [stderr] 24 |         length: Option<usize>,
[INFO] [stderr]    |         ^^^^^^
[INFO] [stderr] 
[INFO] [stderr] warning: method `limit` is never used
[INFO] [stderr]   --> src/entity/payload_body.rs:81:12
[INFO] [stderr]    |
[INFO] [stderr] 35 | impl<T: DeserializeOwned, O: PayloadControl> PayloadBody<T, O> {
[INFO] [stderr]    | -------------------------------------------------------------- method in this implementation
[INFO] [stderr] ...
[INFO] [stderr] 81 |     pub fn limit(self, limit: usize) -> Self {
[INFO] [stderr]    |            ^^^^^
[INFO] [stderr] 
[INFO] [stderr] warning: struct `Payload` is never constructed
[INFO] [stderr]   --> src/entity/payload_future.rs:32:12
[INFO] [stderr]    |
[INFO] [stderr] 32 | pub struct Payload<T> {
[INFO] [stderr]    |            ^^^^^^^
[INFO] [stderr] 
[INFO] [stderr] warning: function `canonical_reason` is never used
[INFO] [stderr]    --> src/entity/ricksponse/ricksponse.rs:365:12
[INFO] [stderr]     |
[INFO] [stderr] 365 |           fn canonical_reason(num: u16) -> Option<&'static str> {
[INFO] [stderr]     |              ^^^^^^^^^^^^^^^^
[INFO] [stderr] ...
[INFO] [stderr] 376 | / auto_impl_response! {
[INFO] [stderr] 377 | |     /// 100 Continue
[INFO] [stderr] 378 | |     /// [[RFC7231, Section 6.2.1](https://tools.ietf.org/html/rfc7231#section-6.2.1)]
[INFO] [stderr] 379 | |     (100, CONTINUE, "Continue");
[INFO] [stderr] ...   |
[INFO] [stderr] 567 | |     (511, NETWORK_AUTHENTICATION_REQUIRED, "Network Authentication Required");
[INFO] [stderr] 568 | | }
[INFO] [stderr]     | |_- in this macro invocation
[INFO] [stderr]     |
[INFO] [stderr]     = note: this warning originates in the macro `auto_impl_response` (in Nightly builds, run with -Z macro-backtrace for more info)
[INFO] [stderr] 
[INFO] [stderr] warning: unused import: `Visitor`
[INFO] [stderr]   --> src/entity/hateoas/mod.rs:10:35
[INFO] [stderr]    |
[INFO] [stderr] 10 | use serde::de::{DeserializeOwned, Visitor};
[INFO] [stderr]    |                                   ^^^^^^^
[INFO] [stderr]    |
[INFO] [stderr]    = note: `#[warn(unused_imports)]` on by default
[INFO] [stderr] 
[INFO] [stderr] warning: unused variable: `ricksponse_continue`
[INFO] [stderr]    --> src/entity/ricksponse/ricksponse.rs:577:13
[INFO] [stderr]     |
[INFO] [stderr] 577 |         let ricksponse_continue = Ricksponse::CONTINUE(());
[INFO] [stderr]     |             ^^^^^^^^^^^^^^^^^^^ help: if this is intentional, prefix it with an underscore: `_ricksponse_continue`
[INFO] [stderr] 
[INFO] [stderr] warning: unused variable: `response_continue`
[INFO] [stderr]    --> src/entity/ricksponse/ricksponse.rs:578:13
[INFO] [stderr]     |
[INFO] [stderr] 578 |         let response_continue = Response::CONTINUE(());
[INFO] [stderr]     |             ^^^^^^^^^^^^^^^^^ help: if this is intentional, prefix it with an underscore: `_response_continue`
[INFO] [stderr] 
[INFO] [stderr] warning: variable does not need to be mutable
[INFO] [stderr]    --> src/error.rs:114:13
[INFO] [stderr]     |
[INFO] [stderr] 114 |         let mut buf = BytesMut::new();
[INFO] [stderr]     |             ----^^^
[INFO] [stderr]     |             |
[INFO] [stderr]     |             help: remove this `mut`
[INFO] [stderr]     |
[INFO] [stderr]     = note: `#[warn(unused_mut)]` on by default
[INFO] [stderr] 
[INFO] [stderr] warning: constant `RICKSPONSE_1` is never used
[INFO] [stderr]    --> src/entity/hateoas/mod.rs:402:11
[INFO] [stderr]     |
[INFO] [stderr] 402 |     const RICKSPONSE_1: &str = r##"
[INFO] [stderr]     |           ^^^^^^^^^^^^
[INFO] [stderr] 
[INFO] [stderr] warning: constant `RICKSPONSE_1` is never used
[INFO] [stderr]   --> src/lib.rs:60:11
[INFO] [stderr]    |
[INFO] [stderr] 60 |     const RICKSPONSE_1: &str = r##"
[INFO] [stderr]    |           ^^^^^^^^^^^^
[INFO] [stderr] 
[INFO] [stderr] warning: `ricksponse` (lib) generated 10 warnings (run `cargo fix --lib -p ricksponse` to apply 4 suggestions)
[INFO] [stderr] warning: `ricksponse` (lib test) generated 14 warnings (8 duplicates) (run `cargo fix --lib -p ricksponse --tests` to apply 2 suggestions)
[INFO] [stderr]     Finished `test` profile [unoptimized + debuginfo] target(s) in 0.20s
[INFO] [stderr] warning: the following packages contain code that will be rejected by a future version of Rust: snap v0.2.5
[INFO] [stderr] note: to see what the problems were, use the option `--future-incompat-report`, or run `cargo report future-incompatibilities --id 1`
[INFO] [stderr]      Running unittests src/lib.rs (/opt/rustwide/target/debug/deps/ricksponse-fff6baf888d06859)
[INFO] [stdout] 
[INFO] [stdout] running 10 tests
[INFO] [stdout] test entity::hateoas::test::test_hateoas_rubber_bullet ... ok
[INFO] [stdout] test entity::hateoas::test::test_for_automated_impl_hateoas ... ok
[INFO] [stdout] test entity::hateoas::test::test_hateoas_string ... ok
[INFO] [stdout] test error::test::default_error_code ... ok
[INFO] [stdout] test error::test::default_error_response ... ok
[INFO] [stdout] test entity::ricksponse::ricksponse::test::test_status_codes ... ok
[INFO] [stdout] test helpers::test::test_get_from_hash_set ... ok
[INFO] [stdout] test helpers::test::test_get_from_hash_set_failure ... ok
[INFO] [stdout] test test::test_ricksponse_string ... ok
[INFO] [stdout] test entity::ricksponse::ricksponse::test::test_for_automated_impl_ricksponse ... ok
[INFO] [stdout] 
[INFO] [stdout] test result: ok. 10 passed; 0 failed; 0 ignored; 0 measured; 0 filtered out; finished in 0.01s
[INFO] [stdout] 
[INFO] [stderr]    Doc-tests ricksponse
[INFO] [stdout] 
[INFO] [stdout] running 181 tests
[INFO] [stdout] test src/entity/hateoas/mod.rs - entity::hateoas::Hateoas<T>::CONTINUE (line 86) ... ok
[INFO] [stdout] test src/entity/hateoas/mod.rs - entity::hateoas::Hateoas<T>::EXPECTATION_FAILED (line 86) ... ok
[INFO] [stdout] test src/entity/hateoas/mod.rs - entity::hateoas::Hateoas<T>::BAD_REQUEST (line 86) ... ok
[INFO] [stdout] test src/entity/hateoas/mod.rs - entity::hateoas::Hateoas<T>::ALREADY_REPORTED (line 86) ... ok
[INFO] [stdout] test src/entity/hateoas/mod.rs - entity::hateoas::Hateoas<T>::ACCEPTED (line 86) ... ok
[INFO] [stdout] test src/entity/hateoas/mod.rs - entity::hateoas::Hateoas<T>::CONFLICT (line 86) ... ok
[INFO] [stdout] test src/entity/hateoas/mod.rs - entity::hateoas::Hateoas<T>::BAD_GATEWAY (line 86) ... ok
[INFO] [stdout] test src/entity/hateoas/mod.rs - entity::hateoas::Hateoas<T>::CREATED (line 86) ... ok
[INFO] [stdout] test src/entity/hateoas/mod.rs - entity::hateoas::Hateoas<T>::FORBIDDEN (line 86) ... ok
[INFO] [stdout] test src/entity/hateoas/mod.rs - entity::hateoas::Hateoas<T>::GONE (line 86) ... ok
[INFO] [stdout] test src/entity/hateoas/mod.rs - entity::hateoas::Hateoas<T>::FOUND (line 86) ... ok
[INFO] [stdout] test src/entity/hateoas/mod.rs - entity::hateoas::Hateoas<T>::HTTP_VERSION_NOT_SUPPORTED (line 86) ... ok
[INFO] [stdout] test src/entity/hateoas/mod.rs - entity::hateoas::Hateoas<T>::FAILED_DEPENDENCY (line 86) ... ok
[INFO] [stdout] test src/entity/hateoas/mod.rs - entity::hateoas::Hateoas<T>::IM_A_TEAPOT (line 86) ... ok
[INFO] [stdout] test src/entity/hateoas/mod.rs - entity::hateoas::Hateoas<T>::IM_USED (line 86) ... ok
[INFO] [stdout] test src/entity/hateoas/mod.rs - entity::hateoas::Hateoas<T>::GATEWAY_TIMEOUT (line 86) ... ok
[INFO] [stdout] test src/entity/hateoas/mod.rs - entity::hateoas::Hateoas<T>::INSUFFICIENT_STORAGE (line 86) ... ok
[INFO] [stdout] test src/entity/hateoas/mod.rs - entity::hateoas::Hateoas<T>::LOOP_DETECTED (line 86) ... ok
[INFO] [stdout] test src/entity/hateoas/mod.rs - entity::hateoas::Hateoas<T>::LOCKED (line 86) ... ok
[INFO] [stdout] test src/entity/hateoas/mod.rs - entity::hateoas::Hateoas<T>::INTERNAL_SERVER_ERROR (line 86) ... ok
[INFO] [stdout] test src/entity/hateoas/mod.rs - entity::hateoas::Hateoas<T>::LENGTH_REQUIRED (line 86) ... ok
[INFO] [stdout] test src/entity/hateoas/mod.rs - entity::hateoas::Hateoas<T>::METHOD_NOT_ALLOWED (line 86) ... ok
[INFO] [stdout] test src/entity/hateoas/mod.rs - entity::hateoas::Hateoas<T>::MISDIRECTED_REQUEST (line 86) ... ok
[INFO] [stdout] test src/entity/hateoas/mod.rs - entity::hateoas::Hateoas<T>::MOVED_PERMANENTLY (line 86) ... ok
[INFO] [stdout] test src/entity/hateoas/mod.rs - entity::hateoas::Hateoas<T>::MULTIPLE_CHOICES (line 86) ... ok
[INFO] [stdout] test src/entity/hateoas/mod.rs - entity::hateoas::Hateoas<T>::MULTI_STATUS (line 86) ... ok
[INFO] [stdout] test src/entity/hateoas/mod.rs - entity::hateoas::Hateoas<T>::NOT_ACCEPTABLE (line 86) ... ok
[INFO] [stdout] test src/entity/hateoas/mod.rs - entity::hateoas::Hateoas<T>::NON_AUTHORITATIVE_INFORMATION (line 86) ... ok
[INFO] [stdout] test src/entity/hateoas/mod.rs - entity::hateoas::Hateoas<T>::NETWORK_AUTHENTICATION_REQUIRED (line 86) ... ok
[INFO] [stdout] test src/entity/hateoas/mod.rs - entity::hateoas::Hateoas<T>::NOT_EXTENDED (line 86) ... ok
[INFO] [stdout] test src/entity/hateoas/mod.rs - entity::hateoas::Hateoas<T>::NOT_FOUND (line 86) ... ok
[INFO] [stdout] test src/entity/hateoas/mod.rs - entity::hateoas::Hateoas<T>::NOT_IMPLEMENTED (line 86) ... ok
[INFO] [stdout] test src/entity/hateoas/mod.rs - entity::hateoas::Hateoas<T>::NOT_MODIFIED (line 86) ... ok
[INFO] [stdout] test src/entity/hateoas/mod.rs - entity::hateoas::Hateoas<T>::PERMANENT_REDIRECT (line 86) ... ok
[INFO] [stdout] test src/entity/hateoas/mod.rs - entity::hateoas::Hateoas<T>::NO_CONTENT (line 86) ... ok
[INFO] [stdout] test src/entity/hateoas/mod.rs - entity::hateoas::Hateoas<T>::PAYLOAD_TOO_LARGE (line 86) ... ok
[INFO] [stdout] test src/entity/hateoas/mod.rs - entity::hateoas::Hateoas<T>::OK (line 86) ... ok
[INFO] [stdout] test src/entity/hateoas/mod.rs - entity::hateoas::Hateoas<T>::PAYMENT_REQUIRED (line 86) ... ok
[INFO] [stdout] test src/entity/hateoas/mod.rs - entity::hateoas::Hateoas<T>::PARTIAL_CONTENT (line 86) ... ok
[INFO] [stdout] test src/entity/hateoas/mod.rs - entity::hateoas::Hateoas<T>::PRECONDITION_FAILED (line 86) ... ok
[INFO] [stdout] test src/entity/hateoas/mod.rs - entity::hateoas::Hateoas<T>::PRECONDITION_REQUIRED (line 86) ... ok
[INFO] [stdout] test src/entity/hateoas/mod.rs - entity::hateoas::Hateoas<T>::PROCESSING (line 86) ... ok
[INFO] [stdout] test src/entity/hateoas/mod.rs - entity::hateoas::Hateoas<T>::RANGE_NOT_SATISFIABLE (line 86) ... ok
[INFO] [stdout] test src/entity/hateoas/mod.rs - entity::hateoas::Hateoas<T>::PROXY_AUTHENTICATION_REQUIRED (line 86) ... ok
[INFO] [stdout] test src/entity/hateoas/mod.rs - entity::hateoas::Hateoas<T>::REQUEST_TIMEOUT (line 86) ... ok
[INFO] [stdout] test src/entity/hateoas/mod.rs - entity::hateoas::Hateoas<T>::RESET_CONTENT (line 86) ... ok
[INFO] [stdout] test src/entity/hateoas/mod.rs - entity::hateoas::Hateoas<T>::REQUEST_HEADER_FIELDS_TOO_LARGE (line 86) ... ok
[INFO] [stdout] test src/entity/hateoas/mod.rs - entity::hateoas::Hateoas<T>::SEE_OTHER (line 86) ... ok
[INFO] [stdout] test src/entity/hateoas/mod.rs - entity::hateoas::Hateoas<T>::SERVICE_UNAVAILABLE (line 86) ... ok
[INFO] [stdout] test src/entity/hateoas/mod.rs - entity::hateoas::Hateoas<T>::SWITCHING_PROTOCOLS (line 86) ... ok
[INFO] [stdout] test src/entity/hateoas/mod.rs - entity::hateoas::Hateoas<T>::TEMPORARY_REDIRECT (line 86) ... ok
[INFO] [stdout] test src/entity/hateoas/mod.rs - entity::hateoas::Hateoas<T>::TOO_MANY_REQUESTS (line 86) ... ok
[INFO] [stdout] test src/entity/hateoas/mod.rs - entity::hateoas::Hateoas<T>::UNAVAILABLE_FOR_LEGAL_REASONS (line 86) ... ok
[INFO] [stdout] test src/entity/hateoas/mod.rs - entity::hateoas::Hateoas<T>::UNAUTHORIZED (line 86) ... ok
[INFO] [stdout] test src/entity/hateoas/mod.rs - entity::hateoas::Hateoas<T>::UNSUPPORTED_MEDIA_TYPE (line 86) ... ok
[INFO] [stdout] test src/entity/hateoas/mod.rs - entity::hateoas::Hateoas<T>::UNPROCESSABLE_ENTITY (line 86) ... ok
[INFO] [stdout] test src/entity/hateoas/mod.rs - entity::hateoas::Hateoas<T>::UPGRADE_REQUIRED (line 86) ... ok
[INFO] [stdout] test src/entity/hateoas/mod.rs - entity::hateoas::Hateoas<T>::USE_PROXY (line 86) ... ok
[INFO] [stdout] test src/entity/ricksponse/ricksponse.rs - entity::ricksponse::ricksponse::Response<T>::ACCEPTED (line 359) ... ok
[INFO] [stdout] test src/entity/hateoas/mod.rs - entity::hateoas::Hateoas<T>::URI_TOO_LONG (line 86) ... ok
[INFO] [stdout] test src/entity/ricksponse/ricksponse.rs - entity::ricksponse::ricksponse::Response<T>::BAD_GATEWAY (line 359) ... ok
[INFO] [stdout] test src/entity/ricksponse/ricksponse.rs - entity::ricksponse::ricksponse::Response<T>::BAD_REQUEST (line 359) ... ok
[INFO] [stdout] test src/entity/ricksponse/ricksponse.rs - entity::ricksponse::ricksponse::Response<T>::ALREADY_REPORTED (line 359) ... ok
[INFO] [stdout] test src/entity/hateoas/mod.rs - entity::hateoas::Hateoas<T>::VARIANT_ALSO_NEGOTIATES (line 86) ... ok
[INFO] [stdout] test src/entity/ricksponse/ricksponse.rs - entity::ricksponse::ricksponse::Response<T>::CONFLICT (line 359) ... ok
[INFO] [stdout] test src/entity/ricksponse/ricksponse.rs - entity::ricksponse::ricksponse::Response<T>::CONTINUE (line 359) ... ok
[INFO] [stdout] test src/entity/ricksponse/ricksponse.rs - entity::ricksponse::ricksponse::Response<T>::CREATED (line 359) ... ok
[INFO] [stdout] test src/entity/ricksponse/ricksponse.rs - entity::ricksponse::ricksponse::Response<T>::FOUND (line 359) ... ok
[INFO] [stdout] test src/entity/ricksponse/ricksponse.rs - entity::ricksponse::ricksponse::Response<T>::GATEWAY_TIMEOUT (line 359) ... ok
[INFO] [stdout] test src/entity/ricksponse/ricksponse.rs - entity::ricksponse::ricksponse::Response<T>::FORBIDDEN (line 359) ... ok
[INFO] [stdout] test src/entity/ricksponse/ricksponse.rs - entity::ricksponse::ricksponse::Response<T>::EXPECTATION_FAILED (line 359) ... ok
[INFO] [stdout] test src/entity/ricksponse/ricksponse.rs - entity::ricksponse::ricksponse::Response<T>::FAILED_DEPENDENCY (line 359) ... ok
[INFO] [stdout] test src/entity/ricksponse/ricksponse.rs - entity::ricksponse::ricksponse::Response<T>::GONE (line 359) ... ok
[INFO] [stdout] test src/entity/ricksponse/ricksponse.rs - entity::ricksponse::ricksponse::Response<T>::HTTP_VERSION_NOT_SUPPORTED (line 359) ... ok
[INFO] [stdout] test src/entity/ricksponse/ricksponse.rs - entity::ricksponse::ricksponse::Response<T>::IM_A_TEAPOT (line 359) ... ok
[INFO] [stdout] test src/entity/ricksponse/ricksponse.rs - entity::ricksponse::ricksponse::Response<T>::IM_USED (line 359) ... ok
[INFO] [stdout] test src/entity/ricksponse/ricksponse.rs - entity::ricksponse::ricksponse::Response<T>::INTERNAL_SERVER_ERROR (line 359) ... ok
[INFO] [stdout] test src/entity/ricksponse/ricksponse.rs - entity::ricksponse::ricksponse::Response<T>::INSUFFICIENT_STORAGE (line 359) ... ok
[INFO] [stdout] test src/entity/ricksponse/ricksponse.rs - entity::ricksponse::ricksponse::Response<T>::LOOP_DETECTED (line 359) ... ok
[INFO] [stdout] test src/entity/ricksponse/ricksponse.rs - entity::ricksponse::ricksponse::Response<T>::LENGTH_REQUIRED (line 359) ... ok
[INFO] [stdout] test src/entity/ricksponse/ricksponse.rs - entity::ricksponse::ricksponse::Response<T>::LOCKED (line 359) ... ok
[INFO] [stdout] test src/entity/ricksponse/ricksponse.rs - entity::ricksponse::ricksponse::Response<T>::METHOD_NOT_ALLOWED (line 359) ... ok
[INFO] [stdout] test src/entity/ricksponse/ricksponse.rs - entity::ricksponse::ricksponse::Response<T>::MISDIRECTED_REQUEST (line 359) ... ok
[INFO] [stdout] test src/entity/ricksponse/ricksponse.rs - entity::ricksponse::ricksponse::Response<T>::MULTIPLE_CHOICES (line 359) ... ok
[INFO] [stdout] test src/entity/ricksponse/ricksponse.rs - entity::ricksponse::ricksponse::Response<T>::NETWORK_AUTHENTICATION_REQUIRED (line 359) ... ok
[INFO] [stdout] test src/entity/ricksponse/ricksponse.rs - entity::ricksponse::ricksponse::Response<T>::MOVED_PERMANENTLY (line 359) ... ok
[INFO] [stdout] test src/entity/ricksponse/ricksponse.rs - entity::ricksponse::ricksponse::Response<T>::MULTI_STATUS (line 359) ... ok
[INFO] [stdout] test src/entity/ricksponse/ricksponse.rs - entity::ricksponse::ricksponse::Response<T>::NOT_ACCEPTABLE (line 359) ... ok
[INFO] [stdout] test src/entity/ricksponse/ricksponse.rs - entity::ricksponse::ricksponse::Response<T>::NOT_EXTENDED (line 359) ... ok
[INFO] [stdout] test src/entity/ricksponse/ricksponse.rs - entity::ricksponse::ricksponse::Response<T>::NON_AUTHORITATIVE_INFORMATION (line 359) ... ok
[INFO] [stdout] test src/entity/ricksponse/ricksponse.rs - entity::ricksponse::ricksponse::Response<T>::OK (line 359) ... ok
[INFO] [stdout] test src/entity/ricksponse/ricksponse.rs - entity::ricksponse::ricksponse::Response<T>::NOT_FOUND (line 359) ... ok
[INFO] [stdout] test src/entity/ricksponse/ricksponse.rs - entity::ricksponse::ricksponse::Response<T>::PARTIAL_CONTENT (line 359) ... ok
[INFO] [stdout] test src/entity/ricksponse/ricksponse.rs - entity::ricksponse::ricksponse::Response<T>::NO_CONTENT (line 359) ... ok
[INFO] [stdout] test src/entity/ricksponse/ricksponse.rs - entity::ricksponse::ricksponse::Response<T>::NOT_IMPLEMENTED (line 359) ... ok
[INFO] [stdout] test src/entity/ricksponse/ricksponse.rs - entity::ricksponse::ricksponse::Response<T>::NOT_MODIFIED (line 359) ... ok
[INFO] [stdout] test src/entity/ricksponse/ricksponse.rs - entity::ricksponse::ricksponse::Response<T>::PAYLOAD_TOO_LARGE (line 359) ... ok
[INFO] [stdout] test src/entity/ricksponse/ricksponse.rs - entity::ricksponse::ricksponse::Response<T>::PAYMENT_REQUIRED (line 359) ... ok
[INFO] [stdout] test src/entity/ricksponse/ricksponse.rs - entity::ricksponse::ricksponse::Response<T>::PERMANENT_REDIRECT (line 359) ... ok
[INFO] [stdout] test src/entity/ricksponse/ricksponse.rs - entity::ricksponse::ricksponse::Response<T>::PROXY_AUTHENTICATION_REQUIRED (line 359) ... ok
[INFO] [stdout] test src/entity/ricksponse/ricksponse.rs - entity::ricksponse::ricksponse::Response<T>::PRECONDITION_FAILED (line 359) ... ok
[INFO] [stdout] test src/entity/ricksponse/ricksponse.rs - entity::ricksponse::ricksponse::Response<T>::PRECONDITION_REQUIRED (line 359) ... ok
[INFO] [stdout] test src/entity/ricksponse/ricksponse.rs - entity::ricksponse::ricksponse::Response<T>::PROCESSING (line 359) ... ok
[INFO] [stdout] test src/entity/ricksponse/ricksponse.rs - entity::ricksponse::ricksponse::Response<T>::RANGE_NOT_SATISFIABLE (line 359) ... ok
[INFO] [stdout] test src/entity/ricksponse/ricksponse.rs - entity::ricksponse::ricksponse::Response<T>::REQUEST_TIMEOUT (line 359) ... ok
[INFO] [stdout] test src/entity/ricksponse/ricksponse.rs - entity::ricksponse::ricksponse::Response<T>::REQUEST_HEADER_FIELDS_TOO_LARGE (line 359) ... ok
[INFO] [stdout] test src/entity/ricksponse/ricksponse.rs - entity::ricksponse::ricksponse::Response<T>::RESET_CONTENT (line 359) ... ok
[INFO] [stdout] test src/entity/ricksponse/ricksponse.rs - entity::ricksponse::ricksponse::Response<T>::SERVICE_UNAVAILABLE (line 359) ... ok
[INFO] [stdout] test src/entity/ricksponse/ricksponse.rs - entity::ricksponse::ricksponse::Response<T>::SEE_OTHER (line 359) ... ok
[INFO] [stdout] test src/entity/ricksponse/ricksponse.rs - entity::ricksponse::ricksponse::Response<T>::SWITCHING_PROTOCOLS (line 359) ... ok
[INFO] [stdout] test src/entity/ricksponse/ricksponse.rs - entity::ricksponse::ricksponse::Response<T>::TEMPORARY_REDIRECT (line 359) ... ok
[INFO] [stdout] test src/entity/ricksponse/ricksponse.rs - entity::ricksponse::ricksponse::Response<T>::TOO_MANY_REQUESTS (line 359) ... ok
[INFO] [stdout] test src/entity/ricksponse/ricksponse.rs - entity::ricksponse::ricksponse::Response<T>::UNAVAILABLE_FOR_LEGAL_REASONS (line 359) ... ok
[INFO] [stdout] test src/entity/ricksponse/ricksponse.rs - entity::ricksponse::ricksponse::Response<T>::UNAUTHORIZED (line 359) ... ok
[INFO] [stdout] test src/entity/ricksponse/ricksponse.rs - entity::ricksponse::ricksponse::Response<T>::UNPROCESSABLE_ENTITY (line 359) ... ok
[INFO] [stdout] test src/entity/ricksponse/ricksponse.rs - entity::ricksponse::ricksponse::Response<T>::URI_TOO_LONG (line 359) ... ok
[INFO] [stdout] test src/entity/ricksponse/ricksponse.rs - entity::ricksponse::ricksponse::Response<T>::UNSUPPORTED_MEDIA_TYPE (line 359) ... ok
[INFO] [stdout] test src/entity/ricksponse/ricksponse.rs - entity::ricksponse::ricksponse::Ricksponse<T>::ACCEPTED (line 339) ... ok
[INFO] [stdout] test src/entity/ricksponse/ricksponse.rs - entity::ricksponse::ricksponse::Response<T>::UPGRADE_REQUIRED (line 359) ... ok
[INFO] [stdout] test src/entity/ricksponse/ricksponse.rs - entity::ricksponse::ricksponse::Response<T>::VARIANT_ALSO_NEGOTIATES (line 359) ... ok
[INFO] [stdout] test src/entity/ricksponse/ricksponse.rs - entity::ricksponse::ricksponse::Response<T>::USE_PROXY (line 359) ... ok
[INFO] [stdout] test src/entity/ricksponse/ricksponse.rs - entity::ricksponse::ricksponse::Ricksponse<T>::ALREADY_REPORTED (line 339) ... ok
[INFO] [stdout] test src/entity/ricksponse/ricksponse.rs - entity::ricksponse::ricksponse::Ricksponse<T>::BAD_REQUEST (line 339) ... ok
[INFO] [stdout] test src/entity/ricksponse/ricksponse.rs - entity::ricksponse::ricksponse::Ricksponse<T>::BAD_GATEWAY (line 339) ... ok
[INFO] [stdout] test src/entity/ricksponse/ricksponse.rs - entity::ricksponse::ricksponse::Ricksponse<T>::CONFLICT (line 339) ... ok
[INFO] [stdout] test src/entity/ricksponse/ricksponse.rs - entity::ricksponse::ricksponse::Ricksponse<T>::CONTINUE (line 339) ... ok
[INFO] [stdout] test src/entity/ricksponse/ricksponse.rs - entity::ricksponse::ricksponse::Ricksponse<T>::CREATED (line 339) ... ok
[INFO] [stdout] test src/entity/ricksponse/ricksponse.rs - entity::ricksponse::ricksponse::Ricksponse<T>::EXPECTATION_FAILED (line 339) ... ok
[INFO] [stdout] test src/entity/ricksponse/ricksponse.rs - entity::ricksponse::ricksponse::Ricksponse<T>::FAILED_DEPENDENCY (line 339) ... ok
[INFO] [stdout] test src/entity/ricksponse/ricksponse.rs - entity::ricksponse::ricksponse::Ricksponse<T>::FORBIDDEN (line 339) ... ok
[INFO] [stdout] test src/entity/ricksponse/ricksponse.rs - entity::ricksponse::ricksponse::Ricksponse<T> (line 272) ... FAILED
[INFO] [stdout] test src/entity/ricksponse/ricksponse.rs - entity::ricksponse::ricksponse::Ricksponse<T>::FOUND (line 339) ... ok
[INFO] [stdout] test src/entity/ricksponse/ricksponse.rs - entity::ricksponse::ricksponse::Ricksponse<T>::GATEWAY_TIMEOUT (line 339) ... ok
[INFO] [stdout] test src/entity/ricksponse/ricksponse.rs - entity::ricksponse::ricksponse::Ricksponse<T>::HTTP_VERSION_NOT_SUPPORTED (line 339) ... ok
[INFO] [stdout] test src/entity/ricksponse/ricksponse.rs - entity::ricksponse::ricksponse::Ricksponse<T>::GONE (line 339) ... ok
[INFO] [stdout] test src/entity/ricksponse/ricksponse.rs - entity::ricksponse::ricksponse::Ricksponse<T>::IM_A_TEAPOT (line 339) ... ok
[INFO] [stdout] test src/entity/ricksponse/ricksponse.rs - entity::ricksponse::ricksponse::Ricksponse<T>::IM_USED (line 339) ... ok
[INFO] [stdout] test src/entity/ricksponse/ricksponse.rs - entity::ricksponse::ricksponse::Ricksponse<T>::INSUFFICIENT_STORAGE (line 339) ... ok
[INFO] [stdout] test src/entity/ricksponse/ricksponse.rs - entity::ricksponse::ricksponse::Ricksponse<T>::INTERNAL_SERVER_ERROR (line 339) ... ok
[INFO] [stdout] test src/entity/ricksponse/ricksponse.rs - entity::ricksponse::ricksponse::Ricksponse<T>::LENGTH_REQUIRED (line 339) ... ok
[INFO] [stdout] test src/entity/ricksponse/ricksponse.rs - entity::ricksponse::ricksponse::Ricksponse<T>::LOOP_DETECTED (line 339) ... ok
[INFO] [stdout] test src/entity/ricksponse/ricksponse.rs - entity::ricksponse::ricksponse::Ricksponse<T>::LOCKED (line 339) ... ok
[INFO] [stdout] test src/entity/ricksponse/ricksponse.rs - entity::ricksponse::ricksponse::Ricksponse<T>::MISDIRECTED_REQUEST (line 339) ... ok
[INFO] [stdout] test src/entity/ricksponse/ricksponse.rs - entity::ricksponse::ricksponse::Ricksponse<T>::METHOD_NOT_ALLOWED (line 339) ... ok
[INFO] [stdout] test src/entity/ricksponse/ricksponse.rs - entity::ricksponse::ricksponse::Ricksponse<T>::MULTIPLE_CHOICES (line 339) ... ok
[INFO] [stdout] test src/entity/ricksponse/ricksponse.rs - entity::ricksponse::ricksponse::Ricksponse<T>::MOVED_PERMANENTLY (line 339) ... ok
[INFO] [stdout] test src/entity/ricksponse/ricksponse.rs - entity::ricksponse::ricksponse::Ricksponse<T>::MULTI_STATUS (line 339) ... ok
[INFO] [stdout] test src/entity/ricksponse/ricksponse.rs - entity::ricksponse::ricksponse::Ricksponse<T>::NON_AUTHORITATIVE_INFORMATION (line 339) ... ok
[INFO] [stdout] test src/entity/ricksponse/ricksponse.rs - entity::ricksponse::ricksponse::Ricksponse<T>::NETWORK_AUTHENTICATION_REQUIRED (line 339) ... ok
[INFO] [stdout] test src/entity/ricksponse/ricksponse.rs - entity::ricksponse::ricksponse::Ricksponse<T>::NOT_EXTENDED (line 339) ... ok
[INFO] [stdout] test src/entity/ricksponse/ricksponse.rs - entity::ricksponse::ricksponse::Ricksponse<T>::NOT_ACCEPTABLE (line 339) ... ok
[INFO] [stdout] test src/entity/ricksponse/ricksponse.rs - entity::ricksponse::ricksponse::Ricksponse<T>::NOT_FOUND (line 339) ... ok
[INFO] [stdout] test src/entity/ricksponse/ricksponse.rs - entity::ricksponse::ricksponse::Ricksponse<T>::NOT_IMPLEMENTED (line 339) ... ok
[INFO] [stdout] test src/entity/ricksponse/ricksponse.rs - entity::ricksponse::ricksponse::Ricksponse<T>::NOT_MODIFIED (line 339) ... ok
[INFO] [stdout] test src/entity/ricksponse/ricksponse.rs - entity::ricksponse::ricksponse::Ricksponse<T>::NO_CONTENT (line 339) ... ok
[INFO] [stdout] test src/entity/ricksponse/ricksponse.rs - entity::ricksponse::ricksponse::Ricksponse<T>::OK (line 339) ... ok
[INFO] [stdout] test src/entity/ricksponse/ricksponse.rs - entity::ricksponse::ricksponse::Ricksponse<T>::PARTIAL_CONTENT (line 339) ... ok
[INFO] [stdout] test src/entity/ricksponse/ricksponse.rs - entity::ricksponse::ricksponse::Ricksponse<T>::PERMANENT_REDIRECT (line 339) ... ok
[INFO] [stdout] test src/entity/ricksponse/ricksponse.rs - entity::ricksponse::ricksponse::Ricksponse<T>::PAYLOAD_TOO_LARGE (line 339) ... ok
[INFO] [stdout] test src/entity/ricksponse/ricksponse.rs - entity::ricksponse::ricksponse::Ricksponse<T>::PAYMENT_REQUIRED (line 339) ... ok
[INFO] [stdout] test src/entity/ricksponse/ricksponse.rs - entity::ricksponse::ricksponse::Ricksponse<T>::PRECONDITION_REQUIRED (line 339) ... ok
[INFO] [stdout] test src/entity/ricksponse/ricksponse.rs - entity::ricksponse::ricksponse::Ricksponse<T>::PROXY_AUTHENTICATION_REQUIRED (line 339) ... ok
[INFO] [stdout] test src/entity/ricksponse/ricksponse.rs - entity::ricksponse::ricksponse::Ricksponse<T>::PRECONDITION_FAILED (line 339) ... ok
[INFO] [stdout] test src/entity/ricksponse/ricksponse.rs - entity::ricksponse::ricksponse::Ricksponse<T>::PROCESSING (line 339) ... ok
[INFO] [stdout] test src/entity/ricksponse/ricksponse.rs - entity::ricksponse::ricksponse::Ricksponse<T>::REQUEST_HEADER_FIELDS_TOO_LARGE (line 339) ... ok
[INFO] [stdout] test src/entity/ricksponse/ricksponse.rs - entity::ricksponse::ricksponse::Ricksponse<T>::REQUEST_TIMEOUT (line 339) ... ok
[INFO] [stdout] test src/entity/ricksponse/ricksponse.rs - entity::ricksponse::ricksponse::Ricksponse<T>::RANGE_NOT_SATISFIABLE (line 339) ... ok
[INFO] [stdout] test src/entity/ricksponse/ricksponse.rs - entity::ricksponse::ricksponse::Ricksponse<T>::RESET_CONTENT (line 339) ... ok
[INFO] [stdout] test src/entity/ricksponse/ricksponse.rs - entity::ricksponse::ricksponse::Ricksponse<T>::SWITCHING_PROTOCOLS (line 339) ... ok
[INFO] [stdout] test src/entity/ricksponse/ricksponse.rs - entity::ricksponse::ricksponse::Ricksponse<T>::SERVICE_UNAVAILABLE (line 339) ... ok
[INFO] [stdout] test src/entity/ricksponse/ricksponse.rs - entity::ricksponse::ricksponse::Ricksponse<T>::SEE_OTHER (line 339) ... ok
[INFO] [stdout] test src/entity/ricksponse/ricksponse.rs - entity::ricksponse::ricksponse::Ricksponse<T>::TEMPORARY_REDIRECT (line 339) ... ok
[INFO] [stdout] test src/entity/ricksponse/ricksponse.rs - entity::ricksponse::ricksponse::Ricksponse<T>::UNAVAILABLE_FOR_LEGAL_REASONS (line 339) ... ok
[INFO] [stdout] test src/entity/ricksponse/ricksponse.rs - entity::ricksponse::ricksponse::Ricksponse<T>::UNAUTHORIZED (line 339) ... ok
[INFO] [stdout] test src/entity/ricksponse/ricksponse.rs - entity::ricksponse::ricksponse::Ricksponse<T>::TOO_MANY_REQUESTS (line 339) ... ok
[INFO] [stdout] test src/entity/ricksponse/ricksponse.rs - entity::ricksponse::ricksponse::Ricksponse<T>::UPGRADE_REQUIRED (line 339) ... ok
[INFO] [stdout] test src/entity/ricksponse/ricksponse.rs - entity::ricksponse::ricksponse::Ricksponse<T>::UNPROCESSABLE_ENTITY (line 339) ... ok
[INFO] [stdout] test src/entity/ricksponse/ricksponse.rs - entity::ricksponse::ricksponse::Ricksponse<T>::URI_TOO_LONG (line 339) ... ok
[INFO] [stdout] test src/entity/ricksponse/ricksponse.rs - entity::ricksponse::ricksponse::Ricksponse<T>::USE_PROXY (line 339) ... ok
[INFO] [stdout] test src/entity/ricksponse/ricksponse.rs - entity::ricksponse::ricksponse::Ricksponse<T>::UNSUPPORTED_MEDIA_TYPE (line 339) ... ok
[INFO] [stdout] test src/entity/ricksponse/ricksponse.rs - entity::ricksponse::ricksponse::Ricksponse<T>::VARIANT_ALSO_NEGOTIATES (line 339) ... ok
[INFO] [stdout] 
[INFO] [stdout] failures:
[INFO] [stdout] 
[INFO] [stdout] ---- src/entity/ricksponse/ricksponse.rs - entity::ricksponse::ricksponse::Ricksponse<T> (line 272) stdout ----
[INFO] [stdout] error: linking with `cc` failed: exit status: 1
[INFO] [stdout]   |
[INFO] [stdout]   = note: LC_ALL="C" PATH="/opt/rustwide/rustup-home/toolchains/1.83.0-x86_64-unknown-linux-gnu/lib/rustlib/x86_64-unknown-linux-gnu/bin:/opt/rustwide/cargo-home/bin:/usr/local/sbin:/usr/local/bin:/usr/sbin:/usr/bin:/sbin:/bin" VSLANG="1033" "cc" "-m64" "/tmp/rustcQ62Gj8/symbols.o" "/tmp/rustdoctests1u2xJ/rust_out.rust_out.cb03291d53e4e161-cgu.0.rcgu.o" "/tmp/rustdoctests1u2xJ/rust_out.1s7umcihpz0t7nkz1uc2ifee9.rcgu.o" "-Wl,--as-needed" "-Wl,-Bstatic" "/opt/rustwide/target/debug/deps/libricksponse-ccaac9bdde5861d0.rlib" "/opt/rustwide/target/debug/deps/libsimple_serde-1465a016852f468c.rlib" "/opt/rustwide/target/debug/deps/libtoml-0917a0c1f002056a.rlib" "/opt/rustwide/target/debug/deps/libserde_yaml-4fc29e3d663214c3.rlib" "/opt/rustwide/target/debug/deps/libyaml_rust-0b794305f56778fb.rlib" "/opt/rustwide/target/debug/deps/liblinked_hash_map-6d3040aaca98a906.rlib" "/opt/rustwide/target/debug/deps/libserde_qs-548aa96c2e23d94c.rlib" "/opt/rustwide/target/debug/deps/libserde_pickle-a21dbf60d42067ec.rlib" "/opt/rustwide/target/debug/deps/libiter_read-ed28b5eeabce4b54.rlib" "/opt/rustwide/target/debug/deps/libnum_bigint-ec0245e23e6f3a84.rlib" "/opt/rustwide/target/debug/deps/libnum_integer-eb4c16de8d693761.rlib" "/opt/rustwide/target/debug/deps/libserde_lexpr-9ffb24dc39923efa.rlib" "/opt/rustwide/target/debug/deps/liblexpr-dcf96ed5802f4b74.rlib" "/opt/rustwide/target/debug/deps/libitoa-33e5206728a399ed.rlib" "/opt/rustwide/target/debug/deps/libserde_cbor-671a9e5395bbc741.rlib" "/opt/rustwide/target/debug/deps/libhalf-d195777cec72e2b5.rlib" "/opt/rustwide/target/debug/deps/libron-5d1b0466614bfe2b.rlib" "/opt/rustwide/target/debug/deps/librmp_serde-dad7367121843a94.rlib" "/opt/rustwide/target/debug/deps/librmp-f60f45491dbd32f5.rlib" "/opt/rustwide/target/debug/deps/libnum_traits-d655c59fe4a17847.rlib" "/opt/rustwide/target/debug/deps/libpostcard-608f2c2f45d39ce9.rlib" "/opt/rustwide/target/debug/deps/libheapless-2df514199ae37e9b.rlib" "/opt/rustwide/target/debug/deps/libstable_deref_trait-c1755e9fdd1efda8.rlib" "/opt/rustwide/target/debug/deps/libspin-910eedc1d5fec6f1.rlib" "/opt/rustwide/target/debug/deps/libhash32-89585e00c3f09537.rlib" "/opt/rustwide/target/debug/deps/libpostcard_cobs-303133de52215781.rlib" "/opt/rustwide/target/debug/deps/libjson5-d5804a0e0c3ffbf9.rlib" "/opt/rustwide/target/debug/deps/libpest-c72f81d9b8db8b26.rlib" "/opt/rustwide/target/debug/deps/libthiserror-31d9ae0d27a50fde.rlib" "/opt/rustwide/target/debug/deps/libucd_trie-e56a56ec956d4666.rlib" "/opt/rustwide/target/debug/deps/libflexbuffers-1dd75f1a6e9b211a.rlib" "/opt/rustwide/target/debug/deps/libnum_enum-629e02eb678207a4.rlib" "/opt/rustwide/target/debug/deps/libbyteorder-5d5f73111cbae703.rlib" "/opt/rustwide/target/debug/deps/libbson-f822e95135c1c9c4.rlib" "/opt/rustwide/target/debug/deps/liblazy_static-8c0bb59ebbb3df6c.rlib" "/opt/rustwide/target/debug/deps/libhex-72ec0daf2bf2906b.rlib" "/opt/rustwide/target/debug/deps/libserde_bytes-9821b30eb9728baa.rlib" "/opt/rustwide/target/debug/deps/librailsgun-c578fdae451768d3.rlib" "/opt/rustwide/target/debug/deps/libhateoas-2de9f3e137fa778f.rlib" "/opt/rustwide/target/debug/deps/libuuid-f253cffded6c8d86.rlib" "/opt/rustwide/target/debug/deps/libserde_with-5c502b81e11f2b56.rlib" "/opt/rustwide/target/debug/deps/libfutures-fd995c9550439340.rlib" "/opt/rustwide/target/debug/deps/libfutures_executor-f13d9909bb96c358.rlib" "/opt/rustwide/target/debug/deps/libactix_web-6ae975303d3529ff.rlib" "/opt/rustwide/target/debug/deps/libcookie-660b8bc10850de9f.rlib" "/opt/rustwide/target/debug/deps/libtime-ea02883ef87340cd.rlib" "/opt/rustwide/target/debug/deps/liburl-e653c6078702d123.rlib" "/opt/rustwide/target/debug/deps/libidna-e78cba133153fd6a.rlib" "/opt/rustwide/target/debug/deps/libunicode_normalization-4e9906910a45d121.rlib" "/opt/rustwide/target/debug/deps/libtinyvec-9ecf8cbad57126ec.rlib" "/opt/rustwide/target/debug/deps/libtinyvec_macros-4bbd5c88ba0aa3c3.rlib" "/opt/rustwide/target/debug/deps/libunicode_bidi-e73cec4e4148a794.rlib" "/opt/rustwide/target/debug/deps/libserde_urlencoded-e9fd4b6491498136.rlib" "/opt/rustwide/target/debug/deps/libform_urlencoded-981c3a66013956ee.rlib" "/opt/rustwide/target/debug/deps/libmatches-37eee2c50f82dc8b.rlib" "/opt/rustwide/target/debug/deps/libserde_json-2b904c121d2ec5ff.rlib" "/opt/rustwide/target/debug/deps/libryu-ea39a09c529e6e72.rlib" "/opt/rustwide/target/debug/deps/libactix_server-db211f9cff6ad084.rlib" "/opt/rustwide/target/debug/deps/libactix_router-fdd11359ce46b72e.rlib" "/opt/rustwide/target/debug/deps/libregex-b93de58495ed5c90.rlib" "/opt/rustwide/target/debug/deps/libaho_corasick-c82ae79d5b7b9f06.rlib" "/opt/rustwide/target/debug/deps/libregex_syntax-4b97a6aa00812c19.rlib" "/opt/rustwide/target/debug/deps/libfirestorm-e4d4da2264eeb5af.rlib" "/opt/rustwide/target/debug/deps/libserde-7695b895301d4490.rlib" "/opt/rustwide/target/debug/deps/libactix_http-15583c3e564352fd.rlib" "/opt/rustwide/target/debug/deps/libbase64-f24e6eb836530838.rlib" "/opt/rustwide/target/debug/deps/librand-3a84b0c637305d18.rlib" "/opt/rustwide/target/debug/deps/librand_chacha-7e74cd32669d0e52.rlib" "/opt/rustwide/target/debug/deps/libppv_lite86-1e5fad74b72fceef.rlib" "/opt/rustwide/target/debug/deps/librand_core-b53d55d5975491f1.rlib" "/opt/rustwide/target/debug/deps/libhttparse-a86eb9c652a80dd7.rlib" "/opt/rustwide/target/debug/deps/libbrotli-368e9bfa140c07fd.rlib" "/opt/rustwide/target/debug/deps/libbrotli_decompressor-9c88f4f5304bb259.rlib" "/opt/rustwide/target/debug/deps/liballoc_stdlib-0130dc344ba1dc51.rlib" "/opt/rustwide/target/debug/deps/liballoc_no_stdlib-0a7ab11c39adc295.rlib" "/opt/rustwide/target/debug/deps/libhttpdate-eff4e5799595cd3f.rlib" "/opt/rustwide/target/debug/deps/libsha1-eba70e272a2a4f74.rlib" "/opt/rustwide/target/debug/deps/libcpufeatures-031c1dca6f4881cd.rlib" "/opt/rustwide/target/debug/deps/libdigest-064a5bbaf9ee5a51.rlib" "/opt/rustwide/target/debug/deps/libblock_buffer-1ff9286eebfb68ef.rlib" "/opt/rustwide/target/debug/deps/libcrypto_common-00b059f0dacabfd8.rlib" "/opt/rustwide/target/debug/deps/libgeneric_array-a8fd3574937acb39.rlib" "/opt/rustwide/target/debug/deps/libtypenum-3be5d027b4b6a023.rlib" "/opt/rustwide/target/debug/deps/liblocal_channel-55d34beffee662b3.rlib" "/opt/rustwide/target/debug/deps/libbytestring-ca1ba3744360b8d2.rlib" "/opt/rustwide/target/debug/deps/libencoding_rs-c6e3d5ad722f54cd.rlib" "/opt/rustwide/target/debug/deps/liblanguage_tags-4d9300954b9ef20b.rlib" "/opt/rustwide/target/debug/deps/libmime-44eb3da8d73c6d4c.rlib" "/opt/rustwide/target/debug/deps/libpercent_encoding-cf13d6c3cca11d0a.rlib" "/opt/rustwide/target/debug/deps/libh2-b3fd39b09dc8fd50.rlib" "/opt/rustwide/target/debug/deps/libindexmap-da07bb9cde955e76.rlib" "/opt/rustwide/target/debug/deps/libhashbrown-f7f97c562b093c36.rlib" "/opt/rustwide/target/debug/deps/libfutures_util-96bc5ca588bb3c8f.rlib" "/opt/rustwide/target/debug/deps/libfutures_io-820cc0d50b1ed47f.rlib" "/opt/rustwide/target/debug/deps/libslab-97d23db05bc30343.rlib" "/opt/rustwide/target/debug/deps/libfutures_channel-cfae7f00c2ea8023.rlib" "/opt/rustwide/target/debug/deps/libfutures_task-8648486926566659.rlib" "/opt/rustwide/target/debug/deps/libpin_utils-6bd6355de79f98af.rlib" "/opt/rustwide/target/debug/deps/libahash-a8d11816936ead0d.rlib" "/opt/rustwide/target/debug/deps/libgetrandom-91ef0c2d06972125.rlib" "/opt/rustwide/target/debug/deps/libzstd-eb32fe051f78df2c.rlib" "/opt/rustwide/target/debug/deps/libzstd_safe-6eb0ef062f608e2b.rlib" "/opt/rustwide/target/debug/deps/libzstd_sys-2197f39aa4bde1c3.rlib" "/opt/rustwide/target/debug/deps/libflate2-d8faf9690a4f80e0.rlib" "/opt/rustwide/target/debug/deps/libminiz_oxide-1fb1ff16b4c5207c.rlib" "/opt/rustwide/target/debug/deps/libadler-46b472a2e9e55ef6.rlib" "/opt/rustwide/target/debug/deps/libcrc32fast-92426fe39f2c39c8.rlib" "/opt/rustwide/target/debug/deps/libactix_service-d7e2602f9dd210c3.rlib" "/opt/rustwide/target/debug/deps/libactix_codec-86f5d65f8dba5c5b.rlib" "/opt/rustwide/target/debug/deps/libtokio_util-333109e5cc8030d8.rlib" "/opt/rustwide/target/debug/deps/libtracing-9cade3686fed268b.rlib" "/opt/rustwide/target/debug/deps/libtracing_core-a77dbb055124fecd.rlib" "/opt/rustwide/target/debug/deps/libfutures_sink-500a49a307e19198.rlib" "/opt/rustwide/target/debug/deps/libbitflags-d3511f9afe014f87.rlib" "/opt/rustwide/target/debug/deps/libactix_utils-366b8efa051b7663.rlib" "/opt/rustwide/target/debug/deps/liblocal_waker-485b7c7311ef0ee2.rlib" "/opt/rustwide/target/debug/deps/libactix_rt-4a2a63e94d414385.rlib" "/opt/rustwide/target/debug/deps/libtokio-9165b6ce44bb770c.rlib" "/opt/rustwide/target/debug/deps/libsignal_hook_registry-b6e4885b3402dd28.rlib" "/opt/rustwide/target/debug/deps/libnum_cpus-59028c362a30cc87.rlib" "/opt/rustwide/target/debug/deps/libsocket2-6361c9a9bdfdedef.rlib" "/opt/rustwide/target/debug/deps/libmemchr-2cf4fc732d907b26.rlib" "/opt/rustwide/target/debug/deps/libonce_cell-408cea169249c1c2.rlib" "/opt/rustwide/target/debug/deps/libmio-de2cdbc412d5ba89.rlib" "/opt/rustwide/target/debug/deps/liblog-f3514ff446486473.rlib" "/opt/rustwide/target/debug/deps/libparking_lot-c4f4a74735669fdf.rlib" "/opt/rustwide/target/debug/deps/libparking_lot_core-8ba930d2c05fcc62.rlib" "/opt/rustwide/target/debug/deps/liblibc-1a3ddd6e70a7af1a.rlib" "/opt/rustwide/target/debug/deps/libcfg_if-8217498f8667ada9.rlib" "/opt/rustwide/target/debug/deps/libsmallvec-7eb7802c438c519a.rlib" "/opt/rustwide/target/debug/deps/liblock_api-26c8f4f2c3edcf39.rlib" "/opt/rustwide/target/debug/deps/libscopeguard-158c5911326f9fbb.rlib" "/opt/rustwide/target/debug/deps/libpin_project_lite-814a617e2c2a5066.rlib" "/opt/rustwide/target/debug/deps/libfutures_core-055f0ebf5da4d439.rlib" "/opt/rustwide/target/debug/deps/libhttp-471ba792d9012266.rlib" "/opt/rustwide/target/debug/deps/libitoa-462c3b0ffc9c1f5e.rlib" "/opt/rustwide/target/debug/deps/libbytes-8a938b6137b54f72.rlib" "/opt/rustwide/target/debug/deps/libfnv-b4bd047f342dff07.rlib" "/opt/rustwide/rustup-home/toolchains/1.83.0-x86_64-unknown-linux-gnu/lib/rustlib/x86_64-unknown-linux-gnu/lib/libstd-ca74a2d9c5166d9f.rlib" "/opt/rustwide/rustup-home/toolchains/1.83.0-x86_64-unknown-linux-gnu/lib/rustlib/x86_64-unknown-linux-gnu/lib/libpanic_unwind-e31ab23316ed5080.rlib" "/opt/rustwide/rustup-home/toolchains/1.83.0-x86_64-unknown-linux-gnu/lib/rustlib/x86_64-unknown-linux-gnu/lib/libobject-27dc4aa955912662.rlib" "/opt/rustwide/rustup-home/toolchains/1.83.0-x86_64-unknown-linux-gnu/lib/rustlib/x86_64-unknown-linux-gnu/lib/libmemchr-bd0d6cccce077b99.rlib" "/opt/rustwide/rustup-home/toolchains/1.83.0-x86_64-unknown-linux-gnu/lib/rustlib/x86_64-unknown-linux-gnu/lib/libaddr2line-8d001680935b5e3c.rlib" "/opt/rustwide/rustup-home/toolchains/1.83.0-x86_64-unknown-linux-gnu/lib/rustlib/x86_64-unknown-linux-gnu/lib/libgimli-ba8ce71964f984f4.rlib" "/opt/rustwide/rustup-home/toolchains/1.83.0-x86_64-unknown-linux-gnu/lib/rustlib/x86_64-unknown-linux-gnu/lib/librustc_demangle-99a73526abcec14b.rlib" "/opt/rustwide/rustup-home/toolchains/1.83.0-x86_64-unknown-linux-gnu/lib/rustlib/x86_64-unknown-linux-gnu/lib/libstd_detect-63ac0d22cff92579.rlib" "/opt/rustwide/rustup-home/toolchains/1.83.0-x86_64-unknown-linux-gnu/lib/rustlib/x86_64-unknown-linux-gnu/lib/libhashbrown-9057355c92c922d5.rlib" "/opt/rustwide/rustup-home/toolchains/1.83.0-x86_64-unknown-linux-gnu/lib/rustlib/x86_64-unknown-linux-gnu/lib/librustc_std_workspace_alloc-358be9bc1f6bab04.rlib" "/opt/rustwide/rustup-home/toolchains/1.83.0-x86_64-unknown-linux-gnu/lib/rustlib/x86_64-unknown-linux-gnu/lib/libminiz_oxide-aca15549d5bff974.rlib" "/opt/rustwide/rustup-home/toolchains/1.83.0-x86_64-unknown-linux-gnu/lib/rustlib/x86_64-unknown-linux-gnu/lib/libadler-8251d2cef7072448.rlib" "/opt/rustwide/rustup-home/toolchains/1.83.0-x86_64-unknown-linux-gnu/lib/rustlib/x86_64-unknown-linux-gnu/lib/libunwind-7d50b86011c66411.rlib" "/opt/rustwide/rustup-home/toolchains/1.83.0-x86_64-unknown-linux-gnu/lib/rustlib/x86_64-unknown-linux-gnu/lib/libcfg_if-51ea098fce5006bf.rlib" "/opt/rustwide/rustup-home/toolchains/1.83.0-x86_64-unknown-linux-gnu/lib/rustlib/x86_64-unknown-linux-gnu/lib/liblibc-5a14e0d0b712e731.rlib" "/opt/rustwide/rustup-home/toolchains/1.83.0-x86_64-unknown-linux-gnu/lib/rustlib/x86_64-unknown-linux-gnu/lib/liballoc-8b83dbf3a7b8f999.rlib" "/opt/rustwide/rustup-home/toolchains/1.83.0-x86_64-unknown-linux-gnu/lib/rustlib/x86_64-unknown-linux-gnu/lib/librustc_std_workspace_core-c6fd227bdc7b39ff.rlib" "/opt/rustwide/rustup-home/toolchains/1.83.0-x86_64-unknown-linux-gnu/lib/rustlib/x86_64-unknown-linux-gnu/lib/libcore-959d3389fa3da8a5.rlib" "/opt/rustwide/rustup-home/toolchains/1.83.0-x86_64-unknown-linux-gnu/lib/rustlib/x86_64-unknown-linux-gnu/lib/libcompiler_builtins-abe05db089cc2c62.rlib" "-Wl,-Bdynamic" "-lgcc_s" "-lutil" "-lrt" "-lpthread" "-lm" "-ldl" "-lc" "-Wl,--eh-frame-hdr" "-Wl,-z,noexecstack" "-L" "/opt/rustwide/target/debug/build/zstd-sys-b68e0256d1673974/out" "-L" "/opt/rustwide/rustup-home/toolchains/1.83.0-x86_64-unknown-linux-gnu/lib/rustlib/x86_64-unknown-linux-gnu/lib" "-o" "/tmp/rustdoctests1u2xJ/rust_out" "-Wl,--gc-sections" "-pie" "-Wl,-z,relro,-z,now" "-nodefaultlibs"
[INFO] [stdout]   = note: collect2: fatal error: ld terminated with signal 9 [Killed]
[INFO] [stdout]           compilation terminated.
[INFO] [stdout]           
[INFO] [stdout] 
[INFO] [stdout] error: aborting due to 1 previous error
[INFO] [stdout] 
[INFO] [stdout] Couldn't compile the test.
[INFO] [stdout] 
[INFO] [stdout] failures:
[INFO] [stdout]     src/entity/ricksponse/ricksponse.rs - entity::ricksponse::ricksponse::Ricksponse<T> (line 272)
[INFO] [stdout] 
[INFO] [stdout] test result: FAILED. 180 passed; 1 failed; 0 ignored; 0 measured; 0 filtered out; finished in 245.18s
[INFO] [stdout] 
[INFO] [stderr] error: doctest failed, to rerun pass `--doc`
[INFO] running `Command { std: "docker" "inspect" "ae81c9b2c2eadb2be6236986117973c60f048c2f1b30f7dbcdfacba1364d0ae4", kill_on_drop: false }`
[INFO] running `Command { std: "docker" "rm" "-f" "ae81c9b2c2eadb2be6236986117973c60f048c2f1b30f7dbcdfacba1364d0ae4", kill_on_drop: false }`
[INFO] [stdout] ae81c9b2c2eadb2be6236986117973c60f048c2f1b30f7dbcdfacba1364d0ae4
